Build Information
Failed to build swift-actor-runtime, reference 0.6.1 (907a6a), with Swift 6.2 for macOS (Xcode) using Xcode 26.3 on 18 Jul 2026 14:55:47 UTC.
Build Command
No build command. This typically means the build failed at an early stage where we determine the build command.Build Log
========================================
RunAll
========================================
Builder version: undefined version: run 'make version' to update
Interrupt handler set up.
========================================
Checkout
========================================
Clone URL: https://github.com/1amageek/swift-actor-runtime.git
Reference: 0.6.1
Initialized empty Git repository in /Users/admin/builder/spi-builder-workspace/.git/
From https://github.com/1amageek/swift-actor-runtime
* tag 0.6.1 -> FETCH_HEAD
HEAD is now at 907a6a5 Prepare 0.6.1 release
Cloned https://github.com/1amageek/swift-actor-runtime.git
Revision (git rev-parse @):
907a6a5b9a93ad7d0eafe163d6d620c69e59387c
SUCCESS checkout https://github.com/1amageek/swift-actor-runtime.git at 0.6.1
========================================
Build
========================================
Selected platform: macosXcodebuild
Swift version: 6.2
Building package at path: $PWD
https://github.com/1amageek/swift-actor-runtime.git
Command line invocation:
/Applications/Xcode-26.3.0.app/Contents/Developer/usr/bin/xcodebuild -IDEClonedSourcePackagesDirPathOverride=/Users/admin/builder/spi-builder-workspace/.dependencies -resolvePackageDependencies
Resolve Package Graph
package 'spi-builder-workspace' is using Swift tools version 6.3.0 but the installed version is 6.2.4
Resolved source packages:
spi-builder-workspace: (null)
2026-07-18 10:55:46.537 xcodebuild[572:3131] Writing error result bundle to /var/folders/xq/y_g06wb113726d38xsyx71_h0000gn/T/ResultBundle_2026-18-07_10-55-0046.xcresult
xcodebuild: error: Could not resolve package dependencies:
package 'spi-builder-workspace' is using Swift tools version 6.3.0 but the installed version is 6.2.4
Command line invocation:
/Applications/Xcode-26.3.0.app/Contents/Developer/usr/bin/xcodebuild -IDEClonedSourcePackagesDirPathOverride=/Users/admin/builder/spi-builder-workspace/.dependencies -resolvePackageDependencies
Resolve Package Graph
package 'spi-builder-workspace' is using Swift tools version 6.3.0 but the installed version is 6.2.4
Resolved source packages:
spi-builder-workspace: (null)
2026-07-18 10:55:47.418 xcodebuild[634:3667] Writing error result bundle to /var/folders/xq/y_g06wb113726d38xsyx71_h0000gn/T/ResultBundle_2026-18-07_10-55-0047.xcresult
xcodebuild: error: Could not resolve package dependencies:
package 'spi-builder-workspace' is using Swift tools version 6.3.0 but the installed version is 6.2.4
BUILD FAILURE 6.2 macosXcodebuild