Build Information
Failed to build PerformanceSuite, reference main (928fd2), with Swift 6.1 for Wasm on 17 Oct 2026 15:36:51 UTC.
Build Command
bash -c docker run --pull=always --rm -v "checkouts-54344846-0":/host -w "$PWD" -e JAVA_HOME="/root/.sdkman/candidates/java/current" -e SPI_BUILD="1" -e SPI_PROCESSING="1" registry.gitlab.com/saguaro1/spi-images:wasm-6.1-latest swift build --swift-sdk wasm32-unknown-wasi 2>&1Build Log
========================================
RunAll
========================================
Builder version: 5.1.3
Interrupt handler set up.
========================================
Checkout
========================================
Clone URL: https://github.com/bookingcom/perfsuite-ios.git
Reference: main
Initialized empty Git repository in /host/spi-builder-workspace/.git/
hint: Using 'master' as the name for the initial branch. This default branch name
hint: is subject to change. To configure the initial branch name to use in all
hint: of your new repositories, which will suppress this warning, call:
hint:
hint: git config --global init.defaultBranch <name>
hint:
hint: Names commonly chosen instead of 'master' are 'main', 'trunk' and
hint: 'development'. The just-created branch can be renamed via this command:
hint:
hint: git branch -m <name>
From https://github.com/bookingcom/perfsuite-ios
* branch main -> FETCH_HEAD
* [new branch] main -> origin/main
HEAD is now at 928fd24 Update version to 1.12.0
Cloned https://github.com/bookingcom/perfsuite-ios.git
Revision (git rev-parse @):
928fd241d253379abf3b5794634c5ac518c8f32a
SUCCESS checkout https://github.com/bookingcom/perfsuite-ios.git at main
========================================
Build
========================================
Selected platform: wasm
Swift version: 6.1
Building package at path: $PWD
https://github.com/bookingcom/perfsuite-ios.git
https://github.com/bookingcom/perfsuite-ios.git
WARNING: environment variable SUPPRESS_SWIFT_6_FLAGS is not set
Running build ...
bash -c docker run --pull=always --rm -v "checkouts-54344846-0":/host -w "$PWD" -e JAVA_HOME="/root/.sdkman/candidates/java/current" -e SPI_BUILD="1" -e SPI_PROCESSING="1" registry.gitlab.com/saguaro1/spi-images:wasm-6.1-latest swift build --swift-sdk wasm32-unknown-wasi -Xswiftc -Xfrontend -Xswiftc -stats-output-dir -Xswiftc -Xfrontend -Xswiftc .stats -Xswiftc -strict-concurrency=complete -Xswiftc -enable-upcoming-feature -Xswiftc StrictConcurrency -Xswiftc -enable-upcoming-feature -Xswiftc DisableOutwardActorInference -Xswiftc -enable-upcoming-feature -Xswiftc GlobalActorIsolatedTypesUsability -Xswiftc -enable-upcoming-feature -Xswiftc InferSendableFromCaptures 2>&1
wasm-6.1-latest: Pulling from saguaro1/spi-images
Digest: sha256:8209621f35c5a12749e7df75bbcb99eccb508d0196da99f6ac3bcf5f4827df31
Status: Image is up to date for registry.gitlab.com/saguaro1/spi-images:wasm-6.1-latest
Fetching https://github.com/open-telemetry/opentelemetry-swift-core.git
Fetching https://github.com/firebase/firebase-ios-sdk.git
Fetching https://github.com/yene/GCDWebServer
[1/78] Fetching gcdwebserver
[79/15264] Fetching gcdwebserver, opentelemetry-swift-core
Fetched https://github.com/yene/GCDWebServer from cache (0.69s)
[1/432134] Fetching firebase-ios-sdk
Fetched https://github.com/open-telemetry/opentelemetry-swift-core.git from cache (11.33s)
Fetched https://github.com/firebase/firebase-ios-sdk.git from cache (11.45s)
Computing version for https://github.com/yene/GCDWebServer
Computed https://github.com/yene/GCDWebServer at 3.5.7 (11.69s)
Computing version for https://github.com/open-telemetry/opentelemetry-swift-core.git
Computed https://github.com/open-telemetry/opentelemetry-swift-core.git at 2.6.0 (0.92s)
Fetching https://github.com/apple/swift-atomics.git
[1/1889] Fetching swift-atomics
Fetched https://github.com/apple/swift-atomics.git from cache (0.42s)
Computing version for https://github.com/apple/swift-atomics.git
Computed https://github.com/apple/swift-atomics.git at 1.3.1 (0.64s)
Computing version for https://github.com/firebase/firebase-ios-sdk.git
Computed https://github.com/firebase/firebase-ios-sdk.git at 12.19.2 (0.55s)
Fetching https://github.com/google/abseil-cpp-binary.git
Fetching https://github.com/google/interop-ios-for-google-sdks.git
Fetching https://github.com/google/app-check.git
Fetching https://github.com/google/grpc-binary.git
Fetching https://github.com/firebase/leveldb.git
Fetching https://github.com/firebase/nanopb.git
[1/107] Fetching abseil-cpp-binary
[108/3461] Fetching abseil-cpp-binary, leveldb
[109/3764] Fetching abseil-cpp-binary, leveldb, interop-ios-for-google-sdks
[125/3927] Fetching abseil-cpp-binary, leveldb, interop-ios-for-google-sdks, grpc-binary
[284/12229] Fetching abseil-cpp-binary, leveldb, interop-ios-for-google-sdks, grpc-binary, nanopb
[2009/18561] Fetching abseil-cpp-binary, leveldb, interop-ios-for-google-sdks, grpc-binary, nanopb, app-check
Fetched https://github.com/firebase/leveldb.git from cache (0.44s)
[11223/15207] Fetching abseil-cpp-binary, interop-ios-for-google-sdks, grpc-binary, nanopb, app-check
Fetching https://github.com/google/gtm-session-fetcher.git
Fetched https://github.com/google/grpc-binary.git from cache (0.48s)
Fetching https://github.com/google/GoogleUtilities.git
Fetched https://github.com/google/abseil-cpp-binary.git from cache (0.53s)
Fetched https://github.com/google/interop-ios-for-google-sdks.git from cache (0.53s)
Fetching https://github.com/google/GoogleDataTransport.git
Fetched https://github.com/google/app-check.git from cache (0.53s)
Fetching https://github.com/google/GoogleAppMeasurement.git
Fetched https://github.com/firebase/nanopb.git from cache (0.54s)
[1/5701] Fetching googleutilities
[173/11809] Fetching googleutilities, googledatatransport
[231/12454] Fetching googleutilities, googledatatransport, googleappmeasurement
Fetching https://github.com/google/promises.git
Fetched https://github.com/google/GoogleAppMeasurement.git from cache (0.35s)
[5087/11809] Fetching googleutilities, googledatatransport
[11749/16885] Fetching googleutilities, googledatatransport, gtm-session-fetcher
Fetched https://github.com/google/GoogleUtilities.git from cache (0.46s)
[6870/11184] Fetching googledatatransport, gtm-session-fetcher
Fetched https://github.com/google/GoogleDataTransport.git from cache (0.43s)
[1625/5076] Fetching gtm-session-fetcher
Fetched https://github.com/google/gtm-session-fetcher.git from cache (0.66s)
[1/2458] Fetching promises
Fetched https://github.com/google/promises.git from cache (0.38s)
Computing version for https://github.com/google/interop-ios-for-google-sdks.git
Computed https://github.com/google/interop-ios-for-google-sdks.git at 101.0.0 (1.50s)
Computing version for https://github.com/google/abseil-cpp-binary.git
Computed https://github.com/google/abseil-cpp-binary.git at 1.2024072200.0 (0.22s)
Computing version for https://github.com/google/GoogleAppMeasurement.git
Computed https://github.com/google/GoogleAppMeasurement.git at 12.19.2 (0.22s)
Fetching https://github.com/googleads/google-ads-on-device-conversion-ios-sdk
[1/128] Fetching google-ads-on-device-conversion-ios-sdk
Fetched https://github.com/googleads/google-ads-on-device-conversion-ios-sdk from cache (0.35s)
Computing version for https://github.com/googleads/google-ads-on-device-conversion-ios-sdk
Computed https://github.com/googleads/google-ads-on-device-conversion-ios-sdk at 3.7.0 (0.59s)
Computing version for https://github.com/google/grpc-binary.git
Computed https://github.com/google/grpc-binary.git at 1.69.1 (0.23s)
Computing version for https://github.com/firebase/nanopb.git
Computed https://github.com/firebase/nanopb.git at 2.30910.1 (0.23s)
Computing version for https://github.com/google/GoogleDataTransport.git
Computed https://github.com/google/GoogleDataTransport.git at 10.1.1 (0.21s)
Computing version for https://github.com/google/promises.git
Computed https://github.com/google/promises.git at 2.4.1 (0.23s)
Computing version for https://github.com/google/app-check.git
Computed https://github.com/google/app-check.git at 11.3.2 (0.24s)
Computing version for https://github.com/google/GoogleUtilities.git
Computed https://github.com/google/GoogleUtilities.git at 8.1.5 (0.21s)
Computing version for https://github.com/firebase/leveldb.git
Computed https://github.com/firebase/leveldb.git at 1.22.5 (0.22s)
Computing version for https://github.com/google/gtm-session-fetcher.git
Computed https://github.com/google/gtm-session-fetcher.git at 5.3.1 (0.20s)
Creating working copy for https://github.com/firebase/firebase-ios-sdk.git
Working copy of https://github.com/firebase/firebase-ios-sdk.git resolved at 12.19.2
Creating working copy for https://github.com/google/abseil-cpp-binary.git
Working copy of https://github.com/google/abseil-cpp-binary.git resolved at 1.2024072200.0
Creating working copy for https://github.com/google/GoogleAppMeasurement.git
Working copy of https://github.com/google/GoogleAppMeasurement.git resolved at 12.19.2
Creating working copy for https://github.com/google/GoogleDataTransport.git
Working copy of https://github.com/google/GoogleDataTransport.git resolved at 10.1.1
Creating working copy for https://github.com/google/grpc-binary.git
Working copy of https://github.com/google/grpc-binary.git resolved at 1.69.1
Creating working copy for https://github.com/google/gtm-session-fetcher.git
Working copy of https://github.com/google/gtm-session-fetcher.git resolved at 5.3.1
Creating working copy for https://github.com/firebase/leveldb.git
Working copy of https://github.com/firebase/leveldb.git resolved at 1.22.5
Creating working copy for https://github.com/google/app-check.git
Working copy of https://github.com/google/app-check.git resolved at 11.3.2
Creating working copy for https://github.com/open-telemetry/opentelemetry-swift-core.git
Working copy of https://github.com/open-telemetry/opentelemetry-swift-core.git resolved at 2.6.0
Creating working copy for https://github.com/google/interop-ios-for-google-sdks.git
Working copy of https://github.com/google/interop-ios-for-google-sdks.git resolved at 101.0.0
Creating working copy for https://github.com/apple/swift-atomics.git
Working copy of https://github.com/apple/swift-atomics.git resolved at 1.3.1
Creating working copy for https://github.com/yene/GCDWebServer
Working copy of https://github.com/yene/GCDWebServer resolved at 3.5.7
Creating working copy for https://github.com/google/GoogleUtilities.git
Working copy of https://github.com/google/GoogleUtilities.git resolved at 8.1.5
Creating working copy for https://github.com/firebase/nanopb.git
Working copy of https://github.com/firebase/nanopb.git resolved at 2.30910.1
Creating working copy for https://github.com/google/promises.git
Working copy of https://github.com/google/promises.git resolved at 2.4.1
Creating working copy for https://github.com/googleads/google-ads-on-device-conversion-ios-sdk
Working copy of https://github.com/googleads/google-ads-on-device-conversion-ios-sdk resolved at 3.7.0
Downloading binary artifact https://dl.google.com/firebase/ios/bin/firestore/12.19.0/rc0/FirebaseFirestoreInternal.zip
Downloading binary artifact https://dl.google.com/firebase/ios/swiftpm/12.19.2/FirebaseAnalytics.zip
Downloading binary artifact https://dl.google.com/firebase/ios/swiftpm/12.19.2/GoogleAppMeasurement.zip
Downloading binary artifact https://dl.google.com/firebase/ios/bin/grpc/1.69.1/rc0/grpc.zip
Downloading binary artifact https://dl.google.com/firebase/ios/swiftpm/12.19.2/GoogleAppMeasurementIdentitySupport.zip
Downloading binary artifact https://dl.google.com/firebase/ios/bin/grpc/1.69.1/rc0/openssl_grpc.zip
Downloading binary artifact https://dl.google.com/firebase/ios/bin/abseil/1.2024072200.0/rc0/absl.zip
Downloading binary artifact https://dl.google.com/firebase/ios/bin/grpc/1.69.1/rc0/grpcpp.zip
Downloading binary artifact https://dl.google.com/firebase/ios/appads/3.7.0/GoogleAdsOnDeviceConversion.zip
[9622/9622] Downloading https://dl.google.com/firebase/ios/bin/firestore/12.19.0/rc0/FirebaseFirestoreInternal.zip
[21991/21991] Downloading https://dl.google.com/firebase/ios/bin/firestore/12.19.0/rc0/FirebaseFirestoreInternal.zip, https://dl.google.com/firebase/ios/swiftpm/12.19.2/GoogleAppMeasurement.zip
[42220/42220] Downloading https://dl.google.com/firebase/ios/bin/firestore/12.19.0/rc0/FirebaseFirestoreInternal.zip, https://dl.google.com/firebase/ios/swiftpm/12.19.2/GoogleAppMeasurement.zip, https://dl.google.com/firebase/ios/bin/grpc/1.69.1/rc0/openssl_grpc.zip
[53396/53396] Downloading https://dl.google.com/firebase/ios/bin/firestore/12.19.0/rc0/FirebaseFirestoreInternal.zip, https://dl.google.com/firebase/ios/swiftpm/12.19.2/GoogleAppMeasurement.zip, https://dl.google.com/firebase/ios/bin/grpc/1.69.1/rc0/openssl_grpc.zip, https://dl.google.com/firebase/ios/bin/grpc/1.69.1/rc0/grpc.zip
[90722/90722] Downloading https://dl.google.com/firebase/ios/bin/firestore/12.19.0/rc0/FirebaseFirestoreInternal.zip, https://dl.google.com/firebase/ios/swiftpm/12.19.2/GoogleAppMeasurement.zip, https://dl.google.com/firebase/ios/bin/grpc/1.69.1/rc0/openssl_grpc.zip, https://dl.google.com/firebase/ios/bin/grpc/1.69.1/rc0/grpc.zip, https://dl.google.com/firebase/ios/bin/abseil/1.2024072200.0/rc0/absl.zip
[110160/110160] Downloading https://dl.google.com/firebase/ios/bin/firestore/12.19.0/rc0/FirebaseFirestoreInternal.zip, https://dl.google.com/firebase/ios/swiftpm/12.19.2/GoogleAppMeasurement.zip, https://dl.google.com/firebase/ios/bin/grpc/1.69.1/rc0/openssl_grpc.zip, https://dl.google.com/firebase/ios/bin/grpc/1.69.1/rc0/grpc.zip, https://dl.google.com/firebase/ios/bin/abseil/1.2024072200.0/rc0/absl.zip, https://dl.google.com/firebase/ios/swiftpm/12.19.2/GoogleAppMeasurementIdentitySupport.zip
[126635/126635] Downloading https://dl.google.com/firebase/ios/bin/firestore/12.19.0/rc0/FirebaseFirestoreInternal.zip, https://dl.google.com/firebase/ios/swiftpm/12.19.2/GoogleAppMeasurement.zip, https://dl.google.com/firebase/ios/bin/grpc/1.69.1/rc0/openssl_grpc.zip, https://dl.google.com/firebase/ios/bin/grpc/1.69.1/rc0/grpc.zip, https://dl.google.com/firebase/ios/bin/abseil/1.2024072200.0/rc0/absl.zip, https://dl.google.com/firebase/ios/swiftpm/12.19.2/GoogleAppMeasurementIdentitySupport.zip, https://dl.google.com/firebase/ios/bin/grpc/1.69.1/rc0/grpcpp.zip
[134885/134885] Downloading https://dl.google.com/firebase/ios/bin/firestore/12.19.0/rc0/FirebaseFirestoreInternal.zip, https://dl.google.com/firebase/ios/swiftpm/12.19.2/GoogleAppMeasurement.zip, https://dl.google.com/firebase/ios/bin/grpc/1.69.1/rc0/openssl_grpc.zip, https://dl.google.com/firebase/ios/bin/grpc/1.69.1/rc0/grpc.zip, https://dl.google.com/firebase/ios/bin/abseil/1.2024072200.0/rc0/absl.zip, https://dl.google.com/firebase/ios/swiftpm/12.19.2/GoogleAppMeasurementIdentitySupport.zip, https://dl.google.com/firebase/ios/bin/grpc/1.69.1/rc0/grpcpp.zip, https://dl.google.com/firebase/ios/swiftpm/12.19.2/FirebaseAnalytics.zip
Downloaded https://dl.google.com/firebase/ios/swiftpm/12.19.2/GoogleAppMeasurementIdentitySupport.zip (0.18s)
[133995/133995] Downloading https://dl.google.com/firebase/ios/bin/grpc/1.69.1/rc0/grpcpp.zip
[396135/396135] Downloading https://dl.google.com/firebase/ios/bin/grpc/1.69.1/rc0/grpcpp.zip, https://dl.google.com/firebase/ios/swiftpm/12.19.2/GoogleAppMeasurement.zip
[766773/766773] Downloading https://dl.google.com/firebase/ios/bin/grpc/1.69.1/rc0/grpcpp.zip, https://dl.google.com/firebase/ios/swiftpm/12.19.2/GoogleAppMeasurement.zip, https://dl.google.com/firebase/ios/bin/firestore/12.19.0/rc0/FirebaseFirestoreInternal.zip
[888465/888465] Downloading https://dl.google.com/firebase/ios/bin/grpc/1.69.1/rc0/grpcpp.zip, https://dl.google.com/firebase/ios/swiftpm/12.19.2/GoogleAppMeasurement.zip, https://dl.google.com/firebase/ios/bin/firestore/12.19.0/rc0/FirebaseFirestoreInternal.zip, https://dl.google.com/firebase/ios/swiftpm/12.19.2/FirebaseAnalytics.zip
[1109105/1109105] Downloading https://dl.google.com/firebase/ios/bin/grpc/1.69.1/rc0/grpcpp.zip, https://dl.google.com/firebase/ios/swiftpm/12.19.2/GoogleAppMeasurement.zip, https://dl.google.com/firebase/ios/bin/firestore/12.19.0/rc0/FirebaseFirestoreInternal.zip, https://dl.google.com/firebase/ios/swiftpm/12.19.2/FirebaseAnalytics.zip, https://dl.google.com/firebase/ios/bin/grpc/1.69.1/rc0/openssl_grpc.zip
[1291473/1291473] Downloading https://dl.google.com/firebase/ios/bin/grpc/1.69.1/rc0/grpcpp.zip, https://dl.google.com/firebase/ios/swiftpm/12.19.2/GoogleAppMeasurement.zip, https://dl.google.com/firebase/ios/bin/firestore/12.19.0/rc0/FirebaseFirestoreInternal.zip, https://dl.google.com/firebase/ios/swiftpm/12.19.2/FirebaseAnalytics.zip, https://dl.google.com/firebase/ios/bin/grpc/1.69.1/rc0/openssl_grpc.zip, https://dl.google.com/firebase/ios/bin/grpc/1.69.1/rc0/grpc.zip
[1454889/1454889] Downloading https://dl.google.com/firebase/ios/bin/grpc/1.69.1/rc0/grpcpp.zip, https://dl.google.com/firebase/ios/swiftpm/12.19.2/GoogleAppMeasurement.zip, https://dl.google.com/firebase/ios/bin/firestore/12.19.0/rc0/FirebaseFirestoreInternal.zip, https://dl.google.com/firebase/ios/swiftpm/12.19.2/FirebaseAnalytics.zip, https://dl.google.com/firebase/ios/bin/grpc/1.69.1/rc0/openssl_grpc.zip, https://dl.google.com/firebase/ios/bin/grpc/1.69.1/rc0/grpc.zip, https://dl.google.com/firebase/ios/bin/abseil/1.2024072200.0/rc0/absl.zip
Downloaded https://dl.google.com/firebase/ios/swiftpm/12.19.2/FirebaseAnalytics.zip (0.31s)
[6234381/6234381] Downloading https://dl.google.com/firebase/ios/bin/grpc/1.69.1/rc0/openssl_grpc.zip
[9773090/9773090] Downloading https://dl.google.com/firebase/ios/bin/grpc/1.69.1/rc0/openssl_grpc.zip, https://dl.google.com/firebase/ios/bin/grpc/1.69.1/rc0/grpcpp.zip
[13889033/13889033] Downloading https://dl.google.com/firebase/ios/bin/grpc/1.69.1/rc0/openssl_grpc.zip, https://dl.google.com/firebase/ios/bin/grpc/1.69.1/rc0/grpcpp.zip, https://dl.google.com/firebase/ios/bin/grpc/1.69.1/rc0/grpc.zip
[19008628/19008628] Downloading https://dl.google.com/firebase/ios/bin/grpc/1.69.1/rc0/openssl_grpc.zip, https://dl.google.com/firebase/ios/bin/grpc/1.69.1/rc0/grpcpp.zip, https://dl.google.com/firebase/ios/bin/grpc/1.69.1/rc0/grpc.zip, https://dl.google.com/firebase/ios/bin/abseil/1.2024072200.0/rc0/absl.zip
[28032690/28032690] Downloading https://dl.google.com/firebase/ios/bin/grpc/1.69.1/rc0/openssl_grpc.zip, https://dl.google.com/firebase/ios/bin/grpc/1.69.1/rc0/grpcpp.zip, https://dl.google.com/firebase/ios/bin/grpc/1.69.1/rc0/grpc.zip, https://dl.google.com/firebase/ios/bin/abseil/1.2024072200.0/rc0/absl.zip, https://dl.google.com/firebase/ios/bin/firestore/12.19.0/rc0/FirebaseFirestoreInternal.zip
[46028214/46028214] Downloading https://dl.google.com/firebase/ios/bin/grpc/1.69.1/rc0/openssl_grpc.zip, https://dl.google.com/firebase/ios/bin/grpc/1.69.1/rc0/grpcpp.zip, https://dl.google.com/firebase/ios/bin/grpc/1.69.1/rc0/grpc.zip, https://dl.google.com/firebase/ios/bin/abseil/1.2024072200.0/rc0/absl.zip, https://dl.google.com/firebase/ios/bin/firestore/12.19.0/rc0/FirebaseFirestoreInternal.zip, https://dl.google.com/firebase/ios/swiftpm/12.19.2/GoogleAppMeasurement.zip
[70298311/70298311] Downloading https://dl.google.com/firebase/ios/bin/grpc/1.69.1/rc0/openssl_grpc.zip, https://dl.google.com/firebase/ios/bin/grpc/1.69.1/rc0/grpcpp.zip, https://dl.google.com/firebase/ios/bin/grpc/1.69.1/rc0/grpc.zip, https://dl.google.com/firebase/ios/bin/abseil/1.2024072200.0/rc0/absl.zip, https://dl.google.com/firebase/ios/bin/firestore/12.19.0/rc0/FirebaseFirestoreInternal.zip, https://dl.google.com/firebase/ios/swiftpm/12.19.2/GoogleAppMeasurement.zip, https://dl.google.com/firebase/ios/appads/3.7.0/GoogleAdsOnDeviceConversion.zip
Downloaded https://dl.google.com/firebase/ios/appads/3.7.0/GoogleAdsOnDeviceConversion.zip (0.87s)
[31547774/31547774] Downloading https://dl.google.com/firebase/ios/bin/grpc/1.69.1/rc0/grpc.zip
Downloaded https://dl.google.com/firebase/ios/bin/abseil/1.2024072200.0/rc0/absl.zip (1.32s)
Downloaded https://dl.google.com/firebase/ios/swiftpm/12.19.2/GoogleAppMeasurement.zip (1.36s)
Downloaded https://dl.google.com/firebase/ios/bin/grpc/1.69.1/rc0/openssl_grpc.zip (1.74s)
Downloaded https://dl.google.com/firebase/ios/bin/firestore/12.19.0/rc0/FirebaseFirestoreInternal.zip (2.38s)
Downloaded https://dl.google.com/firebase/ios/bin/grpc/1.69.1/rc0/grpcpp.zip (2.77s)
Downloaded https://dl.google.com/firebase/ios/bin/grpc/1.69.1/rc0/grpc.zip (7.44s)
Building for debugging...
[0/248] Copying PrivacyInfo.xcprivacy
[0/248] Write sources
[0/248] Copying PrivacyInfo.xcprivacy
[0/248] Write sources
[0/248] Copying PrivacyInfo.xcprivacy
[0/248] Write sources
[0/248] Copying PrivacyInfo.xcprivacy
[0/248] Write sources
[0/248] Copying PrivacyInfo.xcprivacy
[0/248] Write sources
[24/248] Compiling Firebase dummy.m
/host/spi-builder-workspace/PerformanceSuite/Crashlytics/Imports/CrashlyticsAdapter.c:2:22: warning: non-void function does not return a value [-Wreturn-type]
2 | int fake_function() {}
| ^
1 warning generated.
[25/248] Compiling CrashlyticsImports CrashlyticsAdapter.c
/host/spi-builder-workspace/PerformanceSuite/MainThreadCallStack/MainThreadCallStack.c:3:10: fatal error: 'mach/mach.h' file not found
3 | #include <mach/mach.h>
| ^~~~~~~~~~~~~
1 error generated.
[26/248] Compiling MainThreadCallStack MainThreadCallStack.c
/host/spi-builder-workspace/.build/checkouts/firebase-ios-sdk/FirebaseSessions/SourcesObjC/NanoPB/FIRSESNanoPBHelpers.m:16:9: fatal error: 'Foundation/Foundation.h' file not found
16 | #import <Foundation/Foundation.h>
| ^~~~~~~~~~~~~~~~~~~~~~~~~
1 error generated.
[26/248] Compiling FIRSESNanoPBHelpers.m
[26/248] Compiling sessions.nanopb.c
[26/248] Compiling nanopb pb_common.c
[26/248] Compiling nanopb pb_decode.c
[26/248] Compiling nanopb pb_encode.c
In file included from /host/spi-builder-workspace/.build/checkouts/GoogleUtilities/third_party/IsAppEncrypted/IsAppEncrypted.m:43:
/host/spi-builder-workspace/.build/checkouts/GoogleUtilities/third_party/IsAppEncrypted/Public/IsAppEncrypted.h:22:9: fatal error: 'objc/objc.h' file not found
22 | #import <objc/objc.h>
| ^~~~~~~~~~~~~
1 error generated.
[26/248] Compiling third-party-IsAppEncrypted IsAppEncrypted.m
[26/248] Write swift-version-24593BA9C3E375BF.txt
Running build ...
bash -c docker run --pull=always --rm -v "checkouts-54344846-0":/host -w "$PWD" -e JAVA_HOME="/root/.sdkman/candidates/java/current" -e SPI_BUILD="1" -e SPI_PROCESSING="1" registry.gitlab.com/saguaro1/spi-images:wasm-6.1-latest swift build --swift-sdk wasm32-unknown-wasi 2>&1
wasm-6.1-latest: Pulling from saguaro1/spi-images
Digest: sha256:8209621f35c5a12749e7df75bbcb99eccb508d0196da99f6ac3bcf5f4827df31
Status: Image is up to date for registry.gitlab.com/saguaro1/spi-images:wasm-6.1-latest
[0/1] Planning build
Building for debugging...
In file included from <built-in>:1:
/host/spi-builder-workspace/.build/wasm32-unknown-wasi/debug/FBLPromises.build/DerivedSources/resource_bundle_accessor.h:2:9: fatal error: 'Foundation/Foundation.h' file not found
2 | #import <Foundation/Foundation.h>
| ^~~~~~~~~~~~~~~~~~~~~~~~~
1 error generated.
In file included from <built-in>:1:
/host/spi-builder-workspace/.build/wasm32-unknown-wasi/debug/FBLPromises.build/DerivedSources/resource_bundle_accessor.h:2:9: fatal error: 'Foundation/Foundation.h' file not found
2 | #import <Foundation/Foundation.h>
| ^~~~~~~~~~~~~~~~~~~~~~~~~
1 error generated.
[0/222] Compiling FBLPromises resource_bundle_accessor.m
[0/222] Compiling FBLPromises FBLPromiseError.m
/host/spi-builder-workspace/PerformanceSuite/MainThreadCallStack/MainThreadCallStack.c:3:10: fatal error: 'mach/mach.h' file not found
3 | #include <mach/mach.h>
| ^~~~~~~~~~~~~
[0/222] Compiling MainThreadCallStack MainThreadCallStack.c
/host/spi-builder-workspace/.build/checkouts/firebase-ios-sdk/FirebaseSessions/SourcesObjC/NanoPB/FIRSESNanoPBHelpers.m:16:9: fatal error: 'Foundation/Foundation.h' file not found
16 | #import <Foundation/Foundation.h>
| ^~~~~~~~~~~~~~~~~~~~~~~~~
[0/222] Compiling FIRSESNanoPBHelpers.m
[0/222] Compiling nanopb pb_encode.c
[0/222] Compiling sessions.nanopb.c
In file included from /host/spi-builder-workspace/.build/checkouts/GoogleUtilities/third_party/IsAppEncrypted/IsAppEncrypted.m:43:
/host/spi-builder-workspace/.build/checkouts/GoogleUtilities/third_party/IsAppEncrypted/Public/IsAppEncrypted.h:22:9: fatal error: 'objc/objc.h' file not found
22 | #import <objc/objc.h>
| ^~~~~~~~~~~~~
1 error generated.
[0/222] Compiling third-party-IsAppEncrypted IsAppEncrypted.m
[0/222] Write swift-version-24593BA9C3E375BF.txt
BUILD FAILURE 6.1 wasm