The Swift Package Index logo.Swift Package Index

Build Information

Failed to build GoogleBigQueryLoggingV1, reference main (f0d4f3), with Swift 6.2 for Android on 11 Oct 2026 05:06:01 UTC.

Build Command

bash -c docker run --pull=always --rm -v "checkouts-53886768-0":/host -w "$PWD" -e JAVA_HOME="/root/.sdkman/candidates/java/current" -e SPI_BUILD="1" -e SPI_PROCESSING="1" registry.gitlab.com/saguaro1/spi-images:android-6.2-latest swift build --swift-sdk aarch64-unknown-linux-android28 2>&1

Build Log

========================================
RunAll
========================================
Builder version: 5.1.1
Interrupt handler set up.
========================================
Checkout
========================================
Clone URL: https://github.com/googleapis/swift-google-cloud-bigquery-logging-v1.git
Reference: main
Initialized empty Git repository in /host/spi-builder-workspace/.git/
hint: Using 'master' as the name for the initial branch. This default branch name
hint: is subject to change. To configure the initial branch name to use in all
hint: of your new repositories, which will suppress this warning, call:
hint:
hint: 	git config --global init.defaultBranch <name>
hint:
hint: Names commonly chosen instead of 'master' are 'main', 'trunk' and
hint: 'development'. The just-created branch can be renamed via this command:
hint:
hint: 	git branch -m <name>
From https://github.com/googleapis/swift-google-cloud-bigquery-logging-v1
 * branch            main       -> FETCH_HEAD
 * [new branch]      main       -> origin/main
HEAD is now at f0d4f38 chore: release circa 2026-10-07 (#1382)
Cloned https://github.com/googleapis/swift-google-cloud-bigquery-logging-v1.git
Revision (git rev-parse @):
f0d4f388cb129af4698060942b1afaeccb51c3d0
SPI manifest file found: $PWD/.spi.yml
SUCCESS checkout https://github.com/googleapis/swift-google-cloud-bigquery-logging-v1.git at main
========================================
Build
========================================
Selected platform:         android
Swift version:             6.2
Building package at path:  $PWD
https://github.com/googleapis/swift-google-cloud-bigquery-logging-v1.git
Running build ...
bash -c docker run --pull=always --rm -v "checkouts-53886768-0":/host -w "$PWD" -e JAVA_HOME="/root/.sdkman/candidates/java/current" -e SPI_BUILD="1" -e SPI_PROCESSING="1" registry.gitlab.com/saguaro1/spi-images:android-6.2-latest swift build --swift-sdk aarch64-unknown-linux-android28 2>&1
android-6.2-latest: Pulling from saguaro1/spi-images
Digest: sha256:a839c9ce201f1dacc8eb056626ec7ab0a1c6d53d7b77c83feda395f4507c51be
Status: Image is up to date for registry.gitlab.com/saguaro1/spi-images:android-6.2-latest
Fetching https://github.com/googleapis/swift-google-wkt
Fetching https://github.com/googleapis/swift-google-iam-v1
Fetching https://github.com/googleapis/swift-google-rpc
[1/1023] Fetching swift-google-wkt
[94/1445] Fetching swift-google-wkt, swift-google-rpc
Fetched https://github.com/googleapis/swift-google-wkt from cache (0.40s)
[1/706] Fetching swift-google-iam-v1
Fetched https://github.com/googleapis/swift-google-rpc from cache (0.47s)
Fetched https://github.com/googleapis/swift-google-iam-v1 from cache (0.47s)
Computing version for https://github.com/googleapis/swift-google-wkt
Computed https://github.com/googleapis/swift-google-wkt at 0.5.0 (0.62s)
Fetching https://github.com/swift-extras/swift-extras-base64
[1/954] Fetching swift-extras-base64
Fetched https://github.com/swift-extras/swift-extras-base64 from cache (0.46s)
Computing version for https://github.com/googleapis/swift-google-rpc
Computed https://github.com/googleapis/swift-google-rpc at 0.5.0 (0.62s)
Computing version for https://github.com/googleapis/swift-google-iam-v1
Computed https://github.com/googleapis/swift-google-iam-v1 at 0.5.0 (0.16s)
Fetching https://github.com/googleapis/swift-google-auth
Fetching https://github.com/googleapis/swift-google-gax
Fetching https://github.com/apple/swift-log
Fetching https://github.com/googleapis/swift-google-type
[1/437] Fetching swift-google-type
[438/2185] Fetching swift-google-type, swift-google-gax
[718/10442] Fetching swift-google-type, swift-google-gax, swift-log
[911/11465] Fetching swift-google-type, swift-google-gax, swift-log, swift-google-auth
Fetched https://github.com/googleapis/swift-google-gax from cache (0.42s)
[3277/9717] Fetching swift-google-type, swift-log, swift-google-auth
Fetched https://github.com/googleapis/swift-google-type from cache (0.52s)
Fetched https://github.com/googleapis/swift-google-auth from cache (0.52s)
Fetched https://github.com/apple/swift-log from cache (0.52s)
Computing version for https://github.com/googleapis/swift-google-type
Computed https://github.com/googleapis/swift-google-type at 0.5.0 (0.68s)
Computing version for https://github.com/googleapis/swift-google-gax
Computed https://github.com/googleapis/swift-google-gax at 0.5.0 (0.17s)
Fetching https://github.com/apple/swift-nio
Fetching https://github.com/swift-server/async-http-client.git
[1/16464] Fetching async-http-client
[16465/102838] Fetching async-http-client, swift-nio
Fetched https://github.com/swift-server/async-http-client.git from cache (0.96s)
[6047/86374] Fetching swift-nio
Fetched https://github.com/apple/swift-nio from cache (3.05s)
Computing version for https://github.com/googleapis/swift-google-auth
Computed https://github.com/googleapis/swift-google-auth at 0.5.0 (3.21s)
Fetching https://github.com/apple/swift-system.git
Fetching https://github.com/vapor/jwt-kit.git
[1/7241] Fetching swift-system
[291/17495] Fetching swift-system, jwt-kit
Fetched https://github.com/apple/swift-system.git from cache (0.68s)
[4820/10254] Fetching jwt-kit
Fetched https://github.com/vapor/jwt-kit.git from cache (0.86s)
Computing version for https://github.com/swift-extras/swift-extras-base64
Computed https://github.com/swift-extras/swift-extras-base64 at 1.2.0 (1.01s)
Computing version for https://github.com/swift-server/async-http-client.git
Computed https://github.com/swift-server/async-http-client.git at 1.36.2 (0.17s)
Fetching https://github.com/apple/swift-nio-transport-services.git
Fetching https://github.com/apple/swift-nio-extras.git
Fetching https://github.com/apple/swift-distributed-tracing.git
Fetching https://github.com/apple/swift-configuration.git
Fetching https://github.com/apple/swift-algorithms.git
Fetching https://github.com/apple/swift-service-context.git
[1/2867] Fetching swift-nio-transport-services
[2/4367] Fetching swift-nio-transport-services, swift-service-context
[4368/10918] Fetching swift-nio-transport-services, swift-service-context, swift-distributed-tracing
[4369/17082] Fetching swift-nio-transport-services, swift-service-context, swift-distributed-tracing, swift-algorithms
[4435/21010] Fetching swift-nio-transport-services, swift-service-context, swift-distributed-tracing, swift-algorithms, swift-configuration
[5060/27713] Fetching swift-nio-transport-services, swift-service-context, swift-distributed-tracing, swift-algorithms, swift-configuration, swift-nio-extras
Fetched https://github.com/apple/swift-configuration.git from cache (0.54s)
Fetching https://github.com/apple/swift-atomics.git
[18854/23785] Fetching swift-nio-transport-services, swift-service-context, swift-distributed-tracing, swift-algorithms, swift-nio-extras
Fetched https://github.com/apple/swift-distributed-tracing.git from cache (0.57s)
Fetching https://github.com/apple/swift-nio-http2.git
[14584/17234] Fetching swift-nio-transport-services, swift-service-context, swift-algorithms, swift-nio-extras
Fetched https://github.com/apple/swift-service-context.git from cache (0.66s)
Fetched https://github.com/apple/swift-nio-transport-services.git from cache (0.66s)
Fetched https://github.com/apple/swift-algorithms.git from cache (0.66s)
Fetched https://github.com/apple/swift-nio-extras.git from cache (0.66s)
Fetching https://github.com/apple/swift-nio-ssl.git
[1/1889] Fetching swift-atomics
Fetched https://github.com/apple/swift-atomics.git from cache (0.46s)
[1/16871] Fetching swift-nio-ssl
[170/29165] Fetching swift-nio-ssl, swift-nio-http2
Fetched https://github.com/apple/swift-nio-http2.git from cache (1.10s)
Fetched https://github.com/apple/swift-nio-ssl.git from cache (1.18s)
Computing version for https://github.com/apple/swift-service-context.git
Computed https://github.com/apple/swift-service-context.git at 1.3.0 (1.99s)
Computing version for https://github.com/apple/swift-algorithms.git
Computed https://github.com/apple/swift-algorithms.git at 1.2.1 (0.87s)
Fetching https://github.com/apple/swift-numerics.git
[1/6728] Fetching swift-numerics
Fetched https://github.com/apple/swift-numerics.git from cache (0.52s)
Computing version for https://github.com/apple/swift-log
Computed https://github.com/apple/swift-log at 1.16.1 (0.68s)
Computing version for https://github.com/apple/swift-distributed-tracing.git
Computed https://github.com/apple/swift-distributed-tracing.git at 1.5.0 (0.15s)
Computing version for https://github.com/apple/swift-atomics.git
Computed https://github.com/apple/swift-atomics.git at 1.3.1 (0.14s)
Computing version for https://github.com/apple/swift-numerics.git
Computed https://github.com/apple/swift-numerics.git at 1.1.1 (0.13s)
Computing version for https://github.com/apple/swift-nio
Computed https://github.com/apple/swift-nio at 2.104.0 (0.34s)
Fetching https://github.com/apple/swift-collections.git
[1/28703] Fetching swift-collections
Fetched https://github.com/apple/swift-collections.git from cache (1.47s)
Computing version for https://github.com/apple/swift-configuration.git
Computed https://github.com/apple/swift-configuration.git at 1.2.2 (2.26s)
Fetching https://github.com/swift-server/swift-service-lifecycle
[1/2867] Fetching swift-service-lifecycle
Fetched https://github.com/swift-server/swift-service-lifecycle from cache (0.77s)
Computing version for https://github.com/apple/swift-nio-transport-services.git
Computed https://github.com/apple/swift-nio-transport-services.git at 1.28.0 (0.93s)
Computing version for https://github.com/swift-server/swift-service-lifecycle
Computed https://github.com/swift-server/swift-service-lifecycle at 2.12.1 (0.14s)
Fetching https://github.com/apple/swift-async-algorithms.git
[1/6820] Fetching swift-async-algorithms
Fetched https://github.com/apple/swift-async-algorithms.git from cache (0.55s)
Computing version for https://github.com/apple/swift-async-algorithms.git
Computed https://github.com/apple/swift-async-algorithms.git at 1.1.7 (0.76s)
Computing version for https://github.com/apple/swift-collections.git
Computed https://github.com/apple/swift-collections.git at 1.7.2 (0.24s)
Computing version for https://github.com/apple/swift-nio-http2.git
Computed https://github.com/apple/swift-nio-http2.git at 1.46.0 (0.16s)
Computing version for https://github.com/vapor/jwt-kit.git
Computed https://github.com/vapor/jwt-kit.git at 5.7.1 (0.14s)
Fetching https://github.com/apple/swift-certificates.git
Fetching https://github.com/apple/swift-crypto.git
[1/18629] Fetching swift-crypto
[1864/26238] Fetching swift-crypto, swift-certificates
Fetched https://github.com/apple/swift-certificates.git from cache (1.16s)
Fetched https://github.com/apple/swift-crypto.git from cache (1.18s)
Computing version for https://github.com/apple/swift-crypto.git
Computed https://github.com/apple/swift-crypto.git at 4.5.2 (1.77s)
Fetching https://github.com/apple/swift-asn1.git
[1/2009] Fetching swift-asn1
Fetched https://github.com/apple/swift-asn1.git from cache (0.40s)
Computing version for https://github.com/apple/swift-asn1.git
Computed https://github.com/apple/swift-asn1.git at 1.7.3 (0.58s)
Computing version for https://github.com/apple/swift-certificates.git
Computed https://github.com/apple/swift-certificates.git at 1.21.0 (0.21s)
Computing version for https://github.com/apple/swift-nio-ssl.git
Computed https://github.com/apple/swift-nio-ssl.git at 2.37.5 (0.18s)
Computing version for https://github.com/apple/swift-system.git
Computed https://github.com/apple/swift-system.git at 1.8.1 (0.17s)
Computing version for https://github.com/apple/swift-nio-extras.git
Computed https://github.com/apple/swift-nio-extras.git at 1.35.1 (0.26s)
Fetching https://github.com/apple/swift-http-structured-headers.git
Fetching https://github.com/apple/swift-http-types.git
[1/1253] Fetching swift-http-structured-headers
[14/3192] Fetching swift-http-structured-headers, swift-http-types
Fetched https://github.com/apple/swift-http-structured-headers.git from cache (0.43s)
Fetched https://github.com/apple/swift-http-types.git from cache (0.43s)
Computing version for https://github.com/apple/swift-http-structured-headers.git
Computed https://github.com/apple/swift-http-structured-headers.git at 1.7.0 (0.58s)
Computing version for https://github.com/apple/swift-http-types.git
Computed https://github.com/apple/swift-http-types.git at 1.8.0 (0.17s)
Creating working copy for https://github.com/apple/swift-system.git
Working copy of https://github.com/apple/swift-system.git resolved at 1.8.1
Creating working copy for https://github.com/apple/swift-log
Working copy of https://github.com/apple/swift-log resolved at 1.16.1
Creating working copy for https://github.com/apple/swift-collections.git
Working copy of https://github.com/apple/swift-collections.git resolved at 1.7.2
Creating working copy for https://github.com/apple/swift-numerics.git
Working copy of https://github.com/apple/swift-numerics.git resolved at 1.1.1
Creating working copy for https://github.com/apple/swift-nio-transport-services.git
Working copy of https://github.com/apple/swift-nio-transport-services.git resolved at 1.28.0
Creating working copy for https://github.com/swift-server/swift-service-lifecycle
Working copy of https://github.com/swift-server/swift-service-lifecycle resolved at 2.12.1
Creating working copy for https://github.com/apple/swift-http-structured-headers.git
Working copy of https://github.com/apple/swift-http-structured-headers.git resolved at 1.7.0
Creating working copy for https://github.com/apple/swift-nio-extras.git
Working copy of https://github.com/apple/swift-nio-extras.git resolved at 1.35.1
Creating working copy for https://github.com/apple/swift-crypto.git
Working copy of https://github.com/apple/swift-crypto.git resolved at 4.5.2
Creating working copy for https://github.com/vapor/jwt-kit.git
Working copy of https://github.com/vapor/jwt-kit.git resolved at 5.7.1
Creating working copy for https://github.com/apple/swift-configuration.git
Working copy of https://github.com/apple/swift-configuration.git resolved at 1.2.2
Creating working copy for https://github.com/apple/swift-nio-ssl.git
Working copy of https://github.com/apple/swift-nio-ssl.git resolved at 2.37.5
Creating working copy for https://github.com/swift-extras/swift-extras-base64
Working copy of https://github.com/swift-extras/swift-extras-base64 resolved at 1.2.0
Creating working copy for https://github.com/apple/swift-nio-http2.git
Working copy of https://github.com/apple/swift-nio-http2.git resolved at 1.46.0
Creating working copy for https://github.com/googleapis/swift-google-type
Working copy of https://github.com/googleapis/swift-google-type resolved at 0.5.0
Creating working copy for https://github.com/googleapis/swift-google-auth
Working copy of https://github.com/googleapis/swift-google-auth resolved at 0.5.0
Creating working copy for https://github.com/apple/swift-async-algorithms.git
Working copy of https://github.com/apple/swift-async-algorithms.git resolved at 1.1.7
Creating working copy for https://github.com/apple/swift-algorithms.git
Working copy of https://github.com/apple/swift-algorithms.git resolved at 1.2.1
Creating working copy for https://github.com/apple/swift-asn1.git
Working copy of https://github.com/apple/swift-asn1.git resolved at 1.7.3
Creating working copy for https://github.com/googleapis/swift-google-rpc
Working copy of https://github.com/googleapis/swift-google-rpc resolved at 0.5.0
Creating working copy for https://github.com/googleapis/swift-google-gax
Working copy of https://github.com/googleapis/swift-google-gax resolved at 0.5.0
Creating working copy for https://github.com/apple/swift-distributed-tracing.git
Working copy of https://github.com/apple/swift-distributed-tracing.git resolved at 1.5.0
Creating working copy for https://github.com/apple/swift-certificates.git
Working copy of https://github.com/apple/swift-certificates.git resolved at 1.21.0
Creating working copy for https://github.com/googleapis/swift-google-wkt
Working copy of https://github.com/googleapis/swift-google-wkt resolved at 0.5.0
Creating working copy for https://github.com/swift-server/async-http-client.git
Working copy of https://github.com/swift-server/async-http-client.git resolved at 1.36.2
Creating working copy for https://github.com/apple/swift-atomics.git
Working copy of https://github.com/apple/swift-atomics.git resolved at 1.3.1
Creating working copy for https://github.com/apple/swift-http-types.git
Working copy of https://github.com/apple/swift-http-types.git resolved at 1.8.0
Creating working copy for https://github.com/googleapis/swift-google-iam-v1
Working copy of https://github.com/googleapis/swift-google-iam-v1 resolved at 0.5.0
Creating working copy for https://github.com/apple/swift-nio
Working copy of https://github.com/apple/swift-nio resolved at 2.104.0
Creating working copy for https://github.com/apple/swift-service-context.git
Working copy of https://github.com/apple/swift-service-context.git resolved at 1.3.0
Building for debugging...
[0/845] Write sources
[34/845] Compiling CNIOWindows shim.c
[35/845] Compiling CNIOWASI CNIOWASI.c
[35/845] Write sources
[44/845] Compiling CNIOOpenBSD shim.c
[44/845] Compiling CNIOPosix event_loop_id.c
[46/845] Compiling _AtomicsShims.c
[47/845] Compiling CNIOWindows WSAStartup.c
[48/845] Compiling _NumericsShims _NumericsShims.c
[49/845] Compiling SimpleFIPS202.c
[50/845] Compiling CSystem shims.c
[51/845] Compiling KeccakHash.c
[51/845] Compiling CXKCPShims shims.c
[53/845] Compiling KeccakSponge.c
[54/845] Compiling CNIOLinux liburing_shims.c
[55/845] Write swift-version--11D90AFD9DD3AB2.txt
[56/845] Compiling CNIOLinux shim.c
[57/845] Compiling CNIOLLHTTP c_nio_http.c
[58/845] Compiling CNIOFreeBSD shim.c
[59/845] Compiling CNIOExtrasZlib zutil.c
[60/845] Compiling CNIOLLHTTP c_nio_api.c
[61/854] Compiling CNIOExtrasZlib trees.c
[62/910] Compiling CNIOLLHTTP c_nio_llhttp.c
[63/910] Compiling KeccakP-1600-opt64.c
[65/921] Emitting module ServiceContextModule
[66/921] Emitting module _CertificateInternals
[67/932] Emitting module RealModule
[68/933] Compiling SystemPackage FilePathComponents.swift
[69/933] Compiling SystemPackage FilePathParsing.swift
[70/935] Compiling Logging LoggingSystem.swift
[71/936] Compiling RealModule Real.swift
[72/936] Compiling SystemPackage Stat.swift
[73/936] Compiling SystemPackage FilePathComponentView.swift
[74/936] Compiling RealModule RealFunctions.swift
[75/936] Compiling Logging Logger.swift
[76/936] Compiling Logging SwiftLogNoOpLogHandler.swift
[77/936] Compiling Logging Locks.swift
[78/936] Compiling Logging MultiplexLogHandler.swift
[79/936] Compiling Logging StreamLogHandler.swift
[80/936] Compiling Logging LogEvent.swift
[81/936] Compiling Logging LogHandler.swift
[82/936] Compiling SystemPackage FileFlags.swift
[83/936] Compiling SystemPackage FileMode.swift
[84/936] Compiling RealModule Float80+Real.swift
[85/936] Compiling RealModule Float16+Real.swift
[86/936] Compiling _CertificateInternals _TinyArray.swift
[87/936] Compiling Logging Logger+Attributes.swift
[90/936] Compiling Logging Logger+With.swift
[91/937] Compiling ServiceContextModule ServiceContextKey.swift
[92/937] Compiling ServiceContextModule ServiceContext.swift
[98/938] Compiling RealModule RelaxedArithmetic.swift
[99/938] Compiling _NIOBase64 Base64.swift
[102/938] Emitting module _NIOBase64
[104/940] Compiling _NIODataStructures Heap.swift
[105/940] Compiling _NIODataStructures PriorityQueue.swift
[106/940] Emitting module _NIODataStructures
[109/940] Compiling _NIODataStructures _TinyArray.swift
[110/977] Compiling CNIOExtrasZlib inftrees.c
[111/980] Compiling CNIOExtrasZlib inffast.c
[113/980] Emitting module Instrumentation
[114/980] Compiling Instrumentation Instrument.swift
[115/980] Compiling InternalCollectionsUtilities UnsafeMutablePointer+Extras.swift
[116/980] Compiling InternalCollectionsUtilities UnsafeMutableRawBufferPointer+Extras.swift
[117/980] Compiling InternalCollectionsUtilities UnsafePointer+Extras.swift
[118/982] Compiling Instrumentation NoOpInstrument.swift
[118/983] Compiling CNIOExtrasZlib inflate.c
[120/983] Compiling ExtrasBase64 Base64+Span.swift
[121/983] Compiling Instrumentation MultiplexInstrument.swift
[121/983] Compiling CNIOExtrasZlib deflate.c
[122/983] Compiling CNIOExtrasZlib crc32.c
[123/983] Compiling CNIOExtrasZlib adler32.c
[124/983] Compiling CNIODarwin shim.c
[126/983] Compiling Instrumentation InstrumentationSystem.swift
[127/983] Compiling InternalCollectionsUtilities UnsafeRawBufferPointer+Extras.swift
[128/983] Compiling InternalCollectionsUtilities _SortedCollection.swift
[129/983] Compiling InternalCollectionsUtilities _UniqueCollection.swift
[129/983] Compiling fiat_p256_adx_sqr.S
[130/983] Compiling fiat_p256_adx_mul.S
[132/983] Compiling InternalCollectionsUtilities BorrowingIteratorProtocol+Equality.swift
[133/983] Compiling InternalCollectionsUtilities BorrowingIteratorProtocol+Extras.swift
[134/983] Compiling InternalCollectionsUtilities MutableSpan+Extras.swift
[135/983] Compiling InternalCollectionsUtilities OutputSpan+Extras.swift
[136/983] Compiling InternalCollectionsUtilities RandomAccessCollection+Offsets.swift
[137/983] Compiling InternalCollectionsUtilities Span+Extras.swift
[138/983] Compiling InternalCollectionsUtilities Iterable+CopyContents.swift
[139/983] Compiling InternalCollectionsUtilities Iterable+Equality.swift
[140/983] Compiling InternalCollectionsUtilities LifetimeOverride.swift
[141/983] Compiling InternalCollectionsUtilities MutableRef.swift
[141/983] Compiling fiat_curve25519_adx_square.S
[142/983] Compiling fiat_curve25519_adx_mul.S
[144/983] Compiling InternalCollectionsUtilities FixedWidthInteger+roundUpToPowerOfTwo.swift
[145/983] Compiling InternalCollectionsUtilities Integer rank.swift
[146/983] Compiling InternalCollectionsUtilities UInt+first and last set bit.swift
[147/983] Compiling InternalCollectionsUtilities UInt+reversed.swift
[147/983] Compiling CNIOBoringSSLShims shims.c
[149/983] Emitting module InternalCollectionsUtilities
[150/983] Emitting module SwiftASN1
[151/983] Compiling InternalCollectionsUtilities Strideable+LimitHelpers.swift
[152/983] Compiling InternalCollectionsUtilities String+Padding.swift
[153/983] Compiling InternalCollectionsUtilities TemporaryAllocation.swift
[154/983] Compiling InternalCollectionsUtilities _UnsafeBitSet+Index.swift
[155/983] Compiling InternalCollectionsUtilities _UnsafeBitSet+_Word.swift
[156/983] Compiling InternalCollectionsUtilities _UnsafeBitSet.swift
[157/983] Compiling InternalCollectionsUtilities UnsafeBufferPointer+Extras.swift
[158/983] Compiling InternalCollectionsUtilities UnsafeMutableBufferPointer+Extras.swift
[161/983] Compiling InternalCollectionsUtilities Debugging.swift
[162/983] Compiling InternalCollectionsUtilities Descriptions.swift
[164/988] Compiling SpanPreview OutputSpan+InputSpanHelpers.swift
[165/988] Emitting module SpanPreview
[166/988] Compiling SpanPreview MutableSpan+InputSpanHelpers.swift
[167/988] Compiling SpanPreview InputSpan.swift
[169/989] Compiling Logging MetadataProvider.swift
[180/994] Emitting module SystemPackage
[198/995] Emitting module Logging
[202/996] Compiling tls_method.cc
[204/996] Compiling Instrumentation Locks.swift
[205/998] Compiling tls_record.cc
[216/998] Compiling SystemPackage RawIORequest.swift
[217/998] Compiling SystemPackage Backcompat.swift
[218/998] Compiling SystemPackage CInterop.swift
[219/998] Compiling SystemPackage Constants.swift
[220/998] Compiling SystemPackage Exports.swift
[221/998] Compiling SystemPackage Mocking.swift
[222/1047] Compiling DequeModule UniqueDeque+Initializers.swift
[223/1047] Compiling DequeModule UniqueDeque+Insertions.swift
[224/1047] Compiling DequeModule UniqueDeque+Iterable.swift
[225/1047] Compiling DequeModule UniqueDeque+Prepend.swift
[226/1047] Compiling DequeModule UniqueDeque+Removals.swift
[227/1047] Compiling DequeModule UniqueDeque+Consumption.swift
[228/1047] Compiling DequeModule UniqueDeque+ContainerOperations.swift
[229/1047] Compiling DequeModule UniqueDeque+Deprecations.swift
[230/1047] Compiling DequeModule UniqueDeque+Descriptions.swift
[231/1047] Compiling DequeModule UniqueDeque+Equatable.swift
[232/1047] Compiling DequeModule UniqueDeque+Hashable.swift
[233/1052] Compiling DequeModule RigidDeque+Prepend.swift
[234/1052] Compiling DequeModule RigidDeque+Removals.swift
[235/1052] Compiling DequeModule RigidDeque+Replacements.swift
[236/1052] Compiling DequeModule RigidDeque+Testing.swift
[237/1052] Compiling Tracing TracingTime.swift
[238/1052] Compiling DequeModule RigidDeque.swift
[239/1052] Compiling DequeModule UniqueDeque+Append.swift
[240/1053] Compiling DequeModule RigidDeque+Descriptions.swift
[241/1053] Compiling DequeModule RigidDeque+Equatable.swift
[242/1053] Compiling DequeModule RigidDeque+Hashable.swift
[243/1053] Compiling DequeModule RigidDeque+Initializers.swift
[244/1053] Compiling DequeModule RigidDeque+Insertions.swift
[245/1053] Compiling DequeModule RigidDeque+Iterable.swift
[246/1053] Compiling DequeModule _DequeBuffer.swift
[247/1053] Compiling DequeModule _DequeBufferHeader.swift
[248/1053] Compiling DequeModule RigidDeque+Append.swift
[249/1053] Compiling DequeModule RigidDeque+Consumption.swift
[250/1053] Compiling DequeModule RigidDeque+ContainerOperations.swift
[251/1053] Compiling DequeModule RigidDeque+Deprecations.swift
[252/1053] Emitting module Tracing
[253/1053] Compiling Tracing TracerProtocol.swift
[254/1053] Compiling Tracing Tracer.swift
[255/1053] Compiling Tracing TracerProtocol+Legacy.swift
[256/1053] Compiling Tracing WithTracer.swift
[257/1053] Compiling Tracing NoOpTracer.swift
[258/1053] Compiling Tracing InstrumentationSystem+Tracing.swift
[259/1053] Compiling Tracing SpanProtocol.swift
[260/1054] Compiling tls13_server.cc
[261/1054] Compiling tls13_both.cc
[262/1054] Compiling tls13_client.cc
[269/1055] Compiling DequeModule Deque+Extras.swift
[270/1055] Compiling DequeModule Deque+Hashable.swift
[271/1055] Compiling DequeModule Deque+Testing.swift
[272/1055] Compiling DequeModule Deque._Storage.swift
[273/1055] Compiling DequeModule Deque._UnsafeHandle.swift
[274/1055] Compiling DequeModule Deque.swift
[275/1055] Compiling DequeModule Deque+Codable.swift
[276/1055] Compiling DequeModule Deque+Collection.swift
[277/1055] Compiling DequeModule Deque+CustomReflectable.swift
[278/1055] Compiling DequeModule Deque+Descriptions.swift
[279/1055] Compiling DequeModule Deque+Equatable.swift
[280/1055] Compiling DequeModule Deque+ExpressibleByArrayLiteral.swift
[281/1055] Compiling tls13_enc.cc
[282/1055] Compiling ssl_versions.cc
[283/1055] Compiling ssl_transcript.cc
[284/1055] Compiling t1_enc.cc
[285/1055] Compiling ssl_stat.cc
[286/1055] Compiling ssl_x509.cc
[287/1055] Compiling ssl_session.cc
[289/1055] Emitting module DequeModule
[290/1055] Compiling DequeModule UniqueDeque+Replacements.swift
[291/1055] Compiling DequeModule UniqueDeque.swift
[292/1055] Compiling DequeModule _DequeSlot.swift
[293/1055] Compiling DequeModule _UnsafeDequeHandle.swift
[294/1055] Compiling DequeModule _UnsafeDequeSegments.swift
[295/1056] Compiling ssl_key_share.cc
[296/1099] Compiling ssl_file.cc
[297/1099] Compiling ssl_privkey.cc
[299/1099] Compiling ExtrasBase64 Base32.swift
[299/1099] Compiling ssl_lib.cc
[301/1099] Emitting module ExtrasBase64
[302/1099] Compiling ExtrasBase64 Base32+Span.swift
[303/1099] Compiling ExtrasBase64 Base64.swift
[305/1100] Compiling Configuration Deprecations.swift
[306/1100] Compiling Configuration ExpressibleByConfigInt.swift
[307/1100] Compiling Configuration ExpressibleByConfigString.swift
[308/1100] Compiling Configuration CLIKeyEncoder.swift
[309/1100] Compiling Configuration ConfigKeyEncoder.swift
[310/1100] Compiling Configuration DotSeparatorKeyDecoder.swift
[310/1105] Compiling ssl_credential.cc
[311/1136] Compiling ssl_cipher.cc
[313/1136] Emitting module Configuration
[314/1136] Compiling GoogleWKT WKTEnum.swift
[315/1136] Compiling GoogleWKT WKTEnumValue.swift
[316/1136] Compiling GoogleWKT WKTField.swift
[317/1136] Compiling GoogleWKT WKTMethod.swift
[318/1136] Compiling GoogleWKT WKTMixin.swift
[319/1136] Compiling GoogleWKT WKTOption.swift
[319/1136] Compiling ssl_cert.cc
[320/1136] Compiling ssl_buffer.cc
[321/1136] Compiling ssl_asn1.cc
[322/1136] Compiling ssl_aead_ctx.cc
[323/1136] Compiling s3_lib.cc
[324/1136] Compiling s3_pkt.cc
[326/1136] Compiling GoogleWKT UnknownFields.swift
[327/1136] Compiling GoogleWKT WKTAny.swift
[328/1136] Compiling GoogleWKT WKTAnyError.swift
[329/1136] Compiling GoogleWKT WKTBoolValue.swift
[330/1136] Compiling GoogleWKT WKTBytesValue.swift
[331/1140] Compiling GoogleWKT WKTDoubleValue.swift
[332/1140] Compiling GoogleWKT WKTDuration.swift
[333/1140] Compiling GoogleWKT WKTEmpty.swift
[334/1140] Compiling GoogleWKT WKTFieldMask.swift
[335/1140] Compiling GoogleWKT WKTFloatValue.swift
[336/1140] Compiling GoogleWKT WKTInt32Value.swift
[337/1140] Compiling GoogleWKT WKTInt64Value.swift
[338/1140] Compiling GoogleWKT WKTRecursive.swift
[339/1140] Compiling GoogleWKT WKTValue.swift
[340/1140] Compiling GoogleWKT WKTApi.swift
[347/1140] Compiling GoogleWKT WKTStringValue.swift
[348/1140] Compiling GoogleWKT WKTTimestamp.swift
[349/1140] Compiling GoogleWKT WKTUInt32Value.swift
[350/1140] Compiling GoogleWKT WKTUInt64Value.swift
[357/1140] Emitting module GoogleWKT
[358/1140] Compiling GoogleWKT AnyPackable.swift
[359/1140] Compiling GoogleWKT DecodeToDefault.swift
[360/1140] Compiling GoogleWKT DiscoveryBase64.swift
[361/1140] Compiling GoogleWKT ProtoJSONDecoder.swift
[362/1140] Compiling GoogleWKT ProtoJSONEncoder.swift
[363/1140] Compiling Configuration MutableInMemoryProvider.swift
[364/1140] Compiling Configuration ConfigProvider+Operators.swift
[365/1140] Compiling Configuration KeyMappingProvider.swift
[366/1140] Compiling Configuration SecretsSpecifier.swift
[367/1140] Compiling Configuration AsyncCombineLatestManySequence.swift
[368/1140] Compiling Configuration CombineLatestManyStateMachine.swift
[369/1140] Compiling GoogleWKT WKTSourceContext.swift
[370/1140] Compiling GoogleWKT WKTSyntax.swift
[371/1140] Compiling GoogleWKT WKTType.swift
[372/1140] Compiling GoogleWKT PackageVersion.swift
[373/1140] Compiling Configuration YAMLSnapshot.swift
[374/1140] Compiling Configuration InMemoryProvider.swift
[374/1140] Compiling s3_both.cc
[380/1141] Compiling Configuration CombineLatestManyStorage.swift
[381/1141] Compiling Configuration AsyncSequences.swift
[382/1141] Compiling Configuration FoundationExtensions.swift
[383/1141] Compiling Configuration Span.swift
[384/1141] Compiling Configuration ConfigBytesFromStringDecoder.swift
[385/1141] Compiling handshake_server.cc
[386/1174] Compiling handshake.cc
[387/1174] Compiling handshake_client.cc
[389/1174] Compiling GoogleRpc LocalizedMessage.swift
[390/1174] Compiling GoogleRpc PackageVersion.swift
[390/1176] Compiling handoff.cc
[392/1176] Emitting module GoogleType
[394/1178] Compiling GoogleRpc RequestInfo.swift
[396/1178] Compiling GoogleRpc ResourceInfo.swift
[397/1178] Compiling GoogleRpc DebugInfo.swift
[398/1178] Compiling GoogleRpc ErrorInfo.swift
[398/1178] Compiling extensions.cc
[401/1178] Compiling GoogleRpc HttpRequest.swift
[402/1178] Compiling GoogleRpc HttpResponse.swift
[404/1178] Compiling GoogleRpc PreconditionFailure.swift
[405/1178] Compiling GoogleRpc Help.swift
[406/1178] Compiling GoogleRpc HttpHeader.swift
[412/1178] Compiling GoogleRpc QuotaFailure.swift
[413/1178] Compiling GoogleRpc RetryInfo.swift
[414/1178] Compiling GoogleRpc Status.swift
[415/1178] Emitting module GoogleRpc
[416/1178] Compiling GoogleType Quaternion.swift
[417/1178] Compiling GoogleRpc BadRequest.swift
[418/1178] Compiling GoogleRpc Code.swift
[427/1179] Compiling GoogleType TimeOfDay.swift
[428/1179] Compiling GoogleType TimeZone.swift
[442/1181] Compiling encrypted_client_hello.cc
[443/1181] Compiling dtls_record.cc
[444/1181] Compiling md5-x86_64-linux.S
[445/1181] Compiling md5-x86_64-apple.S
[446/1181] Compiling md5-586-linux.S
[447/1181] Compiling md5-586-apple.S
[448/1181] Compiling chacha20_poly1305_x86_64-linux.S
[449/1181] Compiling dtls_method.cc
[450/1181] Compiling chacha20_poly1305_x86_64-apple.S
[451/1181] Compiling chacha20_poly1305_armv8-win.S
[452/1181] Compiling d1_pkt.cc
[453/1181] Compiling chacha20_poly1305_armv8-apple.S
[454/1181] Compiling chacha-x86_64-linux.S
[455/1181] Compiling chacha20_poly1305_armv8-linux.S
[456/1181] Compiling d1_srtp.cc
[457/1181] Compiling chacha-x86-linux.S
[458/1181] Compiling chacha-x86_64-apple.S
[459/1181] Compiling chacha-x86-apple.S
[460/1181] Compiling chacha-armv8-win.S
[461/1181] Compiling chacha-armv8-apple.S
[462/1181] Compiling chacha-armv4-linux.S
[463/1181] Compiling aes128gcmsiv-x86_64-linux.S
[464/1181] Compiling chacha-armv8-linux.S
[465/1181] Compiling aes128gcmsiv-x86_64-apple.S
[466/1181] Compiling x86_64-mont5-linux.S
[467/1181] Compiling x86_64-mont5-apple.S
[468/1181] Compiling x86_64-mont-linux.S
[469/1181] Compiling x86_64-mont-apple.S
[470/1181] Compiling x86-mont-linux.S
[471/1181] Compiling x86-mont-apple.S
[472/1181] Compiling vpaes-x86_64-linux.S
[473/1181] Compiling vpaes-x86_64-apple.S
[474/1181] Compiling err_data.cc
[475/1181] Compiling vpaes-x86-linux.S
[476/1181] Compiling vpaes-x86-apple.S
[477/1181] Compiling vpaes-armv8-win.S
[478/1181] Compiling vpaes-armv8-apple.S
[479/1181] Compiling vpaes-armv7-linux.S
[480/1181] Compiling vpaes-armv8-linux.S
[481/1181] Compiling sha512-x86_64-linux.S
[482/1181] Compiling sha512-x86_64-apple.S
[483/1181] Compiling sha512-armv8-win.S
[484/1181] Compiling sha512-armv8-apple.S
[485/1181] Compiling sha512-armv4-linux.S
[486/1181] Compiling sha512-586-linux.S
[487/1181] Compiling sha512-armv8-linux.S
[488/1181] Compiling sha512-586-apple.S
[489/1181] Compiling sha256-x86_64-linux.S
[490/1181] Compiling sha256-x86_64-apple.S
[491/1181] Compiling sha256-armv8-win.S
[492/1181] Compiling sha256-armv8-linux.S
[493/1181] Compiling sha256-armv8-apple.S
[494/1181] Compiling sha256-armv4-linux.S
[495/1181] Compiling sha256-586-apple.S
[496/1181] Compiling sha256-586-linux.S
[497/1181] Compiling d1_lib.cc
[498/1181] Compiling sha1-x86_64-linux.S
[499/1181] Compiling sha1-x86_64-apple.S
[500/1181] Compiling sha1-armv8-win.S
[501/1181] Compiling bio_ssl.cc
[502/1181] Compiling sha1-armv8-apple.S
[503/1181] Compiling sha1-armv4-large-linux.S
[504/1181] Compiling sha1-armv8-linux.S
[505/1181] Compiling sha1-586-apple.S
[505/1181] Compiling sha1-586-linux.S
[507/1181] Compiling rsaz-avx2-linux.S
[508/1181] Compiling rsaz-avx2-apple.S
[509/1181] Compiling rdrand-x86_64-apple.S
[510/1181] Compiling rdrand-x86_64-linux.S
[511/1181] Compiling p256_beeu-armv8-asm-win.S
[512/1181] Compiling p256_beeu-x86_64-asm-linux.S
[513/1181] Compiling p256_beeu-armv8-asm-linux.S
[514/1181] Compiling p256_beeu-x86_64-asm-apple.S
[514/1181] Compiling p256_beeu-armv8-asm-apple.S
[516/1181] Compiling p256-x86_64-asm-apple.S
[517/1181] Compiling p256-x86_64-asm-linux.S
[518/1181] Compiling p256-armv8-asm-win.S
[519/1181] Compiling d1_both.cc
[520/1181] Compiling ghashv8-armv8-win.S
[520/1181] Compiling p256-armv8-asm-apple.S
[522/1181] Compiling p256-armv8-asm-linux.S
[523/1181] Compiling ghashv8-armv8-linux.S
[524/1181] Compiling ghashv8-armv7-linux.S
[525/1181] Compiling ghashv8-armv8-apple.S
[526/1181] Compiling ghash-x86_64-linux.S
[527/1181] Compiling ghash-x86_64-apple.S
[528/1181] Compiling ghash-x86-apple.S
[529/1181] Compiling ghash-x86-linux.S
[530/1181] Compiling ghash-ssse3-x86_64-linux.S
[531/1181] Compiling ghash-ssse3-x86_64-apple.S
[532/1181] Compiling ghash-ssse3-x86-apple.S
[533/1181] Compiling ghash-ssse3-x86-linux.S
[534/1181] Compiling ghash-neon-armv8-win.S
[535/1181] Compiling ghash-neon-armv8-linux.S
[536/1181] Compiling ghash-armv4-linux.S
[537/1181] Compiling ghash-neon-armv8-apple.S
[538/1181] Compiling co-586-apple.S
[539/1181] Compiling co-586-linux.S
[540/1181] Compiling bn-armv8-win.S
[541/1181] Compiling bn-armv8-linux.S
[542/1181] Compiling bsaes-armv7-linux.S
[543/1181] Compiling bn-586-apple.S
[544/1181] Compiling bn-armv8-apple.S
[544/1181] Compiling bn-586-linux.S
[546/1181] Compiling armv8-mont-win.S
[547/1181] Compiling armv4-mont-linux.S
[548/1181] Compiling armv8-mont-apple.S
[549/1181] Compiling armv8-mont-linux.S
[550/1181] Compiling aesv8-gcm-armv8-win.S
[551/1181] Compiling aesv8-armv8-win.S
[552/1181] Compiling aesv8-gcm-armv8-apple.S
[553/1181] Compiling aesv8-gcm-armv8-linux.S
[553/1181] Compiling aesv8-armv8-linux.S
[555/1181] Compiling aesv8-armv8-apple.S
[556/1181] Compiling aesni-x86_64-linux.S
[556/1181] Compiling aesv8-armv7-linux.S
[558/1181] Compiling aesni-x86_64-apple.S
[559/1181] Compiling aesni-x86-linux.S
[560/1181] Compiling aesni-x86-apple.S
[561/1181] Compiling aesni-gcm-x86_64-linux.S
[562/1181] Compiling aesni-gcm-x86_64-apple.S
[563/1181] Compiling aes-gcm-avx10-x86_64-linux.S
[564/1181] Compiling aes-gcm-avx2-x86_64-linux.S
[565/1181] Compiling aes-gcm-avx10-x86_64-apple.S
[566/1181] Compiling aes-gcm-avx2-x86_64-apple.S
[567/1181] Compiling x_x509a.cc
[568/1181] Compiling x_sig.cc
[569/1181] Compiling x_val.cc
[570/1181] Compiling x_req.cc
[571/1181] Compiling x_x509.cc
[572/1181] Compiling x_spki.cc
[573/1181] Compiling x_pubkey.cc
[574/1181] Compiling x_name.cc
[575/1181] Compiling x_algor.cc
[576/1181] Compiling x_attrib.cc
[577/1181] Compiling x_exten.cc
[578/1181] Compiling x509spki.cc
[579/1181] Compiling x_crl.cc
[580/1181] Compiling x509rset.cc
[581/1181] Compiling x_all.cc
[582/1181] Compiling x509name.cc
[583/1181] Compiling x509_txt.cc
[584/1181] Compiling x509cset.cc
[585/1181] Compiling x509_vpm.cc
[586/1181] Compiling x509_v3.cc
[587/1181] Compiling x509_trs.cc
[588/1181] Compiling x509_set.cc
[589/1181] Compiling x509_vfy.cc
[590/1181] Compiling x509_req.cc
[591/1181] Compiling x509_def.cc
[592/1181] Compiling x509_obj.cc
[593/1181] Compiling x509_d2.cc
[594/1181] Compiling x509_ext.cc
[595/1181] Compiling x509_lu.cc
[596/1181] Compiling x509_cmp.cc
[597/1181] Compiling x509_att.cc
[597/1181] Compiling x509.cc
[599/1181] Compiling v3_skey.cc
[600/1181] Compiling v3_purp.cc
[601/1181] Compiling v3_prn.cc
[602/1181] Compiling v3_pmaps.cc
[603/1181] Compiling v3_ocsp.cc
[604/1181] Compiling v3_utl.cc
[605/1181] Compiling v3_pcons.cc
[606/1181] Compiling v3_ncons.cc
[607/1181] Compiling v3_int.cc
[608/1181] Compiling v3_lib.cc
[609/1181] Compiling v3_ia5.cc
[610/1181] Compiling v3_extku.cc
[611/1181] Compiling v3_info.cc
[611/1181] Compiling v3_genn.cc
[613/1181] Compiling v3_enum.cc
[614/1181] Compiling v3_crld.cc
[615/1181] Compiling v3_cpols.cc
[616/1181] Compiling v3_bcons.cc
[617/1181] Compiling v3_akeya.cc
[618/1181] Compiling v3_bitst.cc
[618/1181] Compiling v3_conf.cc
[620/1181] Compiling v3_akey.cc
[621/1181] Compiling v3_alt.cc
[622/1181] Compiling t_x509a.cc
[623/1181] Compiling i2d_pr.cc
[624/1181] Compiling t_x509.cc
[625/1181] Compiling name_print.cc
[626/1181] Compiling t_crl.cc
[627/1181] Compiling rsa_pss.cc
[627/1181] Compiling t_req.cc
[629/1181] Compiling policy.cc
[629/1181] Compiling by_file.cc
[631/1181] Compiling by_dir.cc
[632/1181] Compiling trust_token.cc
[633/1181] Compiling a_digest.cc
[634/1181] Compiling voprf.cc
[635/1181] Compiling a_verify.cc
[636/1181] Compiling asn1_gen.cc
[637/1181] Compiling algorithm.cc
[638/1181] Compiling a_sign.cc
[639/1181] Compiling thread.cc
[640/1181] Compiling thread_pthread.cc
[641/1181] Compiling thread_win.cc
[642/1181] Compiling thread_none.cc
[643/1181] Compiling stack.cc
[644/1181] Compiling pmbtoken.cc
[645/1181] Compiling slhdsa.cc
[646/1181] Compiling spake2plus.cc
[647/1181] Compiling sha256.cc
[648/1181] Compiling sha1.cc
[649/1181] Compiling siphash.cc
[650/1181] Compiling sha512.cc
[651/1181] Compiling rsa_print.cc
[652/1181] Compiling rsa_extra.cc
[653/1181] Compiling rsa_crypt.cc
[654/1181] Compiling rc4.cc
[655/1181] Compiling windows.cc
[656/1181] Compiling refcount.cc
[657/1181] Compiling urandom.cc
[658/1181] Compiling trusty.cc
[659/1181] Compiling rsa_asn1.cc
[660/1181] Compiling rand.cc
[661/1181] Compiling passive.cc
[662/1181] Compiling poly1305_arm_asm.S
[663/1181] Compiling ios.cc
[664/1181] Compiling getentropy.cc
[665/1181] Compiling forkunsafe.cc
[666/1181] Compiling deterministic.cc
[666/1181] Compiling fork_detect.cc
[668/1181] Compiling poly1305_vec.cc
[669/1181] Compiling pool.cc
[670/1181] Compiling poly1305_arm.cc
[671/1181] Compiling poly1305.cc
[672/1181] Compiling pkcs7.cc
[673/1181] Compiling p5_pbev2.cc
[674/1181] Compiling pkcs8.cc
[675/1181] Compiling pkcs8_x509.cc
[676/1181] Compiling pkcs7_x509.cc
[677/1181] Compiling pem_xaux.cc
[678/1181] Compiling pem_x509.cc
[679/1181] Compiling pem_pkey.cc
[680/1181] Compiling pem_pk8.cc
[681/1181] Compiling pem_oth.cc
[682/1181] Compiling mlkem.cc
[683/1181] Compiling pem_info.cc
[684/1181] Compiling pem_lib.cc
[684/1181] Compiling pem_all.cc
[686/1181] Compiling obj_xref.cc
[687/1181] Compiling obj.cc
[688/1181] Compiling poly_rq_mul.S
[689/1181] Compiling mldsa.cc
[690/1181] Compiling fips_shared_support.cc
[691/1181] Compiling mem.cc
[692/1181] Compiling md5.cc
[693/1181] Compiling md4.cc
[693/1181] Compiling lhash.cc
[695/1181] Compiling kyber.cc
[696/1181] Compiling hrss.cc
[697/1181] Compiling ex_data.cc
[698/1181] Compiling sign.cc
[699/1181] Compiling scrypt.cc
[700/1181] Compiling print.cc
[700/1181] Compiling hpke.cc
[702/1181] Compiling pbkdf.cc
[703/1181] Compiling p_x25519.cc
[704/1181] Compiling p_x25519_asn1.cc
[705/1181] Compiling p_rsa_asn1.cc
[706/1181] Compiling p_ed25519.cc
[707/1181] Compiling p_hkdf.cc
[708/1181] Compiling p_ed25519_asn1.cc
[708/1181] Compiling p_rsa.cc
[710/1181] Compiling p_ec.cc
[711/1181] Compiling p_ec_asn1.cc
[712/1181] Compiling p_dh.cc
[713/1181] Compiling p_dh_asn1.cc
[714/1181] Compiling evp_ctx.cc
[715/1181] Compiling p_dsa_asn1.cc
[716/1181] Compiling evp_asn1.cc
[717/1181] Compiling evp.cc
[717/1181] Compiling err.cc
[719/1181] Compiling engine.cc
[720/1181] Compiling ecdh.cc
[721/1181] Compiling ecdsa_asn1.cc
[722/1181] Compiling hash_to_curve.cc
[723/1181] Compiling ec_derive.cc
[724/1181] Compiling dsa.cc
[725/1181] Compiling dsa_asn1.cc
[726/1181] Compiling ec_asn1.cc
[727/1181] Compiling bcm.cc
[728/1181] Compiling params.cc
[729/1181] Compiling digest_extra.cc
[730/1181] Compiling x25519-asm-arm.S
[731/1181] Compiling des.cc
[732/1181] Compiling dh_asn1.cc
[733/1181] Compiling curve25519_64_adx.cc
[734/1181] Compiling cpu_intel.cc
[735/1181] Compiling crypto.cc
[736/1181] Compiling cpu_arm_linux.cc
[737/1181] Compiling spake25519.cc
[738/1181] Compiling cpu_arm_freebsd.cc
[739/1181] Compiling curve25519.cc
[740/1181] Compiling cpu_aarch64_win.cc
[741/1181] Compiling cpu_aarch64_sysreg.cc
[742/1181] Compiling cpu_aarch64_openbsd.cc
[743/1181] Compiling cpu_aarch64_fuchsia.cc
[743/1181] Compiling cpu_aarch64_linux.cc
[745/1181] Compiling cpu_aarch64_apple.cc
[746/1181] Compiling tls_cbc.cc
[747/1181] Compiling conf.cc
[748/1181] Compiling get_cipher.cc
[749/1181] Compiling e_tls.cc
[750/1181] Compiling e_rc4.cc
[751/1181] Compiling e_null.cc
[752/1181] Compiling e_des.cc
[753/1181] Compiling e_rc2.cc
[754/1181] Compiling e_chacha20poly1305.cc
[755/1181] Compiling e_aesgcmsiv.cc
[756/1181] Compiling e_aesctrhmac.cc
[757/1181] Compiling derive_key.cc
[758/1181] Compiling chacha.cc
[759/1181] Compiling unicode.cc
[760/1181] Compiling buf.cc
[761/1181] Compiling cbs.cc
[762/1181] Compiling cbb.cc
[762/1181] Compiling ber.cc
[764/1181] Compiling asn1_compat.cc
[765/1181] Compiling bn_asn1.cc
[766/1181] Compiling convert.cc
[767/1181] Compiling blake2.cc
[768/1181] Compiling socket_helper.cc
[769/1181] Compiling socket.cc
[769/1181] Compiling printf.cc
[771/1181] Compiling hexdump.cc
[772/1181] Compiling pair.cc
[773/1181] Compiling file.cc
[774/1181] Compiling fd.cc
[775/1181] Compiling errno.cc
[776/1181] Compiling bio_mem.cc
[777/1181] Compiling base64.cc
[778/1181] Compiling connect.cc
[779/1181] Compiling bio.cc
[780/1181] Compiling tasn_typ.cc
[781/1181] Compiling tasn_utl.cc
[782/1181] Compiling tasn_fre.cc
[783/1181] Compiling tasn_new.cc
[784/1181] Compiling f_string.cc
[784/1181] Compiling posix_time.cc
[786/1181] Compiling tasn_enc.cc
[787/1181] Compiling f_int.cc
[788/1181] Compiling tasn_dec.cc
[789/1181] Compiling asn_pack.cc
[790/1181] Compiling asn1_par.cc
[791/1181] Compiling asn1_lib.cc
[792/1181] Compiling a_time.cc
[792/1181] Compiling a_utctm.cc
[794/1181] Compiling a_type.cc
[795/1181] Compiling a_octet.cc
[796/1181] Compiling a_strnid.cc
[797/1181] Compiling a_strex.cc
[798/1181] Compiling a_object.cc
[799/1181] Compiling a_i2d_fp.cc
[800/1181] Compiling a_dup.cc
[801/1181] Compiling a_gentm.cc
[802/1181] Compiling a_mbstr.cc
[803/1181] Compiling a_int.cc
[804/1181] Compiling CGoogleGaxCRC32C CGoogleGaxCRC32C.c
[805/1181] Compiling a_d2i_fp.cc
[806/1181] Compiling fiat_p256_adx_sqr.S
[807/1181] Compiling a_bitstr.cc
[808/1181] Compiling fiat_p256_adx_mul.S
[808/1181] Compiling fiat_curve25519_adx_square.S
[810/1181] Compiling fiat_curve25519_adx_mul.S
[811/1181] Compiling md5-x86_64-linux.S
[812/1181] Compiling md5-x86_64-apple.S
[813/1181] Compiling md5-586-linux.S
[814/1181] Compiling md5-586-apple.S
[815/1181] Compiling chacha20_poly1305_x86_64-linux.S
[816/1181] Compiling chacha20_poly1305_x86_64-apple.S
[817/1181] Compiling chacha20_poly1305_armv8-win.S
[818/1181] Compiling chacha20_poly1305_armv8-apple.S
[819/1181] Compiling chacha-x86_64-linux.S
[820/1181] Compiling a_bool.cc
[821/1181] Compiling chacha20_poly1305_armv8-linux.S
[822/1181] Compiling chacha-x86_64-apple.S
[823/1181] Compiling chacha-x86-linux.S
[824/1181] Compiling chacha-x86-apple.S
[825/1181] Compiling CCryptoBoringSSLShims shims.c
[826/1181] Compiling chacha-armv8-win.S
[827/1181] Compiling chacha-armv8-apple.S
[828/1181] Compiling chacha-armv4-linux.S
[829/1181] Compiling aes128gcmsiv-x86_64-linux.S
[830/1181] Compiling chacha-armv8-linux.S
[831/1181] Compiling aes128gcmsiv-x86_64-apple.S
[832/1181] Compiling x86_64-mont5-linux.S
[833/1181] Compiling x86_64-mont5-apple.S
[833/1181] Compiling x86_64-mont-linux.S
[835/1181] Compiling x86_64-mont-apple.S
[835/1181] Compiling x86-mont-linux.S
[837/1181] Compiling x86-mont-apple.S
[838/1181] Compiling vpaes-x86_64-linux.S
[839/1181] Compiling vpaes-x86_64-apple.S
[840/1181] Compiling vpaes-x86-linux.S
[841/1181] Compiling vpaes-x86-apple.S
[842/1181] Compiling vpaes-armv8-linux.S
[843/1181] Compiling vpaes-armv8-win.S
[844/1181] Compiling vpaes-armv8-apple.S
[845/1181] Compiling vpaes-armv7-linux.S
[846/1181] Compiling sha512-x86_64-linux.S
[847/1181] Compiling sha512-x86_64-apple.S
[848/1181] Compiling sha512-armv8-win.S
[849/1181] Compiling sha512-armv8-apple.S
[850/1181] Compiling sha512-armv4-linux.S
[851/1181] Compiling sha512-armv8-linux.S
[852/1181] Compiling sha512-586-linux.S
[853/1181] Compiling sha512-586-apple.S
[854/1181] Compiling err_data.cc
[855/1181] Compiling sha256-x86_64-linux.S
[856/1181] Compiling sha256-x86_64-apple.S
[857/1181] Compiling sha256-armv8-win.S
[858/1181] Compiling sha256-armv8-apple.S
[859/1181] Compiling sha256-armv4-linux.S
[860/1181] Compiling sha256-586-linux.S
[861/1181] Compiling sha256-586-apple.S
[862/1181] Compiling sha256-armv8-linux.S
[863/1181] Compiling sha1-x86_64-linux.S
[864/1181] Compiling sha1-x86_64-apple.S
[865/1181] Compiling sha1-armv8-apple.S
[866/1181] Compiling sha1-armv8-win.S
[867/1181] Compiling sha1-armv4-large-linux.S
[868/1181] Compiling sha1-armv8-linux.S
[869/1181] Compiling sha1-586-linux.S
[870/1181] Compiling sha1-586-apple.S
[871/1181] Compiling rsaz-avx2-linux.S
[872/1181] Compiling rsaz-avx2-apple.S
[873/1181] Compiling rdrand-x86_64-linux.S
[874/1181] Compiling rdrand-x86_64-apple.S
[875/1181] Compiling p256_beeu-x86_64-asm-linux.S
[876/1181] Compiling p256_beeu-x86_64-asm-apple.S
[877/1181] Compiling p256_beeu-armv8-asm-win.S
[878/1181] Compiling p256_beeu-armv8-asm-linux.S
[879/1181] Compiling p256-x86_64-asm-linux.S
[880/1181] Compiling p256_beeu-armv8-asm-apple.S
[881/1181] Compiling p256-x86_64-asm-apple.S
[882/1181] Compiling p256-armv8-asm-win.S
[883/1181] Compiling p256-armv8-asm-apple.S
[884/1181] Compiling p256-armv8-asm-linux.S
[885/1181] Compiling ghashv8-armv8-apple.S
[886/1181] Compiling ghashv8-armv8-win.S
[886/1181] Compiling ghashv8-armv8-linux.S
[888/1181] Compiling ghash-x86_64-linux.S
[888/1181] Compiling ghashv8-armv7-linux.S
[890/1181] Compiling ghash-x86-linux.S
[891/1181] Compiling ghash-x86-apple.S
[891/1181] Compiling ghash-x86_64-apple.S
[893/1181] Compiling ghash-ssse3-x86_64-linux.S
[894/1181] Compiling ghash-ssse3-x86-linux.S
[895/1181] Compiling ghash-ssse3-x86_64-apple.S
[896/1181] Compiling ghash-ssse3-x86-apple.S
[897/1181] Compiling ghash-neon-armv8-linux.S
[898/1181] Compiling ghash-neon-armv8-win.S
[899/1181] Compiling ghash-neon-armv8-apple.S
[900/1181] Compiling ghash-armv4-linux.S
[901/1181] Compiling co-586-linux.S
[902/1181] Compiling bn-armv8-win.S
[903/1181] Compiling bsaes-armv7-linux.S
[904/1181] Compiling co-586-apple.S
[905/1181] Compiling bn-armv8-linux.S
[906/1181] Compiling bn-armv8-apple.S
[907/1181] Compiling bn-586-linux.S
[908/1181] Compiling bn-586-apple.S
[909/1181] Compiling armv8-mont-win.S
[910/1181] Compiling armv8-mont-apple.S
[911/1181] Compiling armv8-mont-linux.S
[912/1181] Compiling aesv8-gcm-armv8-win.S
[913/1181] Compiling armv4-mont-linux.S
[914/1181] Compiling aesv8-gcm-armv8-apple.S
[915/1181] Compiling aesv8-armv8-win.S
[916/1181] Compiling aesv8-gcm-armv8-linux.S
[917/1181] Compiling aesv8-armv8-apple.S
[918/1181] Compiling aesv8-armv7-linux.S
[919/1181] Compiling aesv8-armv8-linux.S
[920/1181] Compiling aesni-x86_64-apple.S
[921/1181] Compiling aesni-x86_64-linux.S
[922/1181] Compiling aesni-x86-linux.S
[923/1181] Compiling aesni-x86-apple.S
[924/1181] Compiling aesni-gcm-x86_64-linux.S
[925/1181] Compiling aesni-gcm-x86_64-apple.S
[926/1181] Compiling aes-gcm-avx512-x86_64-linux.S
[927/1181] Compiling aes-gcm-avx512-x86_64-apple.S
[928/1181] Compiling aes-gcm-avx2-x86_64-linux.S
[929/1181] Compiling aes-gcm-avx2-x86_64-apple.S
[930/1181] Compiling xwing.cc
[931/1181] Compiling x_sig.cc
[932/1181] Compiling x_spki.cc
[933/1181] Compiling x_x509a.cc
[934/1181] Compiling x_req.cc
[935/1181] Compiling x_x509.cc
[936/1181] Compiling x_pubkey.cc
[937/1181] Compiling x_exten.cc
[938/1181] Compiling x_name.cc
[939/1181] Compiling x_attrib.cc
[940/1181] Compiling x_crl.cc
[941/1181] Compiling c-nioatomics.c
[942/1181] Compiling x_all.cc
[943/1181] Compiling c-atomics.c
[944/1181] Compiling x_algor.cc
[945/1181] Compiling x509spki.cc
[946/1188] Compiling x509rset.cc
[947/1188] Compiling x509name.cc
[948/1188] Compiling x509cset.cc
[949/1188] Compiling x509_vpm.cc
[950/1188] Compiling x509_vfy.cc
[952/1188] Compiling NIOConcurrencyHelpers NIOThreadPoolWorkAvailable.swift
[953/1188] Compiling NIOConcurrencyHelpers lock.swift
[953/1188] Compiling x509_txt.cc
[955/1188] Emitting module NIOConcurrencyHelpers
[956/1188] Compiling NIOConcurrencyHelpers NIOLock.swift
[957/1188] Compiling NIOConcurrencyHelpers NIOLockedValueBox.swift
[958/1188] Compiling NIOConcurrencyHelpers NIOAtomic.swift
[959/1188] Compiling NIOConcurrencyHelpers atomics.swift
[959/1188] Compiling x509_v3.cc
[961/1189] Compiling x509_trs.cc
[962/1189] Compiling x509_set.cc
[963/1189] Compiling x509_obj.cc
[964/1189] Compiling x509_req.cc
[965/1189] Compiling x509_lu.cc
[966/1189] Compiling x509_ext.cc
[967/1189] Compiling x509_def.cc
[968/1189] Compiling x509_d2.cc
[969/1189] Compiling x509_cmp.cc
[970/1189] Compiling x509_att.cc
[971/1189] Compiling x509.cc
[972/1189] Compiling v3_skey.cc
[973/1189] Compiling v3_utl.cc
[974/1189] Compiling v3_purp.cc
[975/1189] Compiling v3_prn.cc
[976/1189] Compiling v3_pmaps.cc
[977/1189] Compiling v3_pcons.cc
[978/1189] Compiling v3_ocsp.cc
[979/1189] Compiling v3_ncons.cc
[980/1189] Compiling v3_lib.cc
[981/1189] Compiling v3_int.cc
[982/1189] Compiling v3_ia5.cc
[983/1189] Compiling v3_info.cc
[984/1189] Compiling v3_genn.cc
[985/1189] Compiling v3_extku.cc
[986/1189] Compiling v3_enum.cc
[987/1189] Compiling v3_crld.cc
[988/1189] Compiling v3_cpols.cc
[989/1189] Compiling v3_conf.cc
[990/1189] Compiling v3_bitst.cc
[990/1189] Compiling v3_bcons.cc
[992/1189] Compiling v3_alt.cc
[993/1189] Compiling v3_akeya.cc
[994/1189] Compiling v3_akey.cc
[995/1189] Compiling t_x509a.cc
[996/1189] Compiling t_x509.cc
[997/1189] Compiling t_req.cc
[998/1189] Compiling t_crl.cc
[999/1189] Compiling i2d_pr.cc
[1000/1189] Compiling rsa_pss.cc
[1001/1189] Compiling policy.cc
[1002/1189] Compiling name_print.cc
[1003/1189] Compiling by_file.cc
[1004/1189] Compiling by_dir.cc
[1005/1189] Compiling asn1_gen.cc
[1006/1189] Compiling algorithm.cc
[1007/1189] Compiling a_verify.cc
[1008/1189] Compiling a_sign.cc
[1009/1189] Compiling thread_win.cc
[1010/1189] Compiling voprf.cc
[1011/1189] Compiling a_digest.cc
[1012/1189] Compiling trust_token.cc
[1013/1189] Compiling thread_pthread.cc
[1014/1189] Compiling thread_none.cc
[1015/1189] Compiling pmbtoken.cc
[1016/1189] Compiling thread.cc
[1017/1189] Compiling stack.cc
[1018/1189] Compiling siphash.cc
[1019/1189] Compiling slhdsa.cc
[1020/1189] Compiling sha512.cc
[1020/1189] Compiling sha256.cc
[1022/1189] Compiling sha1.cc
[1023/1189] Compiling spake2plus.cc
[1024/1189] Compiling rsa_print.cc
[1025/1189] Compiling rsa_extra.cc
[1026/1189] Compiling rsa_crypt.cc
[1026/1189] Compiling rc4.cc
[1028/1189] Compiling refcount.cc
[1029/1189] Compiling windows.cc
[1030/1189] Compiling urandom.cc
[1031/1189] Compiling trusty.cc
[1032/1189] Compiling rand.cc
[1033/1189] Compiling ios.cc
[1034/1189] Compiling rsa_asn1.cc
[1035/1189] Compiling getentropy.cc
[1036/1189] Compiling passive.cc
[1037/1189] Compiling poly1305_arm_asm.S
[1038/1189] Compiling forkunsafe.cc
[1039/1189] Compiling deterministic.cc
[1040/1189] Compiling fork_detect.cc
[1041/1189] Compiling pool.cc
[1042/1189] Compiling poly1305_vec.cc
[1043/1189] Compiling poly1305_arm.cc
[1044/1189] Compiling poly1305.cc
[1045/1189] Compiling pkcs8.cc
[1046/1189] Compiling p5_pbev2.cc
[1047/1189] Compiling pkcs8_x509.cc
[1048/1189] Compiling pkcs7_x509.cc
[1049/1189] Compiling pkcs7.cc
[1050/1189] Compiling pem_xaux.cc
[1051/1189] Compiling pem_x509.cc
[1052/1189] Compiling pem_pkey.cc
[1053/1189] Compiling pem_oth.cc
[1053/1189] Compiling pem_pk8.cc
[1055/1189] Compiling mlkem.cc
[1056/1189] Compiling pem_lib.cc
[1057/1189] Compiling pem_info.cc
[1058/1189] Compiling obj_xref.cc
[1059/1189] Compiling pem_all.cc
[1060/1189] Compiling obj.cc
[1061/1189] Compiling poly_rq_mul.S
[1062/1189] Compiling mldsa.cc
[1063/1189] Compiling mem.cc
[1064/1189] Compiling fips_shared_support.cc
[1065/1189] Compiling lhash.cc
[1066/1189] Compiling md5.cc
[1067/1189] Compiling md4.cc
[1068/1189] Compiling kyber.cc
[1069/1189] Compiling fuzzer_mode.cc
[1070/1189] Compiling ex_data.cc
[1071/1189] Compiling hrss.cc
[1072/1189] Compiling hpke.cc
[1073/1189] Compiling scrypt.cc
[1074/1189] Compiling sign.cc
[1075/1189] Compiling pbkdf.cc
[1076/1189] Compiling print.cc
[1077/1189] Compiling p_x25519_asn1.cc
[1077/1189] Compiling p_x25519.cc
[1079/1189] Compiling p_rsa_asn1.cc
[1080/1189] Compiling p_rsa.cc
[1081/1189] Compiling p_hkdf.cc
[1082/1189] Compiling p_ed25519.cc
[1083/1189] Compiling p_ed25519_asn1.cc
[1084/1189] Compiling p_ec.cc
[1085/1189] Compiling p_ec_asn1.cc
[1086/1189] Compiling p_dsa_asn1.cc
[1087/1189] Compiling p_dh_asn1.cc
[1088/1189] Compiling evp_ctx.cc
[1089/1189] Compiling p_dh.cc
[1090/1189] Compiling err.cc
[1090/1189] Compiling evp_asn1.cc
[1092/1189] Compiling engine.cc
[1093/1189] Compiling evp.cc
[1094/1189] Compiling ecdsa_p1363.cc
[1095/1189] Compiling ecdh.cc
[1096/1189] Compiling ecdsa_asn1.cc
[1097/1189] Compiling ec_derive.cc
[1098/1189] Compiling hash_to_curve.cc
[1099/1189] Compiling dsa.cc
[1100/1189] Compiling dsa_asn1.cc
[1101/1189] Compiling ec_asn1.cc
[1102/1189] Compiling params.cc
[1103/1189] Compiling digest_extra.cc
[1104/1189] Compiling x25519-asm-arm.S
[1105/1189] Compiling dh_asn1.cc
[1106/1189] Compiling des.cc
[1107/1189] Compiling curve25519_64_adx.cc
[1108/1189] Compiling cpu_intel.cc
[1109/1189] Compiling spake25519.cc
[1110/1189] Compiling crypto.cc
[1111/1189] Compiling curve25519.cc
[1112/1189] Compiling cpu_arm_linux.cc
[1113/1189] Compiling cpu_arm_freebsd.cc
[1114/1189] Compiling cpu_aarch64_sysreg.cc
[1115/1189] Compiling cpu_aarch64_win.cc
[1116/1189] Compiling cpu_aarch64_openbsd.cc
[1117/1189] Compiling cpu_aarch64_linux.cc
[1118/1189] Compiling cpu_aarch64_fuchsia.cc
[1119/1189] Compiling cpu_aarch64_apple.cc
[1120/1189] Compiling conf.cc
[1121/1189] Compiling get_cipher.cc
[1122/1189] Compiling tls_cbc.cc
[1123/1189] Compiling e_tls.cc
[1124/1189] Compiling cms.cc
[1125/1189] Compiling e_rc4.cc
[1126/1189] Compiling e_rc2.cc
[1127/1189] Compiling e_null.cc
[1128/1189] Compiling e_des.cc
[1129/1189] Compiling e_chacha20poly1305.cc
[1130/1189] Compiling e_aesgcmsiv.cc
[1131/1189] Compiling e_aeseax.cc
[1132/1189] Compiling e_aesctrhmac.cc
[1133/1189] Compiling derive_key.cc
[1134/1189] Compiling chacha.cc
[1135/1189] Compiling unicode.cc
[1136/1189] Compiling ber.cc
[1137/1189] Compiling buf.cc
[1138/1189] Compiling sqrt.cc
[1139/1189] Compiling cbs.cc
[1140/1189] Compiling cbb.cc
[1141/1189] Compiling asn1_compat.cc
[1142/1189] Compiling div.cc
[1143/1189] Compiling exponentiation.cc
[1144/1189] Compiling blake2.cc
[1145/1189] Compiling printf.cc
[1146/1189] Compiling pair.cc
[1147/1189] Compiling bn_asn1.cc
[1148/1189] Compiling convert.cc
[1149/1189] Compiling hexdump.cc
[1150/1189] Compiling file.cc
[1151/1189] Compiling errno.cc
[1151/1189] Compiling fd.cc
[1153/1189] Compiling bio_mem.cc
[1154/1189] Compiling bio.cc
[1155/1189] Compiling base64.cc
[1156/1189] Compiling tasn_typ.cc
[1157/1189] Compiling tasn_fre.cc
[1158/1189] Compiling tasn_utl.cc
[1159/1189] Compiling tasn_enc.cc
[1160/1189] Compiling tasn_new.cc
[1161/1189] Compiling posix_time.cc
[1162/1189] Compiling f_string.cc
[1163/1189] Compiling f_int.cc
[1164/1189] Compiling tasn_dec.cc
[1165/1189] Compiling asn_pack.cc
[1166/1189] Compiling asn1_par.cc
[1167/1189] Compiling bcm.cc
[1168/1189] Compiling asn1_lib.cc
[1169/1189] Compiling a_utctm.cc
[1170/1189] Compiling a_type.cc
[1171/1189] Compiling a_octet.cc
[1172/1189] Compiling a_time.cc
[1173/1189] Compiling a_strnid.cc
[1174/1189] Compiling a_strex.cc
[1175/1189] Compiling a_i2d_fp.cc
[1176/1189] Compiling a_mbstr.cc
[1177/1189] Compiling a_dup.cc
[1178/1189] Compiling a_object.cc
[1179/1189] Write sources
[1180/1189] Compiling a_int.cc
[1181/1189] Write sources
[1183/1189] Compiling a_d2i_fp.cc
[1184/1189] Compiling CAsyncHTTPClient CAsyncHTTPClient.c
[1185/1232] Compiling a_gentm.cc
[1186/1232] Compiling a_bool.cc
[1188/1232] Compiling Algorithms Joined.swift
[1189/1232] Compiling Algorithms Keyed.swift
[1190/1232] Compiling Atomics UnsafeAtomic.swift
[1191/1232] Compiling Algorithms Product.swift
[1191/1232] Compiling aes.cc
[1193/1234] Compiling Algorithms Chunked.swift
[1194/1234] Compiling Algorithms Combinations.swift
[1194/1234] Compiling a_bitstr.cc
[1196/1242] Compiling Algorithms Compacted.swift
[1197/1242] Compiling Algorithms Cycle.swift
[1198/1242] Compiling Algorithms EitherSequence.swift
[1199/1242] Compiling Atomics IntegerOperations.swift
[1200/1242] Compiling Atomics Unmanaged extensions.swift
[1201/1242] Compiling Algorithms FirstNonNil.swift
[1202/1242] Compiling Algorithms AdjacentPairs.swift
[1203/1242] Compiling Algorithms Chain.swift
[1204/1242] Compiling Algorithms RandomSample.swift
[1205/1242] Compiling Algorithms Reductions.swift
[1206/1242] Compiling Algorithms Rotate.swift
[1208/1245] Compiling Algorithms Stride.swift
[1209/1245] Compiling Algorithms Suffix.swift
[1213/1245] Compiling Algorithms Partition.swift
[1220/1245] Compiling Algorithms FlattenCollection.swift
[1221/1245] Compiling Algorithms Grouped.swift
[1222/1245] Compiling Algorithms Indexed.swift
[1223/1245] Compiling Algorithms Intersperse.swift
[1224/1245] Compiling CryptoBoringWrapper RandomBytes.swift
[1225/1245] Compiling Algorithms Trim.swift
[1226/1245] Compiling Algorithms Unique.swift
[1227/1245] Compiling Algorithms Windows.swift
[1228/1245] Compiling CryptoBoringWrapper CryptoKitErrors_boring.swift
[1229/1245] Emitting module CryptoBoringWrapper
[1230/1245] Compiling CryptoBoringWrapper FiniteFieldArithmeticContext.swift
[1231/1245] Compiling CryptoBoringWrapper BoringSSLAEAD.swift
[1232/1245] Emitting module Atomics
[1233/1245] Compiling CryptoBoringWrapper ArbitraryPrecisionInteger.swift
[1234/1245] Compiling CryptoBoringWrapper EllipticCurve.swift
[1235/1245] Compiling CryptoBoringWrapper EllipticCurvePoint.swift
[1241/1330] Compiling Crypto ASN1BitString.swift
[1242/1330] Compiling Crypto ASN1Boolean.swift
[1243/1330] Compiling Crypto ASN1Identifier.swift
[1244/1330] Compiling Crypto ASN1Integer.swift
[1245/1330] Compiling Crypto MACFunctions.swift
[1247/1353] Emitting module Algorithms
[1249/1396] Compiling NIOCore NIOCoreSendableMetatype.swift
[1250/1396] Compiling NIOCore NIODecodedAsyncSequence.swift
[1251/1396] Compiling NIOCore NIOLoopBound.swift
[1252/1396] Compiling NIOCore NIOPooledRecvBufferAllocator.swift
[1253/1396] Compiling NIOCore NIOScheduledCallback.swift
[1254/1396] Compiling NIOCore NIOSendable.swift
[1255/1396] Compiling NIOCore NIOSplitLinesMessageDecoder.swift
[1256/1396] Compiling NIOCore NIOTransportAccessibleChannelCore.swift
[1257/1396] Compiling NIOCore RecvByteBufferAllocator.swift
[1258/1404] Compiling NIOCore EventLoop+Deprecated.swift
[1259/1404] Compiling NIOCore EventLoop+SerialExecutor.swift
[1260/1404] Compiling NIOCore EventLoop.swift
[1261/1404] Compiling NIOCore EventLoopFuture+AssumeIsolated.swift
[1262/1404] Compiling NIOCore ByteBuffer-multi-int.swift
[1263/1404] Compiling NIOCore ByteBuffer-quicBinaryEncodingStrategy.swift
[1264/1404] Compiling NIOCore ByteBuffer-views.swift
[1265/1404] Compiling NIOCore Channel.swift
[1266/1404] Compiling NIOCore ChannelHandler.swift
[1267/1404] Compiling NIOCore ChannelHandlers.swift
[1268/1404] Compiling NIOCore ChannelInvoker.swift
[1269/1404] Compiling NIOCore ChannelOption.swift
[1270/1415] Emitting module Crypto
[1271/1415] Compiling NIOCore ChannelPipeline.swift
[1272/1415] Compiling NIOCore EventLoopFuture+Deprecated.swift
[1273/1415] Compiling NIOCore EventLoopFuture+WithEventLoop.swift
[1274/1415] Compiling NIOCore EventLoopFuture.swift
[1275/1415] Compiling NIOCore FileDescriptor.swift
[1276/1415] Compiling NIOCore FileHandle.swift
[1277/1415] Compiling NIOCore FileRegion.swift
[1278/1415] Compiling NIOCore GlobalSingletons.swift
[1279/1415] Compiling NIOCore IO.swift
[1280/1415] Compiling NIOCore IOData.swift
[1281/1415] Compiling NIOCore IPProtocol.swift
[1282/1415] Compiling NIOCore IntegerBitPacking.swift
[1283/1415] Compiling NIOCore AddressedEnvelope.swift
[1284/1415] Compiling NIOCore AsyncAwaitSupport.swift
[1285/1415] Compiling NIOCore AsyncChannel.swift
[1286/1415] Compiling NIOCore AsyncChannelHandler.swift
[1287/1415] Compiling NIOCore AsyncChannelInboundStream.swift
[1288/1415] Compiling NIOCore AsyncChannelOutboundWriter.swift
[1289/1415] Compiling NIOCore NIOAsyncSequenceProducer.swift
[1290/1415] Compiling NIOCore NIOAsyncSequenceProducerStrategies.swift
[1291/1415] Compiling NIOCore NIOAsyncWriter.swift
[1292/1415] Compiling NIOCore NIOThrowingAsyncSequenceProducer.swift
[1293/1415] Compiling NIOCore BSDSocketAPI.swift
[1294/1415] Compiling NIOCore ByteBuffer-aux.swift
[1297/1415] Compiling NIOCore IntegerTypes.swift
[1298/1415] Compiling NIOCore Interfaces.swift
[1299/1415] Compiling NIOCore Linux.swift
[1300/1415] Compiling NIOCore MarkedCircularBuffer.swift
[1301/1415] Compiling NIOCore MulticastChannel.swift
[1302/1415] Compiling NIOCore NIOAny.swift
[1303/1415] Compiling NIOCore NIOCloseOnErrorHandler.swift
[1322/1415] Compiling NIOCore ByteBuffer-binaryEncodedLengthPrefix.swift
[1323/1415] Compiling NIOCore ByteBuffer-conversions.swift
[1324/1415] Compiling NIOCore ByteBuffer-core.swift
[1325/1415] Compiling NIOCore ByteBuffer-hex.swift
[1326/1415] Compiling NIOCore ByteBuffer-int.swift
[1327/1415] Compiling NIOCore ByteBuffer-lengthPrefix.swift
[1328/1415] Compiling NIOCore CircularBuffer.swift
[1329/1415] Compiling NIOCore Codec.swift
[1330/1415] Compiling NIOCore ConvenienceOptionSupport.swift
[1331/1415] Compiling NIOCore DeadChannel.swift
[1332/1415] Compiling NIOCore DispatchQueue+WithFuture.swift
[1333/1415] Compiling Crypto Signature.swift
[1334/1415] Compiling Crypto CryptoKitErrors_boring.swift
[1335/1415] Compiling Crypto Optional+withUnsafeBytes_boring.swift
[1336/1415] Compiling Crypto RNG_boring.swift
[1337/1415] Compiling Crypto SafeCompare_boring.swift
[1338/1415] Compiling Crypto Zeroization_boring.swift
[1339/1415] Compiling Crypto _CryptoModuleAnchor.swift
[1340/1415] Compiling Crypto PrettyBytes.swift
[1341/1415] Compiling Crypto SafeCompare.swift
[1342/1415] Compiling Crypto SecureBytes.swift
[1343/1415] Compiling Crypto Zeroization.swift
[1348/1415] Compiling NIOCore SingleStepByteToMessageDecoder.swift
[1349/1415] Compiling NIOCore SocketAddresses.swift
[1350/1415] Compiling NIOCore SocketOptionProvider.swift
[1351/1415] Compiling NIOCore SystemCallHelpers.swift
[1352/1415] Compiling NIOCore TimeAmount+Duration.swift
[1353/1415] Compiling NIOCore TypeAssistedChannelHandler.swift
[1354/1415] Compiling NIOCore UniversalBootstrapSupport.swift
[1355/1415] Compiling NIOCore Utilities.swift
[1368/1415] Compiling Crypto HKDF.swift
[1369/1415] Compiling Crypto AESWrap.swift
[1370/1415] Compiling Crypto AESWrap_boring.swift
[1371/1415] Compiling Crypto Ed25519_boring.swift
[1372/1415] Compiling Crypto NISTCurvesKeys_boring.swift
[1373/1415] Compiling Crypto X25519Keys_boring.swift
[1374/1415] Compiling Crypto Curve25519.swift
[1375/1415] Compiling Crypto Ed25519Keys.swift
[1376/1415] Compiling Crypto NISTCurvesKeys.swift
[1377/1415] Compiling Crypto X25519Keys.swift
[1378/1415] Compiling Crypto SymmetricKeys.swift
[1379/1415] Compiling Crypto HMAC.swift
[1398/1478] Compiling CryptoExtras PKCS8DERRepresentation.swift
[1399/1478] Compiling CryptoExtras PKCS8PrivateKey.swift
[1400/1478] Compiling CryptoExtras RFC8410AlgorithmIdentifier.swift
[1401/1478] Compiling CryptoExtras ECToolbox_boring.swift
[1402/1478] Compiling CryptoExtras ECToolbox.swift
[1403/1478] Compiling CryptoExtras HashToField.swift
[1404/1478] Compiling CryptoExtras KDF.swift
[1405/1478] Compiling CryptoExtras PBKDF2_boring.swift
[1406/1478] Compiling CryptoExtras PBKDF2_commoncrypto.swift
[1407/1478] Compiling CryptoExtras Data+Extensions.swift
[1408/1478] Compiling CryptoExtras DigestType.swift
[1409/1478] Compiling CryptoExtras Error.swift
[1410/1478] Compiling CryptoExtras I2OSP.swift
[1411/1478] Compiling CryptoExtras IntegerEncoding.swift
[1412/1478] Compiling CryptoExtras PEMDocument.swift
[1413/1478] Compiling CryptoExtras PrettyBytes.swift
[1414/1478] Compiling CryptoExtras SubjectPublicKeyInfo.swift
[1415/1486] Compiling CryptoExtras ARCServer.swift
[1416/1486] Compiling CryptoExtras ChaCha20CTR_boring.swift
[1417/1486] Compiling CryptoExtras ChaCha20CTR.swift
[1418/1486] Compiling CryptoExtras BoringSSLSHA512256Context.swift
[1419/1486] Compiling CryptoExtras BoringSSLSHA512256HashFunction.swift
[1420/1486] Compiling CryptoExtras SHA512256.swift
[1421/1486] Compiling CryptoExtras SHA512256Digest.swift
[1422/1486] Compiling CryptoExtras Curve25519+PEM.swift
[1423/1486] Compiling CryptoExtras ObjectIdentifier.swift
[1424/1486] Compiling CryptoExtras PBKDF2.swift
[1425/1486] Compiling CryptoExtras Scrypt_boring.swift
[1426/1486] Compiling CryptoExtras Scrypt.swift
[1427/1486] Compiling CryptoExtras OPRF.swift
[1428/1486] Compiling CryptoExtras OPRFClient.swift
[1429/1486] Compiling CryptoExtras OPRFServer.swift
[1430/1486] Compiling CryptoExtras VOPRF+API.swift
[1431/1486] Compiling CryptoExtras VOPRFClient.swift
[1432/1486] Compiling CryptoExtras VOPRFServer.swift
[1433/1486] Compiling CryptoExtras AES_CBC.swift
[1434/1486] Compiling CryptoExtras AES_CFB.swift
[1435/1486] Compiling CryptoExtras AES_CTR.swift
[1436/1486] Compiling CryptoExtras AES_GCM_SIV.swift
[1437/1486] Compiling CryptoExtras Block Function.swift
[1438/1486] Compiling CryptoExtras AES_CBC_boring.swift
[1439/1486] Compiling CryptoExtras AES_CFB_boring.swift
[1440/1486] Compiling CryptoExtras AES_CTR_boring.swift
[1441/1486] Compiling CryptoExtras AES_GCM_SIV_boring.swift
[1442/1486] Emitting module CryptoExtras
[1443/1486] Compiling CryptoExtras ThreadOps.swift
[1444/1486] Compiling CryptoExtras ThreadPosix.swift
[1445/1486] Compiling CryptoExtras ThreadSpecific.swift
[1446/1486] Compiling CryptoExtras ThreadWindows.swift
[1447/1486] Compiling CryptoExtras DLEQ.swift
[1448/1486] Compiling CryptoExtras Prover.swift
[1449/1486] Compiling CryptoExtras Verifier.swift
[1450/1486] Compiling CryptoExtras ZKPToolbox.swift
[1451/1486] Compiling CryptoExtras CMAC.swift
[1452/1486] Compiling CryptoExtras ARC+API.swift
[1453/1486] Compiling CryptoExtras ARC.swift
[1454/1486] Compiling CryptoExtras ARCCredential.swift
[1455/1486] Compiling CryptoExtras ARCEncoding.swift
[1456/1486] Compiling CryptoExtras ARCPrecredential.swift
[1457/1486] Compiling CryptoExtras ARCPresentation.swift
[1458/1486] Compiling CryptoExtras ARCRequest.swift
[1459/1486] Compiling CryptoExtras ARCResponse.swift
[1460/1486] Compiling CryptoExtras BoringSSLPassphraseCallbackManager.swift
[1461/1486] Compiling CryptoExtras RSA+BlindSigning.swift
[1462/1486] Compiling CryptoExtras RSA.swift
[1463/1486] Compiling CryptoExtras RSA_boring.swift
[1464/1486] Compiling CryptoExtras Reexport.swift
[1465/1486] Compiling CryptoExtras Zeroization_boring.swift
[1466/1486] Compiling CryptoExtras BoringSSLHelpers.swift
[1467/1486] Compiling CryptoExtras CryptoKitErrors_boring.swift
[1469/1489] Compiling _CryptoExtras Exports.swift
[1470/1489] Emitting module _CryptoExtras
[1472/1585] Emitting module NIOCore
[1473/1585] Compiling X509 PKCS8PrivateKey.swift
[1474/1585] Compiling X509 PromiseAndFuture.swift
[1475/1585] Compiling X509 RDNAttribute.swift
[1476/1585] Compiling X509 RandomNumberGenerator+bytes.swift
[1477/1585] Compiling X509 RelativeDistinguishedName.swift
[1478/1585] Compiling X509 SEC1PrivateKey.swift
[1479/1585] Compiling X509 SecKeyWrapper.swift
[1480/1585] Compiling X509 Signature.swift
[1481/1585] Compiling X509 SignatureAlgorithm.swift
[1482/1585] Compiling X509 BasicOCSPResponse.swift
[1483/1585] Compiling X509 DirectoryString.swift
[1484/1585] Compiling X509 OCSPCertID.swift
[1485/1585] Compiling X509 OCSPCertStatus.swift
[1486/1585] Compiling X509 CMSIssuerAndSerialNumber.swift
[1487/1585] Compiling X509 CMSOperations.swift
[1488/1585] Compiling X509 CMSSignature.swift
[1489/1585] Compiling X509 CMSSignedData.swift
[1490/1585] Compiling X509 CMSSignerIdentifier.swift
[1492/1643] Compiling NIOFoundationEssentialsCompat Codable+ByteBuffer.swift
[1493/1643] Emitting module NIOFoundationEssentialsCompat
[1494/1643] Compiling NIOFoundationEssentialsCompat ByteBuffer-foundation.swift
[1496/1644] Compiling NIOEmbedded AsyncTestingChannel.swift
[1497/1644] Compiling NIOEmbedded Embedded.swift
[1498/1644] Compiling NIOEmbedded AsyncTestingEventLoop.swift
[1499/1644] Emitting module NIOEmbedded
[1501/1645] Compiling NIOPosix RawSocketBootstrap.swift
[1502/1645] Compiling NIOPosix Resolver.swift
[1503/1645] Compiling NIOPosix Selectable.swift
[1504/1645] Compiling NIOPosix SelectableChannel.swift
[1505/1645] Compiling NIOPosix SelectableEventLoop.swift
[1506/1645] Compiling NIOPosix SelectorEpoll.swift
[1507/1645] Compiling NIOPosix SelectorGeneric.swift
[1508/1645] Compiling NIOPosix SelectorKqueue.swift
[1509/1645] Compiling NIOPosix SelectorUring.swift
[1510/1645] Compiling X509 AuthorityKeyIdentifier.swift
[1511/1645] Compiling X509 BasicConstraints.swift
[1512/1645] Compiling X509 ExtendedKeyUsage.swift
[1513/1645] Compiling X509 ExtensionIdentifiers.swift
[1514/1645] Compiling X509 KeyUsage.swift
[1515/1645] Compiling X509 OneOfPolicies.swift
[1516/1645] Compiling X509 PolicyBuilder.swift
[1517/1645] Compiling X509 BasicConstraintsPolicy.swift
[1518/1645] Compiling X509 DNSNames.swift
[1519/1645] Compiling X509 ExpiryPolicy.swift
[1520/1645] Compiling X509 IPConstraints.swift
[1521/1645] Compiling X509 NameConstraintsPolicy.swift
[1522/1645] Compiling X509 RFC5280Policy.swift
[1523/1645] Compiling X509 URIConstraints.swift
[1524/1645] Compiling X509 VersionPolicy.swift
[1525/1645] Compiling X509 ServerIdentityPolicy.swift
[1526/1645] Compiling X509 TrustRootLoading.swift
[1527/1645] Compiling X509 UnverifiedChain.swift
[1528/1658] Compiling X509 OCSPExtensionID.swift
[1529/1658] Compiling X509 OCSPNonce.swift
[1530/1658] Compiling X509 OCSPPolicy.swift
[1531/1658] Compiling X509 OCSPRequest.swift
[1532/1658] Compiling X509 OCSPResponse.swift
[1533/1658] Compiling X509 OCSPResponseBytes.swift
[1534/1658] Compiling X509 OCSPResponseData.swift
[1535/1658] Compiling X509 OCSPResponseStatus.swift
[1536/1658] Compiling X509 OCSPSignature.swift
[1537/1658] Compiling X509 OCSPSingleRequest.swift
[1538/1658] Compiling X509 OCSPSingleResponse.swift
[1539/1658] Compiling X509 OCSPTBSRequest.swift
[1540/1658] Compiling X509 OCSPVersion.swift
[1541/1658] Compiling X509 CSRAttribute.swift
[1542/1658] Compiling X509 CSRAttributes.swift
[1543/1658] Compiling X509 CSRVersion.swift
[1544/1658] Compiling X509 CertificateSigningRequest.swift
[1545/1658] Compiling X509 CertificationRequestInfo.swift
[1546/1658] Compiling X509 ExtensionRequest.swift
[1547/1658] Compiling X509 Certificate.swift
[1548/1658] Compiling X509 CertificatePrivateKey.swift
[1549/1658] Compiling X509 CertificatePublicKey.swift
[1550/1658] Compiling X509 CertificateSerialNumber.swift
[1551/1658] Compiling X509 CertificateVersion.swift
[1552/1658] Compiling X509 CMSAttribute.swift
[1553/1658] Compiling X509 CMSContentInfo.swift
[1554/1658] Compiling X509 CMSEncapsulatedContentInfo.swift
[1555/1658] Compiling NIOPosix GetaddrinfoResolver.swift
[1556/1658] Compiling NIOPosix MultiThreadedEventLoopGroup.swift
[1557/1658] Compiling NIOPosix NIOPosixSendableMetatype.swift
[1558/1658] Compiling NIOPosix NIORandomizedDNSResolver.swift
[1559/1658] Compiling NIOPosix NIOThreadPool.swift
[1560/1658] Compiling NIOPosix NonBlockingFileIO.swift
[1561/1658] Compiling NIOPosix PendingDatagramWritesManager.swift
[1562/1658] Compiling NIOPosix PendingWritesManager.swift
[1563/1658] Compiling NIOPosix HappyEyeballs.swift
[1564/1658] Compiling NIOPosix IO.swift
[1565/1658] Compiling NIOPosix IntegerBitPacking.swift
[1566/1658] Compiling NIOPosix IntegerTypes.swift
[1567/1658] Compiling NIOPosix Linux.swift
[1568/1658] Compiling NIOPosix LinuxCPUSet.swift
[1569/1658] Compiling NIOPosix LinuxUring.swift
[1570/1658] Compiling NIOPosix SelectorWSAPoll.swift
[1571/1658] Compiling NIOPosix ServerSocket.swift
[1572/1658] Compiling NIOPosix Socket.swift
[1573/1658] Compiling NIOPosix SocketChannel.swift
[1574/1658] Compiling NIOPosix SocketProtocols.swift
[1575/1658] Compiling NIOPosix StructuredConcurrencyHelpers.swift
[1576/1658] Compiling NIOPosix System.swift
[1577/1658] Compiling NIOPosix PipeChannel.swift
[1578/1658] Compiling NIOPosix PipePair.swift
[1579/1658] Compiling NIOPosix Pool.swift
[1580/1658] Compiling NIOPosix PosixSingletons+ConcurrencyTakeOver.swift
[1581/1658] Compiling NIOPosix PosixSingletons.swift
[1582/1658] Compiling NIOPosix BSDSocketAPICommon.swift
[1583/1658] Compiling NIOPosix BSDSocketAPIPosix.swift
[1584/1658] Compiling NIOPosix BSDSocketAPIWindows.swift
[1585/1658] Compiling NIOPosix BaseSocket.swift
[1586/1658] Compiling NIOPosix BaseSocketChannel+AccessibleTransport.swift
[1587/1658] Compiling NIOPosix BaseSocketChannel+SocketOptionProvider.swift
[1588/1658] Compiling NIOPosix BaseSocketChannel.swift
[1589/1658] Compiling NIOPosix BaseStreamSocketChannel.swift
[1590/1658] Compiling NIOPosix Bootstrap.swift
[1591/1658] Compiling NIOPosix ControlMessage.swift
[1592/1658] Compiling NIOPosix DatagramVectorReadManager.swift
[1593/1658] Compiling NIOPosix Errors+Any.swift
[1594/1658] Compiling NIOPosix FileDescriptor.swift
[1623/1665] Emitting module X509
[1631/1665] Compiling NIOPosix Thread.swift
[1632/1665] Compiling NIOPosix ThreadPosix.swift
[1633/1665] Compiling NIOPosix ThreadWindows.swift
[1634/1665] Compiling NIOPosix Utilities.swift
[1635/1665] Compiling NIOPosix VsockAddress.swift
[1636/1665] Compiling NIOPosix VsockChannelEvents.swift
[1637/1665] Compiling NIOPosix Windows.swift
[1652/1665] Emitting module NIOPosix
[1654/1668] Emitting module NIO
[1655/1668] Compiling NIO Exports.swift
[1657/1708] Compiling X509 ValidatedCertificateChain.swift
[1658/1708] Compiling X509 VerificationDiagnostic.swift
[1659/1708] Compiling X509 Verifier.swift
[1660/1708] Compiling X509 VerifierPolicy.swift
[1661/1708] Compiling X509 AlgorithmIdentifier.swift
[1662/1708] Compiling X509 ECDSASignature.swift
[1663/1708] Compiling X509 RSAPKCS1PublicKey.swift
[1664/1708] Compiling X509 SubjectPublicKeyInfo.swift
[1665/1708] Compiling X509 TBSCertificate.swift
[1666/1708] Compiling X509 Time.swift
[1667/1708] Compiling X509 TimeCalculations.swift
[1668/1708] Compiling X509 Validity.swift
[1669/1708] Compiling X509 X509SendableMetatype.swift
[1670/1708] Compiling NIOTLS NIOTypedApplicationProtocolNegotiationHandler.swift
[1671/1709] Compiling NIOTLS TLSEvents.swift
[1672/1709] Compiling NIOHTTP1 ByteCollectionUtils.swift
[1673/1709] Compiling NIOHTTP1 HTTPDecoder.swift
[1675/1710] Compiling NIOFoundationCompat JSONSerialization+ByteBuffer.swift
[1676/1710] Compiling NIOFoundationCompat WaitSpinningRunLoop.swift
[1677/1710] Compiling NIOFoundationCompat Exports.swift
[1678/1710] Emitting module NIOFoundationCompat
[1679/1710] Compiling NIOTLS ApplicationProtocolNegotiationHandler.swift
[1680/1710] Emitting module NIOTLS
[1681/1711] Compiling NIOSOCKS ServerStateMachine.swift
[1682/1711] Compiling NIOSOCKS ClientStateMachine.swift
[1683/1711] Compiling NIOSOCKS SOCKSResponse.swift
[1684/1711] Compiling NIOSOCKS SelectedAuthenticationMethod.swift
[1686/1711] Emitting module NIOSOCKS
[1687/1776] Compiling JWTKit SubjectClaim.swift
[1688/1776] Compiling JWTKit TenantIDClaim.swift
[1689/1778] Compiling JWTKit ECDSA.swift
[1690/1778] Compiling JWTKit ECDSACurve.swift
[1691/1778] Compiling JWTKit ECDSACurveType.swift
[1692/1778] Compiling JWTKit ECDSAError.swift
[1693/1779] Compiling NIOTLS ProtocolNegotiationHandlerStateMachine.swift
[1694/1779] Compiling NIOTLS SNIHandler.swift
[1697/1780] Compiling JWTKit JWTHeaderField.swift
[1698/1780] Compiling JWTKit JWTKeyCollection.swift
[1699/1812] Compiling NIOSSL FreeBSDCABundle.swift
[1700/1812] Compiling NIOSSL IdentityVerification.swift
[1701/1812] Compiling NIOSSL SSLContext.swift
[1702/1812] Compiling NIOSSL SSLErrors.swift
[1703/1812] Compiling NIOSSL SSLInit.swift
[1704/1812] Compiling NIOSSL SSLConnection.swift
[1705/1812] Compiling NIOSSL NIOSSLServerHandler.swift
[1706/1812] Compiling NIOSSL SSLCallbacks.swift
[1707/1812] Compiling NIOSSL SubjectAlternativeName.swift
[1708/1812] Compiling NIOSSL SSLCertificateExtensions.swift
[1709/1812] Compiling NIOSSL SSLCertificateName.swift
[1710/1812] Compiling NIOSSL SSLPKCS12Bundle.swift
[1711/1812] Compiling NIOSSL SSLCertificate.swift
[1712/1812] Compiling JWTKit MLDSAType.swift
[1713/1812] Compiling JWTKit JWTKeyCollection+UnsecuredNone.swift
[1714/1812] Compiling JWTKit UnsecuredNoneSigner.swift
[1715/1812] Compiling JWTKit JWTKeyCollection+RSA.swift
[1716/1812] Compiling JWTKit RSA.swift
[1717/1812] Compiling JWTKit RSAError.swift
[1718/1812] Compiling JWTKit RSASigner.swift
[1719/1812] Compiling JWTKit Base64URL.swift
[1720/1812] Compiling JWTKit CryptoSigner.swift
[1721/1821] Compiling JWTKit JWTSerializer.swift
[1722/1821] Compiling JWTKit JWTSigner.swift
[1723/1821] Compiling JWTKit JWTKeyCollection+MLDSA.swift
[1724/1821] Compiling JWTKit MLDSA.swift
[1725/1821] Compiling JWTKit MLDSA65+MLDSAKey.swift
[1726/1821] Compiling JWTKit MLDSA87+MLDSAKey.swift
[1727/1821] Compiling JWTKit MLDSAError.swift
[1728/1821] Compiling JWTKit MLDSAKey.swift
[1729/1821] Compiling JWTKit MLDSASigner.swift
[1730/1821] Emitting module JWTKit
[1731/1821] Compiling NIOSSL AndroidCABundle.swift
[1732/1821] Compiling NIOSSL ByteBufferBIO.swift
[1733/1821] Compiling NIOSSL CustomPrivateKey.swift
[1741/1821] Emitting module NIOHTTP1
[1745/1822] Compiling JWTKit HMAC.swift
[1746/1822] Compiling JWTKit HMACError.swift
[1747/1822] Compiling JWTKit HMACSigner.swift
[1748/1822] Compiling JWTKit JWTKeyCollection+HMAC.swift
[1749/1822] Compiling JWTKit Insecure.swift
[1750/1822] Compiling JWTKit JWK.swift
[1751/1822] Compiling JWTKit JWKIdentifier.swift
[1752/1822] Compiling JWTKit JWKS.swift
[1753/1822] Compiling JWTKit JWKSigner.swift
[1755/1830] Compiling NIOSSL RNG.swift
[1756/1830] Compiling NIOSSL SafeCompare.swift
[1757/1830] Compiling NIOSSL LinuxCABundle.swift
[1758/1830] Compiling NIOSSL NIOSSLClientHandler.swift
[1759/1830] Compiling NIOSSL NIOSSLHandler+Configuration.swift
[1760/1830] Compiling NIOSSL NIOSSLHandler.swift
[1761/1830] Compiling NIOSSL SSLPrivateKey.swift
[1762/1830] Compiling NIOSSL SSLPublicKey.swift
[1763/1831] Compiling NIOSSL SecurityFrameworkCertificateVerification.swift
[1764/1831] Compiling NIOSSL String+unsafeUninitializedCapacity.swift
[1765/1835] Compiling JWTKit AudienceClaim.swift
[1766/1835] Compiling JWTKit BoolClaim.swift
[1767/1835] Compiling JWTKit ExpirationClaim.swift
[1768/1835] Compiling JWTKit GoogleHostedDomainClaim.swift
[1769/1835] Compiling JWTKit IDClaim.swift
[1770/1835] Compiling JWTKit IssuedAtClaim.swift
[1771/1835] Compiling JWTKit IssuerClaim.swift
[1772/1835] Compiling JWTKit JWTClaim.swift
[1773/1835] Compiling JWTKit JWTMultiValueClaim.swift
[1774/1835] Compiling JWTKit JWTUnixEpochClaim.swift
[1779/1835] Compiling NIOSSL ObjectIdentifier.swift
[1780/1835] Compiling NIOSSL PosixPort.swift
[1783/1835] Compiling NIOSSL NIOSSLSecureBytes.swift
[1784/1839] Compiling NIOHPACK IntegerCoding.swift
[1785/1840] Compiling NIOHPACK IndexedHeaderTable.swift
[1786/1840] Emitting module NIOHTTPCompression
[1787/1840] Compiling NIOHPACK HuffmanTables.swift
[1788/1840] Compiling NIOHTTPCompression HTTPDecompression.swift
[1789/1840] Compiling NIOHTTPCompression HTTPRequestCompressor.swift
[1790/1840] Compiling NIOHPACK HuffmanCoding.swift
[1791/1840] Compiling NIOHPACK StaticHeaderTable.swift
[1792/1840] Compiling NIOHTTPCompression HTTPCompression.swift
[1793/1840] Compiling NIOHTTPCompression HTTPDecompressor.swift
[1794/1840] Compiling NIOHTTPCompression HTTPResponseCompressor.swift
[1795/1841] Compiling NIOHPACK HPACKEncoder.swift
[1796/1841] Compiling NIOHPACK HPACKErrors.swift
[1797/1841] Compiling NIOHPACK HPACKHeader.swift
[1798/1841] Compiling NIOHPACK HeaderTables.swift
[1799/1841] Compiling NIOHPACK DynamicHeaderTable.swift
[1801/1845] Emitting module NIOHPACK
[1802/1845] Emitting module NIOSSL
[1803/1845] Compiling JWTKit CustomizedJSONCoders.swift
[1804/1845] Compiling JWTKit Utilities.swift
[1805/1845] Compiling JWTKit AppleIdentityToken.swift
[1806/1845] Compiling JWTKit FirebaseAuthIdentityToken.swift
[1807/1845] Compiling JWTKit GoogleIdentityToken.swift
[1808/1845] Compiling JWTKit MicrosoftIdentityToken.swift
[1809/1845] Compiling JWTKit EmptyPolicy.swift
[1810/1845] Compiling JWTKit ValidationTimePayload.swift
[1811/1845] Compiling JWTKit X5CVerifier.swift
[1814/1846] Compiling NIOHPACK HPACKDecoder.swift
[1832/1910] Compiling NIOHTTP2 LocallyQuiescingState.swift
[1833/1910] Compiling NIOHTTP2 QuiescingState.swift
[1834/1910] Compiling NIOHTTP2 RemotelyQuiescingState.swift
[1835/1910] Compiling NIOHTTP2 SendAndReceiveGoawayState.swift
[1836/1910] Compiling NIOHTTP2 DOSHeuristics.swift
[1837/1910] Compiling NIOHTTP2 Error+Any.swift
[1838/1910] Compiling NIOHTTP2 ConcurrentStreamBuffer.swift
[1839/1910] Compiling NIOHTTP2 ControlFrameBuffer.swift
[1840/1910] Compiling NIOHTTP2 OutboundFlowControlBuffer.swift
[1841/1910] Compiling NIOHTTP2 OutboundFrameBuffer.swift
[1842/1910] Compiling NIOHTTP2 GlitchesMonitor.swift
[1843/1910] Compiling NIOHTTP2 HPACKHeaders+Validation.swift
[1844/1910] Compiling NIOHTTP2 MaySendFrames.swift
[1845/1910] Compiling NIOHTTP2 SendingDataState.swift
[1846/1910] Compiling NIOHTTP2 SendingGoawayState.swift
[1847/1910] Compiling NIOHTTP2 SendingHeadersState.swift
[1848/1910] Compiling NIOHTTP2 SendingPushPromiseState.swift
[1849/1910] Compiling NIOHTTP2 SendingRstStreamState.swift
[1850/1910] Compiling NIOHTTP2 SendingWindowUpdateState.swift
[1851/1910] Compiling NIOHTTP2 HTTP2SettingsState.swift
[1852/1910] Compiling NIOHTTP2 HasExtendedConnectSettings.swift
[1858/1919] Compiling NIOHTTP2 NIOHTTP2ServerConnectionManagementHandler.swift
[1859/1919] Compiling NIOHTTP2 StreamChannelFlowController.swift
[1860/1919] Compiling NIOHTTP2 StreamChannelList.swift
[1861/1919] Compiling NIOHTTP2 StreamMap.swift
[1862/1919] Compiling NIOHTTP2 StreamStateMachine.swift
[1863/1919] Compiling NIOHTTP2 Timer.swift
[1864/1919] Compiling NIOHTTP2 UnsafeTransfer.swift
[1865/1919] Compiling NIOHTTP2 WatermarkedFlowController.swift
[1874/1919] Compiling NIOHTTP2 HTTP2ChannelHandler+InboundStreamMultiplexer.swift
[1875/1919] Compiling NIOHTTP2 ConnectionStateMachine.swift
[1876/1919] Compiling NIOHTTP2 ConnectionStreamsState.swift
[1877/1919] Compiling NIOHTTP2 MayReceiveFrames.swift
[1878/1919] Compiling NIOHTTP2 ReceivingDataState.swift
[1879/1919] Compiling NIOHTTP2 ReceivingGoAwayState.swift
[1880/1919] Compiling NIOHTTP2 ReceivingHeadersState.swift
[1881/1919] Compiling NIOHTTP2 ReceivingPushPromiseState.swift
[1882/1919] Compiling NIOHTTP2 ReceivingRstStreamState.swift
[1883/1919] Compiling NIOHTTP2 ReceivingWindowUpdateState.swift
[1884/1919] Compiling NIOHTTP2 HasFlowControlWindows.swift
[1885/1919] Compiling NIOHTTP2 HasLocalSettings.swift
[1886/1919] Compiling NIOHTTP2 HasRemoteSettings.swift
[1891/1919] Compiling NIOHTTP2 StateMachineResult.swift
[1892/1919] Compiling NIOHTTP2 ContentLengthVerifier.swift
[1893/1919] Compiling NIOHTTP2 HTTP2StreamMultiplexer.swift
[1894/1919] Compiling NIOHTTP2 HTTP2ToHTTP1Codec.swift
[1895/1919] Compiling NIOHTTP2 HTTP2UserEvents.swift
[1896/1919] Compiling NIOHTTP2 InboundEventBuffer.swift
[1897/1919] Compiling NIOHTTP2 InboundWindowManager.swift
[1898/1919] Compiling NIOHTTP2 MultiplexerAbstractChannel.swift
[1899/1919] Compiling NIOHTTP2 NIOHTTP2FrameDelegate.swift
[1900/1919] Compiling NIOHTTP2 NIOHTTP2ServerConnectionManagementHandler+StateMachine.swift
[1901/1919] Compiling NIOHTTP2 HTTP2FrameParser.swift
[1902/1919] Compiling NIOHTTP2 HTTP2PingData.swift
[1903/1919] Compiling NIOHTTP2 HTTP2PipelineHelpers.swift
[1904/1919] Compiling NIOHTTP2 HTTP2Settings.swift
[1905/1919] Compiling NIOHTTP2 HTTP2Stream.swift
[1906/1919] Compiling NIOHTTP2 HTTP2StreamChannel+OutboundStreamMultiplexer.swift
[1907/1919] Compiling NIOHTTP2 HTTP2StreamChannel.swift
[1908/1919] Compiling NIOHTTP2 HTTP2StreamDelegate.swift
[1909/1919] Compiling NIOHTTP2 HTTP2StreamID.swift
[1910/1919] Emitting module NIOHTTP2
[1911/1919] Compiling NIOHTTP2 HTTP2ChannelHandler+InlineStreamMultiplexer.swift
[1912/1919] Compiling NIOHTTP2 HTTP2ChannelHandler.swift
[1913/1919] Compiling NIOHTTP2 HTTP2CommonInboundStreamMultiplexer.swift
[1914/1919] Compiling NIOHTTP2 HTTP2ConnectionStateChange.swift
[1915/1919] Compiling NIOHTTP2 HTTP2Error.swift
[1916/1919] Compiling NIOHTTP2 HTTP2ErrorCode.swift
[1917/1919] Compiling NIOHTTP2 HTTP2FlowControlWindow.swift
[1918/1919] Compiling NIOHTTP2 HTTP2Frame.swift
[1919/1919] Compiling NIOHTTP2 HTTP2FrameEncoder.swift
[1921/1984] Emitting module AsyncHTTPClient
[1922/1992] Compiling AsyncHTTPClient AnyAsyncSequence.swift
[1923/1992] Compiling AsyncHTTPClient AnyAsyncSequenceProucerDelete.swift
[1924/1992] Compiling AsyncHTTPClient AsyncLazySequence.swift
[1925/1992] Compiling AsyncHTTPClient HTTPClient+execute.swift
[1926/1992] Compiling AsyncHTTPClient HTTPClient+shutdown.swift
[1927/1992] Compiling AsyncHTTPClient HTTPClient+tracing.swift
[1928/1992] Compiling AsyncHTTPClient HTTPClientRequest+Prepared.swift
[1929/1992] Compiling AsyncHTTPClient HTTPClientRequest+auth.swift
[1930/1992] Compiling AsyncHTTPClient HTTPClientRequest.swift
[1931/1992] Compiling AsyncHTTPClient LRUCache.swift
[1932/1992] Compiling AsyncHTTPClient NIOLoopBound+Execute.swift
[1933/1992] Compiling AsyncHTTPClient NWErrorHandler.swift
[1934/1992] Compiling AsyncHTTPClient NWWaitingHandler.swift
[1935/1992] Compiling AsyncHTTPClient TLSConfiguration.swift
[1936/1992] Compiling AsyncHTTPClient RedirectState.swift
[1937/1992] Compiling AsyncHTTPClient RequestBag+StateMachine.swift
[1938/1992] Compiling AsyncHTTPClient RequestBag+Tracing.swift
[1939/1992] Compiling AsyncHTTPClient RequestBag.swift
[1940/1992] Compiling AsyncHTTPClient RequestValidation.swift
[1941/1992] Compiling AsyncHTTPClient SSLContextCache.swift
[1942/1992] Compiling AsyncHTTPClient Scheme.swift
[1943/1992] Compiling AsyncHTTPClient Singleton.swift
[1944/1992] Compiling AsyncHTTPClient StringConvertibleInstances.swift
[1945/1992] Compiling AsyncHTTPClient StructuredConcurrencyHelpers.swift
[1946/1992] Compiling AsyncHTTPClient TracingSupport.swift
[1947/1992] Compiling AsyncHTTPClient Utils.swift
[1948/1992] Compiling AsyncHTTPClient HTTPClientResponse.swift
[1949/1992] Compiling AsyncHTTPClient SingleIteratorPrecondition.swift
[1950/1992] Compiling AsyncHTTPClient Transaction+StateMachine.swift
[1951/1992] Compiling AsyncHTTPClient Transaction.swift
[1952/1992] Compiling AsyncHTTPClient Base64.swift
[1953/1992] Compiling AsyncHTTPClient BasicAuth.swift
[1954/1992] Compiling AsyncHTTPClient BestEffortHashableTLSConfiguration.swift
[1955/1992] Compiling AsyncHTTPClient Configuration+BrowserLike.swift
[1956/1992] Compiling AsyncHTTPClient ConnectionPool.swift
[1957/1992] Compiling AsyncHTTPClient HTTP1ProxyConnectHandler.swift
[1958/1992] Compiling AsyncHTTPClient SOCKSEventsHandler.swift
[1959/1992] Compiling AsyncHTTPClient TLSEventsHandler.swift
[1960/1992] Compiling AsyncHTTPClient HTTP1ClientChannelHandler.swift
[1961/1992] Compiling AsyncHTTPClient HTTP1Connection.swift
[1962/1992] Compiling AsyncHTTPClient HTTP1ConnectionStateMachine.swift
[1963/1992] Compiling AsyncHTTPClient HTTP2ClientRequestHandler.swift
[1964/1992] Compiling AsyncHTTPClient HTTP2Connection.swift
[1965/1992] Compiling AsyncHTTPClient HTTP2IdleHandler.swift
[1966/1992] Compiling AsyncHTTPClient RequestOptions.swift
[1967/1992] Compiling AsyncHTTPClient HTTPConnectionPool+Backoff.swift
[1968/1992] Compiling AsyncHTTPClient HTTPConnectionPool+HTTP1Connections.swift
[1969/1992] Compiling AsyncHTTPClient HTTPConnectionPool+HTTP1StateMachine.swift
[1970/1992] Compiling AsyncHTTPClient HTTPConnectionPool+HTTP2Connections.swift
[1971/1992] Compiling AsyncHTTPClient HTTPConnectionPool+HTTP2StateMachine.swift
[1972/1992] Compiling AsyncHTTPClient HTTPConnectionPool+RequestQueue.swift
[1973/1992] Compiling AsyncHTTPClient HTTPConnectionPool+StateMachine.swift
[1974/1992] Compiling AsyncHTTPClient ConnectionTarget.swift
[1975/1992] Compiling AsyncHTTPClient HTTPConnectionEvent.swift
[1976/1992] Compiling AsyncHTTPClient HTTPConnectionPool+Factory.swift
[1977/1992] Compiling AsyncHTTPClient HTTPConnectionPool+Manager.swift
[1978/1992] Compiling AsyncHTTPClient HTTPConnectionPool.swift
[1979/1992] Compiling AsyncHTTPClient HTTPExecutableRequest.swift
[1980/1992] Compiling AsyncHTTPClient HTTPRequestStateMachine+Demand.swift
[1981/1992] Compiling AsyncHTTPClient HTTPRequestStateMachine.swift
[1982/1992] Compiling AsyncHTTPClient RequestBodyLength.swift
[1983/1992] Compiling AsyncHTTPClient RequestFramingMetadata.swift
[1984/1992] Compiling AsyncHTTPClient DeconstructedURL.swift
[1985/1992] Compiling AsyncHTTPClient FileDownloadDelegate.swift
[1986/1992] Compiling AsyncHTTPClient FoundationExtensions.swift
[1987/1992] Compiling AsyncHTTPClient HTTPClient+HTTPCookie.swift
[1988/1992] Compiling AsyncHTTPClient HTTPClient+Proxy.swift
[1989/1992] Compiling AsyncHTTPClient HTTPClient+StructuredConcurrency.swift
[1990/1992] Compiling AsyncHTTPClient HTTPClient.swift
[1991/1992] Compiling AsyncHTTPClient HTTPClientConfiguration+SwiftConfiguration.swift
[1992/1992] Compiling AsyncHTTPClient HTTPHandler.swift
[1994/2016] Emitting module GoogleAuth
[1995/2019] Compiling GoogleAuth ADC.swift
[1996/2019] Compiling GoogleAuth ADCPath.swift
[1997/2019] Compiling GoogleAuth ADCResolver.swift
[1998/2019] Compiling GoogleAuth AuthHeaders.swift
[1999/2019] Compiling GoogleAuth UserAccountData.swift
[2000/2019] Compiling GoogleAuth UserAccountTokenProvider.swift
[2001/2019] Compiling GoogleAuth UserCredentials.swift
[2002/2019] Compiling GoogleAuth SubjectTokenProvider.swift
[2003/2019] Compiling GoogleAuth MDSAccessTokenProvider.swift
[2004/2019] Compiling GoogleAuth MDSCredentials.swift
[2005/2019] Compiling GoogleAuth ServiceAccountCredentials.swift
[2006/2019] Compiling GoogleAuth ServiceAccountData.swift
[2007/2019] Compiling GoogleAuth ServiceAccountTokenProvider.swift
[2008/2019] Compiling GoogleAuth CredentialParserRegistry.swift
[2009/2019] Compiling GoogleAuth Credentials.swift
[2010/2019] Compiling GoogleAuth CredentialsError.swift
[2011/2019] Compiling GoogleAuth AuthHTTPClient.swift
[2012/2019] Compiling GoogleAuth AuthHTTPError.swift
[2013/2019] Compiling GoogleAuth RetryEngine.swift
[2014/2019] Compiling GoogleAuth AnonymousCredentials.swift
[2015/2019] Compiling GoogleAuth ApiKeyCredentials.swift
[2016/2019] Compiling GoogleAuth ExternalAccountCredentials.swift
[2017/2019] Compiling GoogleAuth STSHandler.swift
[2018/2019] Compiling GoogleAuth TokenCache.swift
[2019/2019] Compiling GoogleAuth PackageVersion.swift
[2021/2078] Compiling GoogleGax Pagination.swift
/host/spi-builder-workspace/.build/checkouts/swift-google-gax/Sources/GoogleGax/Pagination.swift:44:22: error: cannot convert '@Sendable (String) async throws -> (response: ResponseType, items: [Item], nextToken: String)' to 'nonisolated(nonsending) @Sendable (String) async throws -> (response: ResponseType, items: [Item], nextToken: String)' because crossing of an isolation boundary requires parameter and result types to conform to 'Sendable' protocol
 42 |   ) where ResponseType: _PaginatedResponse<Item> {
 43 |     self.initialPageToken = initialPageToken ?? ""
 44 |     self.fetchPage = { token in
    |                      |- error: cannot convert '@Sendable (String) async throws -> (response: ResponseType, items: [Item], nextToken: String)' to 'nonisolated(nonsending) @Sendable (String) async throws -> (response: ResponseType, items: [Item], nextToken: String)' because crossing of an isolation boundary requires parameter and result types to conform to 'Sendable' protocol
    |                      `- note: type 'Item' does not conform to 'Sendable' protocol
 45 |       let response = try await listRpc(token)
 46 |       return (response, response._getPaginatedItems(), response._nextPageToken())
[2022/2078] Compiling GoogleGax PollingBackoffPolicy.swift
/host/spi-builder-workspace/.build/checkouts/swift-google-gax/Sources/GoogleGax/Pagination.swift:44:22: error: cannot convert '@Sendable (String) async throws -> (response: ResponseType, items: [Item], nextToken: String)' to 'nonisolated(nonsending) @Sendable (String) async throws -> (response: ResponseType, items: [Item], nextToken: String)' because crossing of an isolation boundary requires parameter and result types to conform to 'Sendable' protocol
 42 |   ) where ResponseType: _PaginatedResponse<Item> {
 43 |     self.initialPageToken = initialPageToken ?? ""
 44 |     self.fetchPage = { token in
    |                      |- error: cannot convert '@Sendable (String) async throws -> (response: ResponseType, items: [Item], nextToken: String)' to 'nonisolated(nonsending) @Sendable (String) async throws -> (response: ResponseType, items: [Item], nextToken: String)' because crossing of an isolation boundary requires parameter and result types to conform to 'Sendable' protocol
    |                      `- note: type 'Item' does not conform to 'Sendable' protocol
 45 |       let response = try await listRpc(token)
 46 |       return (response, response._getPaginatedItems(), response._nextPageToken())
[2023/2078] Compiling GoogleGax PollingErrorPolicy.swift
/host/spi-builder-workspace/.build/checkouts/swift-google-gax/Sources/GoogleGax/Pagination.swift:44:22: error: cannot convert '@Sendable (String) async throws -> (response: ResponseType, items: [Item], nextToken: String)' to 'nonisolated(nonsending) @Sendable (String) async throws -> (response: ResponseType, items: [Item], nextToken: String)' because crossing of an isolation boundary requires parameter and result types to conform to 'Sendable' protocol
 42 |   ) where ResponseType: _PaginatedResponse<Item> {
 43 |     self.initialPageToken = initialPageToken ?? ""
 44 |     self.fetchPage = { token in
    |                      |- error: cannot convert '@Sendable (String) async throws -> (response: ResponseType, items: [Item], nextToken: String)' to 'nonisolated(nonsending) @Sendable (String) async throws -> (response: ResponseType, items: [Item], nextToken: String)' because crossing of an isolation boundary requires parameter and result types to conform to 'Sendable' protocol
    |                      `- note: type 'Item' does not conform to 'Sendable' protocol
 45 |       let response = try await listRpc(token)
 46 |       return (response, response._getPaginatedItems(), response._nextPageToken())
[2024/2078] Compiling GoogleGax PollingResult.swift
/host/spi-builder-workspace/.build/checkouts/swift-google-gax/Sources/GoogleGax/Pagination.swift:44:22: error: cannot convert '@Sendable (String) async throws -> (response: ResponseType, items: [Item], nextToken: String)' to 'nonisolated(nonsending) @Sendable (String) async throws -> (response: ResponseType, items: [Item], nextToken: String)' because crossing of an isolation boundary requires parameter and result types to conform to 'Sendable' protocol
 42 |   ) where ResponseType: _PaginatedResponse<Item> {
 43 |     self.initialPageToken = initialPageToken ?? ""
 44 |     self.fetchPage = { token in
    |                      |- error: cannot convert '@Sendable (String) async throws -> (response: ResponseType, items: [Item], nextToken: String)' to 'nonisolated(nonsending) @Sendable (String) async throws -> (response: ResponseType, items: [Item], nextToken: String)' because crossing of an isolation boundary requires parameter and result types to conform to 'Sendable' protocol
    |                      `- note: type 'Item' does not conform to 'Sendable' protocol
 45 |       let response = try await listRpc(token)
 46 |       return (response, response._getPaginatedItems(), response._nextPageToken())
[2025/2078] Compiling GoogleGax PollingState.swift
/host/spi-builder-workspace/.build/checkouts/swift-google-gax/Sources/GoogleGax/Pagination.swift:44:22: error: cannot convert '@Sendable (String) async throws -> (response: ResponseType, items: [Item], nextToken: String)' to 'nonisolated(nonsending) @Sendable (String) async throws -> (response: ResponseType, items: [Item], nextToken: String)' because crossing of an isolation boundary requires parameter and result types to conform to 'Sendable' protocol
 42 |   ) where ResponseType: _PaginatedResponse<Item> {
 43 |     self.initialPageToken = initialPageToken ?? ""
 44 |     self.fetchPage = { token in
    |                      |- error: cannot convert '@Sendable (String) async throws -> (response: ResponseType, items: [Item], nextToken: String)' to 'nonisolated(nonsending) @Sendable (String) async throws -> (response: ResponseType, items: [Item], nextToken: String)' because crossing of an isolation boundary requires parameter and result types to conform to 'Sendable' protocol
    |                      `- note: type 'Item' does not conform to 'Sendable' protocol
 45 |       let response = try await listRpc(token)
 46 |       return (response, response._getPaginatedItems(), response._nextPageToken())
[2026/2078] Compiling GoogleGax ProtobufConversionError.swift
/host/spi-builder-workspace/.build/checkouts/swift-google-gax/Sources/GoogleGax/Pagination.swift:44:22: error: cannot convert '@Sendable (String) async throws -> (response: ResponseType, items: [Item], nextToken: String)' to 'nonisolated(nonsending) @Sendable (String) async throws -> (response: ResponseType, items: [Item], nextToken: String)' because crossing of an isolation boundary requires parameter and result types to conform to 'Sendable' protocol
 42 |   ) where ResponseType: _PaginatedResponse<Item> {
 43 |     self.initialPageToken = initialPageToken ?? ""
 44 |     self.fetchPage = { token in
    |                      |- error: cannot convert '@Sendable (String) async throws -> (response: ResponseType, items: [Item], nextToken: String)' to 'nonisolated(nonsending) @Sendable (String) async throws -> (response: ResponseType, items: [Item], nextToken: String)' because crossing of an isolation boundary requires parameter and result types to conform to 'Sendable' protocol
    |                      `- note: type 'Item' does not conform to 'Sendable' protocol
 45 |       let response = try await listRpc(token)
 46 |       return (response, response._getPaginatedItems(), response._nextPageToken())
[2027/2078] Compiling GoogleGax QueryParameter.swift
/host/spi-builder-workspace/.build/checkouts/swift-google-gax/Sources/GoogleGax/Pagination.swift:44:22: error: cannot convert '@Sendable (String) async throws -> (response: ResponseType, items: [Item], nextToken: String)' to 'nonisolated(nonsending) @Sendable (String) async throws -> (response: ResponseType, items: [Item], nextToken: String)' because crossing of an isolation boundary requires parameter and result types to conform to 'Sendable' protocol
 42 |   ) where ResponseType: _PaginatedResponse<Item> {
 43 |     self.initialPageToken = initialPageToken ?? ""
 44 |     self.fetchPage = { token in
    |                      |- error: cannot convert '@Sendable (String) async throws -> (response: ResponseType, items: [Item], nextToken: String)' to 'nonisolated(nonsending) @Sendable (String) async throws -> (response: ResponseType, items: [Item], nextToken: String)' because crossing of an isolation boundary requires parameter and result types to conform to 'Sendable' protocol
    |                      `- note: type 'Item' does not conform to 'Sendable' protocol
 45 |       let response = try await listRpc(token)
 46 |       return (response, response._getPaginatedItems(), response._nextPageToken())
[2028/2078] Compiling GoogleGax RequestError.swift
/host/spi-builder-workspace/.build/checkouts/swift-google-gax/Sources/GoogleGax/Pagination.swift:44:22: error: cannot convert '@Sendable (String) async throws -> (response: ResponseType, items: [Item], nextToken: String)' to 'nonisolated(nonsending) @Sendable (String) async throws -> (response: ResponseType, items: [Item], nextToken: String)' because crossing of an isolation boundary requires parameter and result types to conform to 'Sendable' protocol
 42 |   ) where ResponseType: _PaginatedResponse<Item> {
 43 |     self.initialPageToken = initialPageToken ?? ""
 44 |     self.fetchPage = { token in
    |                      |- error: cannot convert '@Sendable (String) async throws -> (response: ResponseType, items: [Item], nextToken: String)' to 'nonisolated(nonsending) @Sendable (String) async throws -> (response: ResponseType, items: [Item], nextToken: String)' because crossing of an isolation boundary requires parameter and result types to conform to 'Sendable' protocol
    |                      `- note: type 'Item' does not conform to 'Sendable' protocol
 45 |       let response = try await listRpc(token)
 46 |       return (response, response._getPaginatedItems(), response._nextPageToken())
[2029/2086] Compiling GoogleGax LimitedAttemptCount+PollingErrorPolicy.swift
[2030/2086] Compiling GoogleGax LimitedAttemptCount+RetryPolicy.swift
[2031/2086] Compiling GoogleGax LimitedAttemptCount.swift
[2032/2086] Compiling GoogleGax LimitedElapsedTime+PollingErrorPolicy.swift
[2033/2086] Compiling GoogleGax LimitedElapsedTime+RetryPolicy.swift
[2034/2086] Compiling GoogleGax LimitedElapsedTime.swift
[2035/2086] Compiling GoogleGax LongRunningOperations.swift
[2036/2086] Compiling GoogleGax NeverRetry.swift
[2037/2086] Emitting module GoogleGax
[2038/2086] Compiling GoogleGax BaseRetryPolicy.swift
[2039/2086] Compiling GoogleGax BindingError.swift
[2040/2086] Compiling GoogleGax CRC32C.swift
[2041/2086] Compiling GoogleGax CircuitBreaker.swift
[2042/2086] Compiling GoogleGax ClientError.swift
[2043/2086] Compiling GoogleGax ClientOptions.swift
[2044/2086] Compiling GoogleGax ContinueOnIO+PollingErrorPolicy.swift
[2045/2086] Compiling GoogleGax ContinueOnIO+RetryPolicy.swift
[2046/2086] Compiling GoogleGax RequestOptions.swift
[2047/2086] Compiling GoogleGax RetryLoop.swift
[2048/2086] Compiling GoogleGax RetryPolicy.swift
[2049/2086] Compiling GoogleGax RetryResult.swift
[2050/2086] Compiling GoogleGax RetryState.swift
[2051/2086] Compiling GoogleGax RetryThrottler.swift
[2052/2086] Compiling GoogleGax RetryThrottlerError.swift
[2053/2086] Compiling GoogleGax RoutingMatcher.swift
[2054/2086] Compiling GoogleGax ContinueOnIO.swift
[2055/2086] Compiling GoogleGax CredentialsProtocol.swift
[2056/2086] Compiling GoogleGax ErrorWrapper.swift
[2057/2086] Compiling GoogleGax ExponentialBackoff+BackoffPolicy.swift
[2058/2086] Compiling GoogleGax ExponentialBackoff+PollingBackoffPolicy.swift
[2059/2086] Compiling GoogleGax ExponentialBackoff.swift
[2060/2086] Compiling GoogleGax HTTPClient.swift
[2061/2086] Compiling GoogleGax HTTPClientHolder.swift
[2062/2086] Compiling GoogleGax HTTPClientProtocol.swift
[2063/2086] Compiling GoogleGax HTTPClientRequest.swift
[2064/2086] Compiling GoogleGax HTTPClientResponse.swift
[2065/2086] Compiling GoogleGax HTTPHeaders.swift
[2066/2086] Compiling GoogleGax HTTPResponseBody.swift
[2067/2086] Compiling GoogleGax HeaderNames.swift
[2068/2086] Compiling GoogleGax Host.swift
[2069/2086] Compiling GoogleGax InProgressResult.swift
[2070/2086] Compiling GoogleGax AIP194+PollingErrorPolicy.swift
[2071/2086] Compiling GoogleGax AIP194+RetryPolicy.swift
[2072/2086] Compiling GoogleGax AIP194.swift
[2073/2086] Compiling GoogleGax AdaptiveThrottler.swift
[2074/2086] Compiling GoogleGax AlwaysPoll.swift
[2075/2086] Compiling GoogleGax AlwaysRetry.swift
[2076/2086] Compiling GoogleGax ApiClientHeader.swift
[2077/2086] Compiling GoogleGax BackoffPolicy.swift
[2078/2086] Compiling GoogleGax BasePollingErrorPolicy.swift
[2079/2086] Compiling GoogleGax ServiceError.swift
[2080/2086] Compiling GoogleGax StatusDetail.swift
[2081/2086] Compiling GoogleGax StrictIdempotency.swift
[2082/2086] Compiling GoogleGax ThrottleResult.swift
[2083/2086] Compiling GoogleGax TooManyRequests+PollingErrorPolicy.swift
[2084/2086] Compiling GoogleGax TooManyRequests+RetryPolicy.swift
[2085/2086] Compiling GoogleGax TooManyRequests.swift
[2086/2086] Compiling GoogleGax PackageVersion.swift
BUILD FAILURE 6.2 android