Build Information
Failed to build GradientEditor, reference main (9cef58), with Swift 6.4 for tvOS using Xcode 27.0 on 23 Sep 2026 09:48:15 UTC.
Build Command
env DEVELOPER_DIR=/Applications/Xcode-27.0.0-Release.Candidate.app xcrun xcodebuild -IDEClonedSourcePackagesDirPathOverride=$PWD/.dependencies -skipMacroValidation -skipPackagePluginValidation -derivedDataPath $PWD/.derivedData build -scheme GradientEditor -destination generic/platform=tvOSBuild Log
========================================
RunAll
========================================
Builder version: 5.1.0
Interrupt handler set up.
========================================
Checkout
========================================
Clone URL: https://github.com/JoshuaSullivan/GradientEditor.git
Reference: main
Initialized empty Git repository in /Users/admin/builder/spi-builder-workspace/.git/
From https://github.com/JoshuaSullivan/GradientEditor
* branch main -> FETCH_HEAD
* [new branch] main -> origin/main
HEAD is now at 9cef58d Mark Phase 4 complete in TODO file
Cloned https://github.com/JoshuaSullivan/GradientEditor.git
Revision (git rev-parse @):
9cef58d1597296ec52a15cb5f516233fc6b0d242
SUCCESS checkout https://github.com/JoshuaSullivan/GradientEditor.git at main
========================================
Build
========================================
Selected platform: tvOS
Swift version: 6.4
Building package at path: $PWD
https://github.com/JoshuaSullivan/GradientEditor.git
Command line invocation:
/Applications/Xcode-27.0.0-Release.Candidate.app/Contents/Developer/usr/bin/xcodebuild -IDEClonedSourcePackagesDirPathOverride=/Users/admin/builder/spi-builder-workspace/.dependencies -resolvePackageDependencies
Resolve Package Graph
Resolve Package Graph
Resolved source packages:
GradientEditor: /Users/admin/builder/spi-builder-workspace
resolved source packages: GradientEditor
2026-09-23 05:47:30.696 xcodebuild[529:3035] [MT] IDERunDestination: Supported platforms for the buildables in the current scheme is empty.
{
"dependencies" : [
],
"manifest_display_name" : "GradientEditor",
"name" : "GradientEditor",
"path" : "/Users/admin/builder/spi-builder-workspace",
"platforms" : [
{
"name" : "ios",
"version" : "17.0"
},
{
"name" : "visionos",
"version" : "1.0"
},
{
"name" : "macos",
"version" : "14.0"
}
],
"products" : [
{
"name" : "GradientEditor",
"targets" : [
"GradientEditor"
],
"type" : {
"library" : [
"automatic"
]
}
}
],
"targets" : [
{
"c99name" : "GradientEditorTests",
"module_type" : "SwiftTarget",
"name" : "GradientEditorTests",
"path" : "Tests/GradientEditorTests",
"sources" : [
"AppKitTests.swift",
"ColorMapTests.swift",
"ColorStopEditorViewModelTests.swift",
"ColorStopTests.swift",
"ColorStopTypeTests.swift",
"DefaultColorProviderTests.swift",
"GradientEditViewModelTests.swift",
"GradientEditorTests.swift",
"GradientLayoutGeometryTests.swift",
"IntegrationTests.swift",
"PlatformConversionTests.swift",
"UIKitTests.swift",
"ViewTests.swift"
],
"target_dependencies" : [
"GradientEditor"
],
"type" : "test"
},
{
"c99name" : "GradientEditor",
"module_type" : "SwiftTarget",
"name" : "GradientEditor",
"path" : "Sources/GradientEditor",
"product_memberships" : [
"GradientEditor"
],
"resources" : [
{
"path" : "/Users/admin/builder/spi-builder-workspace/Sources/GradientEditor/Resources/Localizable.xcstrings",
"rule" : {
"process" : {
}
}
}
],
"sources" : [
"Accessibility/AccessibilityIdentifiers.swift",
"Accessibility/AccessibilityLabels.swift",
"AppKit/AppKitGradientEditorDelegate.swift",
"AppKit/AppKitGradientEditorViewController.swift",
"Extensions/CGColor+Presets.swift",
"Extensions/ColorMap+PlatformConversions.swift",
"Gestures/PinchGestureModifier.swift",
"GradientEditor.swift",
"Localization/LocalizedStringKey+GradientEditor.swift",
"Models/ColorMap.swift",
"Models/ColorStop.swift",
"Models/ColorStopType.swift",
"Models/GradientColorScheme.swift",
"Models/GradientEditorError.swift",
"Models/GradientEditorResult.swift",
"Models/GradientLayoutGeometry.swift",
"Protocols/ColorProvider.swift",
"Protocols/DefaultColorProvider.swift",
"UIKit/GradientEditorDelegate.swift",
"UIKit/GradientEditorViewController.swift",
"ViewModels/ColorStopEditorViewModel.swift",
"ViewModels/DragHandleViewModel.swift",
"ViewModels/GradientEditViewModel.swift",
"Views/ColorStopEditorView.swift",
"Views/DragHandle.swift",
"Views/DragHandleShape.swift",
"Views/GradientEditView.swift",
"Views/GradientStripView.swift",
"Views/SchemeMetadataEditorView.swift"
],
"type" : "library"
}
],
"tools_version" : "6.0"
}
{
"workspace" : {
"name" : "GradientEditor",
"schemes" : [
"GradientEditor"
]
}
}
2026-09-23 05:48:02.993 xcodebuild[626:3860] [MT] IDERunDestination: Supported platforms for the buildables in the current scheme is empty.
Running build ...
env DEVELOPER_DIR=/Applications/Xcode-27.0.0-Release.Candidate.app xcrun xcodebuild -IDEClonedSourcePackagesDirPathOverride=$PWD/.dependencies -skipMacroValidation -skipPackagePluginValidation -derivedDataPath $PWD/.derivedData build -scheme GradientEditor -destination generic/platform=tvOS
Command line invocation:
/Applications/Xcode-27.0.0-Release.Candidate.app/Contents/Developer/usr/bin/xcodebuild -IDEClonedSourcePackagesDirPathOverride=/Users/admin/builder/spi-builder-workspace/.dependencies -skipMacroValidation -skipPackagePluginValidation -derivedDataPath /Users/admin/builder/spi-builder-workspace/.derivedData build -scheme GradientEditor -destination generic/platform=tvOS
Resolve Package Graph
Resolved source packages:
GradientEditor: /Users/admin/builder/spi-builder-workspace
ComputePackagePrebuildTargetDependencyGraph
Prepare packages
CreateBuildRequest
SendProjectDescription
CreateBuildOperation
ComputeTargetDependencyGraph
note: Building targets in dependency order
note: Target dependency graph (3 targets)
Target 'GradientEditor-product' in project 'GradientEditor'
➜ Explicit dependency on target 'GradientEditor' in project 'GradientEditor'
➜ Explicit dependency on target 'GradientEditor_GradientEditor' in project 'GradientEditor'
Target 'GradientEditor' in project 'GradientEditor'
➜ Explicit dependency on target 'GradientEditor_GradientEditor' in project 'GradientEditor'
Target 'GradientEditor_GradientEditor' in project 'GradientEditor' (no dependencies)
GatherProvisioningInputs
CreateBuildDescription
ExecuteExternalTool /Applications/Xcode-27.0.0-Release.Candidate.app/Contents/Developer/Toolchains/XcodeDefault.xctoolchain/usr/bin/clang -v -E -dM -isysroot /Applications/Xcode-27.0.0-Release.Candidate.app/Contents/Developer/Platforms/AppleTVOS.platform/Developer/SDKs/AppleTVOS27.0.sdk -x c -c /dev/null
ExecuteExternalTool /Applications/Xcode-27.0.0-Release.Candidate.app/Contents/Developer/usr/bin/xcstringstool compile --dry-run --output-directory /Users/admin/builder/spi-builder-workspace/.derivedData/Build/Intermediates.noindex/GradientEditor.build/Debug-appletvos/GradientEditor_GradientEditor-b.build /Users/admin/builder/spi-builder-workspace/Sources/GradientEditor/Resources/Localizable.xcstrings
ExecuteExternalTool /Applications/Xcode-27.0.0-Release.Candidate.app/Contents/Developer/Toolchains/XcodeDefault.xctoolchain/usr/bin/swiftc --version
ExecuteExternalTool /Applications/Xcode-27.0.0-Release.Candidate.app/Contents/Developer/Toolchains/XcodeDefault.xctoolchain/usr/bin/ld -version_details
Build description signature: 40e05d9f534a1428e4d1a08af5de5c4d
Build description path: /Users/admin/builder/spi-builder-workspace/.derivedData/Build/Intermediates.noindex/XCBuildData/40e05d9f534a1428e4d1a08af5de5c4d.xcbuilddata
CreateBuildDirectory /Users/admin/builder/spi-builder-workspace/.derivedData/SDKExplicitPrecompiledModules
cd /Users/admin/builder/spi-builder-workspace/.swiftpm/xcode
builtin-create-build-directory /Users/admin/builder/spi-builder-workspace/.derivedData/SDKExplicitPrecompiledModules
CreateBuildDirectory /Users/admin/builder/spi-builder-workspace/.derivedData/ModuleCache.noindex
cd /Users/admin/builder/spi-builder-workspace/.swiftpm/xcode
builtin-create-build-directory /Users/admin/builder/spi-builder-workspace/.derivedData/ModuleCache.noindex
CreateBuildDirectory /Users/admin/builder/spi-builder-workspace/.derivedData/CompilationCache.noindex
cd /Users/admin/builder/spi-builder-workspace/.swiftpm/xcode
builtin-create-build-directory /Users/admin/builder/spi-builder-workspace/.derivedData/CompilationCache.noindex
CreateBuildDirectory /Users/admin/builder/spi-builder-workspace/.derivedData/Build/Products
cd /Users/admin/builder/spi-builder-workspace/.swiftpm/xcode
builtin-create-build-directory /Users/admin/builder/spi-builder-workspace/.derivedData/Build/Products
ClangStatCache /Applications/Xcode-27.0.0-Release.Candidate.app/Contents/Developer/Toolchains/XcodeDefault.xctoolchain/usr/bin/clang-stat-cache /Applications/Xcode-27.0.0-Release.Candidate.app/Contents/Developer/Platforms/AppleTVOS.platform/Developer/SDKs/AppleTVOS27.0.sdk /Users/admin/builder/spi-builder-workspace/.derivedData/SDKStatCaches.noindex/appletvos27.0-24J360-e829b21a6f8c9b70876ba0858053c044b32bfd8d43560033f8d89884cdb90028.sdkstatcache
cd /Users/admin/builder/spi-builder-workspace/.swiftpm/xcode
/Applications/Xcode-27.0.0-Release.Candidate.app/Contents/Developer/Toolchains/XcodeDefault.xctoolchain/usr/bin/clang-stat-cache /Applications/Xcode-27.0.0-Release.Candidate.app/Contents/Developer/Platforms/AppleTVOS.platform/Developer/SDKs/AppleTVOS27.0.sdk -o /Users/admin/builder/spi-builder-workspace/.derivedData/SDKStatCaches.noindex/appletvos27.0-24J360-e829b21a6f8c9b70876ba0858053c044b32bfd8d43560033f8d89884cdb90028.sdkstatcache
CreateBuildDirectory /Users/admin/builder/spi-builder-workspace/.derivedData/Build/Intermediates.noindex
cd /Users/admin/builder/spi-builder-workspace/.swiftpm/xcode
builtin-create-build-directory /Users/admin/builder/spi-builder-workspace/.derivedData/Build/Intermediates.noindex
CreateBuildDirectory /Users/admin/builder/spi-builder-workspace/.derivedData/Build/Products/Debug-appletvos
cd /Users/admin/builder/spi-builder-workspace/.swiftpm/xcode
builtin-create-build-directory /Users/admin/builder/spi-builder-workspace/.derivedData/Build/Products/Debug-appletvos
CreateBuildDirectory /Users/admin/builder/spi-builder-workspace/.derivedData/Build/Intermediates.noindex/SwiftExplicitPrecompiledModules
cd /Users/admin/builder/spi-builder-workspace/.swiftpm/xcode
builtin-create-build-directory /Users/admin/builder/spi-builder-workspace/.derivedData/Build/Intermediates.noindex/SwiftExplicitPrecompiledModules
CreateBuildDirectory /Users/admin/builder/spi-builder-workspace/.derivedData/Build/Intermediates.noindex/PrecompiledHeaders
cd /Users/admin/builder/spi-builder-workspace/.swiftpm/xcode
builtin-create-build-directory /Users/admin/builder/spi-builder-workspace/.derivedData/Build/Intermediates.noindex/PrecompiledHeaders
CreateBuildDirectory /Users/admin/builder/spi-builder-workspace/.derivedData/Build/Intermediates.noindex/ExplicitPrecompiledModules
cd /Users/admin/builder/spi-builder-workspace/.swiftpm/xcode
builtin-create-build-directory /Users/admin/builder/spi-builder-workspace/.derivedData/Build/Intermediates.noindex/ExplicitPrecompiledModules
CreateBuildDirectory /Users/admin/builder/spi-builder-workspace/.derivedData/Build/Intermediates.noindex/EagerLinkingTBDs/Debug-appletvos
cd /Users/admin/builder/spi-builder-workspace/.swiftpm/xcode
builtin-create-build-directory /Users/admin/builder/spi-builder-workspace/.derivedData/Build/Intermediates.noindex/EagerLinkingTBDs/Debug-appletvos
CreateBuildDirectory /Users/admin/builder/spi-builder-workspace/.derivedData/Build/Products/Debug-appletvos/PackageFrameworks
cd /Users/admin/builder/spi-builder-workspace/.swiftpm/xcode
builtin-create-build-directory /Users/admin/builder/spi-builder-workspace/.derivedData/Build/Products/Debug-appletvos/PackageFrameworks
MkDir /Users/admin/builder/spi-builder-workspace/.derivedData/Build/Products/Debug-appletvos/GradientEditor_GradientEditor.bundle (in target 'GradientEditor_GradientEditor' from project 'GradientEditor')
cd /Users/admin/builder/spi-builder-workspace
/bin/mkdir -p /Users/admin/builder/spi-builder-workspace/.derivedData/Build/Products/Debug-appletvos/GradientEditor_GradientEditor.bundle
WriteAuxiliaryFile /Users/admin/builder/spi-builder-workspace/.derivedData/Build/Intermediates.noindex/GradientEditor.build/Debug-appletvos/GradientEditor_GradientEditor-b.build/empty-GradientEditor_GradientEditor.plist (in target 'GradientEditor_GradientEditor' from project 'GradientEditor')
cd /Users/admin/builder/spi-builder-workspace
write-file /Users/admin/builder/spi-builder-workspace/.derivedData/Build/Intermediates.noindex/GradientEditor.build/Debug-appletvos/GradientEditor_GradientEditor-b.build/empty-GradientEditor_GradientEditor.plist
WriteAuxiliaryFile /Users/admin/builder/spi-builder-workspace/.derivedData/Build/Intermediates.noindex/GradientEditor.build/Debug-appletvos/GradientEditor_GradientEditor-b.build/GradientEditor_GradientEditor.DependencyStaticMetadataFileList (in target 'GradientEditor_GradientEditor' from project 'GradientEditor')
cd /Users/admin/builder/spi-builder-workspace
write-file /Users/admin/builder/spi-builder-workspace/.derivedData/Build/Intermediates.noindex/GradientEditor.build/Debug-appletvos/GradientEditor_GradientEditor-b.build/GradientEditor_GradientEditor.DependencyStaticMetadataFileList
WriteAuxiliaryFile /Users/admin/builder/spi-builder-workspace/.derivedData/Build/Intermediates.noindex/GradientEditor.build/Debug-appletvos/GradientEditor_GradientEditor-b.build/GradientEditor_GradientEditor.DependencyMetadataFileList (in target 'GradientEditor_GradientEditor' from project 'GradientEditor')
cd /Users/admin/builder/spi-builder-workspace
write-file /Users/admin/builder/spi-builder-workspace/.derivedData/Build/Intermediates.noindex/GradientEditor.build/Debug-appletvos/GradientEditor_GradientEditor-b.build/GradientEditor_GradientEditor.DependencyMetadataFileList
WriteAuxiliaryFile /Users/admin/builder/spi-builder-workspace/.derivedData/Build/Intermediates.noindex/GradientEditor.build/Debug-appletvos/GradientEditor-t.build/GradientEditor.modulemap (in target 'GradientEditor' from project 'GradientEditor')
cd /Users/admin/builder/spi-builder-workspace
write-file /Users/admin/builder/spi-builder-workspace/.derivedData/Build/Intermediates.noindex/GradientEditor.build/Debug-appletvos/GradientEditor-t.build/GradientEditor.modulemap
WriteAuxiliaryFile /Users/admin/builder/spi-builder-workspace/.derivedData/Build/Intermediates.noindex/GradientEditor.build/Debug-appletvos/GradientEditor-t.build/Objects-normal/arm64/GradientEditor-OutputFileMap.json (in target 'GradientEditor' from project 'GradientEditor')
cd /Users/admin/builder/spi-builder-workspace
write-file /Users/admin/builder/spi-builder-workspace/.derivedData/Build/Intermediates.noindex/GradientEditor.build/Debug-appletvos/GradientEditor-t.build/Objects-normal/arm64/GradientEditor-OutputFileMap.json
WriteAuxiliaryFile /Users/admin/builder/spi-builder-workspace/.derivedData/Build/Intermediates.noindex/GradientEditor.build/Debug-appletvos/GradientEditor-t.build/Objects-normal/arm64/GradientEditor_const_extract_protocols.json (in target 'GradientEditor' from project 'GradientEditor')
cd /Users/admin/builder/spi-builder-workspace
write-file /Users/admin/builder/spi-builder-workspace/.derivedData/Build/Intermediates.noindex/GradientEditor.build/Debug-appletvos/GradientEditor-t.build/Objects-normal/arm64/GradientEditor_const_extract_protocols.json
WriteAuxiliaryFile /Users/admin/builder/spi-builder-workspace/.derivedData/Build/Intermediates.noindex/GradientEditor.build/Debug-appletvos/GradientEditor-t.build/Objects-normal/arm64/GradientEditor.LinkFileList (in target 'GradientEditor' from project 'GradientEditor')
cd /Users/admin/builder/spi-builder-workspace
write-file /Users/admin/builder/spi-builder-workspace/.derivedData/Build/Intermediates.noindex/GradientEditor.build/Debug-appletvos/GradientEditor-t.build/Objects-normal/arm64/GradientEditor.LinkFileList
WriteAuxiliaryFile /Users/admin/builder/spi-builder-workspace/.derivedData/Build/Intermediates.noindex/GradientEditor.build/Debug-appletvos/GradientEditor-t.build/Objects-normal/arm64/GradientEditor.SwiftFileList (in target 'GradientEditor' from project 'GradientEditor')
cd /Users/admin/builder/spi-builder-workspace
write-file /Users/admin/builder/spi-builder-workspace/.derivedData/Build/Intermediates.noindex/GradientEditor.build/Debug-appletvos/GradientEditor-t.build/Objects-normal/arm64/GradientEditor.SwiftFileList
WriteAuxiliaryFile /Users/admin/builder/spi-builder-workspace/.derivedData/Build/Intermediates.noindex/GradientEditor.build/Debug-appletvos/GradientEditor-t.build/Objects-normal/arm64/GradientEditor.SwiftConstValuesFileList (in target 'GradientEditor' from project 'GradientEditor')
cd /Users/admin/builder/spi-builder-workspace
write-file /Users/admin/builder/spi-builder-workspace/.derivedData/Build/Intermediates.noindex/GradientEditor.build/Debug-appletvos/GradientEditor-t.build/Objects-normal/arm64/GradientEditor.SwiftConstValuesFileList
WriteAuxiliaryFile /Users/admin/builder/spi-builder-workspace/.derivedData/Build/Intermediates.noindex/GradientEditor.build/Debug-appletvos/GradientEditor-t.build/GradientEditor.DependencyStaticMetadataFileList (in target 'GradientEditor' from project 'GradientEditor')
cd /Users/admin/builder/spi-builder-workspace
write-file /Users/admin/builder/spi-builder-workspace/.derivedData/Build/Intermediates.noindex/GradientEditor.build/Debug-appletvos/GradientEditor-t.build/GradientEditor.DependencyStaticMetadataFileList
WriteAuxiliaryFile /Users/admin/builder/spi-builder-workspace/.derivedData/Build/Intermediates.noindex/GradientEditor.build/Debug-appletvos/GradientEditor-t.build/GradientEditor.DependencyMetadataFileList (in target 'GradientEditor' from project 'GradientEditor')
cd /Users/admin/builder/spi-builder-workspace
write-file /Users/admin/builder/spi-builder-workspace/.derivedData/Build/Intermediates.noindex/GradientEditor.build/Debug-appletvos/GradientEditor-t.build/GradientEditor.DependencyMetadataFileList
WriteAuxiliaryFile /Users/admin/builder/spi-builder-workspace/.derivedData/Build/Intermediates.noindex/GradientEditor.build/Debug-appletvos/GradientEditor-t.build/DerivedSources/resource_bundle_accessor.swift (in target 'GradientEditor' from project 'GradientEditor')
cd /Users/admin/builder/spi-builder-workspace
write-file /Users/admin/builder/spi-builder-workspace/.derivedData/Build/Intermediates.noindex/GradientEditor.build/Debug-appletvos/GradientEditor-t.build/DerivedSources/resource_bundle_accessor.swift
Copy /Users/admin/builder/spi-builder-workspace/.derivedData/Build/Intermediates.noindex/GeneratedModuleMaps-appletvos/GradientEditor.modulemap /Users/admin/builder/spi-builder-workspace/.derivedData/Build/Intermediates.noindex/GradientEditor.build/Debug-appletvos/GradientEditor-t.build/GradientEditor.modulemap (in target 'GradientEditor' from project 'GradientEditor')
cd /Users/admin/builder/spi-builder-workspace
builtin-copy -exclude .DS_Store -exclude CVS -exclude .svn -exclude .git -exclude .hg -resolve-src-symlinks /Users/admin/builder/spi-builder-workspace/.derivedData/Build/Intermediates.noindex/GradientEditor.build/Debug-appletvos/GradientEditor-t.build/GradientEditor.modulemap /Users/admin/builder/spi-builder-workspace/.derivedData/Build/Intermediates.noindex/GeneratedModuleMaps-appletvos
ProcessInfoPlistFile /Users/admin/builder/spi-builder-workspace/.derivedData/Build/Products/Debug-appletvos/GradientEditor_GradientEditor.bundle/Info.plist /Users/admin/builder/spi-builder-workspace/.derivedData/Build/Intermediates.noindex/GradientEditor.build/Debug-appletvos/GradientEditor_GradientEditor-b.build/empty-GradientEditor_GradientEditor.plist (in target 'GradientEditor_GradientEditor' from project 'GradientEditor')
cd /Users/admin/builder/spi-builder-workspace
builtin-infoPlistUtility /Users/admin/builder/spi-builder-workspace/.derivedData/Build/Intermediates.noindex/GradientEditor.build/Debug-appletvos/GradientEditor_GradientEditor-b.build/empty-GradientEditor_GradientEditor.plist -producttype com.apple.product-type.bundle -expandbuildsettings -format binary -platform appletvos -o /Users/admin/builder/spi-builder-workspace/.derivedData/Build/Products/Debug-appletvos/GradientEditor_GradientEditor.bundle/Info.plist
CompileXCStrings /Users/admin/builder/spi-builder-workspace/.derivedData/Build/Intermediates.noindex/GradientEditor.build/Debug-appletvos/GradientEditor_GradientEditor-b.build/ /Users/admin/builder/spi-builder-workspace/Sources/GradientEditor/Resources/Localizable.xcstrings (in target 'GradientEditor_GradientEditor' from project 'GradientEditor')
cd /Users/admin/builder/spi-builder-workspace
/Applications/Xcode-27.0.0-Release.Candidate.app/Contents/Developer/usr/bin/xcstringstool compile --output-directory /Users/admin/builder/spi-builder-workspace/.derivedData/Build/Intermediates.noindex/GradientEditor.build/Debug-appletvos/GradientEditor_GradientEditor-b.build /Users/admin/builder/spi-builder-workspace/Sources/GradientEditor/Resources/Localizable.xcstrings
CopyStringsFile /Users/admin/builder/spi-builder-workspace/.derivedData/Build/Products/Debug-appletvos/GradientEditor_GradientEditor.bundle/en.lproj/Localizable.strings /Users/admin/builder/spi-builder-workspace/.derivedData/Build/Intermediates.noindex/GradientEditor.build/Debug-appletvos/GradientEditor_GradientEditor-b.build/en.lproj/Localizable.strings (in target 'GradientEditor_GradientEditor' from project 'GradientEditor')
cd /Users/admin/builder/spi-builder-workspace
builtin-copyStrings --validate --outputencoding binary --outfilename Localizable.strings --outdir /Users/admin/builder/spi-builder-workspace/.derivedData/Build/Products/Debug-appletvos/GradientEditor_GradientEditor.bundle/en.lproj -- /Users/admin/builder/spi-builder-workspace/.derivedData/Build/Intermediates.noindex/GradientEditor.build/Debug-appletvos/GradientEditor_GradientEditor-b.build/en.lproj/Localizable.strings
/Users/admin/builder/spi-builder-workspace/.derivedData/Build/Intermediates.noindex/GradientEditor.build/Debug-appletvos/GradientEditor_GradientEditor-b.build/en.lproj/Localizable.strings:1:1: note: detected encoding of input file as Unicode (UTF-8) (in target 'GradientEditor_GradientEditor' from project 'GradientEditor')
RegisterExecutionPolicyException /Users/admin/builder/spi-builder-workspace/.derivedData/Build/Products/Debug-appletvos/GradientEditor_GradientEditor.bundle (in target 'GradientEditor_GradientEditor' from project 'GradientEditor')
cd /Users/admin/builder/spi-builder-workspace
builtin-RegisterExecutionPolicyException /Users/admin/builder/spi-builder-workspace/.derivedData/Build/Products/Debug-appletvos/GradientEditor_GradientEditor.bundle
Touch /Users/admin/builder/spi-builder-workspace/.derivedData/Build/Products/Debug-appletvos/GradientEditor_GradientEditor.bundle (in target 'GradientEditor_GradientEditor' from project 'GradientEditor')
cd /Users/admin/builder/spi-builder-workspace
/usr/bin/touch -c /Users/admin/builder/spi-builder-workspace/.derivedData/Build/Products/Debug-appletvos/GradientEditor_GradientEditor.bundle
SwiftDriver GradientEditor normal arm64 com.apple.xcode.tools.swift.compiler (in target 'GradientEditor' from project 'GradientEditor')
cd /Users/admin/builder/spi-builder-workspace/.swiftpm/xcode
builtin-SwiftDriver -- /Applications/Xcode-27.0.0-Release.Candidate.app/Contents/Developer/Toolchains/XcodeDefault.xctoolchain/usr/bin/swiftc -parse-as-library -module-name GradientEditor -Onone @/Users/admin/builder/spi-builder-workspace/.derivedData/Build/Intermediates.noindex/GradientEditor.build/Debug-appletvos/GradientEditor-t.build/Objects-normal/arm64/GradientEditor.SwiftFileList -DSWIFT_PACKAGE -DDEBUG -DSWIFT_MODULE_RESOURCE_BUNDLE_AVAILABLE -DXcode -plugin-path /Applications/Xcode-27.0.0-Release.Candidate.app/Contents/Developer/Toolchains/XcodeDefault.xctoolchain/usr/lib/swift/host/plugins/testing -enable-experimental-feature DebugDescriptionMacro -sdk /Applications/Xcode-27.0.0-Release.Candidate.app/Contents/Developer/Platforms/AppleTVOS.platform/Developer/SDKs/AppleTVOS27.0.sdk -target arm64-apple-tvos17.0 -g -module-cache-path /Users/admin/builder/spi-builder-workspace/.derivedData/ModuleCache.noindex -Xfrontend -serialize-debugging-options -profile-coverage-mapping -profile-generate -enable-testing -index-store-path /Users/admin/builder/spi-builder-workspace/.derivedData/Index.noindex/DataStore -Xcc -D_LIBCPP_HARDENING_MODE\=_LIBCPP_HARDENING_MODE_DEBUG -swift-version 6 -I /Users/admin/builder/spi-builder-workspace/.derivedData/Build/Products/Debug-appletvos -Isystem /Applications/Xcode-27.0.0-Release.Candidate.app/Contents/Developer/Platforms/AppleTVOS.platform/Developer/usr/lib -F /Users/admin/builder/spi-builder-workspace/.derivedData/Build/Products/Debug-appletvos -F /Applications/Xcode-27.0.0-Release.Candidate.app/Contents/Developer/Platforms/AppleTVOS.platform/Developer/Library/Frameworks -F /Applications/Xcode-27.0.0-Release.Candidate.app/Contents/Developer/Platforms/AppleTVOS.platform/Developer/SDKs/AppleTVOS27.0.sdk/Developer/Library/Frameworks -c -j10 -enable-batch-mode -incremental -Xcc -ivfsstatcache -Xcc /Users/admin/builder/spi-builder-workspace/.derivedData/SDKStatCaches.noindex/appletvos27.0-24J360-e829b21a6f8c9b70876ba0858053c044b32bfd8d43560033f8d89884cdb90028.sdkstatcache -output-file-map /Users/admin/builder/spi-builder-workspace/.derivedData/Build/Intermediates.noindex/GradientEditor.build/Debug-appletvos/GradientEditor-t.build/Objects-normal/arm64/GradientEditor-OutputFileMap.json -save-temps -no-color-diagnostics -explicit-module-build -module-cache-path /Users/admin/builder/spi-builder-workspace/.derivedData/Build/Intermediates.noindex/SwiftExplicitPrecompiledModules -clang-scanner-module-cache-path /Users/admin/builder/spi-builder-workspace/.derivedData/ModuleCache.noindex -sdk-module-cache-path /Users/admin/builder/spi-builder-workspace/.derivedData/SDKExplicitPrecompiledModules -emit-dependencies -emit-module -emit-module-path /Users/admin/builder/spi-builder-workspace/.derivedData/Build/Intermediates.noindex/GradientEditor.build/Debug-appletvos/GradientEditor-t.build/Objects-normal/arm64/GradientEditor.swiftmodule -serialize-diagnostics -dependency-scan-serialize-diagnostics-path /Users/admin/builder/spi-builder-workspace/.derivedData/Build/Intermediates.noindex/GradientEditor.build/Debug-appletvos/GradientEditor-t.build/Objects-normal/arm64/GradientEditor-dependency-scan.dia -validate-clang-modules-once -clang-build-session-file /Users/admin/builder/spi-builder-workspace/.derivedData/ModuleCache.noindex/Session.modulevalidation -Xcc -fmodules-prune-interval\=86400 -Xcc -fmodules-prune-after\=345600 -package-name spi_builder_workspace -emit-const-values -const-gather-protocols-list /Users/admin/builder/spi-builder-workspace/.derivedData/Build/Intermediates.noindex/GradientEditor.build/Debug-appletvos/GradientEditor-t.build/Objects-normal/arm64/GradientEditor_const_extract_protocols.json -Xcc -I/Users/admin/builder/spi-builder-workspace/.derivedData/Build/Products/Debug-appletvos/include -Xcc -I/Users/admin/builder/spi-builder-workspace/.derivedData/Build/Intermediates.noindex/GradientEditor.build/Debug-appletvos/GradientEditor-t.build/DerivedSources-normal/arm64 -Xcc -I/Users/admin/builder/spi-builder-workspace/.derivedData/Build/Intermediates.noindex/GradientEditor.build/Debug-appletvos/GradientEditor-t.build/DerivedSources/arm64 -Xcc -I/Users/admin/builder/spi-builder-workspace/.derivedData/Build/Intermediates.noindex/GradientEditor.build/Debug-appletvos/GradientEditor-t.build/DerivedSources -Xcc -DSWIFT_PACKAGE -Xcc -DDEBUG\=1 -emit-objc-header -emit-objc-header-path /Users/admin/builder/spi-builder-workspace/.derivedData/Build/Intermediates.noindex/GradientEditor.build/Debug-appletvos/GradientEditor-t.build/Objects-normal/arm64/GradientEditor-Swift.h -working-directory /Users/admin/builder/spi-builder-workspace/.swiftpm/xcode -experimental-emit-module-separately -disable-cmo
SwiftExplicitDependencyGeneratePcm arm64 /Users/admin/builder/spi-builder-workspace/.derivedData/SDKExplicitPrecompiledModules/_Builtin_stddef-1MAO6P3OSQFGZFQEPM31XXNSS.pcm
SwiftExplicitDependencyGeneratePcm arm64 /Users/admin/builder/spi-builder-workspace/.derivedData/SDKExplicitPrecompiledModules/_AvailabilityInternal-99L1JVU5TYE8S0FGGB7E09QQS.pcm
SwiftExplicitDependencyGeneratePcm arm64 /Users/admin/builder/spi-builder-workspace/.derivedData/SDKExplicitPrecompiledModules/DeveloperToolsSupport-CJV8SY9BXJUTONPFWMLQEGTXA.pcm
SwiftExplicitDependencyGeneratePcm arm64 /Users/admin/builder/spi-builder-workspace/.derivedData/SDKExplicitPrecompiledModules/_Builtin_stdbool-4UUPXTY52W6RPSB0N2WGGLTJT.pcm
SwiftExplicitDependencyGeneratePcm arm64 /Users/admin/builder/spi-builder-workspace/.derivedData/SDKExplicitPrecompiledModules/SwiftShims-73G9EXEO9PVWB6PL1BR4TAJ0B.pcm
SwiftExplicitDependencyGeneratePcm arm64 /Users/admin/builder/spi-builder-workspace/.derivedData/SDKExplicitPrecompiledModules/_Builtin_float-3RF4B70MBHPP952AX3GNZ8W3H.pcm
SwiftExplicitDependencyGeneratePcm arm64 /Users/admin/builder/spi-builder-workspace/.derivedData/SDKExplicitPrecompiledModules/_SwiftConcurrencyShims-3HZGHPZQL3GY71QUHDRB0P39S.pcm
SwiftExplicitDependencyGeneratePcm arm64 /Users/admin/builder/spi-builder-workspace/.derivedData/SDKExplicitPrecompiledModules/_Builtin_stdarg-719DH4G2R3NRP3HRX5HE8WX08.pcm
SwiftExplicitDependencyGeneratePcm arm64 /Users/admin/builder/spi-builder-workspace/.derivedData/SDKExplicitPrecompiledModules/ptrauth-EMKXYE8GN9BK4M3ODSTVDUJU2.pcm
SwiftExplicitDependencyGeneratePcm arm64 /Users/admin/builder/spi-builder-workspace/.derivedData/SDKExplicitPrecompiledModules/ptrcheck-BA65H1NXYZJ0BLLWO9HZOAZ6Y.pcm
SwiftExplicitDependencyGeneratePcm arm64 /Users/admin/builder/spi-builder-workspace/.derivedData/SDKExplicitPrecompiledModules/_DarwinFoundation1-90NUFDXQ765U5FR62173FT21A.pcm
SwiftExplicitDependencyGeneratePcm arm64 /Users/admin/builder/spi-builder-workspace/.derivedData/SDKExplicitPrecompiledModules/_DarwinFoundation2-EPKSYG5WMVE7WSPFQB4C0UC59.pcm
SwiftExplicitDependencyGeneratePcm arm64 /Users/admin/builder/spi-builder-workspace/.derivedData/SDKExplicitPrecompiledModules/_Builtin_limits-3JICJWOCEYXXXNXAMEJBF6UQN.pcm
SwiftExplicitDependencyGeneratePcm arm64 /Users/admin/builder/spi-builder-workspace/.derivedData/SDKExplicitPrecompiledModules/_Builtin_stdint-A8OKY0NXO26BZ4GWYKP79TKL9.pcm
SwiftExplicitDependencyGeneratePcm arm64 /Users/admin/builder/spi-builder-workspace/.derivedData/SDKExplicitPrecompiledModules/_Builtin_tgmath-320K271Z6IM134IWIB7S3LTD.pcm
SwiftExplicitDependencyGeneratePcm arm64 /Users/admin/builder/spi-builder-workspace/.derivedData/SDKExplicitPrecompiledModules/sys_types-CATSGLJDZ8UZUMKHO6M4I4PJT.pcm
SwiftExplicitDependencyGeneratePcm arm64 /Users/admin/builder/spi-builder-workspace/.derivedData/SDKExplicitPrecompiledModules/string_h-B6D36UOVIZC2Y0YE3KEZLZAP6.pcm
SwiftExplicitDependencyGeneratePcm arm64 /Users/admin/builder/spi-builder-workspace/.derivedData/SDKExplicitPrecompiledModules/_DarwinFoundation3-63L5I5VCGX6CLI6HI7OWUXJN6.pcm
SwiftExplicitDependencyGeneratePcm arm64 /Users/admin/builder/spi-builder-workspace/.derivedData/SDKExplicitPrecompiledModules/_Builtin_intrinsics-AQDFY8KQQX9Z38C6EI15S53EQ.pcm
SwiftExplicitDependencyGeneratePcm arm64 /Users/admin/builder/spi-builder-workspace/.derivedData/SDKExplicitPrecompiledModules/_Builtin_stdatomic-71DQV8BR56LNANL900GGEC9KO.pcm
SwiftExplicitDependencyGeneratePcm arm64 /Users/admin/builder/spi-builder-workspace/.derivedData/SDKExplicitPrecompiledModules/_Builtin_inttypes-80RS02PM2X81SP8N0Q7X05540.pcm
SwiftExplicitDependencyGeneratePcm arm64 /Users/admin/builder/spi-builder-workspace/.derivedData/SDKExplicitPrecompiledModules/Darwin-1VTILT8KA42CNDAUB0H1FM7MC.pcm
SwiftExplicitDependencyGeneratePcm arm64 /Users/admin/builder/spi-builder-workspace/.derivedData/SDKExplicitPrecompiledModules/simd-D50CDGAQRFNF5E2BA2UWCCHLJ.pcm
SwiftExplicitDependencyGeneratePcm arm64 /Users/admin/builder/spi-builder-workspace/.derivedData/SDKExplicitPrecompiledModules/ObjectiveC-CC0BYHG21IQMMT48PGDNSK7G6.pcm
SwiftExplicitDependencyGeneratePcm arm64 /Users/admin/builder/spi-builder-workspace/.derivedData/SDKExplicitPrecompiledModules/MachO-A5KLTMTLJD1DPHEYPZHUSRJ4O.pcm
SwiftExplicitDependencyGeneratePcm arm64 /Users/admin/builder/spi-builder-workspace/.derivedData/SDKExplicitPrecompiledModules/os_object-1TJLDNS7X3UT7Y5TM4QQ2RN6G.pcm
SwiftExplicitDependencyGeneratePcm arm64 /Users/admin/builder/spi-builder-workspace/.derivedData/SDKExplicitPrecompiledModules/os_workgroup-E61GF9E8FAHZGKXVOV9QHUD27.pcm
SwiftExplicitDependencyGeneratePcm arm64 /Users/admin/builder/spi-builder-workspace/.derivedData/SDKExplicitPrecompiledModules/Dispatch-F564M6B2H1RRD83XZ8EBWFSHE.pcm
SwiftExplicitDependencyGeneratePcm arm64 /Users/admin/builder/spi-builder-workspace/.derivedData/SDKExplicitPrecompiledModules/Spatial-2KZFBWN278VTZL619Y96SAJC9.pcm
SwiftExplicitDependencyGeneratePcm arm64 /Users/admin/builder/spi-builder-workspace/.derivedData/SDKExplicitPrecompiledModules/XPC-2WVXL0UION0MYZOZAJZC6DUXD.pcm
SwiftExplicitDependencyGeneratePcm arm64 /Users/admin/builder/spi-builder-workspace/.derivedData/SDKExplicitPrecompiledModules/CoreFoundation-A4LOYEEJIFQKOPZRDOG9M3N2K.pcm
SwiftExplicitDependencyGeneratePcm arm64 /Users/admin/builder/spi-builder-workspace/.derivedData/SDKExplicitPrecompiledModules/os-4NLIUP5HHN7FW5ML70YLEU8QE.pcm
SwiftExplicitDependencyGeneratePcm arm64 /Users/admin/builder/spi-builder-workspace/.derivedData/SDKExplicitPrecompiledModules/CFNetwork-8S7XZ5SI3TWM2JOZPDZPRY8W9.pcm
SwiftExplicitDependencyGeneratePcm arm64 /Users/admin/builder/spi-builder-workspace/.derivedData/SDKExplicitPrecompiledModules/Security-6KU6X9W8QDIJW83JUF0DRES83.pcm
SwiftExplicitDependencyGeneratePcm arm64 /Users/admin/builder/spi-builder-workspace/.derivedData/SDKExplicitPrecompiledModules/CoreAudioTypes-3D575H9KXE9GWSK6ZWEWBV9TM.pcm
SwiftExplicitDependencyGeneratePcm arm64 /Users/admin/builder/spi-builder-workspace/.derivedData/SDKExplicitPrecompiledModules/CoreGraphics-D8Y0X4J52BHG7HHUQLTX6SXE1.pcm
SwiftExplicitDependencyGeneratePcm arm64 /Users/admin/builder/spi-builder-workspace/.derivedData/SDKExplicitPrecompiledModules/CoreAudio-46JNU59TK6U76A9ILN06CT9NS.pcm
SwiftExplicitDependencyGeneratePcm arm64 /Users/admin/builder/spi-builder-workspace/.derivedData/SDKExplicitPrecompiledModules/Foundation-1AS5K10MY6XENLLR2NDUCKYTM.pcm
SwiftExplicitDependencyGeneratePcm arm64 /Users/admin/builder/spi-builder-workspace/.derivedData/SDKExplicitPrecompiledModules/ImageIO-48DA7ET77Q34HPZP9CPHI9VS4.pcm
SwiftExplicitDependencyGeneratePcm arm64 /Users/admin/builder/spi-builder-workspace/.derivedData/SDKExplicitPrecompiledModules/CoreText-E0GG8D3D527TJX7D2QEHFQLM2.pcm
SwiftExplicitDependencyGeneratePcm arm64 /Users/admin/builder/spi-builder-workspace/.derivedData/SDKExplicitPrecompiledModules/DataDetection-9IX0C1MAX33MS6TCZDSNKXEO8.pcm
SwiftExplicitDependencyGeneratePcm arm64 /Users/admin/builder/spi-builder-workspace/.derivedData/SDKExplicitPrecompiledModules/IOSurface-DEQULTJ8SC21O986FDCNTM8FX.pcm
SwiftExplicitDependencyGeneratePcm arm64 /Users/admin/builder/spi-builder-workspace/.derivedData/SDKExplicitPrecompiledModules/Symbols-9TNA7JIKOEYVTYC7A16HCS4Z8.pcm
SwiftExplicitDependencyGeneratePcm arm64 /Users/admin/builder/spi-builder-workspace/.derivedData/SDKExplicitPrecompiledModules/Accessibility-EAPB6A95K5V0S27QNKR6ATG7F.pcm
SwiftExplicitDependencyGeneratePcm arm64 /Users/admin/builder/spi-builder-workspace/.derivedData/SDKExplicitPrecompiledModules/OSLog-1UX1YGRJSIOEO9YC3MNFFD818.pcm
SwiftExplicitDependencyGeneratePcm arm64 /Users/admin/builder/spi-builder-workspace/.derivedData/SDKExplicitPrecompiledModules/UIUtilities-9NQVCWATNLLVY125LB74695HY.pcm
SwiftExplicitDependencyGeneratePcm arm64 /Users/admin/builder/spi-builder-workspace/.derivedData/SDKExplicitPrecompiledModules/UniformTypeIdentifiers-DQ77M7R0D7VCBK0YUO3VHCRB1.pcm
SwiftExplicitDependencyGeneratePcm arm64 /Users/admin/builder/spi-builder-workspace/.derivedData/SDKExplicitPrecompiledModules/_LocationEssentials-2OY9351FRBO717MIULOKMYA9E.pcm
SwiftExplicitDependencyGeneratePcm arm64 /Users/admin/builder/spi-builder-workspace/.derivedData/SDKExplicitPrecompiledModules/CoreTransferable-84B3V3M9DHRIQERK179SSQO5U.pcm
SwiftExplicitDependencyGeneratePcm arm64 /Users/admin/builder/spi-builder-workspace/.derivedData/SDKExplicitPrecompiledModules/UserNotifications-AKH3GC0FQWUK55FNTW4WEMFQE.pcm
SwiftExplicitDependencyGeneratePcm arm64 /Users/admin/builder/spi-builder-workspace/.derivedData/SDKExplicitPrecompiledModules/CoreData-3R0N6HKKQMVS32U7KOKR14383.pcm
SwiftExplicitDependencyGeneratePcm arm64 /Users/admin/builder/spi-builder-workspace/.derivedData/SDKExplicitPrecompiledModules/CoreLocation-6939X9DMB2SA43P0TYB7Z14Z5.pcm
SwiftExplicitDependencyGeneratePcm arm64 /Users/admin/builder/spi-builder-workspace/.derivedData/SDKExplicitPrecompiledModules/OpenGLES-6Y33D4DDPO1R82EJXT1SIGNPS.pcm
SwiftExplicitDependencyGeneratePcm arm64 /Users/admin/builder/spi-builder-workspace/.derivedData/SDKExplicitPrecompiledModules/Metal-52GB3RCZ6A2WEZ7RWCXV2WL0N.pcm
SwiftExplicitDependencyGeneratePcm arm64 /Users/admin/builder/spi-builder-workspace/.derivedData/SDKExplicitPrecompiledModules/CoreVideo-5G4VAY32QMJB00PUALI6188LK.pcm
SwiftExplicitDependencyGeneratePcm arm64 /Users/admin/builder/spi-builder-workspace/.derivedData/SDKExplicitPrecompiledModules/CoreMedia-43BPYBY7ZACBDCUTAJXJFLTBP.pcm
SwiftExplicitDependencyGeneratePcm arm64 /Users/admin/builder/spi-builder-workspace/.derivedData/SDKExplicitPrecompiledModules/CoreImage-ATUQ374FIDJPA1DF5BLR644CG.pcm
SwiftExplicitDependencyGeneratePcm arm64 /Users/admin/builder/spi-builder-workspace/.derivedData/SDKExplicitPrecompiledModules/QuartzCore-DSNZZA81DYNK4OK1ANRR6HM7G.pcm
SwiftExplicitDependencyGeneratePcm arm64 /Users/admin/builder/spi-builder-workspace/.derivedData/SDKExplicitPrecompiledModules/SwiftUICore-7SJQ9GB90ACGZV5NB09LFJIRX.pcm
SwiftExplicitDependencyGeneratePcm arm64 /Users/admin/builder/spi-builder-workspace/.derivedData/SDKExplicitPrecompiledModules/UIKit-42T2ZGON9LDZUXRIAUKELQ554.pcm
SwiftExplicitDependencyGeneratePcm arm64 /Users/admin/builder/spi-builder-workspace/.derivedData/SDKExplicitPrecompiledModules/SwiftUI-B634212FU5XQXG1OEBY2WYYH3.pcm
SwiftEmitModule normal arm64 Emitting\ module\ for\ GradientEditor (in target 'GradientEditor' from project 'GradientEditor')
/Users/admin/builder/spi-builder-workspace/Sources/GradientEditor/Gestures/PinchGestureModifier.swift:89:43: error: 'UIPinchGestureRecognizer' is unavailable in tvOS
87 | }
88 |
89 | @objc func handlePinch(_ gesture: UIPinchGestureRecognizer) {
| `- error: 'UIPinchGestureRecognizer' is unavailable in tvOS
90 | switch gesture.state {
91 | case .began:
/Applications/Xcode-27.0.0-Release.Candidate.app/Contents/Developer/Platforms/AppleTVOS.platform/Developer/SDKs/AppleTVOS27.0.sdk/System/Library/Frameworks/UIKit.framework/Headers/UIPinchGestureRecognizer.h:20:12: note: 'UIPinchGestureRecognizer' has been explicitly marked unavailable here
18 |
19 | UIKIT_EXTERN API_AVAILABLE(ios(3.2)) API_UNAVAILABLE(tvos, watchos) NS_SWIFT_UI_ACTOR
20 | @interface UIPinchGestureRecognizer : UIGestureRecognizer
| `- note: 'UIPinchGestureRecognizer' has been explicitly marked unavailable here
21 |
22 | @property (nonatomic) CGFloat scale; // scale relative to the touch points in screen coordinates
Failed frontend command:
SwiftCompile normal arm64 (in target 'GradientEditor' from project 'GradientEditor')
cd /Users/admin/builder/spi-builder-workspace/.swiftpm/xcode
/Applications/Xcode-27.0.0-Release.Candidate.app/Contents/Developer/Toolchains/XcodeDefault.xctoolchain/usr/bin/swift-frontend -frontend -emit-module -experimental-skip-non-inlinable-function-bodies-without-types /Users/admin/builder/spi-builder-workspace/.derivedData/Build/Intermediates.noindex/GradientEditor.build/Debug-appletvos/GradientEditor-t.build/DerivedSources/resource_bundle_accessor.swift /Users/admin/builder/spi-builder-workspace/Sources/GradientEditor/Accessibility/AccessibilityIdentifiers.swift /Users/admin/builder/spi-builder-workspace/Sources/GradientEditor/Accessibility/AccessibilityLabels.swift /Users/admin/builder/spi-builder-workspace/Sources/GradientEditor/AppKit/AppKitGradientEditorDelegate.swift /Users/admin/builder/spi-builder-workspace/Sources/GradientEditor/AppKit/AppKitGradientEditorViewController.swift /Users/admin/builder/spi-builder-workspace/Sources/GradientEditor/Extensions/CGColor+Presets.swift /Users/admin/builder/spi-builder-workspace/Sources/GradientEditor/Extensions/ColorMap+PlatformConversions.swift /Users/admin/builder/spi-builder-workspace/Sources/GradientEditor/Gestures/PinchGestureModifier.swift /Users/admin/builder/spi-builder-workspace/Sources/GradientEditor/GradientEditor.swift /Users/admin/builder/spi-builder-workspace/Sources/GradientEditor/Localization/LocalizedStringKey+GradientEditor.swift /Users/admin/builder/spi-builder-workspace/Sources/GradientEditor/Models/ColorMap.swift /Users/admin/builder/spi-builder-workspace/Sources/GradientEditor/Models/ColorStop.swift /Users/admin/builder/spi-builder-workspace/Sources/GradientEditor/Models/ColorStopType.swift /Users/admin/builder/spi-builder-workspace/Sources/GradientEditor/Models/GradientColorScheme.swift /Users/admin/builder/spi-builder-workspace/Sources/GradientEditor/Models/GradientEditorError.swift /Users/admin/builder/spi-builder-workspace/Sources/GradientEditor/Models/GradientEditorResult.swift /Users/admin/builder/spi-builder-workspace/Sources/GradientEditor/Models/GradientLayoutGeometry.swift /Users/admin/builder/spi-builder-workspace/Sources/GradientEditor/Protocols/ColorProvider.swift /Users/admin/builder/spi-builder-workspace/Sources/GradientEditor/Protocols/DefaultColorProvider.swift /Users/admin/builder/spi-builder-workspace/Sources/GradientEditor/UIKit/GradientEditorDelegate.swift /Users/admin/builder/spi-builder-workspace/Sources/GradientEditor/UIKit/GradientEditorViewController.swift /Users/admin/builder/spi-builder-workspace/Sources/GradientEditor/ViewModels/ColorStopEditorViewModel.swift /Users/admin/builder/spi-builder-workspace/Sources/GradientEditor/ViewModels/DragHandleViewModel.swift /Users/admin/builder/spi-builder-workspace/Sources/GradientEditor/ViewModels/GradientEditViewModel.swift /Users/admin/builder/spi-builder-workspace/Sources/GradientEditor/Views/ColorStopEditorView.swift /Users/admin/builder/spi-builder-workspace/Sources/GradientEditor/Views/DragHandle.swift /Users/admin/builder/spi-builder-workspace/Sources/GradientEditor/Views/DragHandleShape.swift /Users/admin/builder/spi-builder-workspace/Sources/GradientEditor/Views/GradientEditView.swift /Users/admin/builder/spi-builder-workspace/Sources/GradientEditor/Views/GradientStripView.swift /Users/admin/builder/spi-builder-workspace/Sources/GradientEditor/Views/SchemeMetadataEditorView.swift -target arm64-apple-tvos17.0 -module-can-import-version UIKit 9127.0.84.1 9127.0.84 -disable-cross-import-overlay-search -load-resolved-plugin /Applications/Xcode-27.0.0-Release.Candidate.app/Contents/Developer/Platforms/AppleTVOS.platform/Developer/usr/lib/swift/host/plugins/libFoundationMacros.dylib\#/Applications/Xcode-27.0.0-Release.Candidate.app/Contents/Developer/Platforms/AppleTVOS.platform/Developer/usr/bin/swift-plugin-server\#FoundationMacros -load-resolved-plugin /Applications/Xcode-27.0.0-Release.Candidate.app/Contents/Developer/Platforms/AppleTVOS.platform/Developer/usr/lib/swift/host/plugins/libObservationMacros.dylib\#/Applications/Xcode-27.0.0-Release.Candidate.app/Contents/Developer/Platforms/AppleTVOS.platform/Developer/usr/bin/swift-plugin-server\#ObservationMacros -load-resolved-plugin /Applications/Xcode-27.0.0-Release.Candidate.app/Contents/Developer/Platforms/AppleTVOS.platform/Developer/usr/lib/swift/host/plugins/libPreviewsMacros.dylib\#/Applications/Xcode-27.0.0-Release.Candidate.app/Contents/Developer/Platforms/AppleTVOS.platform/Developer/usr/bin/swift-plugin-server\#PreviewsMacros -load-resolved-plugin /Applications/Xcode-27.0.0-Release.Candidate.app/Contents/Developer/Platforms/AppleTVOS.platform/Developer/usr/lib/swift/host/plugins/libSwiftMacros.dylib\#/Applications/Xcode-27.0.0-Release.Candidate.app/Contents/Developer/Platforms/AppleTVOS.platform/Developer/usr/bin/swift-plugin-server\#SwiftMacros -load-resolved-plugin /Applications/Xcode-27.0.0-Release.Candidate.app/Contents/Developer/Platforms/AppleTVOS.platform/Developer/usr/lib/swift/host/plugins/libSwiftUIMacros.dylib\#/Applications/Xcode-27.0.0-Release.Candidate.app/Contents/Developer/Platforms/AppleTVOS.platform/Developer/usr/bin/swift-plugin-server\#SwiftUIMacros -disable-implicit-swift-modules -Xcc -fno-implicit-modules -Xcc -fno-implicit-module-maps -explicit-swift-module-map-file /Users/admin/builder/spi-builder-workspace/.derivedData/Build/Intermediates.noindex/GradientEditor.build/Debug-appletvos/GradientEditor-t.build/Objects-normal/arm64/GradientEditor-dependencies-1.json -Xllvm -aarch64-use-tbi -enable-objc-interop -stack-check -sdk /Applications/Xcode-27.0.0-Release.Candidate.app/Contents/Developer/Platforms/AppleTVOS.platform/Developer/SDKs/AppleTVOS27.0.sdk -I /Users/admin/builder/spi-builder-workspace/.derivedData/Build/Products/Debug-appletvos -Isystem /Applications/Xcode-27.0.0-Release.Candidate.app/Contents/Developer/Platforms/AppleTVOS.platform/Developer/usr/lib -F /Users/admin/builder/spi-builder-workspace/.derivedData/Build/Products/Debug-appletvos -F /Applications/Xcode-27.0.0-Release.Candidate.app/Contents/Developer/Platforms/AppleTVOS.platform/Developer/Library/Frameworks -F /Applications/Xcode-27.0.0-Release.Candidate.app/Contents/Developer/Platforms/AppleTVOS.platform/Developer/SDKs/AppleTVOS27.0.sdk/Developer/Library/Frameworks -module-cache-path /Users/admin/builder/spi-builder-workspace/.derivedData/Build/Intermediates.noindex/SwiftExplicitPrecompiledModules -no-color-diagnostics -Xcc -fno-color-diagnostics -enable-testing -g -debug-info-format\=dwarf -dwarf-version\=4 -profile-generate -profile-coverage-mapping -swift-version 6 -Onone -D SWIFT_PACKAGE -D DEBUG -D SWIFT_MODULE_RESOURCE_BUNDLE_AVAILABLE -D Xcode -serialize-debugging-options -enable-experimental-feature DebugDescriptionMacro -empty-abi-descriptor -validate-clang-modules-once -clang-build-session-file /Users/admin/builder/spi-builder-workspace/.derivedData/ModuleCache.noindex/Session.modulevalidation -Xcc -working-directory -Xcc /Users/admin/builder/spi-builder-workspace/.swiftpm/xcode -enable-anonymous-context-mangled-names -file-compilation-dir /Users/admin/builder/spi-builder-workspace/.swiftpm/xcode -Xcc -D_LIBCPP_HARDENING_MODE\=_LIBCPP_HARDENING_MODE_DEBUG -Xcc -ivfsstatcache -Xcc /Users/admin/builder/spi-builder-workspace/.derivedData/SDKStatCaches.noindex/appletvos27.0-24J360-e829b21a6f8c9b70876ba0858053c044b32bfd8d43560033f8d89884cdb90028.sdkstatcache -Xcc -fmodules-prune-interval\=86400 -Xcc -fmodules-prune-after\=345600 -Xcc -I/Users/admin/builder/spi-builder-workspace/.derivedData/Build/Products/Debug-appletvos/include -Xcc -I/Users/admin/builder/spi-builder-workspace/.derivedData/Build/Intermediates.noindex/GradientEditor.build/Debug-appletvos/GradientEditor-t.build/DerivedSources-normal/arm64 -Xcc -I/Users/admin/builder/spi-builder-workspace/.derivedData/Build/Intermediates.noindex/GradientEditor.build/Debug-appletvos/GradientEditor-t.build/DerivedSources/arm64 -Xcc -I/Users/admin/builder/spi-builder-workspace/.derivedData/Build/Intermediates.noindex/GradientEditor.build/Debug-appletvos/GradientEditor-t.build/DerivedSources -Xcc -DSWIFT_PACKAGE -Xcc -DDEBUG\=1 -no-auto-bridging-header-chaining -module-name GradientEditor -package-name spi_builder_workspace -const-gather-protocols-file /Users/admin/builder/spi-builder-workspace/.derivedData/Build/Intermediates.noindex/GradientEditor.build/Debug-appletvos/GradientEditor-t.build/Objects-normal/arm64/GradientEditor_const_extract_protocols.json -disable-clang-spi -clang-target arm64-apple-tvos27.0 -target-sdk-version 27.0 -target-sdk-name appletvos27.0 -in-process-plugin-server-path /Applications/Xcode-27.0.0-Release.Candidate.app/Contents/Developer/Toolchains/XcodeDefault.xctoolchain/usr/lib/swift/host/libSwiftInProcPluginServer.dylib -emit-module-doc-path /Users/admin/builder/spi-builder-workspace/.derivedData/Build/Intermediates.noindex/GradientEditor.build/Debug-appletvos/GradientEditor-t.build/Objects-normal/arm64/GradientEditor.swiftdoc -emit-module-source-info-path /Users/admin/builder/spi-builder-workspace/.derivedData/Build/Intermediates.noindex/GradientEditor.build/Debug-appletvos/GradientEditor-t.build/Objects-normal/arm64/GradientEditor.swiftsourceinfo -emit-objc-header-path /Users/admin/builder/spi-builder-workspace/.derivedData/Build/Intermediates.noindex/GradientEditor.build/Debug-appletvos/GradientEditor-t.build/Objects-normal/arm64/GradientEditor-Swift.h -serialize-diagnostics-path /Users/admin/builder/spi-builder-workspace/.derivedData/Build/Intermediates.noindex/GradientEditor.build/Debug-appletvos/GradientEditor-t.build/Objects-normal/arm64/GradientEditor-primary-emit-module.dia -emit-dependencies-path /Users/admin/builder/spi-builder-workspace/.derivedData/Build/Intermediates.noindex/GradientEditor.build/Debug-appletvos/GradientEditor-t.build/Objects-normal/arm64/GradientEditor-primary-emit-module.d -parse-as-library -o /Users/admin/builder/spi-builder-workspace/.derivedData/Build/Intermediates.noindex/GradientEditor.build/Debug-appletvos/GradientEditor-t.build/Objects-normal/arm64/GradientEditor.swiftmodule -emit-abi-descriptor-path /Users/admin/builder/spi-builder-workspace/.derivedData/Build/Intermediates.noindex/GradientEditor.build/Debug-appletvos/GradientEditor-t.build/Objects-normal/arm64/GradientEditor.abi.json
SwiftCompile normal arm64 Compiling\ ColorStopEditorView.swift,\ DragHandle.swift,\ DragHandleShape.swift /Users/admin/builder/spi-builder-workspace/Sources/GradientEditor/Views/ColorStopEditorView.swift /Users/admin/builder/spi-builder-workspace/Sources/GradientEditor/Views/DragHandle.swift /Users/admin/builder/spi-builder-workspace/Sources/GradientEditor/Views/DragHandleShape.swift (in target 'GradientEditor' from project 'GradientEditor')
SwiftCompile normal arm64 /Users/admin/builder/spi-builder-workspace/Sources/GradientEditor/Views/ColorStopEditorView.swift (in target 'GradientEditor' from project 'GradientEditor')
cd /Users/admin/builder/spi-builder-workspace/.swiftpm/xcode
builtin-SwiftPerFileCompile ColorStopEditorView.swift
SwiftCompile normal arm64 /Users/admin/builder/spi-builder-workspace/Sources/GradientEditor/Views/DragHandle.swift (in target 'GradientEditor' from project 'GradientEditor')
cd /Users/admin/builder/spi-builder-workspace/.swiftpm/xcode
builtin-SwiftPerFileCompile DragHandle.swift
SwiftCompile normal arm64 /Users/admin/builder/spi-builder-workspace/Sources/GradientEditor/Views/DragHandleShape.swift (in target 'GradientEditor' from project 'GradientEditor')
cd /Users/admin/builder/spi-builder-workspace/.swiftpm/xcode
builtin-SwiftPerFileCompile DragHandleShape.swift
SwiftCompile normal arm64 Compiling\ GradientEditView.swift,\ GradientStripView.swift,\ SchemeMetadataEditorView.swift /Users/admin/builder/spi-builder-workspace/Sources/GradientEditor/Views/GradientEditView.swift /Users/admin/builder/spi-builder-workspace/Sources/GradientEditor/Views/GradientStripView.swift /Users/admin/builder/spi-builder-workspace/Sources/GradientEditor/Views/SchemeMetadataEditorView.swift (in target 'GradientEditor' from project 'GradientEditor')
/Users/admin/builder/spi-builder-workspace/Sources/GradientEditor/Views/GradientEditView.swift:330:9: error: 'MagnificationGesture' is unavailable in tvOS
328 |
329 | private var pinchGesture: some Gesture {
330 | MagnificationGesture()
| `- error: 'MagnificationGesture' is unavailable in tvOS
331 | .updating($magnification) { value, state, _ in
332 | state = value
SwiftUI.MagnificationGesture:6:27: note: 'MagnificationGesture' has been explicitly marked unavailable here
4 | @available(tvOS, unavailable)
5 | @available(visionOS, introduced: 1.0, deprecated: 100000.0, renamed: "MagnifyGesture")
6 | nonisolated public struct MagnificationGesture : Gesture, ~Sendable {
| `- note: 'MagnificationGesture' has been explicitly marked unavailable here
7 | public var minimumScaleDelta: CGFloat
8 | nonisolated public init(minimumScaleDelta: CGFloat = 0.01)
/Users/admin/builder/spi-builder-workspace/Sources/GradientEditor/Views/GradientEditView.swift:343:9: error: 'DragGesture' is unavailable in tvOS
341 |
342 | private var panGesture: some Gesture {
343 | DragGesture(minimumDistance: 10)
| `- error: 'DragGesture' is unavailable in tvOS
344 | .onChanged { [self] value in
345 | guard !isDraggingHandle else { return }
SwiftUI.DragGesture:3:42: note: 'DragGesture' has been explicitly marked unavailable here
1 | @available(iOS 13.0, macOS 10.15, watchOS 6.0, *)
2 | @available(tvOS, unavailable)
3 | @MainActor @preconcurrency public struct DragGesture : Gesture, ~Sendable {
| `- note: 'DragGesture' has been explicitly marked unavailable here
4 | public struct Value : Equatable, Sendable {
5 | public var time: Date
SwiftCompile normal arm64 /Users/admin/builder/spi-builder-workspace/Sources/GradientEditor/Views/GradientEditView.swift (in target 'GradientEditor' from project 'GradientEditor')
cd /Users/admin/builder/spi-builder-workspace/.swiftpm/xcode
builtin-SwiftPerFileCompile GradientEditView.swift
SwiftCompile normal arm64 /Users/admin/builder/spi-builder-workspace/Sources/GradientEditor/Views/GradientStripView.swift (in target 'GradientEditor' from project 'GradientEditor')
cd /Users/admin/builder/spi-builder-workspace/.swiftpm/xcode
builtin-SwiftPerFileCompile GradientStripView.swift
SwiftCompile normal arm64 /Users/admin/builder/spi-builder-workspace/Sources/GradientEditor/Views/SchemeMetadataEditorView.swift (in target 'GradientEditor' from project 'GradientEditor')
cd /Users/admin/builder/spi-builder-workspace/.swiftpm/xcode
builtin-SwiftPerFileCompile SchemeMetadataEditorView.swift
SwiftCompile normal arm64 Compiling\ ColorStopEditorViewModel.swift,\ DragHandleViewModel.swift,\ GradientEditViewModel.swift /Users/admin/builder/spi-builder-workspace/Sources/GradientEditor/ViewModels/ColorStopEditorViewModel.swift /Users/admin/builder/spi-builder-workspace/Sources/GradientEditor/ViewModels/DragHandleViewModel.swift /Users/admin/builder/spi-builder-workspace/Sources/GradientEditor/ViewModels/GradientEditViewModel.swift (in target 'GradientEditor' from project 'GradientEditor')
SwiftCompile normal arm64 /Users/admin/builder/spi-builder-workspace/Sources/GradientEditor/ViewModels/ColorStopEditorViewModel.swift (in target 'GradientEditor' from project 'GradientEditor')
cd /Users/admin/builder/spi-builder-workspace/.swiftpm/xcode
builtin-SwiftPerFileCompile ColorStopEditorViewModel.swift
SwiftCompile normal arm64 /Users/admin/builder/spi-builder-workspace/Sources/GradientEditor/ViewModels/DragHandleViewModel.swift (in target 'GradientEditor' from project 'GradientEditor')
cd /Users/admin/builder/spi-builder-workspace/.swiftpm/xcode
builtin-SwiftPerFileCompile DragHandleViewModel.swift
SwiftCompile normal arm64 /Users/admin/builder/spi-builder-workspace/Sources/GradientEditor/ViewModels/GradientEditViewModel.swift (in target 'GradientEditor' from project 'GradientEditor')
cd /Users/admin/builder/spi-builder-workspace/.swiftpm/xcode
builtin-SwiftPerFileCompile GradientEditViewModel.swift
SwiftCompile normal arm64 Compiling\ DefaultColorProvider.swift,\ GradientEditorDelegate.swift,\ GradientEditorViewController.swift /Users/admin/builder/spi-builder-workspace/Sources/GradientEditor/Protocols/DefaultColorProvider.swift /Users/admin/builder/spi-builder-workspace/Sources/GradientEditor/UIKit/GradientEditorDelegate.swift /Users/admin/builder/spi-builder-workspace/Sources/GradientEditor/UIKit/GradientEditorViewController.swift (in target 'GradientEditor' from project 'GradientEditor')
SwiftCompile normal arm64 /Users/admin/builder/spi-builder-workspace/Sources/GradientEditor/Protocols/DefaultColorProvider.swift (in target 'GradientEditor' from project 'GradientEditor')
cd /Users/admin/builder/spi-builder-workspace/.swiftpm/xcode
builtin-SwiftPerFileCompile DefaultColorProvider.swift
SwiftCompile normal arm64 /Users/admin/builder/spi-builder-workspace/Sources/GradientEditor/UIKit/GradientEditorDelegate.swift (in target 'GradientEditor' from project 'GradientEditor')
cd /Users/admin/builder/spi-builder-workspace/.swiftpm/xcode
builtin-SwiftPerFileCompile GradientEditorDelegate.swift
SwiftCompile normal arm64 /Users/admin/builder/spi-builder-workspace/Sources/GradientEditor/UIKit/GradientEditorViewController.swift (in target 'GradientEditor' from project 'GradientEditor')
cd /Users/admin/builder/spi-builder-workspace/.swiftpm/xcode
builtin-SwiftPerFileCompile GradientEditorViewController.swift
SwiftCompile normal arm64 Compiling\ ColorStopType.swift,\ GradientColorScheme.swift,\ GradientEditorError.swift /Users/admin/builder/spi-builder-workspace/Sources/GradientEditor/Models/ColorStopType.swift /Users/admin/builder/spi-builder-workspace/Sources/GradientEditor/Models/GradientColorScheme.swift /Users/admin/builder/spi-builder-workspace/Sources/GradientEditor/Models/GradientEditorError.swift (in target 'GradientEditor' from project 'GradientEditor')
SwiftCompile normal arm64 /Users/admin/builder/spi-builder-workspace/Sources/GradientEditor/Models/ColorStopType.swift (in target 'GradientEditor' from project 'GradientEditor')
cd /Users/admin/builder/spi-builder-workspace/.swiftpm/xcode
builtin-SwiftPerFileCompile ColorStopType.swift
SwiftCompile normal arm64 /Users/admin/builder/spi-builder-workspace/Sources/GradientEditor/Models/GradientColorScheme.swift (in target 'GradientEditor' from project 'GradientEditor')
cd /Users/admin/builder/spi-builder-workspace/.swiftpm/xcode
builtin-SwiftPerFileCompile GradientColorScheme.swift
SwiftCompile normal arm64 /Users/admin/builder/spi-builder-workspace/Sources/GradientEditor/Models/GradientEditorError.swift (in target 'GradientEditor' from project 'GradientEditor')
cd /Users/admin/builder/spi-builder-workspace/.swiftpm/xcode
builtin-SwiftPerFileCompile GradientEditorError.swift
SwiftCompile normal arm64 Compiling\ LocalizedStringKey+GradientEditor.swift,\ ColorMap.swift,\ ColorStop.swift /Users/admin/builder/spi-builder-workspace/Sources/GradientEditor/Localization/LocalizedStringKey+GradientEditor.swift /Users/admin/builder/spi-builder-workspace/Sources/GradientEditor/Models/ColorMap.swift /Users/admin/builder/spi-builder-workspace/Sources/GradientEditor/Models/ColorStop.swift (in target 'GradientEditor' from project 'GradientEditor')
SwiftCompile normal arm64 /Users/admin/builder/spi-builder-workspace/Sources/GradientEditor/Localization/LocalizedStringKey+GradientEditor.swift (in target 'GradientEditor' from project 'GradientEditor')
cd /Users/admin/builder/spi-builder-workspace/.swiftpm/xcode
builtin-SwiftPerFileCompile LocalizedStringKey+GradientEditor.swift
SwiftCompile normal arm64 /Users/admin/builder/spi-builder-workspace/Sources/GradientEditor/Models/ColorMap.swift (in target 'GradientEditor' from project 'GradientEditor')
cd /Users/admin/builder/spi-builder-workspace/.swiftpm/xcode
builtin-SwiftPerFileCompile ColorMap.swift
SwiftCompile normal arm64 /Users/admin/builder/spi-builder-workspace/Sources/GradientEditor/Models/ColorStop.swift (in target 'GradientEditor' from project 'GradientEditor')
cd /Users/admin/builder/spi-builder-workspace/.swiftpm/xcode
builtin-SwiftPerFileCompile ColorStop.swift
SwiftCompile normal arm64 Compiling\ ColorMap+PlatformConversions.swift,\ PinchGestureModifier.swift,\ GradientEditor.swift /Users/admin/builder/spi-builder-workspace/Sources/GradientEditor/Extensions/ColorMap+PlatformConversions.swift /Users/admin/builder/spi-builder-workspace/Sources/GradientEditor/Gestures/PinchGestureModifier.swift /Users/admin/builder/spi-builder-workspace/Sources/GradientEditor/GradientEditor.swift (in target 'GradientEditor' from project 'GradientEditor')
/Users/admin/builder/spi-builder-workspace/Sources/GradientEditor/Gestures/PinchGestureModifier.swift:89:43: error: 'UIPinchGestureRecognizer' is unavailable in tvOS
87 | }
88 |
89 | @objc func handlePinch(_ gesture: UIPinchGestureRecognizer) {
| `- error: 'UIPinchGestureRecognizer' is unavailable in tvOS
90 | switch gesture.state {
91 | case .began:
/Applications/Xcode-27.0.0-Release.Candidate.app/Contents/Developer/Platforms/AppleTVOS.platform/Developer/SDKs/AppleTVOS27.0.sdk/System/Library/Frameworks/UIKit.framework/Headers/UIPinchGestureRecognizer.h:20:12: note: 'UIPinchGestureRecognizer' has been explicitly marked unavailable here
18 |
19 | UIKIT_EXTERN API_AVAILABLE(ios(3.2)) API_UNAVAILABLE(tvos, watchos) NS_SWIFT_UI_ACTOR
20 | @interface UIPinchGestureRecognizer : UIGestureRecognizer
| `- note: 'UIPinchGestureRecognizer' has been explicitly marked unavailable here
21 |
22 | @property (nonatomic) CGFloat scale; // scale relative to the touch points in screen coordinates
SwiftCompile normal arm64 /Users/admin/builder/spi-builder-workspace/Sources/GradientEditor/Extensions/ColorMap+PlatformConversions.swift (in target 'GradientEditor' from project 'GradientEditor')
cd /Users/admin/builder/spi-builder-workspace/.swiftpm/xcode
builtin-SwiftPerFileCompile ColorMap+PlatformConversions.swift
SwiftCompile normal arm64 /Users/admin/builder/spi-builder-workspace/Sources/GradientEditor/Gestures/PinchGestureModifier.swift (in target 'GradientEditor' from project 'GradientEditor')
cd /Users/admin/builder/spi-builder-workspace/.swiftpm/xcode
builtin-SwiftPerFileCompile PinchGestureModifier.swift
SwiftCompile normal arm64 /Users/admin/builder/spi-builder-workspace/Sources/GradientEditor/GradientEditor.swift (in target 'GradientEditor' from project 'GradientEditor')
cd /Users/admin/builder/spi-builder-workspace/.swiftpm/xcode
builtin-SwiftPerFileCompile GradientEditor.swift
SwiftCompile normal arm64 Compiling\ GradientEditorResult.swift,\ GradientLayoutGeometry.swift,\ ColorProvider.swift /Users/admin/builder/spi-builder-workspace/Sources/GradientEditor/Models/GradientEditorResult.swift /Users/admin/builder/spi-builder-workspace/Sources/GradientEditor/Models/GradientLayoutGeometry.swift /Users/admin/builder/spi-builder-workspace/Sources/GradientEditor/Protocols/ColorProvider.swift (in target 'GradientEditor' from project 'GradientEditor')
SwiftCompile normal arm64 /Users/admin/builder/spi-builder-workspace/Sources/GradientEditor/Models/GradientEditorResult.swift (in target 'GradientEditor' from project 'GradientEditor')
cd /Users/admin/builder/spi-builder-workspace/.swiftpm/xcode
builtin-SwiftPerFileCompile GradientEditorResult.swift
SwiftCompile normal arm64 /Users/admin/builder/spi-builder-workspace/Sources/GradientEditor/Models/GradientLayoutGeometry.swift (in target 'GradientEditor' from project 'GradientEditor')
cd /Users/admin/builder/spi-builder-workspace/.swiftpm/xcode
builtin-SwiftPerFileCompile GradientLayoutGeometry.swift
SwiftCompile normal arm64 /Users/admin/builder/spi-builder-workspace/Sources/GradientEditor/Protocols/ColorProvider.swift (in target 'GradientEditor' from project 'GradientEditor')
cd /Users/admin/builder/spi-builder-workspace/.swiftpm/xcode
builtin-SwiftPerFileCompile ColorProvider.swift
SwiftCompile normal arm64 Compiling\ AppKitGradientEditorDelegate.swift,\ AppKitGradientEditorViewController.swift,\ CGColor+Presets.swift /Users/admin/builder/spi-builder-workspace/Sources/GradientEditor/AppKit/AppKitGradientEditorDelegate.swift /Users/admin/builder/spi-builder-workspace/Sources/GradientEditor/AppKit/AppKitGradientEditorViewController.swift /Users/admin/builder/spi-builder-workspace/Sources/GradientEditor/Extensions/CGColor+Presets.swift (in target 'GradientEditor' from project 'GradientEditor')
SwiftCompile normal arm64 /Users/admin/builder/spi-builder-workspace/Sources/GradientEditor/AppKit/AppKitGradientEditorDelegate.swift (in target 'GradientEditor' from project 'GradientEditor')
cd /Users/admin/builder/spi-builder-workspace/.swiftpm/xcode
builtin-SwiftPerFileCompile AppKitGradientEditorDelegate.swift
SwiftCompile normal arm64 /Users/admin/builder/spi-builder-workspace/Sources/GradientEditor/AppKit/AppKitGradientEditorViewController.swift (in target 'GradientEditor' from project 'GradientEditor')
cd /Users/admin/builder/spi-builder-workspace/.swiftpm/xcode
builtin-SwiftPerFileCompile AppKitGradientEditorViewController.swift
SwiftCompile normal arm64 /Users/admin/builder/spi-builder-workspace/Sources/GradientEditor/Extensions/CGColor+Presets.swift (in target 'GradientEditor' from project 'GradientEditor')
cd /Users/admin/builder/spi-builder-workspace/.swiftpm/xcode
builtin-SwiftPerFileCompile CGColor+Presets.swift
SwiftCompile normal arm64 Compiling\ resource_bundle_accessor.swift,\ AccessibilityIdentifiers.swift,\ AccessibilityLabels.swift /Users/admin/builder/spi-builder-workspace/.derivedData/Build/Intermediates.noindex/GradientEditor.build/Debug-appletvos/GradientEditor-t.build/DerivedSources/resource_bundle_accessor.swift /Users/admin/builder/spi-builder-workspace/Sources/GradientEditor/Accessibility/AccessibilityIdentifiers.swift /Users/admin/builder/spi-builder-workspace/Sources/GradientEditor/Accessibility/AccessibilityLabels.swift (in target 'GradientEditor' from project 'GradientEditor')
SwiftCompile normal arm64 /Users/admin/builder/spi-builder-workspace/.derivedData/Build/Intermediates.noindex/GradientEditor.build/Debug-appletvos/GradientEditor-t.build/DerivedSources/resource_bundle_accessor.swift (in target 'GradientEditor' from project 'GradientEditor')
cd /Users/admin/builder/spi-builder-workspace/.swiftpm/xcode
builtin-SwiftPerFileCompile resource_bundle_accessor.swift
SwiftCompile normal arm64 /Users/admin/builder/spi-builder-workspace/Sources/GradientEditor/Accessibility/AccessibilityIdentifiers.swift (in target 'GradientEditor' from project 'GradientEditor')
cd /Users/admin/builder/spi-builder-workspace/.swiftpm/xcode
builtin-SwiftPerFileCompile AccessibilityIdentifiers.swift
SwiftCompile normal arm64 /Users/admin/builder/spi-builder-workspace/Sources/GradientEditor/Accessibility/AccessibilityLabels.swift (in target 'GradientEditor' from project 'GradientEditor')
cd /Users/admin/builder/spi-builder-workspace/.swiftpm/xcode
builtin-SwiftPerFileCompile AccessibilityLabels.swift
PruneExplicitPrecompiledModules /Users/admin/builder/spi-builder-workspace/.derivedData/Build/Intermediates.noindex/ExplicitPrecompiledModules
PruneExplicitPrecompiledModules /Users/admin/builder/spi-builder-workspace/.derivedData/SDKExplicitPrecompiledModules
PruneExplicitPrecompiledModules /Users/admin/builder/spi-builder-workspace/.derivedData/Build/Intermediates.noindex/SwiftExplicitPrecompiledModules
2026-09-23 05:48:04.565 xcodebuild[627:3902] [MT] IDERunDestination: Supported platforms for the buildables in the current scheme is empty.
** BUILD FAILED **
The following build commands failed:
SwiftCompile normal arm64 (in target 'GradientEditor' from project 'GradientEditor')
SwiftEmitModule normal arm64 Emitting\ module\ for\ GradientEditor (in target 'GradientEditor' from project 'GradientEditor')
Building workspace GradientEditor with scheme GradientEditor
(3 failures)
Command line invocation:
/Applications/Xcode-27.0.0-Release.Candidate.app/Contents/Developer/usr/bin/xcodebuild -IDEClonedSourcePackagesDirPathOverride=/Users/admin/builder/spi-builder-workspace/.dependencies -resolvePackageDependencies
Resolve Package Graph
Resolved source packages:
GradientEditor: /Users/admin/builder/spi-builder-workspace
resolved source packages: GradientEditor
2026-09-23 05:48:11.555 xcodebuild[750:4497] [MT] IDERunDestination: Supported platforms for the buildables in the current scheme is empty.
{
"dependencies" : [
],
"manifest_display_name" : "GradientEditor",
"name" : "GradientEditor",
"path" : "/Users/admin/builder/spi-builder-workspace",
"platforms" : [
{
"name" : "ios",
"version" : "17.0"
},
{
"name" : "visionos",
"version" : "1.0"
},
{
"name" : "macos",
"version" : "14.0"
}
],
"products" : [
{
"name" : "GradientEditor",
"targets" : [
"GradientEditor"
],
"type" : {
"library" : [
"automatic"
]
}
}
],
"targets" : [
{
"c99name" : "GradientEditorTests",
"module_type" : "SwiftTarget",
"name" : "GradientEditorTests",
"path" : "Tests/GradientEditorTests",
"sources" : [
"AppKitTests.swift",
"ColorMapTests.swift",
"ColorStopEditorViewModelTests.swift",
"ColorStopTests.swift",
"ColorStopTypeTests.swift",
"DefaultColorProviderTests.swift",
"GradientEditViewModelTests.swift",
"GradientEditorTests.swift",
"GradientLayoutGeometryTests.swift",
"IntegrationTests.swift",
"PlatformConversionTests.swift",
"UIKitTests.swift",
"ViewTests.swift"
],
"target_dependencies" : [
"GradientEditor"
],
"type" : "test"
},
{
"c99name" : "GradientEditor",
"module_type" : "SwiftTarget",
"name" : "GradientEditor",
"path" : "Sources/GradientEditor",
"product_memberships" : [
"GradientEditor"
],
"resources" : [
{
"path" : "/Users/admin/builder/spi-builder-workspace/Sources/GradientEditor/Resources/Localizable.xcstrings",
"rule" : {
"process" : {
}
}
}
],
"sources" : [
"Accessibility/AccessibilityIdentifiers.swift",
"Accessibility/AccessibilityLabels.swift",
"AppKit/AppKitGradientEditorDelegate.swift",
"AppKit/AppKitGradientEditorViewController.swift",
"Extensions/CGColor+Presets.swift",
"Extensions/ColorMap+PlatformConversions.swift",
"Gestures/PinchGestureModifier.swift",
"GradientEditor.swift",
"Localization/LocalizedStringKey+GradientEditor.swift",
"Models/ColorMap.swift",
"Models/ColorStop.swift",
"Models/ColorStopType.swift",
"Models/GradientColorScheme.swift",
"Models/GradientEditorError.swift",
"Models/GradientEditorResult.swift",
"Models/GradientLayoutGeometry.swift",
"Protocols/ColorProvider.swift",
"Protocols/DefaultColorProvider.swift",
"UIKit/GradientEditorDelegate.swift",
"UIKit/GradientEditorViewController.swift",
"ViewModels/ColorStopEditorViewModel.swift",
"ViewModels/DragHandleViewModel.swift",
"ViewModels/GradientEditViewModel.swift",
"Views/ColorStopEditorView.swift",
"Views/DragHandle.swift",
"Views/DragHandleShape.swift",
"Views/GradientEditView.swift",
"Views/GradientStripView.swift",
"Views/SchemeMetadataEditorView.swift"
],
"type" : "library"
}
],
"tools_version" : "6.0"
}
{
"workspace" : {
"name" : "GradientEditor",
"schemes" : [
"GradientEditor"
]
}
}
2026-09-23 05:48:12.857 xcodebuild[758:4568] [MT] IDERunDestination: Supported platforms for the buildables in the current scheme is empty.
Running build ...
env DEVELOPER_DIR=/Applications/Xcode-27.0.0-Release.Candidate.app xcrun xcodebuild -IDEClonedSourcePackagesDirPathOverride=$PWD/.dependencies -skipMacroValidation -skipPackagePluginValidation -derivedDataPath $PWD/.derivedData build -scheme GradientEditor -destination generic/platform=tvOS
Command line invocation:
/Applications/Xcode-27.0.0-Release.Candidate.app/Contents/Developer/usr/bin/xcodebuild -IDEClonedSourcePackagesDirPathOverride=/Users/admin/builder/spi-builder-workspace/.dependencies -skipMacroValidation -skipPackagePluginValidation -derivedDataPath /Users/admin/builder/spi-builder-workspace/.derivedData build -scheme GradientEditor -destination generic/platform=tvOS
Resolve Package Graph
Resolved source packages:
GradientEditor: /Users/admin/builder/spi-builder-workspace
ComputePackagePrebuildTargetDependencyGraph
Prepare packages
CreateBuildRequest
SendProjectDescription
CreateBuildOperation
ComputeTargetDependencyGraph
note: Building targets in dependency order
note: Target dependency graph (3 targets)
Target 'GradientEditor-product' in project 'GradientEditor'
➜ Explicit dependency on target 'GradientEditor' in project 'GradientEditor'
➜ Explicit dependency on target 'GradientEditor_GradientEditor' in project 'GradientEditor'
Target 'GradientEditor' in project 'GradientEditor'
➜ Explicit dependency on target 'GradientEditor_GradientEditor' in project 'GradientEditor'
Target 'GradientEditor_GradientEditor' in project 'GradientEditor' (no dependencies)
GatherProvisioningInputs
CreateBuildDescription
ClangStatCache /Applications/Xcode-27.0.0-Release.Candidate.app/Contents/Developer/Toolchains/XcodeDefault.xctoolchain/usr/bin/clang-stat-cache /Applications/Xcode-27.0.0-Release.Candidate.app/Contents/Developer/Platforms/AppleTVOS.platform/Developer/SDKs/AppleTVOS27.0.sdk /Users/admin/builder/spi-builder-workspace/.derivedData/SDKStatCaches.noindex/appletvos27.0-24J360-e829b21a6f8c9b70876ba0858053c044b32bfd8d43560033f8d89884cdb90028.sdkstatcache
cd /Users/admin/builder/spi-builder-workspace/.swiftpm/xcode
/Applications/Xcode-27.0.0-Release.Candidate.app/Contents/Developer/Toolchains/XcodeDefault.xctoolchain/usr/bin/clang-stat-cache /Applications/Xcode-27.0.0-Release.Candidate.app/Contents/Developer/Platforms/AppleTVOS.platform/Developer/SDKs/AppleTVOS27.0.sdk -o /Users/admin/builder/spi-builder-workspace/.derivedData/SDKStatCaches.noindex/appletvos27.0-24J360-e829b21a6f8c9b70876ba0858053c044b32bfd8d43560033f8d89884cdb90028.sdkstatcache
SwiftDriver GradientEditor normal arm64 com.apple.xcode.tools.swift.compiler (in target 'GradientEditor' from project 'GradientEditor')
cd /Users/admin/builder/spi-builder-workspace/.swiftpm/xcode
builtin-SwiftDriver -- /Applications/Xcode-27.0.0-Release.Candidate.app/Contents/Developer/Toolchains/XcodeDefault.xctoolchain/usr/bin/swiftc -parse-as-library -module-name GradientEditor -Onone @/Users/admin/builder/spi-builder-workspace/.derivedData/Build/Intermediates.noindex/GradientEditor.build/Debug-appletvos/GradientEditor-t.build/Objects-normal/arm64/GradientEditor.SwiftFileList -DSWIFT_PACKAGE -DDEBUG -DSWIFT_MODULE_RESOURCE_BUNDLE_AVAILABLE -DXcode -plugin-path /Applications/Xcode-27.0.0-Release.Candidate.app/Contents/Developer/Toolchains/XcodeDefault.xctoolchain/usr/lib/swift/host/plugins/testing -enable-experimental-feature DebugDescriptionMacro -sdk /Applications/Xcode-27.0.0-Release.Candidate.app/Contents/Developer/Platforms/AppleTVOS.platform/Developer/SDKs/AppleTVOS27.0.sdk -target arm64-apple-tvos17.0 -g -module-cache-path /Users/admin/builder/spi-builder-workspace/.derivedData/ModuleCache.noindex -Xfrontend -serialize-debugging-options -profile-coverage-mapping -profile-generate -enable-testing -index-store-path /Users/admin/builder/spi-builder-workspace/.derivedData/Index.noindex/DataStore -Xcc -D_LIBCPP_HARDENING_MODE\=_LIBCPP_HARDENING_MODE_DEBUG -swift-version 6 -I /Users/admin/builder/spi-builder-workspace/.derivedData/Build/Products/Debug-appletvos -Isystem /Applications/Xcode-27.0.0-Release.Candidate.app/Contents/Developer/Platforms/AppleTVOS.platform/Developer/usr/lib -F /Users/admin/builder/spi-builder-workspace/.derivedData/Build/Products/Debug-appletvos -F /Applications/Xcode-27.0.0-Release.Candidate.app/Contents/Developer/Platforms/AppleTVOS.platform/Developer/Library/Frameworks -F /Applications/Xcode-27.0.0-Release.Candidate.app/Contents/Developer/Platforms/AppleTVOS.platform/Developer/SDKs/AppleTVOS27.0.sdk/Developer/Library/Frameworks -c -j10 -enable-batch-mode -incremental -Xcc -ivfsstatcache -Xcc /Users/admin/builder/spi-builder-workspace/.derivedData/SDKStatCaches.noindex/appletvos27.0-24J360-e829b21a6f8c9b70876ba0858053c044b32bfd8d43560033f8d89884cdb90028.sdkstatcache -output-file-map /Users/admin/builder/spi-builder-workspace/.derivedData/Build/Intermediates.noindex/GradientEditor.build/Debug-appletvos/GradientEditor-t.build/Objects-normal/arm64/GradientEditor-OutputFileMap.json -save-temps -no-color-diagnostics -explicit-module-build -module-cache-path /Users/admin/builder/spi-builder-workspace/.derivedData/Build/Intermediates.noindex/SwiftExplicitPrecompiledModules -clang-scanner-module-cache-path /Users/admin/builder/spi-builder-workspace/.derivedData/ModuleCache.noindex -sdk-module-cache-path /Users/admin/builder/spi-builder-workspace/.derivedData/SDKExplicitPrecompiledModules -emit-dependencies -emit-module -emit-module-path /Users/admin/builder/spi-builder-workspace/.derivedData/Build/Intermediates.noindex/GradientEditor.build/Debug-appletvos/GradientEditor-t.build/Objects-normal/arm64/GradientEditor.swiftmodule -serialize-diagnostics -dependency-scan-serialize-diagnostics-path /Users/admin/builder/spi-builder-workspace/.derivedData/Build/Intermediates.noindex/GradientEditor.build/Debug-appletvos/GradientEditor-t.build/Objects-normal/arm64/GradientEditor-dependency-scan.dia -validate-clang-modules-once -clang-build-session-file /Users/admin/builder/spi-builder-workspace/.derivedData/ModuleCache.noindex/Session.modulevalidation -Xcc -fmodules-prune-interval\=86400 -Xcc -fmodules-prune-after\=345600 -package-name spi_builder_workspace -emit-const-values -const-gather-protocols-list /Users/admin/builder/spi-builder-workspace/.derivedData/Build/Intermediates.noindex/GradientEditor.build/Debug-appletvos/GradientEditor-t.build/Objects-normal/arm64/GradientEditor_const_extract_protocols.json -Xcc -I/Users/admin/builder/spi-builder-workspace/.derivedData/Build/Products/Debug-appletvos/include -Xcc -I/Users/admin/builder/spi-builder-workspace/.derivedData/Build/Intermediates.noindex/GradientEditor.build/Debug-appletvos/GradientEditor-t.build/DerivedSources-normal/arm64 -Xcc -I/Users/admin/builder/spi-builder-workspace/.derivedData/Build/Intermediates.noindex/GradientEditor.build/Debug-appletvos/GradientEditor-t.build/DerivedSources/arm64 -Xcc -I/Users/admin/builder/spi-builder-workspace/.derivedData/Build/Intermediates.noindex/GradientEditor.build/Debug-appletvos/GradientEditor-t.build/DerivedSources -Xcc -DSWIFT_PACKAGE -Xcc -DDEBUG\=1 -emit-objc-header -emit-objc-header-path /Users/admin/builder/spi-builder-workspace/.derivedData/Build/Intermediates.noindex/GradientEditor.build/Debug-appletvos/GradientEditor-t.build/Objects-normal/arm64/GradientEditor-Swift.h -working-directory /Users/admin/builder/spi-builder-workspace/.swiftpm/xcode -experimental-emit-module-separately -disable-cmo
SwiftCompile normal arm64 Compiling\ resource_bundle_accessor.swift,\ AccessibilityIdentifiers.swift,\ AccessibilityLabels.swift /Users/admin/builder/spi-builder-workspace/.derivedData/Build/Intermediates.noindex/GradientEditor.build/Debug-appletvos/GradientEditor-t.build/DerivedSources/resource_bundle_accessor.swift /Users/admin/builder/spi-builder-workspace/Sources/GradientEditor/Accessibility/AccessibilityIdentifiers.swift /Users/admin/builder/spi-builder-workspace/Sources/GradientEditor/Accessibility/AccessibilityLabels.swift (in target 'GradientEditor' from project 'GradientEditor')
SwiftCompile normal arm64 /Users/admin/builder/spi-builder-workspace/.derivedData/Build/Intermediates.noindex/GradientEditor.build/Debug-appletvos/GradientEditor-t.build/DerivedSources/resource_bundle_accessor.swift (in target 'GradientEditor' from project 'GradientEditor')
cd /Users/admin/builder/spi-builder-workspace/.swiftpm/xcode
builtin-SwiftPerFileCompile resource_bundle_accessor.swift
SwiftCompile normal arm64 /Users/admin/builder/spi-builder-workspace/Sources/GradientEditor/Accessibility/AccessibilityIdentifiers.swift (in target 'GradientEditor' from project 'GradientEditor')
cd /Users/admin/builder/spi-builder-workspace/.swiftpm/xcode
builtin-SwiftPerFileCompile AccessibilityIdentifiers.swift
SwiftCompile normal arm64 /Users/admin/builder/spi-builder-workspace/Sources/GradientEditor/Accessibility/AccessibilityLabels.swift (in target 'GradientEditor' from project 'GradientEditor')
cd /Users/admin/builder/spi-builder-workspace/.swiftpm/xcode
builtin-SwiftPerFileCompile AccessibilityLabels.swift
SwiftCompile normal arm64 Compiling\ LocalizedStringKey+GradientEditor.swift,\ ColorMap.swift,\ ColorStop.swift /Users/admin/builder/spi-builder-workspace/Sources/GradientEditor/Localization/LocalizedStringKey+GradientEditor.swift /Users/admin/builder/spi-builder-workspace/Sources/GradientEditor/Models/ColorMap.swift /Users/admin/builder/spi-builder-workspace/Sources/GradientEditor/Models/ColorStop.swift (in target 'GradientEditor' from project 'GradientEditor')
SwiftCompile normal arm64 /Users/admin/builder/spi-builder-workspace/Sources/GradientEditor/Localization/LocalizedStringKey+GradientEditor.swift (in target 'GradientEditor' from project 'GradientEditor')
cd /Users/admin/builder/spi-builder-workspace/.swiftpm/xcode
builtin-SwiftPerFileCompile LocalizedStringKey+GradientEditor.swift
SwiftCompile normal arm64 /Users/admin/builder/spi-builder-workspace/Sources/GradientEditor/Models/ColorMap.swift (in target 'GradientEditor' from project 'GradientEditor')
cd /Users/admin/builder/spi-builder-workspace/.swiftpm/xcode
builtin-SwiftPerFileCompile ColorMap.swift
SwiftCompile normal arm64 /Users/admin/builder/spi-builder-workspace/Sources/GradientEditor/Models/ColorStop.swift (in target 'GradientEditor' from project 'GradientEditor')
cd /Users/admin/builder/spi-builder-workspace/.swiftpm/xcode
builtin-SwiftPerFileCompile ColorStop.swift
SwiftCompile normal arm64 Compiling\ AppKitGradientEditorDelegate.swift,\ AppKitGradientEditorViewController.swift,\ CGColor+Presets.swift /Users/admin/builder/spi-builder-workspace/Sources/GradientEditor/AppKit/AppKitGradientEditorDelegate.swift /Users/admin/builder/spi-builder-workspace/Sources/GradientEditor/AppKit/AppKitGradientEditorViewController.swift /Users/admin/builder/spi-builder-workspace/Sources/GradientEditor/Extensions/CGColor+Presets.swift (in target 'GradientEditor' from project 'GradientEditor')
SwiftCompile normal arm64 /Users/admin/builder/spi-builder-workspace/Sources/GradientEditor/AppKit/AppKitGradientEditorDelegate.swift (in target 'GradientEditor' from project 'GradientEditor')
cd /Users/admin/builder/spi-builder-workspace/.swiftpm/xcode
builtin-SwiftPerFileCompile AppKitGradientEditorDelegate.swift
SwiftCompile normal arm64 /Users/admin/builder/spi-builder-workspace/Sources/GradientEditor/AppKit/AppKitGradientEditorViewController.swift (in target 'GradientEditor' from project 'GradientEditor')
cd /Users/admin/builder/spi-builder-workspace/.swiftpm/xcode
builtin-SwiftPerFileCompile AppKitGradientEditorViewController.swift
SwiftCompile normal arm64 /Users/admin/builder/spi-builder-workspace/Sources/GradientEditor/Extensions/CGColor+Presets.swift (in target 'GradientEditor' from project 'GradientEditor')
cd /Users/admin/builder/spi-builder-workspace/.swiftpm/xcode
builtin-SwiftPerFileCompile CGColor+Presets.swift
SwiftCompile normal arm64 Compiling\ ColorMap+PlatformConversions.swift,\ PinchGestureModifier.swift,\ GradientEditor.swift /Users/admin/builder/spi-builder-workspace/Sources/GradientEditor/Extensions/ColorMap+PlatformConversions.swift /Users/admin/builder/spi-builder-workspace/Sources/GradientEditor/Gestures/PinchGestureModifier.swift /Users/admin/builder/spi-builder-workspace/Sources/GradientEditor/GradientEditor.swift (in target 'GradientEditor' from project 'GradientEditor')
/Users/admin/builder/spi-builder-workspace/Sources/GradientEditor/Gestures/PinchGestureModifier.swift:89:43: error: 'UIPinchGestureRecognizer' is unavailable in tvOS
87 | }
88 |
89 | @objc func handlePinch(_ gesture: UIPinchGestureRecognizer) {
| `- error: 'UIPinchGestureRecognizer' is unavailable in tvOS
90 | switch gesture.state {
91 | case .began:
/Applications/Xcode-27.0.0-Release.Candidate.app/Contents/Developer/Platforms/AppleTVOS.platform/Developer/SDKs/AppleTVOS27.0.sdk/System/Library/Frameworks/UIKit.framework/Headers/UIPinchGestureRecognizer.h:20:12: note: 'UIPinchGestureRecognizer' has been explicitly marked unavailable here
18 |
19 | UIKIT_EXTERN API_AVAILABLE(ios(3.2)) API_UNAVAILABLE(tvos, watchos) NS_SWIFT_UI_ACTOR
20 | @interface UIPinchGestureRecognizer : UIGestureRecognizer
| `- note: 'UIPinchGestureRecognizer' has been explicitly marked unavailable here
21 |
22 | @property (nonatomic) CGFloat scale; // scale relative to the touch points in screen coordinates
SwiftCompile normal arm64 /Users/admin/builder/spi-builder-workspace/Sources/GradientEditor/Extensions/ColorMap+PlatformConversions.swift (in target 'GradientEditor' from project 'GradientEditor')
cd /Users/admin/builder/spi-builder-workspace/.swiftpm/xcode
builtin-SwiftPerFileCompile ColorMap+PlatformConversions.swift
SwiftCompile normal arm64 /Users/admin/builder/spi-builder-workspace/Sources/GradientEditor/Gestures/PinchGestureModifier.swift (in target 'GradientEditor' from project 'GradientEditor')
cd /Users/admin/builder/spi-builder-workspace/.swiftpm/xcode
builtin-SwiftPerFileCompile PinchGestureModifier.swift
SwiftCompile normal arm64 /Users/admin/builder/spi-builder-workspace/Sources/GradientEditor/GradientEditor.swift (in target 'GradientEditor' from project 'GradientEditor')
cd /Users/admin/builder/spi-builder-workspace/.swiftpm/xcode
builtin-SwiftPerFileCompile GradientEditor.swift
SwiftCompile normal arm64 Compiling\ GradientEditorResult.swift,\ GradientLayoutGeometry.swift,\ ColorProvider.swift /Users/admin/builder/spi-builder-workspace/Sources/GradientEditor/Models/GradientEditorResult.swift /Users/admin/builder/spi-builder-workspace/Sources/GradientEditor/Models/GradientLayoutGeometry.swift /Users/admin/builder/spi-builder-workspace/Sources/GradientEditor/Protocols/ColorProvider.swift (in target 'GradientEditor' from project 'GradientEditor')
SwiftCompile normal arm64 /Users/admin/builder/spi-builder-workspace/Sources/GradientEditor/Models/GradientEditorResult.swift (in target 'GradientEditor' from project 'GradientEditor')
cd /Users/admin/builder/spi-builder-workspace/.swiftpm/xcode
builtin-SwiftPerFileCompile GradientEditorResult.swift
SwiftCompile normal arm64 /Users/admin/builder/spi-builder-workspace/Sources/GradientEditor/Models/GradientLayoutGeometry.swift (in target 'GradientEditor' from project 'GradientEditor')
cd /Users/admin/builder/spi-builder-workspace/.swiftpm/xcode
builtin-SwiftPerFileCompile GradientLayoutGeometry.swift
SwiftCompile normal arm64 /Users/admin/builder/spi-builder-workspace/Sources/GradientEditor/Protocols/ColorProvider.swift (in target 'GradientEditor' from project 'GradientEditor')
cd /Users/admin/builder/spi-builder-workspace/.swiftpm/xcode
builtin-SwiftPerFileCompile ColorProvider.swift
SwiftCompile normal arm64 Compiling\ DefaultColorProvider.swift,\ GradientEditorDelegate.swift,\ GradientEditorViewController.swift /Users/admin/builder/spi-builder-workspace/Sources/GradientEditor/Protocols/DefaultColorProvider.swift /Users/admin/builder/spi-builder-workspace/Sources/GradientEditor/UIKit/GradientEditorDelegate.swift /Users/admin/builder/spi-builder-workspace/Sources/GradientEditor/UIKit/GradientEditorViewController.swift (in target 'GradientEditor' from project 'GradientEditor')
SwiftCompile normal arm64 /Users/admin/builder/spi-builder-workspace/Sources/GradientEditor/Protocols/DefaultColorProvider.swift (in target 'GradientEditor' from project 'GradientEditor')
cd /Users/admin/builder/spi-builder-workspace/.swiftpm/xcode
builtin-SwiftPerFileCompile DefaultColorProvider.swift
SwiftCompile normal arm64 /Users/admin/builder/spi-builder-workspace/Sources/GradientEditor/UIKit/GradientEditorDelegate.swift (in target 'GradientEditor' from project 'GradientEditor')
cd /Users/admin/builder/spi-builder-workspace/.swiftpm/xcode
builtin-SwiftPerFileCompile GradientEditorDelegate.swift
SwiftCompile normal arm64 /Users/admin/builder/spi-builder-workspace/Sources/GradientEditor/UIKit/GradientEditorViewController.swift (in target 'GradientEditor' from project 'GradientEditor')
cd /Users/admin/builder/spi-builder-workspace/.swiftpm/xcode
builtin-SwiftPerFileCompile GradientEditorViewController.swift
SwiftCompile normal arm64 Compiling\ ColorStopType.swift,\ GradientColorScheme.swift,\ GradientEditorError.swift /Users/admin/builder/spi-builder-workspace/Sources/GradientEditor/Models/ColorStopType.swift /Users/admin/builder/spi-builder-workspace/Sources/GradientEditor/Models/GradientColorScheme.swift /Users/admin/builder/spi-builder-workspace/Sources/GradientEditor/Models/GradientEditorError.swift (in target 'GradientEditor' from project 'GradientEditor')
SwiftCompile normal arm64 /Users/admin/builder/spi-builder-workspace/Sources/GradientEditor/Models/ColorStopType.swift (in target 'GradientEditor' from project 'GradientEditor')
cd /Users/admin/builder/spi-builder-workspace/.swiftpm/xcode
builtin-SwiftPerFileCompile ColorStopType.swift
SwiftCompile normal arm64 /Users/admin/builder/spi-builder-workspace/Sources/GradientEditor/Models/GradientColorScheme.swift (in target 'GradientEditor' from project 'GradientEditor')
cd /Users/admin/builder/spi-builder-workspace/.swiftpm/xcode
builtin-SwiftPerFileCompile GradientColorScheme.swift
SwiftCompile normal arm64 /Users/admin/builder/spi-builder-workspace/Sources/GradientEditor/Models/GradientEditorError.swift (in target 'GradientEditor' from project 'GradientEditor')
cd /Users/admin/builder/spi-builder-workspace/.swiftpm/xcode
builtin-SwiftPerFileCompile GradientEditorError.swift
SwiftCompile normal arm64 Compiling\ ColorStopEditorView.swift,\ DragHandle.swift,\ DragHandleShape.swift /Users/admin/builder/spi-builder-workspace/Sources/GradientEditor/Views/ColorStopEditorView.swift /Users/admin/builder/spi-builder-workspace/Sources/GradientEditor/Views/DragHandle.swift /Users/admin/builder/spi-builder-workspace/Sources/GradientEditor/Views/DragHandleShape.swift (in target 'GradientEditor' from project 'GradientEditor')
SwiftCompile normal arm64 /Users/admin/builder/spi-builder-workspace/Sources/GradientEditor/Views/ColorStopEditorView.swift (in target 'GradientEditor' from project 'GradientEditor')
cd /Users/admin/builder/spi-builder-workspace/.swiftpm/xcode
builtin-SwiftPerFileCompile ColorStopEditorView.swift
SwiftCompile normal arm64 /Users/admin/builder/spi-builder-workspace/Sources/GradientEditor/Views/DragHandle.swift (in target 'GradientEditor' from project 'GradientEditor')
cd /Users/admin/builder/spi-builder-workspace/.swiftpm/xcode
builtin-SwiftPerFileCompile DragHandle.swift
SwiftCompile normal arm64 /Users/admin/builder/spi-builder-workspace/Sources/GradientEditor/Views/DragHandleShape.swift (in target 'GradientEditor' from project 'GradientEditor')
cd /Users/admin/builder/spi-builder-workspace/.swiftpm/xcode
builtin-SwiftPerFileCompile DragHandleShape.swift
SwiftCompile normal arm64 Compiling\ GradientEditView.swift,\ GradientStripView.swift,\ SchemeMetadataEditorView.swift /Users/admin/builder/spi-builder-workspace/Sources/GradientEditor/Views/GradientEditView.swift /Users/admin/builder/spi-builder-workspace/Sources/GradientEditor/Views/GradientStripView.swift /Users/admin/builder/spi-builder-workspace/Sources/GradientEditor/Views/SchemeMetadataEditorView.swift (in target 'GradientEditor' from project 'GradientEditor')
/Users/admin/builder/spi-builder-workspace/Sources/GradientEditor/Views/GradientEditView.swift:330:9: error: 'MagnificationGesture' is unavailable in tvOS
328 |
329 | private var pinchGesture: some Gesture {
330 | MagnificationGesture()
| `- error: 'MagnificationGesture' is unavailable in tvOS
331 | .updating($magnification) { value, state, _ in
332 | state = value
SwiftUI.MagnificationGesture:6:27: note: 'MagnificationGesture' has been explicitly marked unavailable here
4 | @available(tvOS, unavailable)
5 | @available(visionOS, introduced: 1.0, deprecated: 100000.0, renamed: "MagnifyGesture")
6 | nonisolated public struct MagnificationGesture : Gesture, ~Sendable {
| `- note: 'MagnificationGesture' has been explicitly marked unavailable here
7 | public var minimumScaleDelta: CGFloat
8 | nonisolated public init(minimumScaleDelta: CGFloat = 0.01)
/Users/admin/builder/spi-builder-workspace/Sources/GradientEditor/Views/GradientEditView.swift:343:9: error: 'DragGesture' is unavailable in tvOS
341 |
342 | private var panGesture: some Gesture {
343 | DragGesture(minimumDistance: 10)
| `- error: 'DragGesture' is unavailable in tvOS
344 | .onChanged { [self] value in
345 | guard !isDraggingHandle else { return }
SwiftUI.DragGesture:3:42: note: 'DragGesture' has been explicitly marked unavailable here
1 | @available(iOS 13.0, macOS 10.15, watchOS 6.0, *)
2 | @available(tvOS, unavailable)
3 | @MainActor @preconcurrency public struct DragGesture : Gesture, ~Sendable {
| `- note: 'DragGesture' has been explicitly marked unavailable here
4 | public struct Value : Equatable, Sendable {
5 | public var time: Date
/Users/admin/builder/spi-builder-workspace/Sources/GradientEditor/Views/GradientEditView.swift:343:9: error: 'init(minimumDistance:coordinateSpace:)' is unavailable in tvOS
341 |
342 | private var panGesture: some Gesture {
343 | DragGesture(minimumDistance: 10)
| `- error: 'init(minimumDistance:coordinateSpace:)' is unavailable in tvOS
344 | .onChanged { [self] value in
345 | guard !isDraggingHandle else { return }
SwiftUI.DragGesture.init:4:37: note: 'init(minimumDistance:coordinateSpace:)' has been explicitly marked unavailable here
2 | @available(iOS 17.0, macOS 14.0, watchOS 10.0, *)
3 | @available(tvOS, unavailable)
4 | @MainActor @preconcurrency public init(minimumDistance: CGFloat = 10, coordinateSpace: some CoordinateSpaceProtocol = .local)}
| `- note: 'init(minimumDistance:coordinateSpace:)' has been explicitly marked unavailable here
5 |
/Users/admin/builder/spi-builder-workspace/Sources/GradientEditor/Views/GradientStripView.swift:195:9: error: 'DragGesture' is unavailable in tvOS
193 |
194 | private func stopDragGesture(for handleVM: DragHandleViewModel) -> some Gesture {
195 | DragGesture(coordinateSpace: .named("gradientStrip"))
| `- error: 'DragGesture' is unavailable in tvOS
196 | .updating($isActiveDrag) { _, state, _ in
197 | state = true
SwiftUI.DragGesture:3:42: note: 'DragGesture' has been explicitly marked unavailable here
1 | @available(iOS 13.0, macOS 10.15, watchOS 6.0, *)
2 | @available(tvOS, unavailable)
3 | @MainActor @preconcurrency public struct DragGesture : Gesture, ~Sendable {
| `- note: 'DragGesture' has been explicitly marked unavailable here
4 | public struct Value : Equatable, Sendable {
5 | public var time: Date
SwiftCompile normal arm64 /Users/admin/builder/spi-builder-workspace/Sources/GradientEditor/Views/GradientEditView.swift (in target 'GradientEditor' from project 'GradientEditor')
cd /Users/admin/builder/spi-builder-workspace/.swiftpm/xcode
builtin-SwiftPerFileCompile GradientEditView.swift
SwiftCompile normal arm64 /Users/admin/builder/spi-builder-workspace/Sources/GradientEditor/Views/GradientStripView.swift (in target 'GradientEditor' from project 'GradientEditor')
cd /Users/admin/builder/spi-builder-workspace/.swiftpm/xcode
builtin-SwiftPerFileCompile GradientStripView.swift
SwiftCompile normal arm64 /Users/admin/builder/spi-builder-workspace/Sources/GradientEditor/Views/SchemeMetadataEditorView.swift (in target 'GradientEditor' from project 'GradientEditor')
cd /Users/admin/builder/spi-builder-workspace/.swiftpm/xcode
builtin-SwiftPerFileCompile SchemeMetadataEditorView.swift
SwiftEmitModule normal arm64 Emitting\ module\ for\ GradientEditor (in target 'GradientEditor' from project 'GradientEditor')
/Users/admin/builder/spi-builder-workspace/Sources/GradientEditor/Gestures/PinchGestureModifier.swift:89:43: error: 'UIPinchGestureRecognizer' is unavailable in tvOS
87 | }
88 |
89 | @objc func handlePinch(_ gesture: UIPinchGestureRecognizer) {
| `- error: 'UIPinchGestureRecognizer' is unavailable in tvOS
90 | switch gesture.state {
91 | case .began:
/Applications/Xcode-27.0.0-Release.Candidate.app/Contents/Developer/Platforms/AppleTVOS.platform/Developer/SDKs/AppleTVOS27.0.sdk/System/Library/Frameworks/UIKit.framework/Headers/UIPinchGestureRecognizer.h:20:12: note: 'UIPinchGestureRecognizer' has been explicitly marked unavailable here
18 |
19 | UIKIT_EXTERN API_AVAILABLE(ios(3.2)) API_UNAVAILABLE(tvos, watchos) NS_SWIFT_UI_ACTOR
20 | @interface UIPinchGestureRecognizer : UIGestureRecognizer
| `- note: 'UIPinchGestureRecognizer' has been explicitly marked unavailable here
21 |
22 | @property (nonatomic) CGFloat scale; // scale relative to the touch points in screen coordinates
Failed frontend command:
/Applications/Xcode-27.0.0-Release.Candidate.app/Contents/Developer/Toolchains/XcodeDefault.xctoolchain/usr/bin/swift-frontend -frontend -emit-module -experimental-skip-non-inlinable-function-bodies-without-types /Users/admin/builder/spi-builder-workspace/.derivedData/Build/Intermediates.noindex/GradientEditor.build/Debug-appletvos/GradientEditor-t.build/DerivedSources/resource_bundle_accessor.swift /Users/admin/builder/spi-builder-workspace/Sources/GradientEditor/Accessibility/AccessibilityIdentifiers.swift /Users/admin/builder/spi-builder-workspace/Sources/GradientEditor/Accessibility/AccessibilityLabels.swift /Users/admin/builder/spi-builder-workspace/Sources/GradientEditor/AppKit/AppKitGradientEditorDelegate.swift /Users/admin/builder/spi-builder-workspace/Sources/GradientEditor/AppKit/AppKitGradientEditorViewController.swift /Users/admin/builder/spi-builder-workspace/Sources/GradientEditor/Extensions/CGColor+Presets.swift /Users/admin/builder/spi-builder-workspace/Sources/GradientEditor/Extensions/ColorMap+PlatformConversions.swift /Users/admin/builder/spi-builder-workspace/Sources/GradientEditor/Gestures/PinchGestureModifier.swift /Users/admin/builder/spi-builder-workspace/Sources/GradientEditor/GradientEditor.swift /Users/admin/builder/spi-builder-workspace/Sources/GradientEditor/Localization/LocalizedStringKey+GradientEditor.swift /Users/admin/builder/spi-builder-workspace/Sources/GradientEditor/Models/ColorMap.swift /Users/admin/builder/spi-builder-workspace/Sources/GradientEditor/Models/ColorStop.swift /Users/admin/builder/spi-builder-workspace/Sources/GradientEditor/Models/ColorStopType.swift /Users/admin/builder/spi-builder-workspace/Sources/GradientEditor/Models/GradientColorScheme.swift /Users/admin/builder/spi-builder-workspace/Sources/GradientEditor/Models/GradientEditorError.swift /Users/admin/builder/spi-builder-workspace/Sources/GradientEditor/Models/GradientEditorResult.swift /Users/admin/builder/spi-builder-workspace/Sources/GradientEditor/Models/GradientLayoutGeometry.swift /Users/admin/builder/spi-builder-workspace/Sources/GradientEditor/Protocols/ColorProvider.swift /Users/admin/builder/spi-builder-workspace/Sources/GradientEditor/Protocols/DefaultColorProvider.swift /Users/admin/builder/spi-builder-workspace/Sources/GradientEditor/UIKit/GradientEditorDelegate.swift /Users/admin/builder/spi-builder-workspace/Sources/GradientEditor/UIKit/GradientEditorViewController.swift /Users/admin/builder/spi-builder-workspace/Sources/GradientEditor/ViewModels/ColorStopEditorViewModel.swift /Users/admin/builder/spi-builder-workspace/Sources/GradientEditor/ViewModels/DragHandleViewModel.swift /Users/admin/builder/spi-builder-workspace/Sources/GradientEditor/ViewModels/GradientEditViewModel.swift /Users/admin/builder/spi-builder-workspace/Sources/GradientEditor/Views/ColorStopEditorView.swift /Users/admin/builder/spi-builder-workspace/Sources/GradientEditor/Views/DragHandle.swift /Users/admin/builder/spi-builder-workspace/Sources/GradientEditor/Views/DragHandleShape.swift /Users/admin/builder/spi-builder-workspace/Sources/GradientEditor/Views/GradientEditView.swift /Users/admin/builder/spi-builder-workspace/Sources/GradientEditor/Views/GradientStripView.swift /Users/admin/builder/spi-builder-workspace/Sources/GradientEditor/Views/SchemeMetadataEditorView.swift -target arm64-apple-tvos17.0 -module-can-import-version UIKit 9127.0.84.1 9127.0.84 -disable-cross-import-overlay-search -load-resolved-plugin /Applications/Xcode-27.0.0-Release.Candidate.app/Contents/Developer/Platforms/AppleTVOS.platform/Developer/usr/lib/swift/host/plugins/libFoundationMacros.dylib\#/Applications/Xcode-27.0.0-Release.Candidate.app/Contents/Developer/Platforms/AppleTVOS.platform/Developer/usr/bin/swift-plugin-server\#FoundationMacros -load-resolved-plugin /Applications/Xcode-27.0.0-Release.Candidate.app/Contents/Developer/Platforms/AppleTVOS.platform/Developer/usr/lib/swift/host/plugins/libObservationMacros.dylib\#/Applications/Xcode-27.0.0-Release.Candidate.app/Contents/Developer/Platforms/AppleTVOS.platform/Developer/usr/bin/swift-plugin-server\#ObservationMacros -load-resolved-plugin /Applications/Xcode-27.0.0-Release.Candidate.app/Contents/Developer/Platforms/AppleTVOS.platform/Developer/usr/lib/swift/host/plugins/libPreviewsMacros.dylib\#/Applications/Xcode-27.0.0-Release.Candidate.app/Contents/Developer/Platforms/AppleTVOS.platform/Developer/usr/bin/swift-plugin-server\#PreviewsMacros -load-resolved-plugin /Applications/Xcode-27.0.0-Release.Candidate.app/Contents/Developer/Platforms/AppleTVOS.platform/Developer/usr/lib/swift/host/plugins/libSwiftMacros.dylib\#/Applications/Xcode-27.0.0-Release.Candidate.app/Contents/Developer/Platforms/AppleTVOS.platform/Developer/usr/bin/swift-plugin-server\#SwiftMacros -load-resolved-plugin /Applications/Xcode-27.0.0-Release.Candidate.app/Contents/Developer/Platforms/AppleTVOS.platform/Developer/usr/lib/swift/host/plugins/libSwiftUIMacros.dylib\#/Applications/Xcode-27.0.0-Release.Candidate.app/Contents/Developer/Platforms/AppleTVOS.platform/Developer/usr/bin/swift-plugin-server\#SwiftUIMacros -disable-implicit-swift-modules -Xcc -fno-implicit-modules -Xcc -fno-implicit-module-maps -explicit-swift-module-map-file /Users/admin/builder/spi-builder-workspace/.derivedData/Build/Intermediates.noindex/GradientEditor.build/Debug-appletvos/GradientEditor-t.build/Objects-normal/arm64/GradientEditor-dependencies-1.json -Xllvm -aarch64-use-tbi -enable-objc-interop -stack-check -sdk /Applications/Xcode-27.0.0-Release.Candidate.app/Contents/Developer/Platforms/AppleTVOS.platform/Developer/SDKs/AppleTVOS27.0.sdk -I /Users/admin/builder/spi-builder-workspace/.derivedData/Build/Products/Debug-appletvos -Isystem /Applications/Xcode-27.0.0-Release.Candidate.app/Contents/Developer/Platforms/AppleTVOS.platform/Developer/usr/lib -F /Users/admin/builder/spi-builder-workspace/.derivedData/Build/Products/Debug-appletvos -F /Applications/Xcode-27.0.0-Release.Candidate.app/Contents/Developer/Platforms/AppleTVOS.platform/Developer/Library/Frameworks -F /Applications/Xcode-27.0.0-Release.Candidate.app/Contents/Developer/Platforms/AppleTVOS.platform/Developer/SDKs/AppleTVOS27.0.sdk/Developer/Library/Frameworks -module-cache-path /Users/admin/builder/spi-builder-workspace/.derivedData/Build/Intermediates.noindex/SwiftExplicitPrecompiledModules -no-color-diagnostics -Xcc -fno-color-diagnostics -enable-testing -g -debug-info-format\=dwarf -dwarf-version\=4 -profile-generate -profile-coverage-mapping -swift-version 6 -Onone -D SWIFT_PACKAGE -D DEBUG -D SWIFT_MODULE_RESOURCE_BUNDLE_AVAILABLE -D Xcode -serialize-debugging-options -enable-experimental-feature DebugDescriptionMacro -empty-abi-descriptor -validate-clang-modules-once -clang-build-session-file /Users/admin/builder/spi-builder-workspace/.derivedData/ModuleCache.noindex/Session.modulevalidation -Xcc -working-directory -Xcc /Users/admin/builder/spi-builder-workspace/.swiftpm/xcode -enable-anonymous-context-mangled-names -file-compilation-dir /Users/admin/builder/spi-builder-workspace/.swiftpm/xcode -Xcc -D_LIBCPP_HARDENING_MODE\=_LIBCPP_HARDENING_MODE_DEBUG -Xcc -ivfsstatcache -Xcc /Users/admin/builder/spi-builder-workspace/.derivedData/SDKStatCaches.noindex/appletvos27.0-24J360-e829b21a6f8c9b70876ba0858053c044b32bfd8d43560033f8d89884cdb90028.sdkstatcache -Xcc -fmodules-prune-interval\=86400 -Xcc -fmodules-prune-after\=345600 -Xcc -I/Users/admin/builder/spi-builder-workspace/.derivedData/Build/Products/Debug-appletvos/include -Xcc -I/Users/admin/builder/spi-builder-workspace/.derivedData/Build/Intermediates.noindex/GradientEditor.build/Debug-appletvos/GradientEditor-t.build/DerivedSources-normal/arm64 -Xcc -I/Users/admin/builder/spi-builder-workspace/.derivedData/Build/Intermediates.noindex/GradientEditor.build/Debug-appletvos/GradientEditor-t.build/DerivedSources/arm64 -Xcc -I/Users/admin/builder/spi-builder-workspace/.derivedData/Build/Intermediates.noindex/GradientEditor.build/Debug-appletvos/GradientEditor-t.build/DerivedSources -Xcc -DSWIFT_PACKAGE -Xcc -DDEBUG\=1 -no-auto-bridging-header-chaining -module-name GradientEditor -package-name spi_builder_workspace -const-gather-protocols-file /Users/admin/builder/spi-builder-workspace/.derivedData/Build/Intermediates.noindex/GradientEditor.build/Debug-appletvos/GradientEditor-t.build/Objects-normal/arm64/GradientEditor_const_extract_protocols.json -disable-clang-spi -clang-target arm64-apple-tvos27.0 -target-sdk-version 27.0 -target-sdk-name appletvos27.0 -in-process-plugin-server-path /Applications/Xcode-27.0.0-Release.Candidate.app/Contents/Developer/Toolchains/XcodeDefault.xctoolchain/usr/lib/swift/host/libSwiftInProcPluginServer.dylib -emit-module-doc-path /Users/admin/builder/spi-builder-workspace/.derivedData/Build/Intermediates.noindex/GradientEditor.build/Debug-appletvos/GradientEditor-t.build/Objects-normal/arm64/GradientEditor.swiftdoc -emit-module-source-info-path /Users/admin/builder/spi-builder-workspace/.derivedData/Build/Intermediates.noindex/GradientEditor.build/Debug-appletvos/GradientEditor-t.build/Objects-normal/arm64/GradientEditor.swiftsourceinfo -emit-objc-header-path /Users/admin/builder/spi-builder-workspace/.derivedData/Build/Intermediates.noindex/GradientEditor.build/Debug-appletvos/GradientEditor-t.build/Objects-normal/arm64/GradientEditor-Swift.h -serialize-diagnostics-path /Users/admin/builder/spi-builder-workspace/.derivedData/Build/Intermediates.noindex/GradientEditor.build/Debug-appletvos/GradientEditor-t.build/Objects-normal/arm64/GradientEditor-primary-emit-module.dia -emit-dependencies-path /Users/admin/builder/spi-builder-workspace/.derivedData/Build/Intermediates.noindex/GradientEditor.build/Debug-appletvos/GradientEditor-t.build/Objects-normal/arm64/GradientEditor-primary-emit-module.d -parse-as-library -o /Users/admin/builder/spi-builder-workspace/.derivedData/Build/Intermediates.noindex/GradientEditor.build/Debug-appletvos/GradientEditor-t.build/Objects-normal/arm64/GradientEditor.swiftmodule -emit-abi-descriptor-path /Users/admin/builder/spi-builder-workspace/.derivedData/Build/Intermediates.noindex/GradientEditor.build/Debug-appletvos/GradientEditor-t.build/Objects-normal/arm64/GradientEditor.abi.json
SwiftCompile normal arm64 (in target 'GradientEditor' from project 'GradientEditor')
cd /Users/admin/builder/spi-builder-workspace/.swiftpm/xcode
SwiftCompile normal arm64 Compiling\ ColorStopEditorViewModel.swift,\ DragHandleViewModel.swift,\ GradientEditViewModel.swift /Users/admin/builder/spi-builder-workspace/Sources/GradientEditor/ViewModels/ColorStopEditorViewModel.swift /Users/admin/builder/spi-builder-workspace/Sources/GradientEditor/ViewModels/DragHandleViewModel.swift /Users/admin/builder/spi-builder-workspace/Sources/GradientEditor/ViewModels/GradientEditViewModel.swift (in target 'GradientEditor' from project 'GradientEditor')
SwiftCompile normal arm64 /Users/admin/builder/spi-builder-workspace/Sources/GradientEditor/ViewModels/ColorStopEditorViewModel.swift (in target 'GradientEditor' from project 'GradientEditor')
cd /Users/admin/builder/spi-builder-workspace/.swiftpm/xcode
builtin-SwiftPerFileCompile ColorStopEditorViewModel.swift
SwiftCompile normal arm64 /Users/admin/builder/spi-builder-workspace/Sources/GradientEditor/ViewModels/DragHandleViewModel.swift (in target 'GradientEditor' from project 'GradientEditor')
cd /Users/admin/builder/spi-builder-workspace/.swiftpm/xcode
builtin-SwiftPerFileCompile DragHandleViewModel.swift
SwiftCompile normal arm64 /Users/admin/builder/spi-builder-workspace/Sources/GradientEditor/ViewModels/GradientEditViewModel.swift (in target 'GradientEditor' from project 'GradientEditor')
cd /Users/admin/builder/spi-builder-workspace/.swiftpm/xcode
builtin-SwiftPerFileCompile GradientEditViewModel.swift
PruneExplicitPrecompiledModules /Users/admin/builder/spi-builder-workspace/.derivedData/Build/Intermediates.noindex/SwiftExplicitPrecompiledModules
PruneExplicitPrecompiledModules /Users/admin/builder/spi-builder-workspace/.derivedData/SDKExplicitPrecompiledModules
PruneExplicitPrecompiledModules /Users/admin/builder/spi-builder-workspace/.derivedData/Build/Intermediates.noindex/ExplicitPrecompiledModules
2026-09-23 05:48:13.913 xcodebuild[759:4593] [MT] IDERunDestination: Supported platforms for the buildables in the current scheme is empty.
** BUILD FAILED **
The following build commands failed:
SwiftEmitModule normal arm64 Emitting\ module\ for\ GradientEditor (in target 'GradientEditor' from project 'GradientEditor')
SwiftCompile normal arm64 (in target 'GradientEditor' from project 'GradientEditor')
Building workspace GradientEditor with scheme GradientEditor
(3 failures)
BUILD FAILURE 6.4 tvOS