Build Information
Failed to build LeafMarkdown, reference 4.0.0 (a2292e), with Swift 6.2 for Wasm on 10 Aug 2026 21:41:51 UTC.
Build Command
bash -c docker run --pull=always --rm -v "checkouts-53886769-0":/host -w "$PWD" -e JAVA_HOME="/root/.sdkman/candidates/java/current" -e SPI_BUILD="1" -e SPI_PROCESSING="1" registry.gitlab.com/saguaro1/spi-images:wasm-6.2-latest swift build --swift-sdk swift-6.2-RELEASE_wasm 2>&1Build Log
========================================
RunAll
========================================
Builder version: 729ceb5fcd9493dc13ee340bc4f0908bd201f85d
Interrupt handler set up.
========================================
Checkout
========================================
Clone URL: https://github.com/vapor-community/leaf-markdown.git
Reference: 4.0.0
Initialized empty Git repository in /host/spi-builder-workspace/.git/
hint: Using 'master' as the name for the initial branch. This default branch name
hint: is subject to change. To configure the initial branch name to use in all
hint: of your new repositories, which will suppress this warning, call:
hint:
hint: git config --global init.defaultBranch <name>
hint:
hint: Names commonly chosen instead of 'master' are 'main', 'trunk' and
hint: 'development'. The just-created branch can be renamed via this command:
hint:
hint: git branch -m <name>
From https://github.com/vapor-community/leaf-markdown
* tag 4.0.0 -> FETCH_HEAD
HEAD is now at a2292ee Modernise (#15)
Cloned https://github.com/vapor-community/leaf-markdown.git
Revision (git rev-parse @):
a2292ee724754962c91d294d9fd2f416317f7a88
SUCCESS checkout https://github.com/vapor-community/leaf-markdown.git at 4.0.0
========================================
Build
========================================
Selected platform: wasm
Swift version: 6.2
Building package at path: $PWD
https://github.com/vapor-community/leaf-markdown.git
Running build ...
bash -c docker run --pull=always --rm -v "checkouts-53886769-0":/host -w "$PWD" -e JAVA_HOME="/root/.sdkman/candidates/java/current" -e SPI_BUILD="1" -e SPI_PROCESSING="1" registry.gitlab.com/saguaro1/spi-images:wasm-6.2-latest swift build --swift-sdk swift-6.2-RELEASE_wasm 2>&1
wasm-6.2-latest: Pulling from saguaro1/spi-images
Digest: sha256:70428a4f4110aef5b17a27427e965f31cf3855e8cf1dfdc416ed61c780337965
Status: Image is up to date for registry.gitlab.com/saguaro1/spi-images:wasm-6.2-latest
Fetching https://github.com/vapor/leaf-kit.git
Fetching https://github.com/swiftlang/swift-cmark.git
[1/18571] Fetching swift-cmark
[1673/23662] Fetching swift-cmark, leaf-kit
Fetched https://github.com/swiftlang/swift-cmark.git from cache (0.84s)
[764/5091] Fetching leaf-kit
Fetched https://github.com/vapor/leaf-kit.git from cache (1.01s)
Computing version for https://github.com/vapor/leaf-kit.git
Computed https://github.com/vapor/leaf-kit.git at 1.14.3 (1.15s)
Fetching https://github.com/apple/swift-nio.git
[1/85265] Fetching swift-nio
Fetched https://github.com/apple/swift-nio.git from cache (2.98s)
Computing version for https://github.com/swiftlang/swift-cmark.git
Computed https://github.com/swiftlang/swift-cmark.git at 0.8.0 (3.86s)
Computing version for https://github.com/apple/swift-nio.git
Computed https://github.com/apple/swift-nio.git at 2.101.3 (0.34s)
Fetching https://github.com/apple/swift-system.git
Fetching https://github.com/apple/swift-atomics.git
Fetching https://github.com/apple/swift-collections.git
[1/1876] Fetching swift-atomics
[1127/8553] Fetching swift-atomics, swift-system
Fetched https://github.com/apple/swift-atomics.git from cache (0.57s)
[6677/6677] Fetching swift-system
[6678/33257] Fetching swift-system, swift-collections
Fetched https://github.com/apple/swift-system.git from cache (1.20s)
Fetched https://github.com/apple/swift-collections.git from cache (1.21s)
Computing version for https://github.com/apple/swift-atomics.git
Computed https://github.com/apple/swift-atomics.git at 1.3.1 (1.36s)
Computing version for https://github.com/apple/swift-collections.git
Computed https://github.com/apple/swift-collections.git at 1.6.0 (0.23s)
Computing version for https://github.com/apple/swift-system.git
Computed https://github.com/apple/swift-system.git at 1.8.0 (0.17s)
Creating working copy for https://github.com/apple/swift-collections.git
Working copy of https://github.com/apple/swift-collections.git resolved at 1.6.0
Creating working copy for https://github.com/swiftlang/swift-cmark.git
Working copy of https://github.com/swiftlang/swift-cmark.git resolved at 0.8.0
Creating working copy for https://github.com/vapor/leaf-kit.git
Working copy of https://github.com/vapor/leaf-kit.git resolved at 1.14.3
Creating working copy for https://github.com/apple/swift-atomics.git
Working copy of https://github.com/apple/swift-atomics.git resolved at 1.3.1
Creating working copy for https://github.com/apple/swift-nio.git
Working copy of https://github.com/apple/swift-nio.git resolved at 2.101.3
Creating working copy for https://github.com/apple/swift-system.git
Working copy of https://github.com/apple/swift-system.git resolved at 1.8.0
Building for debugging...
[0/66] Compiling cmark-gfm cmark_ctype.c
[1/66] Compiling cmark-gfm plaintext.c
[2/66] Compiling cmark-gfm-extensions tagfilter.c
[3/66] Compiling cmark-gfm-extensions tasklist.c
[4/66] Compiling cmark-gfm latex.c
[5/66] Compiling cmark-gfm-extensions strikethrough.c
[6/66] Compiling cmark-gfm-extensions core-extensions.c
[7/66] Compiling cmark-gfm-extensions ext_scanners.c
[8/66] Compiling cmark-gfm xml.c
[9/66] Write swift-version-24593BA9C3E375BF.txt
[10/66] Compiling cmark-gfm-extensions autolink.c
[10/66] Compiling cmark-gfm commonmark.c
[12/66] Compiling cmark-gfm-extensions table.c
[13/66] Compiling cmark-gfm syntax_extension.c
[14/66] Compiling cmark-gfm registry.c
[15/66] Compiling cmark-gfm render.c
[16/66] Compiling cmark-gfm plugin.c
[16/66] Compiling cmark-gfm references.c
[18/66] Compiling cmark-gfm linked_list.c
[19/66] Compiling cmark-gfm map.c
[20/66] Compiling cmark-gfm man.c
[21/66] Compiling cmark-gfm html.c
[22/66] Compiling cmark-gfm houdini_html_e.c
[23/66] Compiling cmark-gfm iterator.c
[24/66] Compiling cmark-gfm node.c
[25/66] Compiling cmark-gfm houdini_href_e.c
[26/66] Compiling cmark-gfm footnotes.c
[27/66] Compiling cmark-gfm cmark.c
[28/66] Write sources
[30/66] Compiling cmark-gfm houdini_html_u.c
[31/66] Write sources
[32/66] Compiling cmark-gfm buffer.c
[32/66] Compiling cmark-gfm inlines.c
[34/66] Write sources
[35/66] Compiling _AtomicsShims.c
[35/66] Write sources
[49/66] Compiling cmark-gfm arena.c
[50/66] Compiling CNIOWindows shim.c
[51/66] Compiling CSystem shims.c
[52/66] Compiling CNIOWindows WSAStartup.c
[53/66] Compiling CNIOWASI CNIOWASI.c
[54/72] Compiling cmark-gfm blocks.c
[55/72] Compiling CNIOPosix event_loop_id.c
[56/87] Compiling CNIOOpenBSD shim.c
[57/90] Compiling CNIOLinux shim.c
[58/90] Compiling CNIOLinux liburing_shims.c
[59/90] Compiling CNIOFreeBSD shim.c
[60/90] Compiling CNIODarwin shim.c
[62/127] Emitting module _NIOBase64
[63/127] Emitting module _NIODataStructures
[64/127] Emitting module InternalCollectionsUtilities
[64/129] Compiling cmark-gfm utf8.c
[65/129] Write sources
[66/147] Compiling cmark-gfm scanners.c
[67/147] Compiling c-nioatomics.c
[69/147] Compiling Atomics OptionalRawRepresentable.swift
[70/147] Compiling Atomics RawRepresentable.swift
[71/147] Compiling Atomics AtomicBool.swift
[72/147] Compiling _NIOBase64 Base64.swift
[73/148] Compiling Atomics UnsafeAtomic.swift
[74/148] Compiling Atomics UnsafeAtomicLazyReference.swift
[74/148] Compiling c-atomics.c
[76/148] Compiling Atomics AtomicMemoryOrderings.swift
[77/148] Compiling Atomics DoubleWord.swift
[79/148] Compiling Atomics IntegerConformances.swift
[80/148] Compiling Atomics PointerConformances.swift
[81/148] Compiling Atomics Primitives.native.swift
[82/148] Compiling Atomics AtomicInteger.swift
[83/148] Compiling Atomics AtomicOptionalWrappable.swift
[84/148] Compiling Atomics AtomicReference.swift
[85/155] Emitting module Atomics
[91/157] Compiling Atomics AtomicStorage.swift
[92/157] Compiling Atomics AtomicValue.swift
[93/157] Compiling Atomics ManagedAtomic.swift
[94/157] Compiling Atomics ManagedAtomicLazyReference.swift
[107/157] Compiling Atomics IntegerOperations.swift
[108/157] Compiling Atomics Unmanaged extensions.swift
[117/164] Compiling _NIODataStructures PriorityQueue.swift
[118/164] Compiling _NIODataStructures _TinyArray.swift
[120/200] Compiling ContainersPreview BorrowingIteratorProtocol+Map.swift
[121/200] Compiling ContainersPreview BorrowingIteratorProtocol+Reduce.swift
[122/200] Compiling ContainersPreview BorrowingIteratorProtocol+SpanwiseZip.swift
[123/200] Compiling ContainersPreview BorrowingIteratorProtocol.swift
[124/200] Compiling ContainersPreview BorrowingSequence+Algorithms.swift
[125/200] Compiling ContainersPreview OutputSpan+Extras.swift
[126/200] Compiling ContainersPreview Drain+Map.swift
[127/200] Compiling ContainersPreview Drain+Reduce.swift
[128/200] Compiling ContainersPreview Drain.swift
[129/200] Compiling ContainersPreview Producer+Collect.swift
[130/200] Compiling ContainersPreview Producer+Filter.swift
[136/204] Compiling ContainersPreview Producer+Map.swift
[137/204] Compiling ContainersPreview Producer+Reduce.swift
[138/204] Compiling ContainersPreview Producer.swift
[139/204] Compiling ContainersPreview InputSpan.swift
[140/204] Compiling ContainersPreview MutableRef.swift
[141/204] Compiling ContainersPreview BorrowingSequence+Standard Conformances.swift
[142/204] Compiling ContainersPreview BorrowingSequence+Utilities.swift
[143/204] Compiling ContainersPreview BorrowingSequence.swift
[144/204] Compiling ContainersPreview BidirectionalContainer.swift
[145/204] Compiling ContainersPreview Container+Filter.swift
[146/204] Compiling ContainersPreview Container+SpanwiseZip.swift
[147/204] Compiling ContainersPreview Container.swift
[148/204] Compiling ContainersPreview ContainerIterator.swift
[149/204] Compiling ContainersPreview DynamicContainer.swift
[150/204] Compiling ContainersPreview MutableContainer.swift
[151/204] Compiling ContainersPreview PermutableContainer.swift
[152/204] Compiling ContainersPreview RandomAccessContainer.swift
[153/204] Compiling ContainersPreview RangeExpression2.swift
[154/204] Compiling ContainersPreview RangeReplaceableContainer.swift
[155/204] Compiling ContainersPreview Strideable+Limits.swift
[156/204] Emitting module NIOConcurrencyHelpers
[157/204] Compiling ContainersPreview TemporaryAllocation.swift
[158/204] Compiling ContainersPreview BorrowingIteratorProtocol+Copy.swift
[159/204] Compiling ContainersPreview BorrowingIteratorProtocol+ElementsEqual.swift
[160/204] Compiling ContainersPreview BorrowingIteratorProtocol+Filter.swift
[162/204] Compiling ContainersPreview Ref.swift
[163/204] Compiling ContainersPreview Shared.swift
[164/204] Compiling ContainersPreview SpanIterator.swift
[165/204] Compiling ContainersPreview UniqueBox.swift
[171/204] Emitting module ContainersPreview
[172/205] Compiling NIOConcurrencyHelpers NIOAtomic.swift
[174/205] Compiling NIOConcurrencyHelpers NIOLock.swift
[175/205] Compiling NIOConcurrencyHelpers lock.swift
[176/205] Compiling NIOConcurrencyHelpers NIOThreadPoolWorkAvailable.swift
[177/205] Compiling NIOConcurrencyHelpers NIOLockedValueBox.swift
[178/205] Compiling NIOConcurrencyHelpers atomics.swift
[180/247] Compiling _NIODataStructures Heap.swift
[181/248] Compiling DequeModule RigidDeque+Initializers.swift
[182/248] Compiling DequeModule RigidDeque+Insertions.swift
[183/248] Compiling DequeModule RigidDeque+Prepend.swift
[184/248] Compiling DequeModule Deque+Extras.swift
[185/248] Compiling DequeModule Deque+Hashable.swift
[186/248] Emitting module SystemPackage
[187/248] Compiling DequeModule RigidDeque+Container.swift
[188/248] Compiling DequeModule RigidDeque+Descriptions.swift
[189/248] Compiling DequeModule RigidDeque+Equatable.swift
[190/248] Compiling DequeModule RigidDeque+Experimental.swift
[191/248] Compiling DequeModule RigidDeque+Hashable.swift
[193/248] Compiling DequeModule Deque+Testing.swift
[194/248] Compiling DequeModule Deque._Storage.swift
[195/248] Compiling DequeModule Deque._UnsafeHandle.swift
[196/248] Compiling DequeModule Deque.swift
[197/248] Compiling DequeModule UniqueDeque+Hashable.swift
[198/248] Compiling DequeModule UniqueDeque+Initializers.swift
[199/248] Compiling DequeModule UniqueDeque+Insertions.swift
[200/248] Compiling DequeModule UniqueDeque+Prepend.swift
[201/248] Compiling DequeModule UniqueDeque+Removals.swift
[202/248] Compiling DequeModule UniqueDeque+Container.swift
[208/253] Compiling DequeModule UniqueDeque+Deprecated.swift
[209/253] Compiling DequeModule UniqueDeque+Descriptions.swift
[210/253] Compiling DequeModule UniqueDeque+Equatable.swift
[211/253] Compiling DequeModule UniqueDeque+Experimental.swift
[212/253] Compiling DequeModule UniqueDeque+Replacements.swift
[219/254] Compiling DequeModule Deque+Codable.swift
[220/254] Compiling DequeModule Deque+Collection.swift
[221/254] Compiling DequeModule Deque+CustomReflectable.swift
[222/254] Compiling DequeModule Deque+Descriptions.swift
[223/254] Compiling DequeModule Deque+Equatable.swift
[224/254] Compiling DequeModule Deque+ExpressibleByArrayLiteral.swift
[237/254] Compiling DequeModule RigidDeque+Removals.swift
[238/254] Compiling DequeModule RigidDeque+Replacements.swift
[239/254] Compiling DequeModule RigidDeque+Testing.swift
[240/254] Compiling DequeModule RigidDeque.swift
[241/254] Compiling DequeModule UniqueDeque+Append.swift
[242/254] Compiling DequeModule UniqueDeque+Consumption.swift
[243/254] Compiling DequeModule _DequeBuffer.swift
[244/254] Compiling DequeModule _DequeBufferHeader.swift
[245/254] Compiling DequeModule RigidDeque+Append.swift
[246/254] Compiling DequeModule RigidDeque+Consumption.swift
[249/254] Emitting module DequeModule
[251/254] Compiling DequeModule UniqueDeque.swift
[252/254] Compiling DequeModule _DequeSlot.swift
[253/254] Compiling DequeModule _UnsafeDequeHandle.swift
[254/254] Compiling DequeModule _UnsafeDequeSegments.swift
[256/319] Compiling NIOCore EventLoopFuture+Deprecated.swift
[257/319] Compiling NIOCore EventLoopFuture+WithEventLoop.swift
[258/319] Compiling NIOCore EventLoopFuture.swift
[259/319] Compiling NIOCore FileDescriptor.swift
[260/319] Compiling NIOCore FileHandle.swift
[261/319] Compiling NIOCore FileRegion.swift
[262/319] Compiling NIOCore GlobalSingletons.swift
[263/319] Compiling NIOCore IO.swift
[264/319] Compiling NIOCore IOData.swift
[265/327] Compiling NIOCore NIOThrowingAsyncSequenceProducer.swift
[266/327] Compiling NIOCore BSDSocketAPI.swift
[267/327] Compiling NIOCore ByteBuffer-aux.swift
[268/327] Compiling NIOCore ByteBuffer-binaryEncodedLengthPrefix.swift
[269/327] Compiling NIOCore ByteBuffer-conversions.swift
[270/327] Compiling NIOCore ByteBuffer-core.swift
[271/327] Compiling NIOCore ByteBuffer-hex.swift
[272/327] Compiling NIOCore ByteBuffer-int.swift
[273/327] Compiling NIOCore ByteBuffer-lengthPrefix.swift
[274/327] Compiling NIOCore CircularBuffer.swift
[275/327] Compiling NIOCore Codec.swift
[276/327] Compiling NIOCore ConvenienceOptionSupport.swift
[277/327] Compiling NIOCore DeadChannel.swift
[278/327] Compiling NIOCore DispatchQueue+WithFuture.swift
[279/327] Compiling NIOCore EventLoop+Deprecated.swift
[280/327] Compiling NIOCore EventLoop+SerialExecutor.swift
[281/327] Compiling NIOCore EventLoop.swift
[282/327] Compiling NIOCore EventLoopFuture+AssumeIsolated.swift
[283/327] Compiling NIOCore SingleStepByteToMessageDecoder.swift
[284/327] Compiling NIOCore SocketAddresses.swift
[285/327] Compiling NIOCore SocketOptionProvider.swift
[286/327] Compiling NIOCore SystemCallHelpers.swift
[287/327] Compiling NIOCore TimeAmount+Duration.swift
[288/327] Compiling NIOCore TypeAssistedChannelHandler.swift
[289/327] Compiling NIOCore UniversalBootstrapSupport.swift
[290/327] Compiling NIOCore Utilities.swift
[291/327] Compiling NIOCore IPProtocol.swift
[292/327] Compiling NIOCore IntegerBitPacking.swift
[293/327] Compiling NIOCore IntegerTypes.swift
[294/327] Compiling NIOCore Interfaces.swift
[295/327] Compiling NIOCore Linux.swift
[296/327] Compiling NIOCore MarkedCircularBuffer.swift
[297/327] Compiling NIOCore MulticastChannel.swift
[298/327] Compiling NIOCore NIOAny.swift
[299/327] Compiling NIOCore NIOCloseOnErrorHandler.swift
[300/327] Compiling NIOCore AddressedEnvelope.swift
[301/327] Compiling NIOCore AsyncAwaitSupport.swift
[302/327] Compiling NIOCore AsyncChannel.swift
[303/327] Compiling NIOCore AsyncChannelHandler.swift
[304/327] Compiling NIOCore AsyncChannelInboundStream.swift
[305/327] Compiling NIOCore AsyncChannelOutboundWriter.swift
[306/327] Compiling NIOCore NIOAsyncSequenceProducer.swift
[307/327] Compiling NIOCore NIOAsyncSequenceProducerStrategies.swift
[308/327] Compiling NIOCore NIOAsyncWriter.swift
[309/327] Compiling NIOCore ByteBuffer-multi-int.swift
[310/327] Compiling NIOCore ByteBuffer-quicBinaryEncodingStrategy.swift
[311/327] Compiling NIOCore ByteBuffer-views.swift
[312/327] Compiling NIOCore Channel.swift
[313/327] Compiling NIOCore ChannelHandler.swift
[314/327] Compiling NIOCore ChannelHandlers.swift
[315/327] Compiling NIOCore ChannelInvoker.swift
[316/327] Compiling NIOCore ChannelOption.swift
[317/327] Compiling NIOCore ChannelPipeline.swift
[318/327] Compiling NIOCore NIOCoreSendableMetatype.swift
[319/327] Compiling NIOCore NIODecodedAsyncSequence.swift
[320/327] Compiling NIOCore NIOLoopBound.swift
[321/327] Compiling NIOCore NIOPooledRecvBufferAllocator.swift
[322/327] Compiling NIOCore NIOScheduledCallback.swift
[323/327] Compiling NIOCore NIOSendable.swift
[324/327] Compiling NIOCore NIOSplitLinesMessageDecoder.swift
[325/327] Compiling NIOCore NIOTransportAccessibleChannelCore.swift
[326/327] Compiling NIOCore RecvByteBufferAllocator.swift
[327/327] Emitting module NIOCore
[329/385] Compiling NIOPosix SelectorWSAPoll.swift
[330/385] Compiling NIOPosix ServerSocket.swift
[331/385] Compiling NIOPosix Socket.swift
[332/385] Compiling NIOPosix SocketChannel.swift
[333/385] Compiling NIOPosix SocketProtocols.swift
[334/385] Compiling NIOPosix StructuredConcurrencyHelpers.swift
[335/385] Compiling NIOPosix System.swift
[336/385] Compiling NIOPosix BSDSocketAPICommon.swift
/host/spi-builder-workspace/.build/checkouts/swift-nio/Sources/NIOPosix/BaseSocketChannel+AccessibleTransport.swift:17:11: error: cannot find type 'BaseSocketChannel' in scope
15 | import NIOCore
16 |
17 | extension BaseSocketChannel where SocketType: BaseSocket {
| `- error: cannot find type 'BaseSocketChannel' in scope
18 | /// The underlying transport type backing this channel.
19 | typealias Transport = NIOBSDSocket.Handle
/host/spi-builder-workspace/.build/checkouts/swift-nio/Sources/NIOPosix/BaseSocketChannel+AccessibleTransport.swift:27:11: error: cannot find type 'BaseSocketChannel' in scope
25 | }
26 |
27 | extension BaseSocketChannel where SocketType: PipePair {
| `- error: cannot find type 'BaseSocketChannel' in scope
28 | /// The underlying transport type backing this channel.
29 | typealias Transport = NIOBSDSocket.PipeHandle
/host/spi-builder-workspace/.build/checkouts/swift-nio/Sources/NIOPosix/BaseSocketChannel+AccessibleTransport.swift:42:11: error: cannot find type 'SocketChannel' in scope
40 | }
41 |
42 | extension SocketChannel: NIOTransportAccessibleChannelCore {}
| `- error: cannot find type 'SocketChannel' in scope
43 | extension ServerSocketChannel: NIOTransportAccessibleChannelCore {}
44 | extension DatagramChannel: NIOTransportAccessibleChannelCore {}
/host/spi-builder-workspace/.build/checkouts/swift-nio/Sources/NIOPosix/BaseSocketChannel+AccessibleTransport.swift:43:11: error: cannot find type 'ServerSocketChannel' in scope
41 |
42 | extension SocketChannel: NIOTransportAccessibleChannelCore {}
43 | extension ServerSocketChannel: NIOTransportAccessibleChannelCore {}
| `- error: cannot find type 'ServerSocketChannel' in scope
44 | extension DatagramChannel: NIOTransportAccessibleChannelCore {}
45 | extension PipeChannel: NIOTransportAccessibleChannelCore {}
/host/spi-builder-workspace/.build/checkouts/swift-nio/Sources/NIOPosix/BaseSocketChannel+AccessibleTransport.swift:44:11: error: cannot find type 'DatagramChannel' in scope
42 | extension SocketChannel: NIOTransportAccessibleChannelCore {}
43 | extension ServerSocketChannel: NIOTransportAccessibleChannelCore {}
44 | extension DatagramChannel: NIOTransportAccessibleChannelCore {}
| `- error: cannot find type 'DatagramChannel' in scope
45 | extension PipeChannel: NIOTransportAccessibleChannelCore {}
46 |
/host/spi-builder-workspace/.build/checkouts/swift-nio/Sources/NIOPosix/BaseSocketChannel+AccessibleTransport.swift:45:11: error: cannot find type 'PipeChannel' in scope
43 | extension ServerSocketChannel: NIOTransportAccessibleChannelCore {}
44 | extension DatagramChannel: NIOTransportAccessibleChannelCore {}
45 | extension PipeChannel: NIOTransportAccessibleChannelCore {}
| `- error: cannot find type 'PipeChannel' in scope
46 |
/host/spi-builder-workspace/.build/checkouts/swift-nio/Sources/NIOPosix/BaseSocketChannel+AccessibleTransport.swift:17:29: error: 'where' clause cannot be applied to a non-generic top-level declaration
15 | import NIOCore
16 |
17 | extension BaseSocketChannel where SocketType: BaseSocket {
| `- error: 'where' clause cannot be applied to a non-generic top-level declaration
18 | /// The underlying transport type backing this channel.
19 | typealias Transport = NIOBSDSocket.Handle
/host/spi-builder-workspace/.build/checkouts/swift-nio/Sources/NIOPosix/BaseSocketChannel+AccessibleTransport.swift:27:29: error: 'where' clause cannot be applied to a non-generic top-level declaration
25 | }
26 |
27 | extension BaseSocketChannel where SocketType: PipePair {
| `- error: 'where' clause cannot be applied to a non-generic top-level declaration
28 | /// The underlying transport type backing this channel.
29 | typealias Transport = NIOBSDSocket.PipeHandle
[337/385] Compiling NIOPosix BSDSocketAPIPosix.swift
/host/spi-builder-workspace/.build/checkouts/swift-nio/Sources/NIOPosix/BaseSocketChannel+AccessibleTransport.swift:17:11: error: cannot find type 'BaseSocketChannel' in scope
15 | import NIOCore
16 |
17 | extension BaseSocketChannel where SocketType: BaseSocket {
| `- error: cannot find type 'BaseSocketChannel' in scope
18 | /// The underlying transport type backing this channel.
19 | typealias Transport = NIOBSDSocket.Handle
/host/spi-builder-workspace/.build/checkouts/swift-nio/Sources/NIOPosix/BaseSocketChannel+AccessibleTransport.swift:27:11: error: cannot find type 'BaseSocketChannel' in scope
25 | }
26 |
27 | extension BaseSocketChannel where SocketType: PipePair {
| `- error: cannot find type 'BaseSocketChannel' in scope
28 | /// The underlying transport type backing this channel.
29 | typealias Transport = NIOBSDSocket.PipeHandle
/host/spi-builder-workspace/.build/checkouts/swift-nio/Sources/NIOPosix/BaseSocketChannel+AccessibleTransport.swift:42:11: error: cannot find type 'SocketChannel' in scope
40 | }
41 |
42 | extension SocketChannel: NIOTransportAccessibleChannelCore {}
| `- error: cannot find type 'SocketChannel' in scope
43 | extension ServerSocketChannel: NIOTransportAccessibleChannelCore {}
44 | extension DatagramChannel: NIOTransportAccessibleChannelCore {}
/host/spi-builder-workspace/.build/checkouts/swift-nio/Sources/NIOPosix/BaseSocketChannel+AccessibleTransport.swift:43:11: error: cannot find type 'ServerSocketChannel' in scope
41 |
42 | extension SocketChannel: NIOTransportAccessibleChannelCore {}
43 | extension ServerSocketChannel: NIOTransportAccessibleChannelCore {}
| `- error: cannot find type 'ServerSocketChannel' in scope
44 | extension DatagramChannel: NIOTransportAccessibleChannelCore {}
45 | extension PipeChannel: NIOTransportAccessibleChannelCore {}
/host/spi-builder-workspace/.build/checkouts/swift-nio/Sources/NIOPosix/BaseSocketChannel+AccessibleTransport.swift:44:11: error: cannot find type 'DatagramChannel' in scope
42 | extension SocketChannel: NIOTransportAccessibleChannelCore {}
43 | extension ServerSocketChannel: NIOTransportAccessibleChannelCore {}
44 | extension DatagramChannel: NIOTransportAccessibleChannelCore {}
| `- error: cannot find type 'DatagramChannel' in scope
45 | extension PipeChannel: NIOTransportAccessibleChannelCore {}
46 |
/host/spi-builder-workspace/.build/checkouts/swift-nio/Sources/NIOPosix/BaseSocketChannel+AccessibleTransport.swift:45:11: error: cannot find type 'PipeChannel' in scope
43 | extension ServerSocketChannel: NIOTransportAccessibleChannelCore {}
44 | extension DatagramChannel: NIOTransportAccessibleChannelCore {}
45 | extension PipeChannel: NIOTransportAccessibleChannelCore {}
| `- error: cannot find type 'PipeChannel' in scope
46 |
/host/spi-builder-workspace/.build/checkouts/swift-nio/Sources/NIOPosix/BaseSocketChannel+AccessibleTransport.swift:17:29: error: 'where' clause cannot be applied to a non-generic top-level declaration
15 | import NIOCore
16 |
17 | extension BaseSocketChannel where SocketType: BaseSocket {
| `- error: 'where' clause cannot be applied to a non-generic top-level declaration
18 | /// The underlying transport type backing this channel.
19 | typealias Transport = NIOBSDSocket.Handle
/host/spi-builder-workspace/.build/checkouts/swift-nio/Sources/NIOPosix/BaseSocketChannel+AccessibleTransport.swift:27:29: error: 'where' clause cannot be applied to a non-generic top-level declaration
25 | }
26 |
27 | extension BaseSocketChannel where SocketType: PipePair {
| `- error: 'where' clause cannot be applied to a non-generic top-level declaration
28 | /// The underlying transport type backing this channel.
29 | typealias Transport = NIOBSDSocket.PipeHandle
[338/385] Compiling NIOPosix BSDSocketAPIWindows.swift
/host/spi-builder-workspace/.build/checkouts/swift-nio/Sources/NIOPosix/BaseSocketChannel+AccessibleTransport.swift:17:11: error: cannot find type 'BaseSocketChannel' in scope
15 | import NIOCore
16 |
17 | extension BaseSocketChannel where SocketType: BaseSocket {
| `- error: cannot find type 'BaseSocketChannel' in scope
18 | /// The underlying transport type backing this channel.
19 | typealias Transport = NIOBSDSocket.Handle
/host/spi-builder-workspace/.build/checkouts/swift-nio/Sources/NIOPosix/BaseSocketChannel+AccessibleTransport.swift:27:11: error: cannot find type 'BaseSocketChannel' in scope
25 | }
26 |
27 | extension BaseSocketChannel where SocketType: PipePair {
| `- error: cannot find type 'BaseSocketChannel' in scope
28 | /// The underlying transport type backing this channel.
29 | typealias Transport = NIOBSDSocket.PipeHandle
/host/spi-builder-workspace/.build/checkouts/swift-nio/Sources/NIOPosix/BaseSocketChannel+AccessibleTransport.swift:42:11: error: cannot find type 'SocketChannel' in scope
40 | }
41 |
42 | extension SocketChannel: NIOTransportAccessibleChannelCore {}
| `- error: cannot find type 'SocketChannel' in scope
43 | extension ServerSocketChannel: NIOTransportAccessibleChannelCore {}
44 | extension DatagramChannel: NIOTransportAccessibleChannelCore {}
/host/spi-builder-workspace/.build/checkouts/swift-nio/Sources/NIOPosix/BaseSocketChannel+AccessibleTransport.swift:43:11: error: cannot find type 'ServerSocketChannel' in scope
41 |
42 | extension SocketChannel: NIOTransportAccessibleChannelCore {}
43 | extension ServerSocketChannel: NIOTransportAccessibleChannelCore {}
| `- error: cannot find type 'ServerSocketChannel' in scope
44 | extension DatagramChannel: NIOTransportAccessibleChannelCore {}
45 | extension PipeChannel: NIOTransportAccessibleChannelCore {}
/host/spi-builder-workspace/.build/checkouts/swift-nio/Sources/NIOPosix/BaseSocketChannel+AccessibleTransport.swift:44:11: error: cannot find type 'DatagramChannel' in scope
42 | extension SocketChannel: NIOTransportAccessibleChannelCore {}
43 | extension ServerSocketChannel: NIOTransportAccessibleChannelCore {}
44 | extension DatagramChannel: NIOTransportAccessibleChannelCore {}
| `- error: cannot find type 'DatagramChannel' in scope
45 | extension PipeChannel: NIOTransportAccessibleChannelCore {}
46 |
/host/spi-builder-workspace/.build/checkouts/swift-nio/Sources/NIOPosix/BaseSocketChannel+AccessibleTransport.swift:45:11: error: cannot find type 'PipeChannel' in scope
43 | extension ServerSocketChannel: NIOTransportAccessibleChannelCore {}
44 | extension DatagramChannel: NIOTransportAccessibleChannelCore {}
45 | extension PipeChannel: NIOTransportAccessibleChannelCore {}
| `- error: cannot find type 'PipeChannel' in scope
46 |
/host/spi-builder-workspace/.build/checkouts/swift-nio/Sources/NIOPosix/BaseSocketChannel+AccessibleTransport.swift:17:29: error: 'where' clause cannot be applied to a non-generic top-level declaration
15 | import NIOCore
16 |
17 | extension BaseSocketChannel where SocketType: BaseSocket {
| `- error: 'where' clause cannot be applied to a non-generic top-level declaration
18 | /// The underlying transport type backing this channel.
19 | typealias Transport = NIOBSDSocket.Handle
/host/spi-builder-workspace/.build/checkouts/swift-nio/Sources/NIOPosix/BaseSocketChannel+AccessibleTransport.swift:27:29: error: 'where' clause cannot be applied to a non-generic top-level declaration
25 | }
26 |
27 | extension BaseSocketChannel where SocketType: PipePair {
| `- error: 'where' clause cannot be applied to a non-generic top-level declaration
28 | /// The underlying transport type backing this channel.
29 | typealias Transport = NIOBSDSocket.PipeHandle
[339/385] Compiling NIOPosix BaseSocket.swift
/host/spi-builder-workspace/.build/checkouts/swift-nio/Sources/NIOPosix/BaseSocketChannel+AccessibleTransport.swift:17:11: error: cannot find type 'BaseSocketChannel' in scope
15 | import NIOCore
16 |
17 | extension BaseSocketChannel where SocketType: BaseSocket {
| `- error: cannot find type 'BaseSocketChannel' in scope
18 | /// The underlying transport type backing this channel.
19 | typealias Transport = NIOBSDSocket.Handle
/host/spi-builder-workspace/.build/checkouts/swift-nio/Sources/NIOPosix/BaseSocketChannel+AccessibleTransport.swift:27:11: error: cannot find type 'BaseSocketChannel' in scope
25 | }
26 |
27 | extension BaseSocketChannel where SocketType: PipePair {
| `- error: cannot find type 'BaseSocketChannel' in scope
28 | /// The underlying transport type backing this channel.
29 | typealias Transport = NIOBSDSocket.PipeHandle
/host/spi-builder-workspace/.build/checkouts/swift-nio/Sources/NIOPosix/BaseSocketChannel+AccessibleTransport.swift:42:11: error: cannot find type 'SocketChannel' in scope
40 | }
41 |
42 | extension SocketChannel: NIOTransportAccessibleChannelCore {}
| `- error: cannot find type 'SocketChannel' in scope
43 | extension ServerSocketChannel: NIOTransportAccessibleChannelCore {}
44 | extension DatagramChannel: NIOTransportAccessibleChannelCore {}
/host/spi-builder-workspace/.build/checkouts/swift-nio/Sources/NIOPosix/BaseSocketChannel+AccessibleTransport.swift:43:11: error: cannot find type 'ServerSocketChannel' in scope
41 |
42 | extension SocketChannel: NIOTransportAccessibleChannelCore {}
43 | extension ServerSocketChannel: NIOTransportAccessibleChannelCore {}
| `- error: cannot find type 'ServerSocketChannel' in scope
44 | extension DatagramChannel: NIOTransportAccessibleChannelCore {}
45 | extension PipeChannel: NIOTransportAccessibleChannelCore {}
/host/spi-builder-workspace/.build/checkouts/swift-nio/Sources/NIOPosix/BaseSocketChannel+AccessibleTransport.swift:44:11: error: cannot find type 'DatagramChannel' in scope
42 | extension SocketChannel: NIOTransportAccessibleChannelCore {}
43 | extension ServerSocketChannel: NIOTransportAccessibleChannelCore {}
44 | extension DatagramChannel: NIOTransportAccessibleChannelCore {}
| `- error: cannot find type 'DatagramChannel' in scope
45 | extension PipeChannel: NIOTransportAccessibleChannelCore {}
46 |
/host/spi-builder-workspace/.build/checkouts/swift-nio/Sources/NIOPosix/BaseSocketChannel+AccessibleTransport.swift:45:11: error: cannot find type 'PipeChannel' in scope
43 | extension ServerSocketChannel: NIOTransportAccessibleChannelCore {}
44 | extension DatagramChannel: NIOTransportAccessibleChannelCore {}
45 | extension PipeChannel: NIOTransportAccessibleChannelCore {}
| `- error: cannot find type 'PipeChannel' in scope
46 |
/host/spi-builder-workspace/.build/checkouts/swift-nio/Sources/NIOPosix/BaseSocketChannel+AccessibleTransport.swift:17:29: error: 'where' clause cannot be applied to a non-generic top-level declaration
15 | import NIOCore
16 |
17 | extension BaseSocketChannel where SocketType: BaseSocket {
| `- error: 'where' clause cannot be applied to a non-generic top-level declaration
18 | /// The underlying transport type backing this channel.
19 | typealias Transport = NIOBSDSocket.Handle
/host/spi-builder-workspace/.build/checkouts/swift-nio/Sources/NIOPosix/BaseSocketChannel+AccessibleTransport.swift:27:29: error: 'where' clause cannot be applied to a non-generic top-level declaration
25 | }
26 |
27 | extension BaseSocketChannel where SocketType: PipePair {
| `- error: 'where' clause cannot be applied to a non-generic top-level declaration
28 | /// The underlying transport type backing this channel.
29 | typealias Transport = NIOBSDSocket.PipeHandle
[340/385] Compiling NIOPosix BaseSocketChannel+AccessibleTransport.swift
/host/spi-builder-workspace/.build/checkouts/swift-nio/Sources/NIOPosix/BaseSocketChannel+AccessibleTransport.swift:17:11: error: cannot find type 'BaseSocketChannel' in scope
15 | import NIOCore
16 |
17 | extension BaseSocketChannel where SocketType: BaseSocket {
| `- error: cannot find type 'BaseSocketChannel' in scope
18 | /// The underlying transport type backing this channel.
19 | typealias Transport = NIOBSDSocket.Handle
/host/spi-builder-workspace/.build/checkouts/swift-nio/Sources/NIOPosix/BaseSocketChannel+AccessibleTransport.swift:27:11: error: cannot find type 'BaseSocketChannel' in scope
25 | }
26 |
27 | extension BaseSocketChannel where SocketType: PipePair {
| `- error: cannot find type 'BaseSocketChannel' in scope
28 | /// The underlying transport type backing this channel.
29 | typealias Transport = NIOBSDSocket.PipeHandle
/host/spi-builder-workspace/.build/checkouts/swift-nio/Sources/NIOPosix/BaseSocketChannel+AccessibleTransport.swift:42:11: error: cannot find type 'SocketChannel' in scope
40 | }
41 |
42 | extension SocketChannel: NIOTransportAccessibleChannelCore {}
| `- error: cannot find type 'SocketChannel' in scope
43 | extension ServerSocketChannel: NIOTransportAccessibleChannelCore {}
44 | extension DatagramChannel: NIOTransportAccessibleChannelCore {}
/host/spi-builder-workspace/.build/checkouts/swift-nio/Sources/NIOPosix/BaseSocketChannel+AccessibleTransport.swift:43:11: error: cannot find type 'ServerSocketChannel' in scope
41 |
42 | extension SocketChannel: NIOTransportAccessibleChannelCore {}
43 | extension ServerSocketChannel: NIOTransportAccessibleChannelCore {}
| `- error: cannot find type 'ServerSocketChannel' in scope
44 | extension DatagramChannel: NIOTransportAccessibleChannelCore {}
45 | extension PipeChannel: NIOTransportAccessibleChannelCore {}
/host/spi-builder-workspace/.build/checkouts/swift-nio/Sources/NIOPosix/BaseSocketChannel+AccessibleTransport.swift:44:11: error: cannot find type 'DatagramChannel' in scope
42 | extension SocketChannel: NIOTransportAccessibleChannelCore {}
43 | extension ServerSocketChannel: NIOTransportAccessibleChannelCore {}
44 | extension DatagramChannel: NIOTransportAccessibleChannelCore {}
| `- error: cannot find type 'DatagramChannel' in scope
45 | extension PipeChannel: NIOTransportAccessibleChannelCore {}
46 |
/host/spi-builder-workspace/.build/checkouts/swift-nio/Sources/NIOPosix/BaseSocketChannel+AccessibleTransport.swift:45:11: error: cannot find type 'PipeChannel' in scope
43 | extension ServerSocketChannel: NIOTransportAccessibleChannelCore {}
44 | extension DatagramChannel: NIOTransportAccessibleChannelCore {}
45 | extension PipeChannel: NIOTransportAccessibleChannelCore {}
| `- error: cannot find type 'PipeChannel' in scope
46 |
/host/spi-builder-workspace/.build/checkouts/swift-nio/Sources/NIOPosix/BaseSocketChannel+AccessibleTransport.swift:17:29: error: 'where' clause cannot be applied to a non-generic top-level declaration
15 | import NIOCore
16 |
17 | extension BaseSocketChannel where SocketType: BaseSocket {
| `- error: 'where' clause cannot be applied to a non-generic top-level declaration
18 | /// The underlying transport type backing this channel.
19 | typealias Transport = NIOBSDSocket.Handle
/host/spi-builder-workspace/.build/checkouts/swift-nio/Sources/NIOPosix/BaseSocketChannel+AccessibleTransport.swift:27:29: error: 'where' clause cannot be applied to a non-generic top-level declaration
25 | }
26 |
27 | extension BaseSocketChannel where SocketType: PipePair {
| `- error: 'where' clause cannot be applied to a non-generic top-level declaration
28 | /// The underlying transport type backing this channel.
29 | typealias Transport = NIOBSDSocket.PipeHandle
[341/385] Compiling NIOPosix BaseSocketChannel+SocketOptionProvider.swift
/host/spi-builder-workspace/.build/checkouts/swift-nio/Sources/NIOPosix/BaseSocketChannel+AccessibleTransport.swift:17:11: error: cannot find type 'BaseSocketChannel' in scope
15 | import NIOCore
16 |
17 | extension BaseSocketChannel where SocketType: BaseSocket {
| `- error: cannot find type 'BaseSocketChannel' in scope
18 | /// The underlying transport type backing this channel.
19 | typealias Transport = NIOBSDSocket.Handle
/host/spi-builder-workspace/.build/checkouts/swift-nio/Sources/NIOPosix/BaseSocketChannel+AccessibleTransport.swift:27:11: error: cannot find type 'BaseSocketChannel' in scope
25 | }
26 |
27 | extension BaseSocketChannel where SocketType: PipePair {
| `- error: cannot find type 'BaseSocketChannel' in scope
28 | /// The underlying transport type backing this channel.
29 | typealias Transport = NIOBSDSocket.PipeHandle
/host/spi-builder-workspace/.build/checkouts/swift-nio/Sources/NIOPosix/BaseSocketChannel+AccessibleTransport.swift:42:11: error: cannot find type 'SocketChannel' in scope
40 | }
41 |
42 | extension SocketChannel: NIOTransportAccessibleChannelCore {}
| `- error: cannot find type 'SocketChannel' in scope
43 | extension ServerSocketChannel: NIOTransportAccessibleChannelCore {}
44 | extension DatagramChannel: NIOTransportAccessibleChannelCore {}
/host/spi-builder-workspace/.build/checkouts/swift-nio/Sources/NIOPosix/BaseSocketChannel+AccessibleTransport.swift:43:11: error: cannot find type 'ServerSocketChannel' in scope
41 |
42 | extension SocketChannel: NIOTransportAccessibleChannelCore {}
43 | extension ServerSocketChannel: NIOTransportAccessibleChannelCore {}
| `- error: cannot find type 'ServerSocketChannel' in scope
44 | extension DatagramChannel: NIOTransportAccessibleChannelCore {}
45 | extension PipeChannel: NIOTransportAccessibleChannelCore {}
/host/spi-builder-workspace/.build/checkouts/swift-nio/Sources/NIOPosix/BaseSocketChannel+AccessibleTransport.swift:44:11: error: cannot find type 'DatagramChannel' in scope
42 | extension SocketChannel: NIOTransportAccessibleChannelCore {}
43 | extension ServerSocketChannel: NIOTransportAccessibleChannelCore {}
44 | extension DatagramChannel: NIOTransportAccessibleChannelCore {}
| `- error: cannot find type 'DatagramChannel' in scope
45 | extension PipeChannel: NIOTransportAccessibleChannelCore {}
46 |
/host/spi-builder-workspace/.build/checkouts/swift-nio/Sources/NIOPosix/BaseSocketChannel+AccessibleTransport.swift:45:11: error: cannot find type 'PipeChannel' in scope
43 | extension ServerSocketChannel: NIOTransportAccessibleChannelCore {}
44 | extension DatagramChannel: NIOTransportAccessibleChannelCore {}
45 | extension PipeChannel: NIOTransportAccessibleChannelCore {}
| `- error: cannot find type 'PipeChannel' in scope
46 |
/host/spi-builder-workspace/.build/checkouts/swift-nio/Sources/NIOPosix/BaseSocketChannel+AccessibleTransport.swift:17:29: error: 'where' clause cannot be applied to a non-generic top-level declaration
15 | import NIOCore
16 |
17 | extension BaseSocketChannel where SocketType: BaseSocket {
| `- error: 'where' clause cannot be applied to a non-generic top-level declaration
18 | /// The underlying transport type backing this channel.
19 | typealias Transport = NIOBSDSocket.Handle
/host/spi-builder-workspace/.build/checkouts/swift-nio/Sources/NIOPosix/BaseSocketChannel+AccessibleTransport.swift:27:29: error: 'where' clause cannot be applied to a non-generic top-level declaration
25 | }
26 |
27 | extension BaseSocketChannel where SocketType: PipePair {
| `- error: 'where' clause cannot be applied to a non-generic top-level declaration
28 | /// The underlying transport type backing this channel.
29 | typealias Transport = NIOBSDSocket.PipeHandle
[342/385] Compiling NIOPosix BaseSocketChannel.swift
/host/spi-builder-workspace/.build/checkouts/swift-nio/Sources/NIOPosix/BaseSocketChannel+AccessibleTransport.swift:17:11: error: cannot find type 'BaseSocketChannel' in scope
15 | import NIOCore
16 |
17 | extension BaseSocketChannel where SocketType: BaseSocket {
| `- error: cannot find type 'BaseSocketChannel' in scope
18 | /// The underlying transport type backing this channel.
19 | typealias Transport = NIOBSDSocket.Handle
/host/spi-builder-workspace/.build/checkouts/swift-nio/Sources/NIOPosix/BaseSocketChannel+AccessibleTransport.swift:27:11: error: cannot find type 'BaseSocketChannel' in scope
25 | }
26 |
27 | extension BaseSocketChannel where SocketType: PipePair {
| `- error: cannot find type 'BaseSocketChannel' in scope
28 | /// The underlying transport type backing this channel.
29 | typealias Transport = NIOBSDSocket.PipeHandle
/host/spi-builder-workspace/.build/checkouts/swift-nio/Sources/NIOPosix/BaseSocketChannel+AccessibleTransport.swift:42:11: error: cannot find type 'SocketChannel' in scope
40 | }
41 |
42 | extension SocketChannel: NIOTransportAccessibleChannelCore {}
| `- error: cannot find type 'SocketChannel' in scope
43 | extension ServerSocketChannel: NIOTransportAccessibleChannelCore {}
44 | extension DatagramChannel: NIOTransportAccessibleChannelCore {}
/host/spi-builder-workspace/.build/checkouts/swift-nio/Sources/NIOPosix/BaseSocketChannel+AccessibleTransport.swift:43:11: error: cannot find type 'ServerSocketChannel' in scope
41 |
42 | extension SocketChannel: NIOTransportAccessibleChannelCore {}
43 | extension ServerSocketChannel: NIOTransportAccessibleChannelCore {}
| `- error: cannot find type 'ServerSocketChannel' in scope
44 | extension DatagramChannel: NIOTransportAccessibleChannelCore {}
45 | extension PipeChannel: NIOTransportAccessibleChannelCore {}
/host/spi-builder-workspace/.build/checkouts/swift-nio/Sources/NIOPosix/BaseSocketChannel+AccessibleTransport.swift:44:11: error: cannot find type 'DatagramChannel' in scope
42 | extension SocketChannel: NIOTransportAccessibleChannelCore {}
43 | extension ServerSocketChannel: NIOTransportAccessibleChannelCore {}
44 | extension DatagramChannel: NIOTransportAccessibleChannelCore {}
| `- error: cannot find type 'DatagramChannel' in scope
45 | extension PipeChannel: NIOTransportAccessibleChannelCore {}
46 |
/host/spi-builder-workspace/.build/checkouts/swift-nio/Sources/NIOPosix/BaseSocketChannel+AccessibleTransport.swift:45:11: error: cannot find type 'PipeChannel' in scope
43 | extension ServerSocketChannel: NIOTransportAccessibleChannelCore {}
44 | extension DatagramChannel: NIOTransportAccessibleChannelCore {}
45 | extension PipeChannel: NIOTransportAccessibleChannelCore {}
| `- error: cannot find type 'PipeChannel' in scope
46 |
/host/spi-builder-workspace/.build/checkouts/swift-nio/Sources/NIOPosix/BaseSocketChannel+AccessibleTransport.swift:17:29: error: 'where' clause cannot be applied to a non-generic top-level declaration
15 | import NIOCore
16 |
17 | extension BaseSocketChannel where SocketType: BaseSocket {
| `- error: 'where' clause cannot be applied to a non-generic top-level declaration
18 | /// The underlying transport type backing this channel.
19 | typealias Transport = NIOBSDSocket.Handle
/host/spi-builder-workspace/.build/checkouts/swift-nio/Sources/NIOPosix/BaseSocketChannel+AccessibleTransport.swift:27:29: error: 'where' clause cannot be applied to a non-generic top-level declaration
25 | }
26 |
27 | extension BaseSocketChannel where SocketType: PipePair {
| `- error: 'where' clause cannot be applied to a non-generic top-level declaration
28 | /// The underlying transport type backing this channel.
29 | typealias Transport = NIOBSDSocket.PipeHandle
[343/392] Compiling NIOPosix HappyEyeballs.swift
[344/392] Compiling NIOPosix IO.swift
[345/392] Compiling NIOPosix IntegerBitPacking.swift
[346/392] Compiling NIOPosix IntegerTypes.swift
[347/392] Compiling NIOPosix Linux.swift
[348/392] Compiling NIOPosix LinuxCPUSet.swift
[349/392] Compiling NIOPosix LinuxUring.swift
[350/392] Compiling NIOPosix MultiThreadedEventLoopGroup.swift
[351/392] Compiling NIOPosix NIOPosixSendableMetatype.swift
[352/392] Compiling NIOPosix NIORandomizedDNSResolver.swift
[353/392] Compiling NIOPosix NIOThreadPool.swift
[354/392] Compiling NIOPosix NonBlockingFileIO.swift
[355/392] Compiling NIOPosix PendingDatagramWritesManager.swift
[356/392] Compiling NIOPosix PendingWritesManager.swift
[357/392] Compiling NIOPosix PipeChannel.swift
[358/392] Compiling NIOPosix PipePair.swift
[359/392] Compiling NIOPosix Pool.swift
[360/392] Compiling NIOPosix PosixSingletons+ConcurrencyTakeOver.swift
[361/392] Compiling NIOPosix PosixSingletons.swift
[362/392] Compiling NIOPosix RawSocketBootstrap.swift
[363/392] Compiling NIOPosix Resolver.swift
[364/392] Compiling NIOPosix Selectable.swift
[365/392] Compiling NIOPosix SelectableChannel.swift
[366/392] Compiling NIOPosix SelectableEventLoop.swift
[367/392] Compiling NIOPosix SelectorEpoll.swift
[368/392] Compiling NIOPosix SelectorGeneric.swift
[369/392] Compiling NIOPosix SelectorKqueue.swift
[370/392] Compiling NIOPosix SelectorUring.swift
error: emit-module command failed with exit code 1 (use -v to see invocation)
[371/392] Compiling NIOPosix BaseStreamSocketChannel.swift
[372/392] Compiling NIOPosix Bootstrap.swift
[373/392] Compiling NIOPosix ControlMessage.swift
[374/392] Compiling NIOPosix DatagramVectorReadManager.swift
[375/392] Compiling NIOPosix Errors+Any.swift
[376/392] Compiling NIOPosix FileDescriptor.swift
[377/392] Compiling NIOPosix GetaddrinfoResolver.swift
[378/392] Emitting module NIOPosix
/host/spi-builder-workspace/.build/checkouts/swift-nio/Sources/NIOPosix/BaseSocketChannel+AccessibleTransport.swift:17:11: error: cannot find type 'BaseSocketChannel' in scope
15 | import NIOCore
16 |
17 | extension BaseSocketChannel where SocketType: BaseSocket {
| `- error: cannot find type 'BaseSocketChannel' in scope
18 | /// The underlying transport type backing this channel.
19 | typealias Transport = NIOBSDSocket.Handle
/host/spi-builder-workspace/.build/checkouts/swift-nio/Sources/NIOPosix/BaseSocketChannel+AccessibleTransport.swift:27:11: error: cannot find type 'BaseSocketChannel' in scope
25 | }
26 |
27 | extension BaseSocketChannel where SocketType: PipePair {
| `- error: cannot find type 'BaseSocketChannel' in scope
28 | /// The underlying transport type backing this channel.
29 | typealias Transport = NIOBSDSocket.PipeHandle
/host/spi-builder-workspace/.build/checkouts/swift-nio/Sources/NIOPosix/BaseSocketChannel+AccessibleTransport.swift:42:11: error: cannot find type 'SocketChannel' in scope
40 | }
41 |
42 | extension SocketChannel: NIOTransportAccessibleChannelCore {}
| `- error: cannot find type 'SocketChannel' in scope
43 | extension ServerSocketChannel: NIOTransportAccessibleChannelCore {}
44 | extension DatagramChannel: NIOTransportAccessibleChannelCore {}
/host/spi-builder-workspace/.build/checkouts/swift-nio/Sources/NIOPosix/BaseSocketChannel+AccessibleTransport.swift:43:11: error: cannot find type 'ServerSocketChannel' in scope
41 |
42 | extension SocketChannel: NIOTransportAccessibleChannelCore {}
43 | extension ServerSocketChannel: NIOTransportAccessibleChannelCore {}
| `- error: cannot find type 'ServerSocketChannel' in scope
44 | extension DatagramChannel: NIOTransportAccessibleChannelCore {}
45 | extension PipeChannel: NIOTransportAccessibleChannelCore {}
/host/spi-builder-workspace/.build/checkouts/swift-nio/Sources/NIOPosix/BaseSocketChannel+AccessibleTransport.swift:44:11: error: cannot find type 'DatagramChannel' in scope
42 | extension SocketChannel: NIOTransportAccessibleChannelCore {}
43 | extension ServerSocketChannel: NIOTransportAccessibleChannelCore {}
44 | extension DatagramChannel: NIOTransportAccessibleChannelCore {}
| `- error: cannot find type 'DatagramChannel' in scope
45 | extension PipeChannel: NIOTransportAccessibleChannelCore {}
46 |
/host/spi-builder-workspace/.build/checkouts/swift-nio/Sources/NIOPosix/BaseSocketChannel+AccessibleTransport.swift:45:11: error: cannot find type 'PipeChannel' in scope
43 | extension ServerSocketChannel: NIOTransportAccessibleChannelCore {}
44 | extension DatagramChannel: NIOTransportAccessibleChannelCore {}
45 | extension PipeChannel: NIOTransportAccessibleChannelCore {}
| `- error: cannot find type 'PipeChannel' in scope
46 |
[379/392] Compiling NIOPosix Thread.swift
[380/392] Compiling NIOPosix ThreadPosix.swift
[381/392] Compiling NIOPosix ThreadWindows.swift
[382/392] Compiling NIOPosix Utilities.swift
[383/392] Compiling NIOPosix VsockAddress.swift
[384/392] Compiling NIOPosix VsockChannelEvents.swift
[385/392] Compiling NIOPosix Windows.swift
[386/392] Compiling NIOEmbedded AsyncTestingChannel.swift
[387/392] Emitting module NIOEmbedded
[388/392] Compiling NIOEmbedded AsyncTestingEventLoop.swift
BUILD FAILURE 6.2 wasm