The Swift Package Index logo.Swift Package Index

Build Information

Failed to build stripe-kit, reference 26.1.0 (e163d7), with Swift 6.4 for Linux on 24 Sep 2026 09:48:45 UTC.

Build Command

bash -c docker run --pull=always --rm -v "checkouts-53886770-0":/host -w "$PWD" -e JAVA_HOME="/root/.sdkman/candidates/java/current" -e SPI_BUILD="1" -e SPI_PROCESSING="1" registry.gitlab.com/saguaro1/spi-images:basic-6.4-latest swift build --triple x86_64-unknown-linux-gnu 2>&1

Build Log

========================================
RunAll
========================================
Builder version: 5.1.0
Interrupt handler set up.
========================================
Checkout
========================================
Clone URL: https://github.com/vapor-community/stripe-kit.git
Reference: 26.1.0
Initialized empty Git repository in /host/spi-builder-workspace/.git/
hint: Using 'master' as the name for the initial branch. This default branch name
hint: is subject to change. To configure the initial branch name to use in all
hint: of your new repositories, which will suppress this warning, call:
hint:
hint: 	git config --global init.defaultBranch <name>
hint:
hint: Names commonly chosen instead of 'master' are 'main', 'trunk' and
hint: 'development'. The just-created branch can be renamed via this command:
hint:
hint: 	git branch -m <name>
From https://github.com/vapor-community/stripe-kit
 * tag               26.1.0     -> FETCH_HEAD
HEAD is now at e163d7a Widen swift-crypto version range to include 4.x (#293)
Cloned https://github.com/vapor-community/stripe-kit.git
Revision (git rev-parse @):
e163d7ae756b89ed2f7f463f6770420434e83d17
SUCCESS checkout https://github.com/vapor-community/stripe-kit.git at 26.1.0
========================================
Build
========================================
Selected platform:         linux
Swift version:             6.4
Building package at path:  $PWD
https://github.com/vapor-community/stripe-kit.git
Running build ...
bash -c docker run --pull=always --rm -v "checkouts-53886770-0":/host -w "$PWD" -e JAVA_HOME="/root/.sdkman/candidates/java/current" -e SPI_BUILD="1" -e SPI_PROCESSING="1" registry.gitlab.com/saguaro1/spi-images:basic-6.4-latest swift build --triple x86_64-unknown-linux-gnu 2>&1
basic-6.4-latest: Pulling from saguaro1/spi-images
Digest: sha256:c77fcce225e223ac0fafed844619173fc6de8d62dd560eeb28db3182af6a282b
Status: Image is up to date for registry.gitlab.com/saguaro1/spi-images:basic-6.4-latest
Fetching https://github.com/swift-server/async-http-client.git
Fetching https://github.com/apple/swift-crypto.git
[1/18549] Fetching swift-crypto
[1856/34763] Fetching swift-crypto, async-http-client
Fetched https://github.com/swift-server/async-http-client.git (1.21s)
Fetched https://github.com/apple/swift-crypto.git (1.22s)
Computing version for https://github.com/apple/swift-crypto.git
Computed https://github.com/apple/swift-crypto.git at 4.5.2 (2.38s)
Fetching https://github.com/apple/swift-asn1.git
[1/1983] Fetching swift-asn1
Fetched https://github.com/apple/swift-asn1.git (0.97s)
Computing version for https://github.com/apple/swift-asn1.git
Computed https://github.com/apple/swift-asn1.git at 1.7.3 (1.19s)
Computing version for https://github.com/swift-server/async-http-client.git
Computed https://github.com/swift-server/async-http-client.git at 1.36.1 (0.21s)
Fetching https://github.com/apple/swift-algorithms.git
Fetching https://github.com/apple/swift-distributed-tracing.git
Fetching https://github.com/apple/swift-nio-extras.git
Fetching https://github.com/apple/swift-log.git
Fetching https://github.com/apple/swift-configuration.git
Fetching https://github.com/apple/swift-service-context.git
[1/6145] Fetching swift-algorithms
[2/9924] Fetching swift-algorithms, swift-configuration
[64/16269] Fetching swift-algorithms, swift-configuration, swift-distributed-tracing
[1716/22959] Fetching swift-algorithms, swift-configuration, swift-distributed-tracing, swift-nio-extras
[4718/24335] Fetching swift-algorithms, swift-configuration, swift-distributed-tracing, swift-nio-extras, swift-service-context
[21131/32500] Fetching swift-algorithms, swift-configuration, swift-distributed-tracing, swift-nio-extras, swift-service-context, swift-log
Fetched https://github.com/apple/swift-service-context.git (0.56s)
[24511/31124] Fetching swift-algorithms, swift-configuration, swift-distributed-tracing, swift-nio-extras, swift-log
Fetching https://github.com/apple/swift-nio-transport-services.git
Fetched https://github.com/apple/swift-algorithms.git (0.61s)
Fetched https://github.com/apple/swift-configuration.git (0.61s)
Fetched https://github.com/apple/swift-nio-extras.git (0.61s)
Fetching https://github.com/apple/swift-atomics.git
Fetching https://github.com/apple/swift-nio-http2.git
Fetching https://github.com/apple/swift-nio-ssl.git
Fetched https://github.com/apple/swift-log.git (0.66s)
Fetched https://github.com/apple/swift-distributed-tracing.git (0.66s)
Fetching https://github.com/apple/swift-nio.git
[1/16065] Fetching swift-nio-ssl
[644/18928] Fetching swift-nio-ssl, swift-nio-transport-services
[1464/20809] Fetching swift-nio-ssl, swift-nio-transport-services, swift-atomics
Fetched https://github.com/apple/swift-nio-transport-services.git (0.53s)
[2499/17946] Fetching swift-nio-ssl, swift-atomics
Fetched https://github.com/apple/swift-atomics.git (0.54s)
[2250/16065] Fetching swift-nio-ssl
[3536/28317] Fetching swift-nio-ssl, swift-nio-http2
[28318/114408] Fetching swift-nio-ssl, swift-nio-http2, swift-nio
Fetched https://github.com/apple/swift-nio-http2.git (1.01s)
[20370/102156] Fetching swift-nio-ssl, swift-nio
Fetched https://github.com/apple/swift-nio-ssl.git (1.07s)
[6888/86091] Fetching swift-nio
Fetched https://github.com/apple/swift-nio.git (3.04s)
Computing version for https://github.com/apple/swift-service-context.git
Computed https://github.com/apple/swift-service-context.git at 1.3.0 (3.89s)
Computing version for https://github.com/apple/swift-algorithms.git
Computed https://github.com/apple/swift-algorithms.git at 1.2.1 (0.18s)
Fetching https://github.com/apple/swift-numerics.git
[1/6640] Fetching swift-numerics
Fetched https://github.com/apple/swift-numerics.git (0.63s)
Computing version for https://github.com/apple/swift-distributed-tracing.git
Computed https://github.com/apple/swift-distributed-tracing.git at 1.5.0 (0.82s)
Computing version for https://github.com/apple/swift-configuration.git
Computed https://github.com/apple/swift-configuration.git at 1.2.1 (0.24s)
Fetching https://github.com/swift-server/swift-service-lifecycle
Fetching https://github.com/apple/swift-system
Fetching https://github.com/apple/swift-collections
[1/2843] Fetching swift-service-lifecycle
[2844/9759] Fetching swift-service-lifecycle, swift-system
[6648/37452] Fetching swift-service-lifecycle, swift-system, swift-collections
Fetched https://github.com/apple/swift-system (0.70s)
[8936/30536] Fetching swift-service-lifecycle, swift-collections
Fetched https://github.com/swift-server/swift-service-lifecycle (1.19s)
Fetched https://github.com/apple/swift-collections (1.20s)
Computing version for https://github.com/apple/swift-atomics.git
Computed https://github.com/apple/swift-atomics.git at 1.3.1 (1.37s)
Computing version for https://github.com/apple/swift-numerics.git
Computed https://github.com/apple/swift-numerics.git at 1.1.1 (0.15s)
Computing version for https://github.com/apple/swift-nio-transport-services.git
Computed https://github.com/apple/swift-nio-transport-services.git at 1.28.0 (0.18s)
Computing version for https://github.com/apple/swift-nio.git
Computed https://github.com/apple/swift-nio.git at 2.103.0 (0.34s)
Computing version for https://github.com/swift-server/swift-service-lifecycle
Computed https://github.com/swift-server/swift-service-lifecycle at 2.12.0 (0.18s)
Fetching https://github.com/apple/swift-async-algorithms.git
[1/6732] Fetching swift-async-algorithms
Fetched https://github.com/apple/swift-async-algorithms.git (1.10s)
Computing version for https://github.com/apple/swift-log.git
Computed https://github.com/apple/swift-log.git at 1.15.1 (1.31s)
Computing version for https://github.com/apple/swift-async-algorithms.git
Computed https://github.com/apple/swift-async-algorithms.git at 1.1.5 (0.22s)
Computing version for https://github.com/apple/swift-collections
Computed https://github.com/apple/swift-collections at 1.7.0 (0.30s)
Computing version for https://github.com/apple/swift-nio-http2.git
Computed https://github.com/apple/swift-nio-http2.git at 1.46.0 (0.21s)
Computing version for https://github.com/apple/swift-nio-ssl.git
Computed https://github.com/apple/swift-nio-ssl.git at 2.37.5 (0.24s)
Computing version for https://github.com/apple/swift-system
Computed https://github.com/apple/swift-system at 1.8.1 (0.23s)
Computing version for https://github.com/apple/swift-nio-extras.git
Computed https://github.com/apple/swift-nio-extras.git at 1.35.1 (0.33s)
Fetching https://github.com/apple/swift-certificates.git
Fetching https://github.com/apple/swift-http-structured-headers.git
Fetching https://github.com/apple/swift-http-types.git
[1/1253] Fetching swift-http-structured-headers
[741/3188] Fetching swift-http-structured-headers, swift-http-types
Fetched https://github.com/apple/swift-http-structured-headers.git (0.50s)
[1316/1935] Fetching swift-http-types
[1936/9510] Fetching swift-http-types, swift-certificates
Fetched https://github.com/apple/swift-http-types.git (0.54s)
[455/7575] Fetching swift-certificates
Fetched https://github.com/apple/swift-certificates.git (0.64s)
Computing version for https://github.com/apple/swift-http-structured-headers.git
Computed https://github.com/apple/swift-http-structured-headers.git at 1.7.0 (0.83s)
Computing version for https://github.com/apple/swift-http-types.git
Computed https://github.com/apple/swift-http-types.git at 1.8.0 (0.22s)
Computing version for https://github.com/apple/swift-certificates.git
Computed https://github.com/apple/swift-certificates.git at 1.21.0 (0.25s)
Creating working copy for https://github.com/apple/swift-atomics.git
Working copy of https://github.com/apple/swift-atomics.git resolved at 1.3.1
Creating working copy for https://github.com/apple/swift-algorithms.git
Working copy of https://github.com/apple/swift-algorithms.git resolved at 1.2.1
Creating working copy for https://github.com/apple/swift-configuration.git
Working copy of https://github.com/apple/swift-configuration.git resolved at 1.2.1
Creating working copy for https://github.com/apple/swift-nio.git
Working copy of https://github.com/apple/swift-nio.git resolved at 2.103.0
Creating working copy for https://github.com/apple/swift-nio-http2.git
Working copy of https://github.com/apple/swift-nio-http2.git resolved at 1.46.0
Creating working copy for https://github.com/apple/swift-crypto.git
Working copy of https://github.com/apple/swift-crypto.git resolved at 4.5.2
Creating working copy for https://github.com/apple/swift-asn1.git
Working copy of https://github.com/apple/swift-asn1.git resolved at 1.7.3
Creating working copy for https://github.com/apple/swift-nio-ssl.git
Working copy of https://github.com/apple/swift-nio-ssl.git resolved at 2.37.5
Creating working copy for https://github.com/apple/swift-numerics.git
Working copy of https://github.com/apple/swift-numerics.git resolved at 1.1.1
Creating working copy for https://github.com/apple/swift-system
Working copy of https://github.com/apple/swift-system resolved at 1.8.1
Creating working copy for https://github.com/apple/swift-nio-extras.git
Working copy of https://github.com/apple/swift-nio-extras.git resolved at 1.35.1
Creating working copy for https://github.com/swift-server/swift-service-lifecycle
Working copy of https://github.com/swift-server/swift-service-lifecycle resolved at 2.12.0
Creating working copy for https://github.com/apple/swift-collections
Working copy of https://github.com/apple/swift-collections resolved at 1.7.0
Creating working copy for https://github.com/apple/swift-async-algorithms.git
Working copy of https://github.com/apple/swift-async-algorithms.git resolved at 1.1.5
Creating working copy for https://github.com/apple/swift-http-types.git
Working copy of https://github.com/apple/swift-http-types.git resolved at 1.8.0
Creating working copy for https://github.com/apple/swift-certificates.git
Working copy of https://github.com/apple/swift-certificates.git resolved at 1.21.0
Creating working copy for https://github.com/apple/swift-distributed-tracing.git
Working copy of https://github.com/apple/swift-distributed-tracing.git resolved at 1.5.0
Creating working copy for https://github.com/apple/swift-http-structured-headers.git
Working copy of https://github.com/apple/swift-http-structured-headers.git resolved at 1.7.0
Creating working copy for https://github.com/apple/swift-nio-transport-services.git
Working copy of https://github.com/apple/swift-nio-transport-services.git resolved at 1.28.0
Creating working copy for https://github.com/apple/swift-service-context.git
Working copy of https://github.com/apple/swift-service-context.git resolved at 1.3.0
Creating working copy for https://github.com/apple/swift-log.git
Working copy of https://github.com/apple/swift-log.git resolved at 1.15.1
Creating working copy for https://github.com/swift-server/async-http-client.git
Working copy of https://github.com/swift-server/async-http-client.git resolved at 1.36.1
Building for debugging...
[Computing dependencies]
[Constructing description]
[Pre-planning 1 / 1557]
[Planning 1200 / 1557]
[Planning deferred tasks]
[Constructing 1252 / 4076]
[Starting]
[264 / 1294] SystemPackage
[279 / 1330] SystemPackage
[279 / 1330] _NIOBase64
[292 / 1330] RealModule
[294 / 1330] _NIODataStructures
[309 / 1330] SystemPackage
[318 / 1331] _NIOBase64
[321 / 1331] SystemPackage
[323 / 1331] ServiceContextModule-product
[330 / 1333] RealModule
[334 / 1333] RealModule
[338 / 1333] NIOConcurrencyHelpers
[340 / 1333] NIOConcurrencyHelpers
[347 / 1336] InternalCollectionsUtilities
[352 / 1363] CryptoBoringWrapper
[356 / 1364] SystemPackage
[359 / 1364] NIOConcurrencyHelpers
[362 / 1364] Logging
[365 / 1364] Logging
[369 / 1364] Logging
[372 / 1364] Logging-product
[374 / 1364] Logging-product
[375 / 1364] Logging
[383 / 1365] SpanPreview
[389 / 1366] SystemPackage
[392 / 1366]
[404 / 1373] CXKCP
[419 / 1382] CNIOWASI
[427 / 1382] CNIOLinux
[430 / 1382] CNIOFreeBSD
[439 / 1382] CNIOExtrasZlib
[449 / 1382] InternalCollectionsUtilities
[457 / 1383] InternalCollectionsUtilities
[463 / 1384] CNIOBoringSSL
[466 / 1384] CNIOBoringSSL
[467 / 1384] CNIOBoringSSL
[469 / 1384] CNIOBoringSSL
[472 / 1384] CNIOBoringSSL
[474 / 1384] CNIOBoringSSL
[485 / 1384] CNIOBoringSSL
[491 / 1384] CNIOBoringSSL
[493 / 1384] CNIOBoringSSL
[497 / 1384] CNIOBoringSSL
[500 / 1385] CNIOBoringSSL
[501 / 1385] CNIOBoringSSL
[502 / 1385] CNIOBoringSSL
[505 / 1385] CNIOBoringSSL
[509 / 1385] CNIOBoringSSL
[516 / 1385] CNIOBoringSSL
[520 / 1385] CNIOBoringSSL
[524 / 1385] CNIOBoringSSL
[525 / 1385] CNIOBoringSSL
[529 / 1385] CNIOBoringSSL
[531 / 1385] CNIOBoringSSL
[532 / 1385] CNIOBoringSSL
[536 / 1385] CNIOBoringSSL
[539 / 1385] CNIOBoringSSL
[543 / 1385] CNIOBoringSSL
[546 / 1385] CNIOBoringSSL
[550 / 1385] CNIOBoringSSL
[552 / 1385] CNIOBoringSSL
[553 / 1385] CNIOBoringSSL
[555 / 1385] CNIOBoringSSL
[558 / 1385] CNIOBoringSSL
[564 / 1385] CNIOBoringSSL
[567 / 1385] CNIOBoringSSL
[568 / 1385] CNIOBoringSSL
[569 / 1385] CNIOBoringSSL
[573 / 1385] CNIOBoringSSL
[575 / 1385] CNIOBoringSSL
[578 / 1385] CNIOBoringSSL
[580 / 1385] CNIOBoringSSL
[582 / 1385] CNIOBoringSSL
[584 / 1385] CNIOBoringSSL
[587 / 1385] CNIOBoringSSL
[588 / 1385] CNIOBoringSSL
[593 / 1385] CNIOBoringSSL
[608 / 1385] CNIOBoringSSL
[620 / 1385] CNIOBoringSSL
[625 / 1385] CNIOBoringSSL
[628 / 1385] CNIOBoringSSL
[631 / 1385] CNIOBoringSSL
[634 / 1385] CNIOBoringSSL
[637 / 1385] CNIOBoringSSL
[639 / 1385] CNIOBoringSSL
[642 / 1385] CNIOBoringSSL
[647 / 1385] CNIOBoringSSL
[648 / 1385] CNIOBoringSSL
[652 / 1385] CNIOBoringSSL
[657 / 1385] CNIOBoringSSL
[660 / 1385] CNIOBoringSSL
[661 / 1385] CNIOBoringSSL
[667 / 1385] CNIOBoringSSL
[670 / 1385] CNIOBoringSSL
[675 / 1385] CNIOBoringSSL
[686 / 1385] CNIOBoringSSL
[687 / 1385] CNIOBoringSSL
[695 / 1385] CNIOBoringSSL
[696 / 1385] CNIOBoringSSL
[699 / 1385] CNIOBoringSSL
[704 / 1385] CNIOBoringSSL
[706 / 1385] CNIOBoringSSL
[712 / 1385] CNIOBoringSSL
[725 / 1385] CNIOBoringSSL
[731 / 1385] CNIOBoringSSL
[735 / 1385] CNIOBoringSSL
[738 / 1385] CNIOBoringSSL
[741 / 1385] CNIOBoringSSL
[744 / 1385] CNIOBoringSSL
[748 / 1385] CNIOBoringSSL
[750 / 1385] CNIOBoringSSL
[753 / 1385] CNIOBoringSSL
[755 / 1385] CNIOBoringSSL
[759 / 1385] CNIOBoringSSL
[762 / 1385] CNIOBoringSSL
[763 / 1385] CNIOBoringSSL
[766 / 1385] CNIOBoringSSL
[768 / 1385] CNIOBoringSSL
[771 / 1385] CNIOBoringSSL
[773 / 1385] CNIOBoringSSL
[775 / 1385] CNIOBoringSSL
[776 / 1385] CNIOBoringSSL
[781 / 1385] CNIOBoringSSL
[783 / 1385] CNIOBoringSSL
[789 / 1385] CNIOBoringSSL
[801 / 1385] CNIOBoringSSL
[805 / 1385] CNIOBoringSSL
[811 / 1385] CNIOBoringSSL
[815 / 1385] CNIOBoringSSL
[820 / 1385] CNIOBoringSSL
[823 / 1385] CNIOBoringSSL
[827 / 1385] CNIOBoringSSL
[838 / 1385] CNIOBoringSSL
[847 / 1385] CNIOBoringSSL
[853 / 1385] CNIOBoringSSL
[855 / 1385] CNIOBoringSSL
[859 / 1385] CNIOBoringSSL
[861 / 1385] CNIOBoringSSL
[862 / 1385] CNIOBoringSSL
[865 / 1385] CNIOBoringSSL
[869 / 1385] CNIOBoringSSL
[870 / 1385] CCryptoBoringSSLShims
[873 / 1385] CNIOBoringSSL
[874 / 1385] CCryptoBoringSSL
[875 / 1385] CNIOAtomics
[877 / 1385] CCryptoBoringSSL
[883 / 1385] CNIOBoringSSL
[885 / 1385] CCryptoBoringSSL
[888 / 1385] CCryptoBoringSSL
[891 / 1385] CCryptoBoringSSL
[896 / 1385] CCryptoBoringSSL
[898 / 1385] CCryptoBoringSSL
[899 / 1385] CCryptoBoringSSL
[902 / 1385] CCryptoBoringSSL
[906 / 1385] CCryptoBoringSSL
[908 / 1385] CCryptoBoringSSL
[910 / 1385] CCryptoBoringSSL
[915 / 1385] CCryptoBoringSSL
[923 / 1385] CCryptoBoringSSL
[924 / 1385] CCryptoBoringSSL
[926 / 1385] CCryptoBoringSSL
[927 / 1385] CCryptoBoringSSL
[928 / 1385] CCryptoBoringSSL
[932 / 1385] CCryptoBoringSSL
[934 / 1385] CCryptoBoringSSL
[935 / 1385] CCryptoBoringSSL
[936 / 1385] CCryptoBoringSSL
[940 / 1385] CCryptoBoringSSL
[941 / 1385] CCryptoBoringSSL
[943 / 1385] CCryptoBoringSSL
[946 / 1385] CCryptoBoringSSL
[949 / 1385] CCryptoBoringSSL
[952 / 1385] CCryptoBoringSSL
[956 / 1385] CCryptoBoringSSL
[959 / 1385] CCryptoBoringSSL
[963 / 1385] CCryptoBoringSSL
[965 / 1385] CCryptoBoringSSL
[968 / 1385] CCryptoBoringSSL
[969 / 1385] CCryptoBoringSSL
[977 / 1385] CCryptoBoringSSL
[988 / 1385] CCryptoBoringSSL
[1001 / 1385] CCryptoBoringSSL
[1006 / 1385] CCryptoBoringSSL
[1008 / 1385] CCryptoBoringSSL
[1013 / 1385] CCryptoBoringSSL
[1014 / 1385] CCryptoBoringSSL
[1019 / 1385] CCryptoBoringSSL
[1022 / 1385] CCryptoBoringSSL
[1026 / 1385] CCryptoBoringSSL
[1030 / 1385] CCryptoBoringSSL
[1034 / 1385] CCryptoBoringSSL
[1037 / 1385] CCryptoBoringSSL
[1039 / 1385] CCryptoBoringSSL
[1043 / 1385] CCryptoBoringSSL
[1046 / 1385] CCryptoBoringSSL
[1047 / 1385] CCryptoBoringSSL
[1051 / 1385] CCryptoBoringSSL
[1059 / 1385] CCryptoBoringSSL
[1064 / 1385] CCryptoBoringSSL
[1065 / 1385] CCryptoBoringSSL
[1069 / 1385] CCryptoBoringSSL
[1075 / 1385] CCryptoBoringSSL
[1081 / 1385] CCryptoBoringSSL
[1089 / 1385] CCryptoBoringSSL
[1100 / 1385] CCryptoBoringSSL
[1113 / 1385] CCryptoBoringSSL
[1119 / 1385] CCryptoBoringSSL
[1124 / 1385] CCryptoBoringSSL
[1127 / 1385] CCryptoBoringSSL
[1131 / 1385] CCryptoBoringSSL
[1134 / 1385] CCryptoBoringSSL
[1139 / 1385] CCryptoBoringSSL
[1140 / 1385] CCryptoBoringSSL
[1145 / 1385] CCryptoBoringSSL
[1147 / 1385] CCryptoBoringSSL
[1150 / 1385] CCryptoBoringSSL
[1154 / 1385] CCryptoBoringSSL
[1159 / 1385] CCryptoBoringSSL
[1170 / 1385] CCryptoBoringSSL
[1176 / 1385] CCryptoBoringSSL
[1180 / 1385] CCryptoBoringSSL
[1186 / 1385] CCryptoBoringSSL
[1188 / 1385] CCryptoBoringSSL
[1192 / 1385] CCryptoBoringSSL
[1195 / 1385] CCryptoBoringSSL
[1204 / 1385] CCryptoBoringSSL
[1213 / 1385] CCryptoBoringSSL
[1223 / 1385] CCryptoBoringSSL
[1224 / 1385] CCryptoBoringSSL
[1226 / 1385] CCryptoBoringSSL
[1228 / 1385] CCryptoBoringSSL
[1229 / 1385] CCryptoBoringSSL
[1233 / 1385] CCryptoBoringSSL
[1237 / 1385] CCryptoBoringSSL
[1246 / 1392] Atomics
[1250 / 1392] Atomics
[1260 / 1402] Tracing
[1263 / 1403] Tracing
[1266 / 1403] Instrumentation
[1280 / 1424] Algorithms
[1281 / 1433] SpanPreview
[1283 / 1433] SpanPreview
[1286 / 1434] Tracing
[1290 / 1434] DequeModule
[1291 / 1434] Crypto
[1292 / 1434] Crypto
[1293 / 1434] Crypto
[1294 / 1434] DequeModule
[1297 / 1435] Crypto
[1303 / 1435] Algorithms
[1314 / 1435] DequeModule-product
[1317 / 1435] NIOCore
[1320 / 1435] Algorithms-product
[1321 / 1435] Algorithms-product
[1323 / 1435]
[1325 / 1435] Crypto
[1329 / 1438] CNIOLLHTTP
[1333 / 1438] NIOCore
[1337 / 1456] NIOCore
[1340 / 1456] NIOCore
[1341 / 1456] NIOCore
[1343 / 1456] Configuration
[1348 / 1456] Configuration
[1350 / 1456] NIOCore
[1351 / 1457] NIOCore
[1352 / 1457] Configuration
[1352 / 1457] NIOCore
[1354 / 1457] Configuration
[1355 / 1457] Configuration
[1356 / 1457] Configuration
[1358 / 1457] Configuration-product
[1360 / 1457]
[1363 / 1457] Configuration
[1363 / 1457] NIOCore
[1363 / 1457] Configuration
[1366 / 1458] NIOCore
[1381 / 1473] NIOPosix
[1383 / 1473] NIOEmbedded
[1390 / 1474] NIOPosix
[1391 / 1475] NIOPosix
[1393 / 1475] NIOCore
[1396 / 1475] NIOCore
[1397 / 1475] NIOPosix
[1410 / 1478] NIO
[1418 / 1506] NIOTLS
[1424 / 1506] NIOTLS
[1426 / 1506] NIOTLS
[1433 / 1506] NIOSSL
[1435 / 1506] NIOSOCKS
[1437 / 1507] NIOHTTP1
[1445 / 1507] NIOSOCKS-product
[1449 / 1507] NIOHTTP1
[1452 / 1507] NIOSOCKS
[1454 / 1508] NIOSOCKS
[1457 / 1508] NIOHTTP1
[1457 / 1509] NIOHTTP1
[1462 / 1511] NIOPosix
[1469 / 1527] NIOSSL
[1469 / 1527] NIOHTTPCompression
[1476 / 1536] NIOHTTPCompression
[1481 / 1536] NIOSSL
[1482 / 1536] NIOSSL
[1485 / 1537] NIOHPACK
[1494 / 1537] NIOSSL-product
[1497 / 1537] NIOSSL
[1501 / 1537] NIOHTTP2
[1503 / 1537] NIOHPACK
[1504 / 1538] NIOSSL
[1511 / 1539] NIOHTTP1
[1516 / 1548] NIOHTTP2
[1517 / 1548] NIOHTTP2
[1519 / 1548] NIOHTTP2
[1522 / 1550] NIOSSL
[1525 / 1550] NIOHPACK
[1527 / 1550] NIOHPACK
[1528 / 1550] NIOHTTP2
[1537 / 1560] AsyncHTTPClient
[1538 / 1560] AsyncHTTPClient
[1539 / 1560] AsyncHTTPClient
[1540 / 1560] AsyncHTTPClient
[1542 / 1560] AsyncHTTPClient
[1543 / 1560] AsyncHTTPClient
[1545 / 1560] AsyncHTTPClient
[1549 / 1561]
[1552 / 1570] StripeKit
[1553 / 1570] StripeKit
[1553 / 1570] AsyncHTTPClient
error: SwiftCompile normal x86_64 /host/spi-builder-workspace/Sources/StripeKit/Products/Discounts/Discount.swift failed with a nonzero exit code. Command line:     cd /host
    builtin-SwiftPerFileCompile Discount.swift
error: SwiftCompile normal x86_64 /host/spi-builder-workspace/Sources/StripeKit/Products/Discounts/DiscountRoutes.swift failed with a nonzero exit code. Command line:     cd /host
    builtin-SwiftPerFileCompile DiscountRoutes.swift
error: SwiftCompile normal x86_64 /host/spi-builder-workspace/Sources/StripeKit/Products/Prices/Price.swift failed with a nonzero exit code. Command line:     cd /host
    builtin-SwiftPerFileCompile Price.swift
error: SwiftCompile normal x86_64 /host/spi-builder-workspace/Sources/StripeKit/Products/Prices/PriceRoutes.swift failed with a nonzero exit code. Command line:     cd /host
    builtin-SwiftPerFileCompile PriceRoutes.swift
error: SwiftCompile normal x86_64 /host/spi-builder-workspace/Sources/StripeKit/Products/Products/Product.swift failed with a nonzero exit code. Command line:     cd /host
    builtin-SwiftPerFileCompile Product.swift
error: SwiftCompile normal x86_64 /host/spi-builder-workspace/Sources/StripeKit/Products/Products/ProductRoutes.swift failed with a nonzero exit code. Command line:     cd /host
    builtin-SwiftPerFileCompile ProductRoutes.swift
error: SwiftCompile normal x86_64 /host/spi-builder-workspace/Sources/StripeKit/Products/Promotion\ Codes/PromotionCodes.swift failed with a nonzero exit code. Command line:     cd /host
    builtin-SwiftPerFileCompile PromotionCodes.swift
error: SwiftCompile normal x86_64 /host/spi-builder-workspace/Sources/StripeKit/Products/Promotion\ Codes/PromotionCodesRoutes.swift failed with a nonzero exit code. Command line:     cd /host
    builtin-SwiftPerFileCompile PromotionCodesRoutes.swift
error: SwiftCompile normal x86_64 /host/spi-builder-workspace/Sources/StripeKit/Products/ShippingRates/ShippingRate.swift failed with a nonzero exit code. Command line:     cd /host
    builtin-SwiftPerFileCompile ShippingRate.swift
error: SwiftCompile normal x86_64 /host/spi-builder-workspace/Sources/StripeKit/Products/ShippingRates/ShippingRateRoutes.swift failed with a nonzero exit code. Command line:     cd /host
    builtin-SwiftPerFileCompile ShippingRateRoutes.swift
error: SwiftCompile normal x86_64 /host/spi-builder-workspace/Sources/StripeKit/Products/Tax\ Code/TaxCode.swift failed with a nonzero exit code. Command line:     cd /host
    builtin-SwiftPerFileCompile TaxCode.swift
error: SwiftCompile normal x86_64 /host/spi-builder-workspace/Sources/StripeKit/Products/Tax\ Code/TaxCodeRoutes.swift failed with a nonzero exit code. Command line:     cd /host
    builtin-SwiftPerFileCompile TaxCodeRoutes.swift
error: SwiftCompile normal x86_64 /host/spi-builder-workspace/Sources/StripeKit/Products/Tax\ Rates/TaxRate.swift failed with a nonzero exit code. Command line:     cd /host
    builtin-SwiftPerFileCompile TaxRate.swift
error: SwiftCompile normal x86_64 /host/spi-builder-workspace/Sources/StripeKit/Products/Tax\ Rates/TaxRateRoutes.swift failed with a nonzero exit code. Command line:     cd /host
    builtin-SwiftPerFileCompile TaxRateRoutes.swift
error: SwiftCompile normal x86_64 /host/spi-builder-workspace/Sources/StripeKit/Reporting/ReportRuns/ReportRun.swift failed with a nonzero exit code. Command line:     cd /host
    builtin-SwiftPerFileCompile ReportRun.swift
error: SwiftCompile normal x86_64 /host/spi-builder-workspace/Sources/StripeKit/Reporting/ReportRuns/ReportRunRoutes.swift failed with a nonzero exit code. Command line:     cd /host
    builtin-SwiftPerFileCompile ReportRunRoutes.swift
error: SwiftCompile normal x86_64 /host/spi-builder-workspace/Sources/StripeKit/Reporting/ReportTypes/ReportType.swift failed with a nonzero exit code. Command line:     cd /host
    builtin-SwiftPerFileCompile ReportType.swift
error: SwiftCompile normal x86_64 /host/spi-builder-workspace/Sources/StripeKit/Reporting/ReportTypes/ReportTypeRoutes.swift failed with a nonzero exit code. Command line:     cd /host
    builtin-SwiftPerFileCompile ReportTypeRoutes.swift
error: SwiftCompile normal x86_64 /host/spi-builder-workspace/Sources/StripeKit/Shared\ Models/Address.swift failed with a nonzero exit code. Command line:     cd /host
    builtin-SwiftPerFileCompile Address.swift
error: SwiftCompile normal x86_64 /host/spi-builder-workspace/Sources/StripeKit/Shared\ Models/BillingDetails.swift failed with a nonzero exit code. Command line:     cd /host
    builtin-SwiftPerFileCompile BillingDetails.swift
error: SwiftCompile normal x86_64 /host/spi-builder-workspace/Sources/StripeKit/Shared\ Models/Currency.swift failed with a nonzero exit code. Command line:     cd /host
    builtin-SwiftPerFileCompile Currency.swift
error: SwiftCompile normal x86_64 /host/spi-builder-workspace/Sources/StripeKit/Shared\ Models/DeletedObject.swift failed with a nonzero exit code. Command line:     cd /host
    builtin-SwiftPerFileCompile DeletedObject.swift
error: SwiftCompile normal x86_64 /host/spi-builder-workspace/Sources/StripeKit/Shared\ Models/ShippingLabel.swift failed with a nonzero exit code. Command line:     cd /host
    builtin-SwiftPerFileCompile ShippingLabel.swift
error: SwiftCompile normal x86_64 /host/spi-builder-workspace/Sources/StripeKit/Shared\ Models/StripeExpandable.swift failed with a nonzero exit code. Command line:     cd /host
    builtin-SwiftPerFileCompile StripeExpandable.swift
/host/spi-builder-workspace/Sources/StripeKit/StripeClient+SignatureVerification.swift:5:8: error: no such module 'NIOFoundationCompat'
 3 | import Crypto
 4 | import NIO
 5 | import NIOFoundationCompat
   |        `- error: no such module 'NIOFoundationCompat'
 6 | import NIOHTTP1
 7 |
Failed frontend command:
/usr/bin/swift-frontend -frontend -c -filelist /host/spi-builder-workspace/.build/out/Intermediates.noindex/stripe-kit.build/Debug-linux-x86_64/StripeKit-t.build/Objects-normal/x86_64/sources-1 -primary-file /host/spi-builder-workspace/Sources/StripeKit/Products/Discounts/Discount.swift -primary-file /host/spi-builder-workspace/Sources/StripeKit/Products/Discounts/DiscountRoutes.swift -primary-file /host/spi-builder-workspace/Sources/StripeKit/Products/Prices/Price.swift -primary-file /host/spi-builder-workspace/Sources/StripeKit/Products/Prices/PriceRoutes.swift -primary-file /host/spi-builder-workspace/Sources/StripeKit/Products/Products/Product.swift -primary-file /host/spi-builder-workspace/Sources/StripeKit/Products/Products/ProductRoutes.swift -primary-file /host/spi-builder-workspace/Sources/StripeKit/Products/Promotion\ Codes/PromotionCodes.swift -primary-file /host/spi-builder-workspace/Sources/StripeKit/Products/Promotion\ Codes/PromotionCodesRoutes.swift -primary-file /host/spi-builder-workspace/Sources/StripeKit/Products/ShippingRates/ShippingRate.swift -primary-file /host/spi-builder-workspace/Sources/StripeKit/Products/ShippingRates/ShippingRateRoutes.swift -primary-file /host/spi-builder-workspace/Sources/StripeKit/Products/Tax\ Code/TaxCode.swift -primary-file /host/spi-builder-workspace/Sources/StripeKit/Products/Tax\ Code/TaxCodeRoutes.swift -primary-file /host/spi-builder-workspace/Sources/StripeKit/Products/Tax\ Rates/TaxRate.swift -primary-file /host/spi-builder-workspace/Sources/StripeKit/Products/Tax\ Rates/TaxRateRoutes.swift -primary-file /host/spi-builder-workspace/Sources/StripeKit/Reporting/ReportRuns/ReportRun.swift -primary-file /host/spi-builder-workspace/Sources/StripeKit/Reporting/ReportRuns/ReportRunRoutes.swift -primary-file /host/spi-builder-workspace/Sources/StripeKit/Reporting/ReportTypes/ReportType.swift -primary-file /host/spi-builder-workspace/Sources/StripeKit/Reporting/ReportTypes/ReportTypeRoutes.swift -primary-file /host/spi-builder-workspace/Sources/StripeKit/Shared\ Models/Address.swift -primary-file /host/spi-builder-workspace/Sources/StripeKit/Shared\ Models/BillingDetails.swift -primary-file /host/spi-builder-workspace/Sources/StripeKit/Shared\ Models/Currency.swift -primary-file /host/spi-builder-workspace/Sources/StripeKit/Shared\ Models/DeletedObject.swift -primary-file /host/spi-builder-workspace/Sources/StripeKit/Shared\ Models/ShippingLabel.swift -primary-file /host/spi-builder-workspace/Sources/StripeKit/Shared\ Models/StripeExpandable.swift -supplementary-output-file-map /host/spi-builder-workspace/.build/out/Intermediates.noindex/stripe-kit.build/Debug-linux-x86_64/StripeKit-t.build/Objects-normal/x86_64/supplementaryOutputs-100 -target x86_64-unknown-linux-gnu -disable-objc-interop -I /host/spi-builder-workspace/.build/out/Products/Debug-linux-x86_64 -module-cache-path /host/spi-builder-workspace/.build/out/ModuleCache.noindex -color-diagnostics -Xcc -fcolor-diagnostics -enable-testing -g -debug-info-format\=dwarf -dwarf-version\=4 -swift-version 5 -Onone -D SWIFT_PACKAGE -D DEBUG -D SWIFT_MODULE_RESOURCE_BUNDLE_UNAVAILABLE -D Xcode -serialize-debugging-options -enable-experimental-feature DebugDescriptionMacro -empty-abi-descriptor -external-plugin-path /usr/lib/swift/host/plugins/testing\#/usr/bin/swift-plugin-server -validate-clang-modules-once -clang-build-session-file /host/spi-builder-workspace/.build/out/ModuleCache.noindex/Session.modulevalidation -Xcc -working-directory -Xcc /host -enable-anonymous-context-mangled-names -file-compilation-dir /host -Xcc -fmodule-map-file\=/host/spi-builder-workspace/.build/out/Intermediates.noindex/GeneratedModuleMaps-linux-x86_64/CNIOLLHTTP.modulemap -Xcc -fmodule-map-file\=/host/spi-builder-workspace/.build/out/Intermediates.noindex/GeneratedModuleMaps-linux-x86_64/CNIOPosix.modulemap -Xcc -fmodule-map-file\=/host/spi-builder-workspace/.build/out/Intermediates.noindex/GeneratedModuleMaps-linux-x86_64/CNIOWASI.modulemap -Xcc -fmodule-map-file\=/host/spi-builder-workspace/.build/checkouts/swift-nio/Sources/CNIOWindows/include/module.modulemap -Xcc -fmodule-map-file\=/host/spi-builder-workspace/.build/out/Intermediates.noindex/GeneratedModuleMaps-linux-x86_64/CNIOLinux.modulemap -Xcc -fmodule-map-file\=/host/spi-builder-workspace/.build/out/Intermediates.noindex/GeneratedModuleMaps-linux-x86_64/CNIODarwin.modulemap -Xcc -fmodule-map-file\=/host/spi-builder-workspace/.build/out/Intermediates.noindex/GeneratedModuleMaps-linux-x86_64/CNIOFreeBSD.modulemap -Xcc -fmodule-map-file\=/host/spi-builder-workspace/.build/out/Intermediates.noindex/GeneratedModuleMaps-linux-x86_64/CNIOOpenBSD.modulemap -Xcc -fmodule-map-file\=/host/spi-builder-workspace/.build/out/Intermediates.noindex/GeneratedModuleMaps-linux-x86_64/CNIOAtomics.modulemap -Xcc -fmodule-map-file\=/host/spi-builder-workspace/.build/out/Intermediates.noindex/GeneratedModuleMaps-linux-x86_64/CNIOBoringSSLShims.modulemap -Xcc -fmodule-map-file\=/host/spi-builder-workspace/.build/checkouts/swift-nio-ssl/Sources/CNIOBoringSSL/include/module.modulemap -Xcc -fmodule-map-file\=/host/spi-builder-workspace/.build/out/Intermediates.noindex/GeneratedModuleMaps-linux-x86_64/CNIOExtrasZlib.modulemap -Xcc -fmodule-map-file\=/host/spi-builder-workspace/.build/checkouts/swift-atomics/Sources/_AtomicsShims/include/module.modulemap -Xcc -fmodule-map-file\=/host/spi-builder-workspace/.build/checkouts/swift-numerics/Sources/_NumericsShims/include/module.modulemap -Xcc -fmodule-map-file\=/host/spi-builder-workspace/.build/checkouts/swift-system/Sources/CSystem/include/module.modulemap -Xcc -fmodule-map-file\=/host/spi-builder-workspace/.build/out/Intermediates.noindex/GeneratedModuleMaps-linux-x86_64/CAsyncHTTPClient.modulemap -Xcc -fmodule-map-file\=/host/spi-builder-workspace/.build/checkouts/swift-crypto/Sources/CXKCPShims/include/module.modulemap -Xcc -fmodule-map-file\=/host/spi-builder-workspace/.build/checkouts/swift-crypto/Sources/CXKCP/include/module.modulemap -Xcc -fmodule-map-file\=/host/spi-builder-workspace/.build/checkouts/swift-crypto/Sources/CCryptoBoringSSLShims/include/module.modulemap -Xcc -fmodule-map-file\=/host/spi-builder-workspace/.build/checkouts/swift-crypto/Sources/CCryptoBoringSSL/include/module.modulemap -Xcc -fno-omit-frame-pointer -Xcc -D_LIBCPP_HARDENING_MODE\=_LIBCPP_HARDENING_MODE_DEBUG -Xcc -fmodules-prune-interval\=86400 -Xcc -fmodules-prune-after\=345600 -Xcc -I/host/spi-builder-workspace/.build/checkouts/swift-nio/Sources/CNIOLLHTTP/include -Xcc -I/host/spi-builder-workspace/.build/checkouts/swift-nio/Sources/CNIOPosix/include -Xcc -I/host/spi-builder-workspace/.build/checkouts/swift-nio/Sources/CNIOWASI/include -Xcc -I/host/spi-builder-workspace/.build/checkouts/swift-nio/Sources/CNIOWindows/include -Xcc -I/host/spi-builder-workspace/.build/checkouts/swift-nio/Sources/CNIOLinux/include -Xcc -I/host/spi-builder-workspace/.build/checkouts/swift-nio/Sources/CNIODarwin/include -Xcc -I/host/spi-builder-workspace/.build/checkouts/swift-nio/Sources/CNIOFreeBSD/include -Xcc -I/host/spi-builder-workspace/.build/checkouts/swift-nio/Sources/CNIOOpenBSD/include -Xcc -I/host/spi-builder-workspace/.build/checkouts/swift-nio/Sources/CNIOAtomics/include -Xcc -I/host/spi-builder-workspace/.build/checkouts/swift-nio-ssl/Sources/CNIOBoringSSLShims/include -Xcc -I/host/spi-builder-workspace/.build/checkouts/swift-nio-ssl/Sources/CNIOBoringSSL/include -Xcc -I/host/spi-builder-workspace/.build/checkouts/swift-nio-extras/Sources/CNIOExtrasZlib/include -Xcc -I/host/spi-builder-workspace/.build/checkouts/swift-atomics/Sources/_AtomicsShims/include -Xcc -I/host/spi-builder-workspace/.build/checkouts/swift-numerics/Sources/_NumericsShims/include -Xcc -I/host/spi-builder-workspace/.build/checkouts/swift-system/Sources/CSystem/include -Xcc -I/host/spi-builder-workspace/.build/checkouts/async-http-client/Sources/CAsyncHTTPClient/include -Xcc -I/host/spi-builder-workspace/.build/checkouts/swift-crypto/Sources/CXKCPShims/include -Xcc -I/host/spi-builder-workspace/.build/checkouts/swift-crypto/Sources/CXKCP/include -Xcc -I/host/spi-builder-workspace/.build/checkouts/swift-crypto/Sources/CCryptoBoringSSLShims/include -Xcc -I/host/spi-builder-workspace/.build/checkouts/swift-crypto/Sources/CCryptoBoringSSL/include -Xcc -I/host/spi-builder-workspace/.build/out/Products/Debug-linux-x86_64/include -Xcc -I/host/spi-builder-workspace/.build/out/Intermediates.noindex/stripe-kit.build/Debug-linux-x86_64/StripeKit-t.build/DerivedSources-normal/x86_64 -Xcc -I/host/spi-builder-workspace/.build/out/Intermediates.noindex/stripe-kit.build/Debug-linux-x86_64/StripeKit-t.build/DerivedSources/x86_64 -Xcc -I/host/spi-builder-workspace/.build/out/Intermediates.noindex/stripe-kit.build/Debug-linux-x86_64/StripeKit-t.build/DerivedSources -Xcc -DSWIFT_PACKAGE -Xcc -DDEBUG\=1 -no-auto-bridging-header-chaining -module-name StripeKit -const-gather-protocols-file /host/spi-builder-workspace/.build/out/Intermediates.noindex/stripe-kit.build/Debug-linux-x86_64/StripeKit-t.build/Objects-normal/x86_64/StripeKit_const_extract_protocols.json -in-process-plugin-server-path /usr/lib/swift/host/libSwiftInProcPluginServer.so -plugin-path /usr/lib/swift/host/plugins -plugin-path /usr/local/lib/swift/host/plugins -parse-as-library -o /host/spi-builder-workspace/.build/out/Intermediates.noindex/stripe-kit.build/Debug-linux-x86_64/StripeKit-t.build/Objects-normal/x86_64/Discount.o -o /host/spi-builder-workspace/.build/out/Intermediates.noindex/stripe-kit.build/Debug-linux-x86_64/StripeKit-t.build/Objects-normal/x86_64/DiscountRoutes.o -o /host/spi-builder-workspace/.build/out/Intermediates.noindex/stripe-kit.build/Debug-linux-x86_64/StripeKit-t.build/Objects-normal/x86_64/Price.o -o /host/spi-builder-workspace/.build/out/Intermediates.noindex/stripe-kit.build/Debug-linux-x86_64/StripeKit-t.build/Objects-normal/x86_64/PriceRoutes.o -o /host/spi-builder-workspace/.build/out/Intermediates.noindex/stripe-kit.build/Debug-linux-x86_64/StripeKit-t.build/Objects-normal/x86_64/Product.o -o /host/spi-builder-workspace/.build/out/Intermediates.noindex/stripe-kit.build/Debug-linux-x86_64/StripeKit-t.build/Objects-normal/x86_64/ProductRoutes.o -o /host/spi-builder-workspace/.build/out/Intermediates.noindex/stripe-kit.build/Debug-linux-x86_64/StripeKit-t.build/Objects-normal/x86_64/PromotionCodes.o -o /host/spi-builder-workspace/.build/out/Intermediates.noindex/stripe-kit.build/Debug-linux-x86_64/StripeKit-t.build/Objects-normal/x86_64/PromotionCodesRoutes.o -o /host/spi-builder-workspace/.build/out/Intermediates.noindex/stripe-kit.build/Debug-linux-x86_64/StripeKit-t.build/Objects-normal/x86_64/ShippingRate.o -o /host/spi-builder-workspace/.build/out/Intermediates.noindex/stripe-kit.build/Debug-linux-x86_64/StripeKit-t.build/Objects-normal/x86_64/ShippingRateRoutes.o -o /host/spi-builder-workspace/.build/out/Intermediates.noindex/stripe-kit.build/Debug-linux-x86_64/StripeKit-t.build/Objects-normal/x86_64/TaxCode.o -o /host/spi-builder-workspace/.build/out/Intermediates.noindex/stripe-kit.build/Debug-linux-x86_64/StripeKit-t.build/Objects-normal/x86_64/TaxCodeRoutes.o -o /host/spi-builder-workspace/.build/out/Intermediates.noindex/stripe-kit.build/Debug-linux-x86_64/StripeKit-t.build/Objects-normal/x86_64/TaxRate.o -o /host/spi-builder-workspace/.build/out/Intermediates.noindex/stripe-kit.build/Debug-linux-x86_64/StripeKit-t.build/Objects-normal/x86_64/TaxRateRoutes.o -o /host/spi-builder-workspace/.build/out/Intermediates.noindex/stripe-kit.build/Debug-linux-x86_64/StripeKit-t.build/Objects-normal/x86_64/ReportRun.o -o /host/spi-builder-workspace/.build/out/Intermediates.noindex/stripe-kit.build/Debug-linux-x86_64/StripeKit-t.build/Objects-normal/x86_64/ReportRunRoutes.o -o /host/spi-builder-workspace/.build/out/Intermediates.noindex/stripe-kit.build/Debug-linux-x86_64/StripeKit-t.build/Objects-normal/x86_64/ReportType.o -o /host/spi-builder-workspace/.build/out/Intermediates.noindex/stripe-kit.build/Debug-linux-x86_64/StripeKit-t.build/Objects-normal/x86_64/ReportTypeRoutes.o -o /host/spi-builder-workspace/.build/out/Intermediates.noindex/stripe-kit.build/Debug-linux-x86_64/StripeKit-t.build/Objects-normal/x86_64/Address.o -o /host/spi-builder-workspace/.build/out/Intermediates.noindex/stripe-kit.build/Debug-linux-x86_64/StripeKit-t.build/Objects-normal/x86_64/BillingDetails.o -o /host/spi-builder-workspace/.build/out/Intermediates.noindex/stripe-kit.build/Debug-linux-x86_64/StripeKit-t.build/Objects-normal/x86_64/Currency.o -o /host/spi-builder-workspace/.build/out/Intermediates.noindex/stripe-kit.build/Debug-linux-x86_64/StripeKit-t.build/Objects-normal/x86_64/DeletedObject.o -o /host/spi-builder-workspace/.build/out/Intermediates.noindex/stripe-kit.build/Debug-linux-x86_64/StripeKit-t.build/Objects-normal/x86_64/ShippingLabel.o -o /host/spi-builder-workspace/.build/out/Intermediates.noindex/stripe-kit.build/Debug-linux-x86_64/StripeKit-t.build/Objects-normal/x86_64/StripeExpandable.o -index-unit-output-path /stripe-kit.build/Debug-linux-x86_64/StripeKit-t.build/Objects-normal/x86_64/Discount.o -index-unit-output-path /stripe-kit.build/Debug-linux-x86_64/StripeKit-t.build/Objects-normal/x86_64/DiscountRoutes.o -index-unit-output-path /stripe-kit.build/Debug-linux-x86_64/StripeKit-t.build/Objects-normal/x86_64/Price.o -index-unit-output-path /stripe-kit.build/Debug-linux-x86_64/StripeKit-t.build/Objects-normal/x86_64/PriceRoutes.o -index-unit-output-path /stripe-kit.build/Debug-linux-x86_64/StripeKit-t.build/Objects-normal/x86_64/Product.o -index-unit-output-path /stripe-kit.build/Debug-linux-x86_64/StripeKit-t.build/Objects-normal/x86_64/ProductRoutes.o -index-unit-output-path /stripe-kit.build/Debug-linux-x86_64/StripeKit-t.build/Objects-normal/x86_64/PromotionCodes.o -index-unit-output-path /stripe-kit.build/Debug-linux-x86_64/StripeKit-t.build/Objects-normal/x86_64/PromotionCodesRoutes.o -index-unit-output-path /stripe-kit.build/Debug-linux-x86_64/StripeKit-t.build/Objects-normal/x86_64/ShippingRate.o -index-unit-output-path /stripe-kit.build/Debug-linux-x86_64/StripeKit-t.build/Objects-normal/x86_64/ShippingRateRoutes.o -index-unit-output-path /stripe-kit.build/Debug-linux-x86_64/StripeKit-t.build/Objects-normal/x86_64/TaxCode.o -index-unit-output-path /stripe-kit.build/Debug-linux-x86_64/StripeKit-t.build/Objects-normal/x86_64/TaxCodeRoutes.o -index-unit-output-path /stripe-kit.build/Debug-linux-x86_64/StripeKit-t.build/Objects-normal/x86_64/TaxRate.o -index-unit-output-path /stripe-kit.build/Debug-linux-x86_64/StripeKit-t.build/Objects-normal/x86_64/TaxRateRoutes.o -index-unit-output-path /stripe-kit.build/Debug-linux-x86_64/StripeKit-t.build/Objects-normal/x86_64/ReportRun.o -index-unit-output-path /stripe-kit.build/Debug-linux-x86_64/StripeKit-t.build/Objects-normal/x86_64/ReportRunRoutes.o -index-unit-output-path /stripe-kit.build/Debug-linux-x86_64/StripeKit-t.build/Objects-normal/x86_64/ReportType.o -index-unit-output-path /stripe-kit.build/Debug-linux-x86_64/StripeKit-t.build/Objects-normal/x86_64/ReportTypeRoutes.o -index-unit-output-path /stripe-kit.build/Debug-linux-x86_64/StripeKit-t.build/Objects-normal/x86_64/Address.o -index-unit-output-path /stripe-kit.build/Debug-linux-x86_64/StripeKit-t.build/Objects-normal/x86_64/BillingDetails.o -index-unit-output-path /stripe-kit.build/Debug-linux-x86_64/StripeKit-t.build/Objects-normal/x86_64/Currency.o -index-unit-output-path /stripe-kit.build/Debug-linux-x86_64/StripeKit-t.build/Objects-normal/x86_64/DeletedObject.o -index-unit-output-path /stripe-kit.build/Debug-linux-x86_64/StripeKit-t.build/Objects-normal/x86_64/ShippingLabel.o -index-unit-output-path /stripe-kit.build/Debug-linux-x86_64/StripeKit-t.build/Objects-normal/x86_64/StripeExpandable.o -index-store-path /host/spi-builder-workspace/.build/out -index-system-modules
error: SwiftCompile normal x86_64 /host/spi-builder-workspace/Sources/StripeKit/StripeClient+SignatureVerification.swift failed with a nonzero exit code. Command line:     cd /host
    builtin-SwiftPerFileCompile StripeClient+SignatureVerification.swift
/host/spi-builder-workspace/Sources/StripeKit/StripeClient+SignatureVerification.swift:5:8: error: no such module 'NIOFoundationCompat'
 3 | import Crypto
 4 | import NIO
 5 | import NIOFoundationCompat
   |        `- error: no such module 'NIOFoundationCompat'
 6 | import NIOHTTP1
 7 |
Failed frontend command:
/usr/bin/swift-frontend -frontend -c -filelist /host/spi-builder-workspace/.build/out/Intermediates.noindex/stripe-kit.build/Debug-linux-x86_64/StripeKit-t.build/Objects-normal/x86_64/sources-1 -primary-file /host/spi-builder-workspace/Sources/StripeKit/Sigma/Scheduled\ Queries/ScheduledQueryRun.swift -primary-file /host/spi-builder-workspace/Sources/StripeKit/Sigma/Scheduled\ Queries/ScheduledQueryRunRoutes.swift -primary-file /host/spi-builder-workspace/Sources/StripeKit/StripeAPIRoute.swift -primary-file /host/spi-builder-workspace/Sources/StripeKit/StripeClient+SignatureVerification.swift -primary-file /host/spi-builder-workspace/Sources/StripeKit/StripeClient.swift -primary-file /host/spi-builder-workspace/Sources/StripeKit/StripeRequest.swift -primary-file /host/spi-builder-workspace/Sources/StripeKit/Terminal/Configuration/TerminalConfiguration.swift -primary-file /host/spi-builder-workspace/Sources/StripeKit/Terminal/Configuration/TerminalConfigurationRoutes.swift -primary-file /host/spi-builder-workspace/Sources/StripeKit/Terminal/ConnectionToken/TerminalConnectionToken.swift -primary-file /host/spi-builder-workspace/Sources/StripeKit/Terminal/ConnectionToken/TerminalConnectionTokenRoutes.swift -primary-file /host/spi-builder-workspace/Sources/StripeKit/Terminal/Hardware\ Orders/TerminalHardwareOrder.swift -primary-file /host/spi-builder-workspace/Sources/StripeKit/Terminal/Hardware\ Orders/TerminalHardwareOrderRoutes.swift -primary-file /host/spi-builder-workspace/Sources/StripeKit/Terminal/Hardware\ Products/TerminalHardwareProductRoutes.swift -primary-file /host/spi-builder-workspace/Sources/StripeKit/Terminal/Hardware\ Products/TerminalHardwareProducts.swift -primary-file /host/spi-builder-workspace/Sources/StripeKit/Terminal/Hardware\ SKUs/TerminalHardwareSKU.swift -primary-file /host/spi-builder-workspace/Sources/StripeKit/Terminal/Hardware\ SKUs/TerminalHardwareSKURoutes.swift -primary-file /host/spi-builder-workspace/Sources/StripeKit/Terminal/Hardware\ Shipping\ Method/TerminalHardwareShippingMethod.swift -primary-file /host/spi-builder-workspace/Sources/StripeKit/Terminal/Hardware\ Shipping\ Method/TerminalHardwareShippingMethodRoutes.swift -primary-file /host/spi-builder-workspace/Sources/StripeKit/Terminal/Locations/TerminalLocation.swift -primary-file /host/spi-builder-workspace/Sources/StripeKit/Terminal/Locations/TerminalLocationRoutes.swift -primary-file /host/spi-builder-workspace/Sources/StripeKit/Terminal/Reader/TerminalReader.swift -primary-file /host/spi-builder-workspace/Sources/StripeKit/Terminal/Reader/TerminalReaderRoutes.swift -primary-file /host/spi-builder-workspace/Sources/StripeKit/Webhooks/Webhook.swift -primary-file /host/spi-builder-workspace/Sources/StripeKit/Webhooks/WebhookRoutes.swift -supplementary-output-file-map /host/spi-builder-workspace/.build/out/Intermediates.noindex/stripe-kit.build/Debug-linux-x86_64/StripeKit-t.build/Objects-normal/x86_64/supplementaryOutputs-101 -target x86_64-unknown-linux-gnu -disable-objc-interop -I /host/spi-builder-workspace/.build/out/Products/Debug-linux-x86_64 -module-cache-path /host/spi-builder-workspace/.build/out/ModuleCache.noindex -color-diagnostics -Xcc -fcolor-diagnostics -enable-testing -g -debug-info-format\=dwarf -dwarf-version\=4 -swift-version 5 -Onone -D SWIFT_PACKAGE -D DEBUG -D SWIFT_MODULE_RESOURCE_BUNDLE_UNAVAILABLE -D Xcode -serialize-debugging-options -enable-experimental-feature DebugDescriptionMacro -empty-abi-descriptor -external-plugin-path /usr/lib/swift/host/plugins/testing\#/usr/bin/swift-plugin-server -validate-clang-modules-once -clang-build-session-file /host/spi-builder-workspace/.build/out/ModuleCache.noindex/Session.modulevalidation -Xcc -working-directory -Xcc /host -enable-anonymous-context-mangled-names -file-compilation-dir /host -Xcc -fmodule-map-file\=/host/spi-builder-workspace/.build/out/Intermediates.noindex/GeneratedModuleMaps-linux-x86_64/CNIOLLHTTP.modulemap -Xcc -fmodule-map-file\=/host/spi-builder-workspace/.build/out/Intermediates.noindex/GeneratedModuleMaps-linux-x86_64/CNIOPosix.modulemap -Xcc -fmodule-map-file\=/host/spi-builder-workspace/.build/out/Intermediates.noindex/GeneratedModuleMaps-linux-x86_64/CNIOWASI.modulemap -Xcc -fmodule-map-file\=/host/spi-builder-workspace/.build/checkouts/swift-nio/Sources/CNIOWindows/include/module.modulemap -Xcc -fmodule-map-file\=/host/spi-builder-workspace/.build/out/Intermediates.noindex/GeneratedModuleMaps-linux-x86_64/CNIOLinux.modulemap -Xcc -fmodule-map-file\=/host/spi-builder-workspace/.build/out/Intermediates.noindex/GeneratedModuleMaps-linux-x86_64/CNIODarwin.modulemap -Xcc -fmodule-map-file\=/host/spi-builder-workspace/.build/out/Intermediates.noindex/GeneratedModuleMaps-linux-x86_64/CNIOFreeBSD.modulemap -Xcc -fmodule-map-file\=/host/spi-builder-workspace/.build/out/Intermediates.noindex/GeneratedModuleMaps-linux-x86_64/CNIOOpenBSD.modulemap -Xcc -fmodule-map-file\=/host/spi-builder-workspace/.build/out/Intermediates.noindex/GeneratedModuleMaps-linux-x86_64/CNIOAtomics.modulemap -Xcc -fmodule-map-file\=/host/spi-builder-workspace/.build/out/Intermediates.noindex/GeneratedModuleMaps-linux-x86_64/CNIOBoringSSLShims.modulemap -Xcc -fmodule-map-file\=/host/spi-builder-workspace/.build/checkouts/swift-nio-ssl/Sources/CNIOBoringSSL/include/module.modulemap -Xcc -fmodule-map-file\=/host/spi-builder-workspace/.build/out/Intermediates.noindex/GeneratedModuleMaps-linux-x86_64/CNIOExtrasZlib.modulemap -Xcc -fmodule-map-file\=/host/spi-builder-workspace/.build/checkouts/swift-atomics/Sources/_AtomicsShims/include/module.modulemap -Xcc -fmodule-map-file\=/host/spi-builder-workspace/.build/checkouts/swift-numerics/Sources/_NumericsShims/include/module.modulemap -Xcc -fmodule-map-file\=/host/spi-builder-workspace/.build/checkouts/swift-system/Sources/CSystem/include/module.modulemap -Xcc -fmodule-map-file\=/host/spi-builder-workspace/.build/out/Intermediates.noindex/GeneratedModuleMaps-linux-x86_64/CAsyncHTTPClient.modulemap -Xcc -fmodule-map-file\=/host/spi-builder-workspace/.build/checkouts/swift-crypto/Sources/CXKCPShims/include/module.modulemap -Xcc -fmodule-map-file\=/host/spi-builder-workspace/.build/checkouts/swift-crypto/Sources/CXKCP/include/module.modulemap -Xcc -fmodule-map-file\=/host/spi-builder-workspace/.build/checkouts/swift-crypto/Sources/CCryptoBoringSSLShims/include/module.modulemap -Xcc -fmodule-map-file\=/host/spi-builder-workspace/.build/checkouts/swift-crypto/Sources/CCryptoBoringSSL/include/module.modulemap -Xcc -fno-omit-frame-pointer -Xcc -D_LIBCPP_HARDENING_MODE\=_LIBCPP_HARDENING_MODE_DEBUG -Xcc -fmodules-prune-interval\=86400 -Xcc -fmodules-prune-after\=345600 -Xcc -I/host/spi-builder-workspace/.build/checkouts/swift-nio/Sources/CNIOLLHTTP/include -Xcc -I/host/spi-builder-workspace/.build/checkouts/swift-nio/Sources/CNIOPosix/include -Xcc -I/host/spi-builder-workspace/.build/checkouts/swift-nio/Sources/CNIOWASI/include -Xcc -I/host/spi-builder-workspace/.build/checkouts/swift-nio/Sources/CNIOWindows/include -Xcc -I/host/spi-builder-workspace/.build/checkouts/swift-nio/Sources/CNIOLinux/include -Xcc -I/host/spi-builder-workspace/.build/checkouts/swift-nio/Sources/CNIODarwin/include -Xcc -I/host/spi-builder-workspace/.build/checkouts/swift-nio/Sources/CNIOFreeBSD/include -Xcc -I/host/spi-builder-workspace/.build/checkouts/swift-nio/Sources/CNIOOpenBSD/include -Xcc -I/host/spi-builder-workspace/.build/checkouts/swift-nio/Sources/CNIOAtomics/include -Xcc -I/host/spi-builder-workspace/.build/checkouts/swift-nio-ssl/Sources/CNIOBoringSSLShims/include -Xcc -I/host/spi-builder-workspace/.build/checkouts/swift-nio-ssl/Sources/CNIOBoringSSL/include -Xcc -I/host/spi-builder-workspace/.build/checkouts/swift-nio-extras/Sources/CNIOExtrasZlib/include -Xcc -I/host/spi-builder-workspace/.build/checkouts/swift-atomics/Sources/_AtomicsShims/include -Xcc -I/host/spi-builder-workspace/.build/checkouts/swift-numerics/Sources/_NumericsShims/include -Xcc -I/host/spi-builder-workspace/.build/checkouts/swift-system/Sources/CSystem/include -Xcc -I/host/spi-builder-workspace/.build/checkouts/async-http-client/Sources/CAsyncHTTPClient/include -Xcc -I/host/spi-builder-workspace/.build/checkouts/swift-crypto/Sources/CXKCPShims/include -Xcc -I/host/spi-builder-workspace/.build/checkouts/swift-crypto/Sources/CXKCP/include -Xcc -I/host/spi-builder-workspace/.build/checkouts/swift-crypto/Sources/CCryptoBoringSSLShims/include -Xcc -I/host/spi-builder-workspace/.build/checkouts/swift-crypto/Sources/CCryptoBoringSSL/include -Xcc -I/host/spi-builder-workspace/.build/out/Products/Debug-linux-x86_64/include -Xcc -I/host/spi-builder-workspace/.build/out/Intermediates.noindex/stripe-kit.build/Debug-linux-x86_64/StripeKit-t.build/DerivedSources-normal/x86_64 -Xcc -I/host/spi-builder-workspace/.build/out/Intermediates.noindex/stripe-kit.build/Debug-linux-x86_64/StripeKit-t.build/DerivedSources/x86_64 -Xcc -I/host/spi-builder-workspace/.build/out/Intermediates.noindex/stripe-kit.build/Debug-linux-x86_64/StripeKit-t.build/DerivedSources -Xcc -DSWIFT_PACKAGE -Xcc -DDEBUG\=1 -no-auto-bridging-header-chaining -module-name StripeKit -const-gather-protocols-file /host/spi-builder-workspace/.build/out/Intermediates.noindex/stripe-kit.build/Debug-linux-x86_64/StripeKit-t.build/Objects-normal/x86_64/StripeKit_const_extract_protocols.json -in-process-plugin-server-path /usr/lib/swift/host/libSwiftInProcPluginServer.so -plugin-path /usr/lib/swift/host/plugins -plugin-path /usr/local/lib/swift/host/plugins -parse-as-library -o /host/spi-builder-workspace/.build/out/Intermediates.noindex/stripe-kit.build/Debug-linux-x86_64/StripeKit-t.build/Objects-normal/x86_64/ScheduledQueryRun.o -o /host/spi-builder-workspace/.build/out/Intermediates.noindex/stripe-kit.build/Debug-linux-x86_64/StripeKit-t.build/Objects-normal/x86_64/ScheduledQueryRunRoutes.o -o /host/spi-builder-workspace/.build/out/Intermediates.noindex/stripe-kit.build/Debug-linux-x86_64/StripeKit-t.build/Objects-normal/x86_64/StripeAPIRoute.o -o /host/spi-builder-workspace/.build/out/Intermediates.noindex/stripe-kit.build/Debug-linux-x86_64/StripeKit-t.build/Objects-normal/x86_64/StripeClient+SignatureVerification.o -o /host/spi-builder-workspace/.build/out/Intermediates.noindex/stripe-kit.build/Debug-linux-x86_64/StripeKit-t.build/Objects-normal/x86_64/StripeClient.o -o /host/spi-builder-workspace/.build/out/Intermediates.noindex/stripe-kit.build/Debug-linux-x86_64/StripeKit-t.build/Objects-normal/x86_64/StripeRequest.o -o /host/spi-builder-workspace/.build/out/Intermediates.noindex/stripe-kit.build/Debug-linux-x86_64/StripeKit-t.build/Objects-normal/x86_64/TerminalConfiguration.o -o /host/spi-builder-workspace/.build/out/Intermediates.noindex/stripe-kit.build/Debug-linux-x86_64/StripeKit-t.build/Objects-normal/x86_64/TerminalConfigurationRoutes.o -o /host/spi-builder-workspace/.build/out/Intermediates.noindex/stripe-kit.build/Debug-linux-x86_64/StripeKit-t.build/Objects-normal/x86_64/TerminalConnectionToken.o -o /host/spi-builder-workspace/.build/out/Intermediates.noindex/stripe-kit.build/Debug-linux-x86_64/StripeKit-t.build/Objects-normal/x86_64/TerminalConnectionTokenRoutes.o -o /host/spi-builder-workspace/.build/out/Intermediates.noindex/stripe-kit.build/Debug-linux-x86_64/StripeKit-t.build/Objects-normal/x86_64/TerminalHardwareOrder.o -o /host/spi-builder-workspace/.build/out/Intermediates.noindex/stripe-kit.build/Debug-linux-x86_64/StripeKit-t.build/Objects-normal/x86_64/TerminalHardwareOrderRoutes.o -o /host/spi-builder-workspace/.build/out/Intermediates.noindex/stripe-kit.build/Debug-linux-x86_64/StripeKit-t.build/Objects-normal/x86_64/TerminalHardwareProductRoutes.o -o /host/spi-builder-workspace/.build/out/Intermediates.noindex/stripe-kit.build/Debug-linux-x86_64/StripeKit-t.build/Objects-normal/x86_64/TerminalHardwareProducts.o -o /host/spi-builder-workspace/.build/out/Intermediates.noindex/stripe-kit.build/Debug-linux-x86_64/StripeKit-t.build/Objects-normal/x86_64/TerminalHardwareSKU.o -o /host/spi-builder-workspace/.build/out/Intermediates.noindex/stripe-kit.build/Debug-linux-x86_64/StripeKit-t.build/Objects-normal/x86_64/TerminalHardwareSKURoutes.o -o /host/spi-builder-workspace/.build/out/Intermediates.noindex/stripe-kit.build/Debug-linux-x86_64/StripeKit-t.build/Objects-normal/x86_64/TerminalHardwareShippingMethod.o -o /host/spi-builder-workspace/.build/out/Intermediates.noindex/stripe-kit.build/Debug-linux-x86_64/StripeKit-t.build/Objects-normal/x86_64/TerminalHardwareShippingMethodRoutes.o -o /host/spi-builder-workspace/.build/out/Intermediates.noindex/stripe-kit.build/Debug-linux-x86_64/StripeKit-t.build/Objects-normal/x86_64/TerminalLocation.o -o /host/spi-builder-workspace/.build/out/Intermediates.noindex/stripe-kit.build/Debug-linux-x86_64/StripeKit-t.build/Objects-normal/x86_64/TerminalLocationRoutes.o -o /host/spi-builder-workspace/.build/out/Intermediates.noindex/stripe-kit.build/Debug-linux-x86_64/StripeKit-t.build/Objects-normal/x86_64/TerminalReader.o -o /host/spi-builder-workspace/.build/out/Intermediates.noindex/stripe-kit.build/Debug-linux-x86_64/StripeKit-t.build/Objects-normal/x86_64/TerminalReaderRoutes.o -o /host/spi-builder-workspace/.build/out/Intermediates.noindex/stripe-kit.build/Debug-linux-x86_64/StripeKit-t.build/Objects-normal/x86_64/Webhook.o -o /host/spi-builder-workspace/.build/out/Intermediates.noindex/stripe-kit.build/Debug-linux-x86_64/StripeKit-t.build/Objects-normal/x86_64/WebhookRoutes.o -index-unit-output-path /stripe-kit.build/Debug-linux-x86_64/StripeKit-t.build/Objects-normal/x86_64/ScheduledQueryRun.o -index-unit-output-path /stripe-kit.build/Debug-linux-x86_64/StripeKit-t.build/Objects-normal/x86_64/ScheduledQueryRunRoutes.o -index-unit-output-path /stripe-kit.build/Debug-linux-x86_64/StripeKit-t.build/Objects-normal/x86_64/StripeAPIRoute.o -index-unit-output-path /stripe-kit.build/Debug-linux-x86_64/StripeKit-t.build/Objects-normal/x86_64/StripeClient+SignatureVerification.o -index-unit-output-path /stripe-kit.build/Debug-linux-x86_64/StripeKit-t.build/Objects-normal/x86_64/StripeClient.o -index-unit-output-path /stripe-kit.build/Debug-linux-x86_64/StripeKit-t.build/Objects-normal/x86_64/StripeRequest.o -index-unit-output-path /stripe-kit.build/Debug-linux-x86_64/StripeKit-t.build/Objects-normal/x86_64/TerminalConfiguration.o -index-unit-output-path /stripe-kit.build/Debug-linux-x86_64/StripeKit-t.build/Objects-normal/x86_64/TerminalConfigurationRoutes.o -index-unit-output-path /stripe-kit.build/Debug-linux-x86_64/StripeKit-t.build/Objects-normal/x86_64/TerminalConnectionToken.o -index-unit-output-path /stripe-kit.build/Debug-linux-x86_64/StripeKit-t.build/Objects-normal/x86_64/TerminalConnectionTokenRoutes.o -index-unit-output-path /stripe-kit.build/Debug-linux-x86_64/StripeKit-t.build/Objects-normal/x86_64/TerminalHardwareOrder.o -index-unit-output-path /stripe-kit.build/Debug-linux-x86_64/StripeKit-t.build/Objects-normal/x86_64/TerminalHardwareOrderRoutes.o -index-unit-output-path /stripe-kit.build/Debug-linux-x86_64/StripeKit-t.build/Objects-normal/x86_64/TerminalHardwareProductRoutes.o -index-unit-output-path /stripe-kit.build/Debug-linux-x86_64/StripeKit-t.build/Objects-normal/x86_64/TerminalHardwareProducts.o -index-unit-output-path /stripe-kit.build/Debug-linux-x86_64/StripeKit-t.build/Objects-normal/x86_64/TerminalHardwareSKU.o -index-unit-output-path /stripe-kit.build/Debug-linux-x86_64/StripeKit-t.build/Objects-normal/x86_64/TerminalHardwareSKURoutes.o -index-unit-output-path /stripe-kit.build/Debug-linux-x86_64/StripeKit-t.build/Objects-normal/x86_64/TerminalHardwareShippingMethod.o -index-unit-output-path /stripe-kit.build/Debug-linux-x86_64/StripeKit-t.build/Objects-normal/x86_64/TerminalHardwareShippingMethodRoutes.o -index-unit-output-path /stripe-kit.build/Debug-linux-x86_64/StripeKit-t.build/Objects-normal/x86_64/TerminalLocation.o -index-unit-output-path /stripe-kit.build/Debug-linux-x86_64/StripeKit-t.build/Objects-normal/x86_64/TerminalLocationRoutes.o -index-unit-output-path /stripe-kit.build/Debug-linux-x86_64/StripeKit-t.build/Objects-normal/x86_64/TerminalReader.o -index-unit-output-path /stripe-kit.build/Debug-linux-x86_64/StripeKit-t.build/Objects-normal/x86_64/TerminalReaderRoutes.o -index-unit-output-path /stripe-kit.build/Debug-linux-x86_64/StripeKit-t.build/Objects-normal/x86_64/Webhook.o -index-unit-output-path /stripe-kit.build/Debug-linux-x86_64/StripeKit-t.build/Objects-normal/x86_64/WebhookRoutes.o -index-store-path /host/spi-builder-workspace/.build/out -index-system-modules
error: Build failed
BUILD FAILURE 6.4 linux