The Swift Package Index logo.Swift Package Index

Build Information

Failed to build Advance, reference master (3156e6), with Swift 6.4 for watchOS using Xcode 27.0 on 16 Sep 2026 06:56:07 UTC.

Build Command

env DEVELOPER_DIR=/Applications/Xcode-27.0.0-Release.Candidate.app xcrun xcodebuild -IDEClonedSourcePackagesDirPathOverride=$PWD/.dependencies -skipMacroValidation -skipPackagePluginValidation -derivedDataPath $PWD/.derivedData build -scheme Advance -destination generic/platform=watchOS

Build Log

========================================
RunAll
========================================
Builder version: 5.1.0
Interrupt handler set up.
========================================
Checkout
========================================
Clone URL: https://github.com/timdonnelly/Advance.git
Reference: master
Initialized empty Git repository in /Users/admin/builder/spi-builder-workspace/.git/
From https://github.com/timdonnelly/Advance
 * branch            master     -> FETCH_HEAD
 * [new branch]      master     -> origin/master
HEAD is now at 3156e6c Create swift.yml
Cloned https://github.com/timdonnelly/Advance.git
Revision (git rev-parse @):
3156e6c5ba2960de7b5a910a2c8433d7fd612c25
SUCCESS checkout https://github.com/timdonnelly/Advance.git at master
========================================
Build
========================================
Selected platform:         watchOS
Swift version:             6.4
Building package at path:  $PWD
https://github.com/timdonnelly/Advance.git
Command line invocation:
    /Applications/Xcode-27.0.0-Release.Candidate.app/Contents/Developer/usr/bin/xcodebuild -IDEClonedSourcePackagesDirPathOverride=/Users/admin/builder/spi-builder-workspace/.dependencies -resolvePackageDependencies
resolved source packages:
{
  "dependencies" : [
  ],
  "manifest_display_name" : "Advance",
  "name" : "Advance",
  "path" : "/Users/admin/builder/spi-builder-workspace",
  "platforms" : [
    {
      "name" : "macos",
      "version" : "10.12"
    },
    {
      "name" : "ios",
      "version" : "10.0"
    },
    {
      "name" : "tvos",
      "version" : "10.0"
    }
  ],
  "products" : [
    {
      "name" : "Advance",
      "targets" : [
        "Advance"
      ],
      "type" : {
        "library" : [
          "automatic"
        ]
      }
    }
  ],
  "swift_languages_versions" : [
    "5"
  ],
  "targets" : [
    {
      "c99name" : "AdvanceTests",
      "module_type" : "SwiftTarget",
      "name" : "AdvanceTests",
      "path" : "Tests/AdvanceTests",
      "sources" : [
        "AnimationTests.swift",
        "AnimatorTests.swift",
        "DisplayLinkTests.swift",
        "SpringTests.swift",
        "TimingFunctionTests.swift",
        "UnitBezierTests.swift",
        "VectorConvenienceTests.swift",
        "XCTestManifests.swift"
      ],
      "target_dependencies" : [
        "Advance"
      ],
      "type" : "test"
    },
    {
      "c99name" : "Advance",
      "module_type" : "SwiftTarget",
      "name" : "Advance",
      "path" : "Sources/Advance",
      "product_memberships" : [
        "Advance"
      ],
      "sources" : [
        "Animator.swift",
        "DecayFunction.swift",
        "Internal/Animation.swift",
        "Internal/DisplayLink.swift",
        "Internal/Math.swift",
        "Internal/Simulation.swift",
        "Internal/SimulationFunction+Integration.swift",
        "SimulationFunction.swift",
        "Spring.swift",
        "SpringFunction.swift",
        "TimingFunction.swift",
        "UnitBezier.swift",
        "VectorConvertible.swift"
      ],
      "type" : "library"
    }
  ],
  "tools_version" : "5.1"
}
{
  "project" : {
    "configurations" : [
      "Debug",
      "Release"
    ],
    "name" : "Advance",
    "schemes" : [
      "Advance-iOS",
      "Advance-macOS",
      "Advance-tvOS",
      "Advance-UnitTests-iOS",
      "Advance-UnitTests-macOS",
      "Advance-UnitTests-tvOS",
      "SampleApp-iOS",
      "SampleApp-macOS",
      "SampleApp-tvOS"
    ],
    "targets" : [
      "Advance-macOS",
      "Advance-iOS",
      "Advance-tvOS",
      "SampleApp-iOS",
      "SampleApp-tvOS",
      "SampleApp-macOS",
      "Advance-UnitTests-iOS",
      "Advance-UnitTests-tvOS",
      "Advance-UnitTests-macOS"
    ]
  }
}
{
  "workspace" : {
    "name" : "Advance",
    "schemes" : [
      "Advance"
    ]
  }
}
2026-09-16 02:55:56.755 xcodebuild[616:3864] [MT] IDERunDestination: Supported platforms for the buildables in the current scheme is empty.
Running build ...
env DEVELOPER_DIR=/Applications/Xcode-27.0.0-Release.Candidate.app xcrun xcodebuild -IDEClonedSourcePackagesDirPathOverride=$PWD/.dependencies -skipMacroValidation -skipPackagePluginValidation -derivedDataPath $PWD/.derivedData build -scheme Advance -destination generic/platform=watchOS
Command line invocation:
    /Applications/Xcode-27.0.0-Release.Candidate.app/Contents/Developer/usr/bin/xcodebuild -IDEClonedSourcePackagesDirPathOverride=/Users/admin/builder/spi-builder-workspace/.dependencies -skipMacroValidation -skipPackagePluginValidation -derivedDataPath /Users/admin/builder/spi-builder-workspace/.derivedData build -scheme Advance -destination generic/platform=watchOS
Resolve Package Graph
Resolved source packages:
  Advance: /Users/admin/builder/spi-builder-workspace
ComputePackagePrebuildTargetDependencyGraph
Prepare packages
CreateBuildRequest
SendProjectDescription
CreateBuildOperation
ComputeTargetDependencyGraph
note: Building targets in dependency order
note: Target dependency graph (2 targets)
    Target 'Advance-product' in project 'Advance'
        ➜ Explicit dependency on target 'Advance' in project 'Advance'
    Target 'Advance' in project 'Advance' (no dependencies)
GatherProvisioningInputs
CreateBuildDescription
ExecuteExternalTool /Applications/Xcode-27.0.0-Release.Candidate.app/Contents/Developer/Toolchains/XcodeDefault.xctoolchain/usr/bin/clang -v -E -dM -isysroot /Applications/Xcode-27.0.0-Release.Candidate.app/Contents/Developer/Platforms/WatchOS.platform/Developer/SDKs/WatchOS27.0.sdk -x c -c /dev/null
ExecuteExternalTool /Applications/Xcode-27.0.0-Release.Candidate.app/Contents/Developer/Toolchains/XcodeDefault.xctoolchain/usr/bin/swiftc --version
ExecuteExternalTool /Applications/Xcode-27.0.0-Release.Candidate.app/Contents/Developer/Toolchains/XcodeDefault.xctoolchain/usr/bin/ld -version_details
Build description signature: 97ccc1064feb7b16b404a9e24057c7fd
Build description path: /Users/admin/builder/spi-builder-workspace/.derivedData/Build/Intermediates.noindex/XCBuildData/97ccc1064feb7b16b404a9e24057c7fd.xcbuilddata
CreateBuildDirectory /Users/admin/builder/spi-builder-workspace/.derivedData/SDKExplicitPrecompiledModules
    cd /Users/admin/builder/spi-builder-workspace/.swiftpm/xcode
    builtin-create-build-directory /Users/admin/builder/spi-builder-workspace/.derivedData/SDKExplicitPrecompiledModules
CreateBuildDirectory /Users/admin/builder/spi-builder-workspace/.derivedData/CompilationCache.noindex
    cd /Users/admin/builder/spi-builder-workspace/.swiftpm/xcode
    builtin-create-build-directory /Users/admin/builder/spi-builder-workspace/.derivedData/CompilationCache.noindex
CreateBuildDirectory /Users/admin/builder/spi-builder-workspace/.derivedData/ModuleCache.noindex
    cd /Users/admin/builder/spi-builder-workspace/.swiftpm/xcode
    builtin-create-build-directory /Users/admin/builder/spi-builder-workspace/.derivedData/ModuleCache.noindex
CreateBuildDirectory /Users/admin/builder/spi-builder-workspace/.derivedData/Build/Products
    cd /Users/admin/builder/spi-builder-workspace/.swiftpm/xcode
    builtin-create-build-directory /Users/admin/builder/spi-builder-workspace/.derivedData/Build/Products
CreateBuildDirectory /Users/admin/builder/spi-builder-workspace/.derivedData/Build/Intermediates.noindex
    cd /Users/admin/builder/spi-builder-workspace/.swiftpm/xcode
    builtin-create-build-directory /Users/admin/builder/spi-builder-workspace/.derivedData/Build/Intermediates.noindex
ClangStatCache /Applications/Xcode-27.0.0-Release.Candidate.app/Contents/Developer/Toolchains/XcodeDefault.xctoolchain/usr/bin/clang-stat-cache /Applications/Xcode-27.0.0-Release.Candidate.app/Contents/Developer/Platforms/WatchOS.platform/Developer/SDKs/WatchOS27.0.sdk /Users/admin/builder/spi-builder-workspace/.derivedData/SDKStatCaches.noindex/watchos27.0-24R360-e829b21a6f8c9b70876ba0858053c04477534ef55a1706bf4c1112bbb242f0a2.sdkstatcache
    cd /Users/admin/builder/spi-builder-workspace/.swiftpm/xcode
    /Applications/Xcode-27.0.0-Release.Candidate.app/Contents/Developer/Toolchains/XcodeDefault.xctoolchain/usr/bin/clang-stat-cache /Applications/Xcode-27.0.0-Release.Candidate.app/Contents/Developer/Platforms/WatchOS.platform/Developer/SDKs/WatchOS27.0.sdk -o /Users/admin/builder/spi-builder-workspace/.derivedData/SDKStatCaches.noindex/watchos27.0-24R360-e829b21a6f8c9b70876ba0858053c04477534ef55a1706bf4c1112bbb242f0a2.sdkstatcache
CreateBuildDirectory /Users/admin/builder/spi-builder-workspace/.derivedData/Build/Intermediates.noindex/SwiftExplicitPrecompiledModules
    cd /Users/admin/builder/spi-builder-workspace/.swiftpm/xcode
    builtin-create-build-directory /Users/admin/builder/spi-builder-workspace/.derivedData/Build/Intermediates.noindex/SwiftExplicitPrecompiledModules
CreateBuildDirectory /Users/admin/builder/spi-builder-workspace/.derivedData/Build/Intermediates.noindex/ExplicitPrecompiledModules
    cd /Users/admin/builder/spi-builder-workspace/.swiftpm/xcode
    builtin-create-build-directory /Users/admin/builder/spi-builder-workspace/.derivedData/Build/Intermediates.noindex/ExplicitPrecompiledModules
CreateBuildDirectory /Users/admin/builder/spi-builder-workspace/.derivedData/Build/Intermediates.noindex/PrecompiledHeaders
    cd /Users/admin/builder/spi-builder-workspace/.swiftpm/xcode
    builtin-create-build-directory /Users/admin/builder/spi-builder-workspace/.derivedData/Build/Intermediates.noindex/PrecompiledHeaders
CreateBuildDirectory /Users/admin/builder/spi-builder-workspace/.derivedData/Build/Intermediates.noindex/EagerLinkingTBDs/Debug-watchos
    cd /Users/admin/builder/spi-builder-workspace/.swiftpm/xcode
    builtin-create-build-directory /Users/admin/builder/spi-builder-workspace/.derivedData/Build/Intermediates.noindex/EagerLinkingTBDs/Debug-watchos
CreateBuildDirectory /Users/admin/builder/spi-builder-workspace/.derivedData/Build/Products/Debug-watchos
    cd /Users/admin/builder/spi-builder-workspace/.swiftpm/xcode
    builtin-create-build-directory /Users/admin/builder/spi-builder-workspace/.derivedData/Build/Products/Debug-watchos
CreateBuildDirectory /Users/admin/builder/spi-builder-workspace/.derivedData/Build/Products/Debug-watchos/PackageFrameworks
    cd /Users/admin/builder/spi-builder-workspace/.swiftpm/xcode
    builtin-create-build-directory /Users/admin/builder/spi-builder-workspace/.derivedData/Build/Products/Debug-watchos/PackageFrameworks
WriteAuxiliaryFile /Users/admin/builder/spi-builder-workspace/.derivedData/Build/Intermediates.noindex/Advance.build/Debug-watchos/Advance-t.build/Objects-normal/arm64_32/Advance_const_extract_protocols.json (in target 'Advance' from project 'Advance')
    cd /Users/admin/builder/spi-builder-workspace
    write-file /Users/admin/builder/spi-builder-workspace/.derivedData/Build/Intermediates.noindex/Advance.build/Debug-watchos/Advance-t.build/Objects-normal/arm64_32/Advance_const_extract_protocols.json
WriteAuxiliaryFile /Users/admin/builder/spi-builder-workspace/.derivedData/Build/Intermediates.noindex/Advance.build/Debug-watchos/Advance-t.build/Objects-normal/arm64_32/Advance.SwiftFileList (in target 'Advance' from project 'Advance')
    cd /Users/admin/builder/spi-builder-workspace
    write-file /Users/admin/builder/spi-builder-workspace/.derivedData/Build/Intermediates.noindex/Advance.build/Debug-watchos/Advance-t.build/Objects-normal/arm64_32/Advance.SwiftFileList
WriteAuxiliaryFile /Users/admin/builder/spi-builder-workspace/.derivedData/Build/Intermediates.noindex/Advance.build/Debug-watchos/Advance-t.build/Objects-normal/arm64/Advance_const_extract_protocols.json (in target 'Advance' from project 'Advance')
    cd /Users/admin/builder/spi-builder-workspace
    write-file /Users/admin/builder/spi-builder-workspace/.derivedData/Build/Intermediates.noindex/Advance.build/Debug-watchos/Advance-t.build/Objects-normal/arm64/Advance_const_extract_protocols.json
WriteAuxiliaryFile /Users/admin/builder/spi-builder-workspace/.derivedData/Build/Intermediates.noindex/Advance.build/Debug-watchos/Advance-t.build/Objects-normal/arm64/Advance.SwiftFileList (in target 'Advance' from project 'Advance')
    cd /Users/admin/builder/spi-builder-workspace
    write-file /Users/admin/builder/spi-builder-workspace/.derivedData/Build/Intermediates.noindex/Advance.build/Debug-watchos/Advance-t.build/Objects-normal/arm64/Advance.SwiftFileList
WriteAuxiliaryFile /Users/admin/builder/spi-builder-workspace/.derivedData/Build/Intermediates.noindex/Advance.build/Debug-watchos/Advance-t.build/Objects-normal/arm64_32/Advance.SwiftConstValuesFileList (in target 'Advance' from project 'Advance')
    cd /Users/admin/builder/spi-builder-workspace
    write-file /Users/admin/builder/spi-builder-workspace/.derivedData/Build/Intermediates.noindex/Advance.build/Debug-watchos/Advance-t.build/Objects-normal/arm64_32/Advance.SwiftConstValuesFileList
WriteAuxiliaryFile /Users/admin/builder/spi-builder-workspace/.derivedData/Build/Intermediates.noindex/Advance.build/Debug-watchos/Advance-t.build/Objects-normal/arm64_32/Advance.LinkFileList (in target 'Advance' from project 'Advance')
    cd /Users/admin/builder/spi-builder-workspace
    write-file /Users/admin/builder/spi-builder-workspace/.derivedData/Build/Intermediates.noindex/Advance.build/Debug-watchos/Advance-t.build/Objects-normal/arm64_32/Advance.LinkFileList
WriteAuxiliaryFile /Users/admin/builder/spi-builder-workspace/.derivedData/Build/Intermediates.noindex/Advance.build/Debug-watchos/Advance-t.build/Objects-normal/arm64/Advance.SwiftConstValuesFileList (in target 'Advance' from project 'Advance')
    cd /Users/admin/builder/spi-builder-workspace
    write-file /Users/admin/builder/spi-builder-workspace/.derivedData/Build/Intermediates.noindex/Advance.build/Debug-watchos/Advance-t.build/Objects-normal/arm64/Advance.SwiftConstValuesFileList
WriteAuxiliaryFile /Users/admin/builder/spi-builder-workspace/.derivedData/Build/Intermediates.noindex/Advance.build/Debug-watchos/Advance-t.build/Objects-normal/arm64_32/Advance-OutputFileMap.json (in target 'Advance' from project 'Advance')
    cd /Users/admin/builder/spi-builder-workspace
    write-file /Users/admin/builder/spi-builder-workspace/.derivedData/Build/Intermediates.noindex/Advance.build/Debug-watchos/Advance-t.build/Objects-normal/arm64_32/Advance-OutputFileMap.json
WriteAuxiliaryFile /Users/admin/builder/spi-builder-workspace/.derivedData/Build/Intermediates.noindex/Advance.build/Debug-watchos/Advance-t.build/Objects-normal/arm64/Advance.LinkFileList (in target 'Advance' from project 'Advance')
    cd /Users/admin/builder/spi-builder-workspace
    write-file /Users/admin/builder/spi-builder-workspace/.derivedData/Build/Intermediates.noindex/Advance.build/Debug-watchos/Advance-t.build/Objects-normal/arm64/Advance.LinkFileList
WriteAuxiliaryFile /Users/admin/builder/spi-builder-workspace/.derivedData/Build/Intermediates.noindex/Advance.build/Debug-watchos/Advance-t.build/Advance.modulemap (in target 'Advance' from project 'Advance')
    cd /Users/admin/builder/spi-builder-workspace
    write-file /Users/admin/builder/spi-builder-workspace/.derivedData/Build/Intermediates.noindex/Advance.build/Debug-watchos/Advance-t.build/Advance.modulemap
WriteAuxiliaryFile /Users/admin/builder/spi-builder-workspace/.derivedData/Build/Intermediates.noindex/Advance.build/Debug-watchos/Advance-t.build/Objects-normal/arm64/Advance-OutputFileMap.json (in target 'Advance' from project 'Advance')
    cd /Users/admin/builder/spi-builder-workspace
    write-file /Users/admin/builder/spi-builder-workspace/.derivedData/Build/Intermediates.noindex/Advance.build/Debug-watchos/Advance-t.build/Objects-normal/arm64/Advance-OutputFileMap.json
WriteAuxiliaryFile /Users/admin/builder/spi-builder-workspace/.derivedData/Build/Intermediates.noindex/Advance.build/Debug-watchos/Advance-t.build/Advance.DependencyStaticMetadataFileList (in target 'Advance' from project 'Advance')
    cd /Users/admin/builder/spi-builder-workspace
    write-file /Users/admin/builder/spi-builder-workspace/.derivedData/Build/Intermediates.noindex/Advance.build/Debug-watchos/Advance-t.build/Advance.DependencyStaticMetadataFileList
WriteAuxiliaryFile /Users/admin/builder/spi-builder-workspace/.derivedData/Build/Intermediates.noindex/Advance.build/Debug-watchos/Advance-t.build/Advance.DependencyMetadataFileList (in target 'Advance' from project 'Advance')
    cd /Users/admin/builder/spi-builder-workspace
    write-file /Users/admin/builder/spi-builder-workspace/.derivedData/Build/Intermediates.noindex/Advance.build/Debug-watchos/Advance-t.build/Advance.DependencyMetadataFileList
Copy /Users/admin/builder/spi-builder-workspace/.derivedData/Build/Intermediates.noindex/GeneratedModuleMaps-watchos/Advance.modulemap /Users/admin/builder/spi-builder-workspace/.derivedData/Build/Intermediates.noindex/Advance.build/Debug-watchos/Advance-t.build/Advance.modulemap (in target 'Advance' from project 'Advance')
    cd /Users/admin/builder/spi-builder-workspace
    builtin-copy -exclude .DS_Store -exclude CVS -exclude .svn -exclude .git -exclude .hg -resolve-src-symlinks /Users/admin/builder/spi-builder-workspace/.derivedData/Build/Intermediates.noindex/Advance.build/Debug-watchos/Advance-t.build/Advance.modulemap /Users/admin/builder/spi-builder-workspace/.derivedData/Build/Intermediates.noindex/GeneratedModuleMaps-watchos
SwiftDriver Advance normal arm64_32 com.apple.xcode.tools.swift.compiler (in target 'Advance' from project 'Advance')
    cd /Users/admin/builder/spi-builder-workspace/.swiftpm/xcode
    builtin-SwiftDriver -- /Applications/Xcode-27.0.0-Release.Candidate.app/Contents/Developer/Toolchains/XcodeDefault.xctoolchain/usr/bin/swiftc -parse-as-library -module-name Advance -Onone @/Users/admin/builder/spi-builder-workspace/.derivedData/Build/Intermediates.noindex/Advance.build/Debug-watchos/Advance-t.build/Objects-normal/arm64_32/Advance.SwiftFileList -DSWIFT_PACKAGE -DDEBUG -DSWIFT_MODULE_RESOURCE_BUNDLE_UNAVAILABLE -DXcode -plugin-path /Applications/Xcode-27.0.0-Release.Candidate.app/Contents/Developer/Toolchains/XcodeDefault.xctoolchain/usr/lib/swift/host/plugins/testing -enable-experimental-feature DebugDescriptionMacro -sdk /Applications/Xcode-27.0.0-Release.Candidate.app/Contents/Developer/Platforms/WatchOS.platform/Developer/SDKs/WatchOS27.0.sdk -target arm64_32-apple-watchos9.0 -g -module-cache-path /Users/admin/builder/spi-builder-workspace/.derivedData/ModuleCache.noindex -Xfrontend -serialize-debugging-options -profile-coverage-mapping -profile-generate -enable-testing -index-store-path /Users/admin/builder/spi-builder-workspace/.derivedData/Index.noindex/DataStore -Xcc -D_LIBCPP_HARDENING_MODE\=_LIBCPP_HARDENING_MODE_DEBUG -swift-version 5 -I /Users/admin/builder/spi-builder-workspace/.derivedData/Build/Products/Debug-watchos -Isystem /Applications/Xcode-27.0.0-Release.Candidate.app/Contents/Developer/Platforms/WatchOS.platform/Developer/usr/lib -F /Users/admin/builder/spi-builder-workspace/.derivedData/Build/Products/Debug-watchos -F /Applications/Xcode-27.0.0-Release.Candidate.app/Contents/Developer/Platforms/WatchOS.platform/Developer/Library/Frameworks -F /Applications/Xcode-27.0.0-Release.Candidate.app/Contents/Developer/Platforms/WatchOS.platform/Developer/SDKs/WatchOS27.0.sdk/Developer/Library/Frameworks -c -j10 -enable-batch-mode -incremental -Xcc -ivfsstatcache -Xcc /Users/admin/builder/spi-builder-workspace/.derivedData/SDKStatCaches.noindex/watchos27.0-24R360-e829b21a6f8c9b70876ba0858053c04477534ef55a1706bf4c1112bbb242f0a2.sdkstatcache -output-file-map /Users/admin/builder/spi-builder-workspace/.derivedData/Build/Intermediates.noindex/Advance.build/Debug-watchos/Advance-t.build/Objects-normal/arm64_32/Advance-OutputFileMap.json -save-temps -no-color-diagnostics -explicit-module-build -module-cache-path /Users/admin/builder/spi-builder-workspace/.derivedData/Build/Intermediates.noindex/SwiftExplicitPrecompiledModules -clang-scanner-module-cache-path /Users/admin/builder/spi-builder-workspace/.derivedData/ModuleCache.noindex -sdk-module-cache-path /Users/admin/builder/spi-builder-workspace/.derivedData/SDKExplicitPrecompiledModules -emit-dependencies -emit-module -emit-module-path /Users/admin/builder/spi-builder-workspace/.derivedData/Build/Intermediates.noindex/Advance.build/Debug-watchos/Advance-t.build/Objects-normal/arm64_32/Advance.swiftmodule -serialize-diagnostics -dependency-scan-serialize-diagnostics-path /Users/admin/builder/spi-builder-workspace/.derivedData/Build/Intermediates.noindex/Advance.build/Debug-watchos/Advance-t.build/Objects-normal/arm64_32/Advance-dependency-scan.dia -validate-clang-modules-once -clang-build-session-file /Users/admin/builder/spi-builder-workspace/.derivedData/ModuleCache.noindex/Session.modulevalidation -Xcc -fmodules-prune-interval\=86400 -Xcc -fmodules-prune-after\=345600 -emit-const-values -const-gather-protocols-list /Users/admin/builder/spi-builder-workspace/.derivedData/Build/Intermediates.noindex/Advance.build/Debug-watchos/Advance-t.build/Objects-normal/arm64_32/Advance_const_extract_protocols.json -Xcc -I/Users/admin/builder/spi-builder-workspace/.derivedData/Build/Products/Debug-watchos/include -Xcc -I/Users/admin/builder/spi-builder-workspace/.derivedData/Build/Intermediates.noindex/Advance.build/Debug-watchos/Advance-t.build/DerivedSources-normal/arm64_32 -Xcc -I/Users/admin/builder/spi-builder-workspace/.derivedData/Build/Intermediates.noindex/Advance.build/Debug-watchos/Advance-t.build/DerivedSources/arm64_32 -Xcc -I/Users/admin/builder/spi-builder-workspace/.derivedData/Build/Intermediates.noindex/Advance.build/Debug-watchos/Advance-t.build/DerivedSources -Xcc -DSWIFT_PACKAGE -Xcc -DDEBUG\=1 -emit-objc-header -emit-objc-header-path /Users/admin/builder/spi-builder-workspace/.derivedData/Build/Intermediates.noindex/Advance.build/Debug-watchos/Advance-t.build/Objects-normal/arm64_32/Advance-Swift.h -working-directory /Users/admin/builder/spi-builder-workspace/.swiftpm/xcode -experimental-emit-module-separately -disable-cmo
/Users/admin/builder/spi-builder-workspace/Sources/Advance/Internal/Animation.swift:20:12: warning: Extraneous whitespace between attribute name and '('; this is an error in the Swift 6 language mode (in target 'Advance' from project 'Advance')
/Users/admin/builder/spi-builder-workspace/Sources/Advance/Internal/Animation.swift:22:12: warning: Extraneous whitespace between attribute name and '('; this is an error in the Swift 6 language mode (in target 'Advance' from project 'Advance')
/Users/admin/builder/spi-builder-workspace/Sources/Advance/Internal/Simulation.swift:32:16: warning: Extraneous whitespace between attribute name and '('; this is an error in the Swift 6 language mode (in target 'Advance' from project 'Advance')
SwiftDriver Advance normal arm64 com.apple.xcode.tools.swift.compiler (in target 'Advance' from project 'Advance')
    cd /Users/admin/builder/spi-builder-workspace/.swiftpm/xcode
    builtin-SwiftDriver -- /Applications/Xcode-27.0.0-Release.Candidate.app/Contents/Developer/Toolchains/XcodeDefault.xctoolchain/usr/bin/swiftc -parse-as-library -module-name Advance -Onone @/Users/admin/builder/spi-builder-workspace/.derivedData/Build/Intermediates.noindex/Advance.build/Debug-watchos/Advance-t.build/Objects-normal/arm64/Advance.SwiftFileList -DSWIFT_PACKAGE -DDEBUG -DSWIFT_MODULE_RESOURCE_BUNDLE_UNAVAILABLE -DXcode -plugin-path /Applications/Xcode-27.0.0-Release.Candidate.app/Contents/Developer/Toolchains/XcodeDefault.xctoolchain/usr/lib/swift/host/plugins/testing -enable-experimental-feature DebugDescriptionMacro -sdk /Applications/Xcode-27.0.0-Release.Candidate.app/Contents/Developer/Platforms/WatchOS.platform/Developer/SDKs/WatchOS27.0.sdk -target arm64-apple-watchos9.0 -g -module-cache-path /Users/admin/builder/spi-builder-workspace/.derivedData/ModuleCache.noindex -Xfrontend -serialize-debugging-options -profile-coverage-mapping -profile-generate -enable-testing -index-store-path /Users/admin/builder/spi-builder-workspace/.derivedData/Index.noindex/DataStore -Xcc -D_LIBCPP_HARDENING_MODE\=_LIBCPP_HARDENING_MODE_DEBUG -swift-version 5 -I /Users/admin/builder/spi-builder-workspace/.derivedData/Build/Products/Debug-watchos -Isystem /Applications/Xcode-27.0.0-Release.Candidate.app/Contents/Developer/Platforms/WatchOS.platform/Developer/usr/lib -F /Users/admin/builder/spi-builder-workspace/.derivedData/Build/Products/Debug-watchos -F /Applications/Xcode-27.0.0-Release.Candidate.app/Contents/Developer/Platforms/WatchOS.platform/Developer/Library/Frameworks -F /Applications/Xcode-27.0.0-Release.Candidate.app/Contents/Developer/Platforms/WatchOS.platform/Developer/SDKs/WatchOS27.0.sdk/Developer/Library/Frameworks -c -j10 -enable-batch-mode -incremental -Xcc -ivfsstatcache -Xcc /Users/admin/builder/spi-builder-workspace/.derivedData/SDKStatCaches.noindex/watchos27.0-24R360-e829b21a6f8c9b70876ba0858053c04477534ef55a1706bf4c1112bbb242f0a2.sdkstatcache -output-file-map /Users/admin/builder/spi-builder-workspace/.derivedData/Build/Intermediates.noindex/Advance.build/Debug-watchos/Advance-t.build/Objects-normal/arm64/Advance-OutputFileMap.json -save-temps -no-color-diagnostics -explicit-module-build -module-cache-path /Users/admin/builder/spi-builder-workspace/.derivedData/Build/Intermediates.noindex/SwiftExplicitPrecompiledModules -clang-scanner-module-cache-path /Users/admin/builder/spi-builder-workspace/.derivedData/ModuleCache.noindex -sdk-module-cache-path /Users/admin/builder/spi-builder-workspace/.derivedData/SDKExplicitPrecompiledModules -emit-dependencies -emit-module -emit-module-path /Users/admin/builder/spi-builder-workspace/.derivedData/Build/Intermediates.noindex/Advance.build/Debug-watchos/Advance-t.build/Objects-normal/arm64/Advance.swiftmodule -serialize-diagnostics -dependency-scan-serialize-diagnostics-path /Users/admin/builder/spi-builder-workspace/.derivedData/Build/Intermediates.noindex/Advance.build/Debug-watchos/Advance-t.build/Objects-normal/arm64/Advance-dependency-scan.dia -validate-clang-modules-once -clang-build-session-file /Users/admin/builder/spi-builder-workspace/.derivedData/ModuleCache.noindex/Session.modulevalidation -Xcc -fmodules-prune-interval\=86400 -Xcc -fmodules-prune-after\=345600 -emit-const-values -const-gather-protocols-list /Users/admin/builder/spi-builder-workspace/.derivedData/Build/Intermediates.noindex/Advance.build/Debug-watchos/Advance-t.build/Objects-normal/arm64/Advance_const_extract_protocols.json -Xcc -I/Users/admin/builder/spi-builder-workspace/.derivedData/Build/Products/Debug-watchos/include -Xcc -I/Users/admin/builder/spi-builder-workspace/.derivedData/Build/Intermediates.noindex/Advance.build/Debug-watchos/Advance-t.build/DerivedSources-normal/arm64 -Xcc -I/Users/admin/builder/spi-builder-workspace/.derivedData/Build/Intermediates.noindex/Advance.build/Debug-watchos/Advance-t.build/DerivedSources/arm64 -Xcc -I/Users/admin/builder/spi-builder-workspace/.derivedData/Build/Intermediates.noindex/Advance.build/Debug-watchos/Advance-t.build/DerivedSources -Xcc -DSWIFT_PACKAGE -Xcc -DDEBUG\=1 -emit-objc-header -emit-objc-header-path /Users/admin/builder/spi-builder-workspace/.derivedData/Build/Intermediates.noindex/Advance.build/Debug-watchos/Advance-t.build/Objects-normal/arm64/Advance-Swift.h -working-directory /Users/admin/builder/spi-builder-workspace/.swiftpm/xcode -experimental-emit-module-separately -disable-cmo
/Users/admin/builder/spi-builder-workspace/Sources/Advance/Internal/Animation.swift:20:12: warning: Extraneous whitespace between attribute name and '('; this is an error in the Swift 6 language mode (in target 'Advance' from project 'Advance')
/Users/admin/builder/spi-builder-workspace/Sources/Advance/Internal/Animation.swift:22:12: warning: Extraneous whitespace between attribute name and '('; this is an error in the Swift 6 language mode (in target 'Advance' from project 'Advance')
/Users/admin/builder/spi-builder-workspace/Sources/Advance/Internal/Simulation.swift:32:16: warning: Extraneous whitespace between attribute name and '('; this is an error in the Swift 6 language mode (in target 'Advance' from project 'Advance')
SwiftExplicitDependencyGeneratePcm arm64_32 /Users/admin/builder/spi-builder-workspace/.derivedData/SDKExplicitPrecompiledModules/_SwiftConcurrencyShims-6RTBPQ03V7BM9SPRK8SUE055H.pcm
SwiftExplicitDependencyGeneratePcm arm64_32 /Users/admin/builder/spi-builder-workspace/.derivedData/SDKExplicitPrecompiledModules/_Builtin_stddef-H44EFHQX6XSS5MZ7QP6YJZ76.pcm
SwiftExplicitDependencyGeneratePcm arm64_32 /Users/admin/builder/spi-builder-workspace/.derivedData/SDKExplicitPrecompiledModules/_Builtin_float-6KO8O3PEWRCA4WC6PPLOYO6WJ.pcm
SwiftExplicitDependencyGeneratePcm arm64_32 /Users/admin/builder/spi-builder-workspace/.derivedData/SDKExplicitPrecompiledModules/SwiftShims-9CQQGWTSNTN9EB5NSHDWUJICH.pcm
SwiftExplicitDependencyGeneratePcm arm64_32 /Users/admin/builder/spi-builder-workspace/.derivedData/SDKExplicitPrecompiledModules/ptrauth-BFXF358ME5AK535N5A9Z766WU.pcm
SwiftExplicitDependencyGeneratePcm arm64_32 /Users/admin/builder/spi-builder-workspace/.derivedData/SDKExplicitPrecompiledModules/_Builtin_stdbool-A967K8W8YUYEC9SN52KJ7OO88.pcm
SwiftExplicitDependencyGeneratePcm arm64_32 /Users/admin/builder/spi-builder-workspace/.derivedData/SDKExplicitPrecompiledModules/ptrcheck-7ELIH9BTIGVKX3UBITM9N72WD.pcm
SwiftExplicitDependencyGeneratePcm arm64_32 /Users/admin/builder/spi-builder-workspace/.derivedData/SDKExplicitPrecompiledModules/_AvailabilityInternal-244WAN3Z1QBT7PIA64EZEFY1R.pcm
SwiftExplicitDependencyGeneratePcm arm64_32 /Users/admin/builder/spi-builder-workspace/.derivedData/SDKExplicitPrecompiledModules/_Builtin_stdarg-D305JG44A2WPI6CJY37X3QJE8.pcm
SwiftExplicitDependencyGeneratePcm arm64 /Users/admin/builder/spi-builder-workspace/.derivedData/SDKExplicitPrecompiledModules/_SwiftConcurrencyShims-659N52XSKR5F0QSB880BH2FJR.pcm
SwiftExplicitDependencyGeneratePcm arm64 /Users/admin/builder/spi-builder-workspace/.derivedData/SDKExplicitPrecompiledModules/_Builtin_float-C0CW5Q4HGBQYKE77TC42IAFB5.pcm
SwiftExplicitDependencyGeneratePcm arm64 /Users/admin/builder/spi-builder-workspace/.derivedData/SDKExplicitPrecompiledModules/SwiftShims-4MXFZPV6FEB0XBYXCGPWAMQGL.pcm
SwiftExplicitDependencyGeneratePcm arm64 /Users/admin/builder/spi-builder-workspace/.derivedData/SDKExplicitPrecompiledModules/_Builtin_stddef-1FU30Y8SWFB7OUUHMJQH5J6FM.pcm
SwiftExplicitDependencyGeneratePcm arm64 /Users/admin/builder/spi-builder-workspace/.derivedData/SDKExplicitPrecompiledModules/_AvailabilityInternal-BUNV3UXM65NT37THI4W1AM0SF.pcm
SwiftExplicitDependencyGeneratePcm arm64 /Users/admin/builder/spi-builder-workspace/.derivedData/SDKExplicitPrecompiledModules/_Builtin_stdbool-83J96QSOFE9VX04AAS6310UAE.pcm
SwiftExplicitDependencyGeneratePcm arm64 /Users/admin/builder/spi-builder-workspace/.derivedData/SDKExplicitPrecompiledModules/ptrauth-3TZ9WJCGLYD25HQPWH4968ONX.pcm
SwiftExplicitDependencyGeneratePcm arm64 /Users/admin/builder/spi-builder-workspace/.derivedData/SDKExplicitPrecompiledModules/ptrcheck-AIF0NDOYZ8ORBNHQAQR5NNB8M.pcm
SwiftExplicitDependencyGeneratePcm arm64 /Users/admin/builder/spi-builder-workspace/.derivedData/SDKExplicitPrecompiledModules/_Builtin_stdarg-A7UU8LE6MP85SM26YO7PBZNUQ.pcm
SwiftExplicitDependencyGeneratePcm arm64_32 /Users/admin/builder/spi-builder-workspace/.derivedData/SDKExplicitPrecompiledModules/_DarwinFoundation1-2GWF9RFMPLQW4PDHS3NARVI3G.pcm
SwiftExplicitDependencyGeneratePcm arm64 /Users/admin/builder/spi-builder-workspace/.derivedData/SDKExplicitPrecompiledModules/_DarwinFoundation1-7SPX3MD0HMP55E4OLNCPNDQ53.pcm
SwiftExplicitDependencyGeneratePcm arm64_32 /Users/admin/builder/spi-builder-workspace/.derivedData/SDKExplicitPrecompiledModules/_DarwinFoundation2-9MY8GOSYRO0M9MKNXF6D3MBNK.pcm
SwiftExplicitDependencyGeneratePcm arm64_32 /Users/admin/builder/spi-builder-workspace/.derivedData/SDKExplicitPrecompiledModules/_Builtin_limits-3VKBU2AFTD65PAJZ5CJ3LHFM2.pcm
SwiftExplicitDependencyGeneratePcm arm64 /Users/admin/builder/spi-builder-workspace/.derivedData/SDKExplicitPrecompiledModules/_DarwinFoundation2-D0XAPJU49S5E9XMKYOFGSTB1Q.pcm
SwiftExplicitDependencyGeneratePcm arm64 /Users/admin/builder/spi-builder-workspace/.derivedData/SDKExplicitPrecompiledModules/_Builtin_limits-9GWPA2B0H20DYUNYHYCWKABJG.pcm
SwiftExplicitDependencyGeneratePcm arm64_32 /Users/admin/builder/spi-builder-workspace/.derivedData/SDKExplicitPrecompiledModules/sys_types-8TLLMW08ZJWDGIIPKOYFGHHZW.pcm
SwiftExplicitDependencyGeneratePcm arm64_32 /Users/admin/builder/spi-builder-workspace/.derivedData/SDKExplicitPrecompiledModules/string_h-BFVLUQUSBZWYMLCU9QI7VZALW.pcm
SwiftExplicitDependencyGeneratePcm arm64_32 /Users/admin/builder/spi-builder-workspace/.derivedData/SDKExplicitPrecompiledModules/_Builtin_stdint-1HMXWI3V0V4TXHRWZOMZGZ80Y.pcm
SwiftExplicitDependencyGeneratePcm arm64 /Users/admin/builder/spi-builder-workspace/.derivedData/SDKExplicitPrecompiledModules/string_h-E6PRXK75PHIPCZFWOFCQ3QBMK.pcm
SwiftExplicitDependencyGeneratePcm arm64 /Users/admin/builder/spi-builder-workspace/.derivedData/SDKExplicitPrecompiledModules/sys_types-2KXQLI78OUCDP779AE68GZJ2.pcm
SwiftExplicitDependencyGeneratePcm arm64 /Users/admin/builder/spi-builder-workspace/.derivedData/SDKExplicitPrecompiledModules/_Builtin_stdint-8XMILLJZEGRN2XG7XZUXZ5RLX.pcm
SwiftExplicitDependencyGeneratePcm arm64_32 /Users/admin/builder/spi-builder-workspace/.derivedData/SDKExplicitPrecompiledModules/_DarwinFoundation3-3DUTYQDQSD9HUAAVY947NMWOI.pcm
SwiftExplicitDependencyGeneratePcm arm64 /Users/admin/builder/spi-builder-workspace/.derivedData/SDKExplicitPrecompiledModules/_DarwinFoundation3-B97LRG0E9GON2NUE65TVG81HU.pcm
SwiftExplicitDependencyGeneratePcm arm64_32 /Users/admin/builder/spi-builder-workspace/.derivedData/SDKExplicitPrecompiledModules/_Builtin_inttypes-D2KPCR4PEX9AQA33NGLUT5SBR.pcm
SwiftExplicitDependencyGeneratePcm arm64 /Users/admin/builder/spi-builder-workspace/.derivedData/SDKExplicitPrecompiledModules/_Builtin_inttypes-3UQSCM7WNM9EK4HZML8TY5J3D.pcm
SwiftExplicitDependencyGeneratePcm arm64_32 /Users/admin/builder/spi-builder-workspace/.derivedData/SDKExplicitPrecompiledModules/Darwin-3FVT1SKLN2ZQ5RVOABMTQBB34.pcm
SwiftExplicitDependencyGeneratePcm arm64 /Users/admin/builder/spi-builder-workspace/.derivedData/SDKExplicitPrecompiledModules/Darwin-3984OXKFNSPE77NT743WK8SEX.pcm
SwiftExplicitDependencyGeneratePcm arm64_32 /Users/admin/builder/spi-builder-workspace/.derivedData/SDKExplicitPrecompiledModules/ObjectiveC-6IJNELR2E80E7LUKESVCP2KET.pcm
SwiftExplicitDependencyGeneratePcm arm64 /Users/admin/builder/spi-builder-workspace/.derivedData/SDKExplicitPrecompiledModules/ObjectiveC-72IVD3VS2RS8Q28D9PIMY0KQP.pcm
SwiftExplicitDependencyGeneratePcm arm64_32 /Users/admin/builder/spi-builder-workspace/.derivedData/SDKExplicitPrecompiledModules/os_object-5YWTC6L4756IWSTPGXS5NM0D0.pcm
SwiftExplicitDependencyGeneratePcm arm64 /Users/admin/builder/spi-builder-workspace/.derivedData/SDKExplicitPrecompiledModules/os_object-3SDKD7F87FTZ26OON37DRYT6O.pcm
SwiftExplicitDependencyGeneratePcm arm64_32 /Users/admin/builder/spi-builder-workspace/.derivedData/SDKExplicitPrecompiledModules/os_workgroup-5JHTPDMNBUNHLJI8LPHKQK1JK.pcm
SwiftExplicitDependencyGeneratePcm arm64 /Users/admin/builder/spi-builder-workspace/.derivedData/SDKExplicitPrecompiledModules/os_workgroup-89GG5G7YC2D0ZTK6AZXXQ20DH.pcm
SwiftExplicitDependencyGeneratePcm arm64_32 /Users/admin/builder/spi-builder-workspace/.derivedData/SDKExplicitPrecompiledModules/Dispatch-2P62F1T4XV63S4P99TUDTOK2Q.pcm
SwiftExplicitDependencyGeneratePcm arm64 /Users/admin/builder/spi-builder-workspace/.derivedData/SDKExplicitPrecompiledModules/Dispatch-1NLJOVAK60XP0DUB05XA59EIM.pcm
SwiftExplicitDependencyGeneratePcm arm64_32 /Users/admin/builder/spi-builder-workspace/.derivedData/SDKExplicitPrecompiledModules/CoreFoundation-8E6Y4BA3EXYKUGJ24GT9LGV3N.pcm
SwiftExplicitDependencyGeneratePcm arm64_32 /Users/admin/builder/spi-builder-workspace/.derivedData/SDKExplicitPrecompiledModules/XPC-81Y45QFY96XYYFCW2GT6FY8S4.pcm
SwiftExplicitDependencyGeneratePcm arm64 /Users/admin/builder/spi-builder-workspace/.derivedData/SDKExplicitPrecompiledModules/XPC-40DR0X1DHKGCV4J1IOLFS8MOU.pcm
SwiftExplicitDependencyGeneratePcm arm64 /Users/admin/builder/spi-builder-workspace/.derivedData/SDKExplicitPrecompiledModules/CoreFoundation-8T2L24YC5NU7WO6WQJWRY7W08.pcm
SwiftExplicitDependencyGeneratePcm arm64_32 /Users/admin/builder/spi-builder-workspace/.derivedData/SDKExplicitPrecompiledModules/CoreGraphics-9FDXYX6BKBUT6TJ2VF819E7T5.pcm
SwiftExplicitDependencyGeneratePcm arm64_32 /Users/admin/builder/spi-builder-workspace/.derivedData/SDKExplicitPrecompiledModules/Security-D7TOWF88VWF67TB9HAFP5UWB1.pcm
SwiftExplicitDependencyGeneratePcm arm64 /Users/admin/builder/spi-builder-workspace/.derivedData/SDKExplicitPrecompiledModules/Security-6RZ6YBRU8WCUHRFFRVUK5WKMM.pcm
SwiftExplicitDependencyGeneratePcm arm64 /Users/admin/builder/spi-builder-workspace/.derivedData/SDKExplicitPrecompiledModules/CoreGraphics-DWNZ73GEH98SBJXZ7DEXB420K.pcm
SwiftExplicitDependencyGeneratePcm arm64_32 /Users/admin/builder/spi-builder-workspace/.derivedData/SDKExplicitPrecompiledModules/Foundation-BJ2VQGI3OGR34500MEQ1VKHPH.pcm
SwiftExplicitDependencyGeneratePcm arm64_32 /Users/admin/builder/spi-builder-workspace/.derivedData/SDKExplicitPrecompiledModules/CoreVideo-2P8HI0403J99LBDPKNFJ5D4DL.pcm
SwiftExplicitDependencyGeneratePcm arm64 /Users/admin/builder/spi-builder-workspace/.derivedData/SDKExplicitPrecompiledModules/Foundation-DLBKUSGXN8QHAT8W0OARR9S8A.pcm
SwiftExplicitDependencyGeneratePcm arm64 /Users/admin/builder/spi-builder-workspace/.derivedData/SDKExplicitPrecompiledModules/CoreVideo-8MRR5MNWUOAW2DBPGUQ8FKK4.pcm
SwiftExplicitDependencyGeneratePcm arm64_32 /Users/admin/builder/spi-builder-workspace/.derivedData/SDKExplicitPrecompiledModules/QuartzCore-6375NPYACK5NYVHPMC1QQ8MC2.pcm
SwiftExplicitDependencyGeneratePcm arm64 /Users/admin/builder/spi-builder-workspace/.derivedData/SDKExplicitPrecompiledModules/QuartzCore-94KFMWNOU7ZLUZNB4T5DLZC9D.pcm
SwiftCompile normal arm64_32 Compiling\ UnitBezier.swift /Users/admin/builder/spi-builder-workspace/Sources/Advance/UnitBezier.swift (in target 'Advance' from project 'Advance')
SwiftCompile normal arm64_32 /Users/admin/builder/spi-builder-workspace/Sources/Advance/UnitBezier.swift (in target 'Advance' from project 'Advance')
    cd /Users/admin/builder/spi-builder-workspace/.swiftpm/xcode
    builtin-SwiftPerFileCompile UnitBezier.swift
SwiftCompile normal arm64_32 Compiling\ TimingFunction.swift /Users/admin/builder/spi-builder-workspace/Sources/Advance/TimingFunction.swift (in target 'Advance' from project 'Advance')
SwiftCompile normal arm64_32 /Users/admin/builder/spi-builder-workspace/Sources/Advance/TimingFunction.swift (in target 'Advance' from project 'Advance')
    cd /Users/admin/builder/spi-builder-workspace/.swiftpm/xcode
    builtin-SwiftPerFileCompile TimingFunction.swift
SwiftCompile normal arm64_32 Compiling\ VectorConvertible.swift /Users/admin/builder/spi-builder-workspace/Sources/Advance/VectorConvertible.swift (in target 'Advance' from project 'Advance')
SwiftCompile normal arm64_32 /Users/admin/builder/spi-builder-workspace/Sources/Advance/VectorConvertible.swift (in target 'Advance' from project 'Advance')
    cd /Users/admin/builder/spi-builder-workspace/.swiftpm/xcode
    builtin-SwiftPerFileCompile VectorConvertible.swift
SwiftCompile normal arm64_32 Compiling\ SimulationFunction.swift /Users/admin/builder/spi-builder-workspace/Sources/Advance/SimulationFunction.swift (in target 'Advance' from project 'Advance')
SwiftCompile normal arm64_32 /Users/admin/builder/spi-builder-workspace/Sources/Advance/SimulationFunction.swift (in target 'Advance' from project 'Advance')
    cd /Users/admin/builder/spi-builder-workspace/.swiftpm/xcode
    builtin-SwiftPerFileCompile SimulationFunction.swift
SwiftCompile normal arm64_32 Compiling\ SpringFunction.swift /Users/admin/builder/spi-builder-workspace/Sources/Advance/SpringFunction.swift (in target 'Advance' from project 'Advance')
SwiftCompile normal arm64_32 /Users/admin/builder/spi-builder-workspace/Sources/Advance/SpringFunction.swift (in target 'Advance' from project 'Advance')
    cd /Users/admin/builder/spi-builder-workspace/.swiftpm/xcode
    builtin-SwiftPerFileCompile SpringFunction.swift
SwiftCompile normal arm64_32 Compiling\ SimulationFunction+Integration.swift /Users/admin/builder/spi-builder-workspace/Sources/Advance/Internal/SimulationFunction+Integration.swift (in target 'Advance' from project 'Advance')
SwiftCompile normal arm64_32 /Users/admin/builder/spi-builder-workspace/Sources/Advance/Internal/SimulationFunction+Integration.swift (in target 'Advance' from project 'Advance')
    cd /Users/admin/builder/spi-builder-workspace/.swiftpm/xcode
    builtin-SwiftPerFileCompile SimulationFunction+Integration.swift
SwiftEmitModule normal arm64_32 Emitting\ module\ for\ Advance (in target 'Advance' from project 'Advance')
/Users/admin/builder/spi-builder-workspace/Sources/Advance/Internal/Simulation.swift:32:16: warning: extraneous whitespace between attribute name and '('; this is an error in the Swift 6 language mode
 30 |     /// Returns `true` if the solver has converged and does not currently
 31 |     /// need to be advanced on each frame.
 32 |     fileprivate (set) var hasConverged: Bool = false
    |                `- warning: extraneous whitespace between attribute name and '('; this is an error in the Swift 6 language mode
 33 |
 34 |     // The current state of the solver.
/Users/admin/builder/spi-builder-workspace/Sources/Advance/Internal/Animation.swift:20:12: warning: extraneous whitespace between attribute name and '('; this is an error in the Swift 6 language mode
18 |
19 |     /// The current value.
20 |     private (set) var value: Value
   |            `- warning: extraneous whitespace between attribute name and '('; this is an error in the Swift 6 language mode
21 |
22 |     private (set) var velocity: Value
/Users/admin/builder/spi-builder-workspace/Sources/Advance/Internal/Animation.swift:22:12: warning: extraneous whitespace between attribute name and '('; this is an error in the Swift 6 language mode
20 |     private (set) var value: Value
21 |
22 |     private (set) var velocity: Value
   |            `- warning: extraneous whitespace between attribute name and '('; this is an error in the Swift 6 language mode
23 |
24 |     private var elapsed: Double = 0.0
/Users/admin/builder/spi-builder-workspace/Sources/Advance/TimingFunction.swift:64:46: error: 'CAMediaTimingFunction' is unavailable in watchOS
62 |
63 |     /// Initializes a timing function with a unit bezier derived from the given Core Animation timing function.
64 |     public init(coreAnimationTimingFunction: CAMediaTimingFunction) {
   |                                              `- error: 'CAMediaTimingFunction' is unavailable in watchOS
65 |         let controlPoints: [(x: Double, y: Double)] = (0...3).map { (index) in
66 |             var rawValues: [Float] = [0.0, 0.0]
/Applications/Xcode-27.0.0-Release.Candidate.app/Contents/Developer/Platforms/WatchOS.platform/Developer/SDKs/WatchOS27.0.sdk/System/Library/Frameworks/QuartzCore.framework/Headers/CAMediaTimingFunction.h:24:12: note: 'CAMediaTimingFunction' has been explicitly marked unavailable here
22 |
23 | API_AVAILABLE(macos(10.5), ios(2.0), tvos(9.0)) API_UNAVAILABLE(watchos)
24 | @interface CAMediaTimingFunction : NSObject <NSSecureCoding>
   |            `- note: 'CAMediaTimingFunction' has been explicitly marked unavailable here
25 | {
26 | @private
Failed frontend command:
/Applications/Xcode-27.0.0-Release.Candidate.app/Contents/Developer/Toolchains/XcodeDefault.xctoolchain/usr/bin/swift-frontend -frontend -emit-module -experimental-skip-non-inlinable-function-bodies-without-types /Users/admin/builder/spi-builder-workspace/Sources/Advance/Animator.swift /Users/admin/builder/spi-builder-workspace/Sources/Advance/DecayFunction.swift /Users/admin/builder/spi-builder-workspace/Sources/Advance/Internal/Animation.swift /Users/admin/builder/spi-builder-workspace/Sources/Advance/Internal/DisplayLink.swift /Users/admin/builder/spi-builder-workspace/Sources/Advance/Internal/Math.swift /Users/admin/builder/spi-builder-workspace/Sources/Advance/Internal/Simulation.swift /Users/admin/builder/spi-builder-workspace/Sources/Advance/Internal/SimulationFunction+Integration.swift /Users/admin/builder/spi-builder-workspace/Sources/Advance/SimulationFunction.swift /Users/admin/builder/spi-builder-workspace/Sources/Advance/Spring.swift /Users/admin/builder/spi-builder-workspace/Sources/Advance/SpringFunction.swift /Users/admin/builder/spi-builder-workspace/Sources/Advance/TimingFunction.swift /Users/admin/builder/spi-builder-workspace/Sources/Advance/UnitBezier.swift /Users/admin/builder/spi-builder-workspace/Sources/Advance/VectorConvertible.swift -target arm64_32-apple-watchos9.0 -module-can-import-version CoreGraphics 2049 2049.0.0 -module-can-import-version QuartzCore 5 1223.0.14 -disable-cross-import-overlay-search -load-resolved-plugin /Applications/Xcode-27.0.0-Release.Candidate.app/Contents/Developer/Platforms/WatchOS.platform/Developer/usr/lib/swift/host/plugins/libFoundationMacros.dylib\#/Applications/Xcode-27.0.0-Release.Candidate.app/Contents/Developer/Platforms/WatchOS.platform/Developer/usr/bin/swift-plugin-server\#FoundationMacros -load-resolved-plugin /Applications/Xcode-27.0.0-Release.Candidate.app/Contents/Developer/Platforms/WatchOS.platform/Developer/usr/lib/swift/host/plugins/libObservationMacros.dylib\#/Applications/Xcode-27.0.0-Release.Candidate.app/Contents/Developer/Platforms/WatchOS.platform/Developer/usr/bin/swift-plugin-server\#ObservationMacros -load-resolved-plugin /Applications/Xcode-27.0.0-Release.Candidate.app/Contents/Developer/Platforms/WatchOS.platform/Developer/usr/lib/swift/host/plugins/libSwiftMacros.dylib\#/Applications/Xcode-27.0.0-Release.Candidate.app/Contents/Developer/Platforms/WatchOS.platform/Developer/usr/bin/swift-plugin-server\#SwiftMacros -disable-implicit-swift-modules -Xcc -fno-implicit-modules -Xcc -fno-implicit-module-maps -explicit-swift-module-map-file /Users/admin/builder/spi-builder-workspace/.derivedData/Build/Intermediates.noindex/Advance.build/Debug-watchos/Advance-t.build/Objects-normal/arm64_32/Advance-dependencies-2.json -enable-objc-interop -sdk /Applications/Xcode-27.0.0-Release.Candidate.app/Contents/Developer/Platforms/WatchOS.platform/Developer/SDKs/WatchOS27.0.sdk -I /Users/admin/builder/spi-builder-workspace/.derivedData/Build/Products/Debug-watchos -Isystem /Applications/Xcode-27.0.0-Release.Candidate.app/Contents/Developer/Platforms/WatchOS.platform/Developer/usr/lib -F /Users/admin/builder/spi-builder-workspace/.derivedData/Build/Products/Debug-watchos -F /Applications/Xcode-27.0.0-Release.Candidate.app/Contents/Developer/Platforms/WatchOS.platform/Developer/Library/Frameworks -F /Applications/Xcode-27.0.0-Release.Candidate.app/Contents/Developer/Platforms/WatchOS.platform/Developer/SDKs/WatchOS27.0.sdk/Developer/Library/Frameworks -module-cache-path /Users/admin/builder/spi-builder-workspace/.derivedData/Build/Intermediates.noindex/SwiftExplicitPrecompiledModules -no-color-diagnostics -Xcc -fno-color-diagnostics -enable-testing -g -debug-info-format\=dwarf -dwarf-version\=4 -profile-generate -profile-coverage-mapping -swift-version 5 -Onone -D SWIFT_PACKAGE -D DEBUG -D SWIFT_MODULE_RESOURCE_BUNDLE_UNAVAILABLE -D Xcode -serialize-debugging-options -enable-experimental-feature DebugDescriptionMacro -empty-abi-descriptor -validate-clang-modules-once -clang-build-session-file /Users/admin/builder/spi-builder-workspace/.derivedData/ModuleCache.noindex/Session.modulevalidation -Xcc -working-directory -Xcc /Users/admin/builder/spi-builder-workspace/.swiftpm/xcode -enable-anonymous-context-mangled-names -file-compilation-dir /Users/admin/builder/spi-builder-workspace/.swiftpm/xcode -Xcc -D_LIBCPP_HARDENING_MODE\=_LIBCPP_HARDENING_MODE_DEBUG -Xcc -ivfsstatcache -Xcc /Users/admin/builder/spi-builder-workspace/.derivedData/SDKStatCaches.noindex/watchos27.0-24R360-e829b21a6f8c9b70876ba0858053c04477534ef55a1706bf4c1112bbb242f0a2.sdkstatcache -Xcc -fmodules-prune-interval\=86400 -Xcc -fmodules-prune-after\=345600 -Xcc -I/Users/admin/builder/spi-builder-workspace/.derivedData/Build/Products/Debug-watchos/include -Xcc -I/Users/admin/builder/spi-builder-workspace/.derivedData/Build/Intermediates.noindex/Advance.build/Debug-watchos/Advance-t.build/DerivedSources-normal/arm64_32 -Xcc -I/Users/admin/builder/spi-builder-workspace/.derivedData/Build/Intermediates.noindex/Advance.build/Debug-watchos/Advance-t.build/DerivedSources/arm64_32 -Xcc -I/Users/admin/builder/spi-builder-workspace/.derivedData/Build/Intermediates.noindex/Advance.build/Debug-watchos/Advance-t.build/DerivedSources -Xcc -DSWIFT_PACKAGE -Xcc -DDEBUG\=1 -no-auto-bridging-header-chaining -module-name Advance -const-gather-protocols-file /Users/admin/builder/spi-builder-workspace/.derivedData/Build/Intermediates.noindex/Advance.build/Debug-watchos/Advance-t.build/Objects-normal/arm64_32/Advance_const_extract_protocols.json -disable-clang-spi -clang-target arm64_32-apple-watchos27.0 -target-sdk-version 27.0 -target-sdk-name watchos27.0 -in-process-plugin-server-path /Applications/Xcode-27.0.0-Release.Candidate.app/Contents/Developer/Toolchains/XcodeDefault.xctoolchain/usr/lib/swift/host/libSwiftInProcPluginServer.dylib -emit-module-doc-path /Users/admin/builder/spi-builder-workspace/.derivedData/Build/Intermediates.noindex/Advance.build/Debug-watchos/Advance-t.build/Objects-normal/arm64_32/Advance.swiftdoc -emit-module-source-info-path /Users/admin/builder/spi-builder-workspace/.derivedData/Build/Intermediates.noindex/Advance.build/Debug-watchos/Advance-t.build/Objects-normal/arm64_32/Advance.swiftsourceinfo -emit-objc-header-path /Users/admin/builder/spi-builder-workspace/.derivedData/Build/Intermediates.noindex/Advance.build/Debug-watchos/Advance-t.build/Objects-normal/arm64_32/Advance-Swift.h -serialize-diagnostics-path /Users/admin/builder/spi-builder-workspace/.derivedData/Build/Intermediates.noindex/Advance.build/Debug-watchos/Advance-t.build/Objects-normal/arm64_32/Advance-primary-emit-module.dia -emit-dependencies-path /Users/admin/builder/spi-builder-workspace/.derivedData/Build/Intermediates.noindex/Advance.build/Debug-watchos/Advance-t.build/Objects-normal/arm64_32/Advance-primary-emit-module.d -parse-as-library -o /Users/admin/builder/spi-builder-workspace/.derivedData/Build/Intermediates.noindex/Advance.build/Debug-watchos/Advance-t.build/Objects-normal/arm64_32/Advance.swiftmodule -emit-abi-descriptor-path /Users/admin/builder/spi-builder-workspace/.derivedData/Build/Intermediates.noindex/Advance.build/Debug-watchos/Advance-t.build/Objects-normal/arm64_32/Advance.abi.json
SwiftCompile normal arm64_32 (in target 'Advance' from project 'Advance')
    cd /Users/admin/builder/spi-builder-workspace/.swiftpm/xcode

SwiftCompile normal arm64_32 Compiling\ Animator.swift,\ DecayFunction.swift /Users/admin/builder/spi-builder-workspace/Sources/Advance/Animator.swift /Users/admin/builder/spi-builder-workspace/Sources/Advance/DecayFunction.swift (in target 'Advance' from project 'Advance')
SwiftCompile normal arm64_32 /Users/admin/builder/spi-builder-workspace/Sources/Advance/Animator.swift (in target 'Advance' from project 'Advance')
    cd /Users/admin/builder/spi-builder-workspace/.swiftpm/xcode
    builtin-SwiftPerFileCompile Animator.swift
SwiftCompile normal arm64_32 /Users/admin/builder/spi-builder-workspace/Sources/Advance/DecayFunction.swift (in target 'Advance' from project 'Advance')
    cd /Users/admin/builder/spi-builder-workspace/.swiftpm/xcode
    builtin-SwiftPerFileCompile DecayFunction.swift
/Users/admin/builder/spi-builder-workspace/Sources/Advance/Internal/Simulation.swift:32:16: warning: extraneous whitespace between attribute name and '('; this is an error in the Swift 6 language mode
 30 |     /// Returns `true` if the solver has converged and does not currently
 31 |     /// need to be advanced on each frame.
 32 |     fileprivate (set) var hasConverged: Bool = false
    |                `- warning: extraneous whitespace between attribute name and '('; this is an error in the Swift 6 language mode
 33 |
 34 |     // The current state of the solver.
/Users/admin/builder/spi-builder-workspace/Sources/Advance/Internal/Animation.swift:20:12: warning: extraneous whitespace between attribute name and '('; this is an error in the Swift 6 language mode
18 |
19 |     /// The current value.
20 |     private (set) var value: Value
   |            `- warning: extraneous whitespace between attribute name and '('; this is an error in the Swift 6 language mode
21 |
22 |     private (set) var velocity: Value
SwiftCompile normal arm64_32 Compiling\ Math.swift,\ Simulation.swift /Users/admin/builder/spi-builder-workspace/Sources/Advance/Internal/Math.swift /Users/admin/builder/spi-builder-workspace/Sources/Advance/Internal/Simulation.swift (in target 'Advance' from project 'Advance')
SwiftCompile normal arm64_32 /Users/admin/builder/spi-builder-workspace/Sources/Advance/Internal/Math.swift (in target 'Advance' from project 'Advance')
    cd /Users/admin/builder/spi-builder-workspace/.swiftpm/xcode
    builtin-SwiftPerFileCompile Math.swift
SwiftCompile normal arm64_32 /Users/admin/builder/spi-builder-workspace/Sources/Advance/Internal/Simulation.swift (in target 'Advance' from project 'Advance')
    cd /Users/admin/builder/spi-builder-workspace/.swiftpm/xcode
    builtin-SwiftPerFileCompile Simulation.swift
SwiftCompile normal arm64_32 Compiling\ Animation.swift,\ DisplayLink.swift /Users/admin/builder/spi-builder-workspace/Sources/Advance/Internal/Animation.swift /Users/admin/builder/spi-builder-workspace/Sources/Advance/Internal/DisplayLink.swift (in target 'Advance' from project 'Advance')
/Users/admin/builder/spi-builder-workspace/Sources/Advance/Internal/Animation.swift:20:12: warning: extraneous whitespace between attribute name and '('; this is an error in the Swift 6 language mode
18 |
19 |     /// The current value.
20 |     private (set) var value: Value
   |            `- warning: extraneous whitespace between attribute name and '('; this is an error in the Swift 6 language mode
21 |
22 |     private (set) var velocity: Value
SwiftCompile normal arm64_32 /Users/admin/builder/spi-builder-workspace/Sources/Advance/Internal/Animation.swift (in target 'Advance' from project 'Advance')
    cd /Users/admin/builder/spi-builder-workspace/.swiftpm/xcode
    builtin-SwiftPerFileCompile Animation.swift
SwiftCompile normal arm64_32 /Users/admin/builder/spi-builder-workspace/Sources/Advance/Internal/DisplayLink.swift (in target 'Advance' from project 'Advance')
    cd /Users/admin/builder/spi-builder-workspace/.swiftpm/xcode
    builtin-SwiftPerFileCompile DisplayLink.swift
SwiftEmitModule normal arm64 Emitting\ module\ for\ Advance (in target 'Advance' from project 'Advance')
SwiftCompile normal arm64 (in target 'Advance' from project 'Advance')
    cd /Users/admin/builder/spi-builder-workspace/.swiftpm/xcode

PruneExplicitPrecompiledModules /Users/admin/builder/spi-builder-workspace/.derivedData/Build/Intermediates.noindex/ExplicitPrecompiledModules
PruneExplicitPrecompiledModules /Users/admin/builder/spi-builder-workspace/.derivedData/Build/Intermediates.noindex/SwiftExplicitPrecompiledModules
PruneExplicitPrecompiledModules /Users/admin/builder/spi-builder-workspace/.derivedData/SDKExplicitPrecompiledModules
2026-09-16 02:55:58.421 xcodebuild[665:4323] [MT] IDERunDestination: Supported platforms for the buildables in the current scheme is empty.
** BUILD FAILED **
The following build commands failed:
	SwiftEmitModule normal arm64_32 Emitting\ module\ for\ Advance (in target 'Advance' from project 'Advance')
	SwiftCompile normal arm64_32 (in target 'Advance' from project 'Advance')
	Building workspace Advance with scheme Advance
(3 failures)
Command line invocation:
    /Applications/Xcode-27.0.0-Release.Candidate.app/Contents/Developer/usr/bin/xcodebuild -IDEClonedSourcePackagesDirPathOverride=/Users/admin/builder/spi-builder-workspace/.dependencies -resolvePackageDependencies
Resolve Package Graph
Resolved source packages:
  Advance: /Users/admin/builder/spi-builder-workspace
resolved source packages: Advance
2026-09-16 02:56:03.996 xcodebuild[748:4679] [MT] IDERunDestination: Supported platforms for the buildables in the current scheme is empty.
{
  "dependencies" : [
  ],
  "manifest_display_name" : "Advance",
  "name" : "Advance",
  "path" : "/Users/admin/builder/spi-builder-workspace",
  "platforms" : [
    {
      "name" : "macos",
      "version" : "10.12"
    },
    {
      "name" : "ios",
      "version" : "10.0"
    },
    {
      "name" : "tvos",
      "version" : "10.0"
    }
  ],
  "products" : [
    {
      "name" : "Advance",
      "targets" : [
        "Advance"
      ],
      "type" : {
        "library" : [
          "automatic"
        ]
      }
    }
  ],
  "swift_languages_versions" : [
    "5"
  ],
  "targets" : [
    {
      "c99name" : "AdvanceTests",
      "module_type" : "SwiftTarget",
      "name" : "AdvanceTests",
      "path" : "Tests/AdvanceTests",
      "sources" : [
        "AnimationTests.swift",
        "AnimatorTests.swift",
        "DisplayLinkTests.swift",
        "SpringTests.swift",
        "TimingFunctionTests.swift",
        "UnitBezierTests.swift",
        "VectorConvenienceTests.swift",
        "XCTestManifests.swift"
      ],
      "target_dependencies" : [
        "Advance"
      ],
      "type" : "test"
    },
    {
      "c99name" : "Advance",
      "module_type" : "SwiftTarget",
      "name" : "Advance",
      "path" : "Sources/Advance",
      "product_memberships" : [
        "Advance"
      ],
      "sources" : [
        "Animator.swift",
        "DecayFunction.swift",
        "Internal/Animation.swift",
        "Internal/DisplayLink.swift",
        "Internal/Math.swift",
        "Internal/Simulation.swift",
        "Internal/SimulationFunction+Integration.swift",
        "SimulationFunction.swift",
        "Spring.swift",
        "SpringFunction.swift",
        "TimingFunction.swift",
        "UnitBezier.swift",
        "VectorConvertible.swift"
      ],
      "type" : "library"
    }
  ],
  "tools_version" : "5.1"
}
{
  "workspace" : {
    "name" : "Advance",
    "schemes" : [
      "Advance"
    ]
  }
}
2026-09-16 02:56:05.273 xcodebuild[756:4757] [MT] IDERunDestination: Supported platforms for the buildables in the current scheme is empty.
Running build ...
env DEVELOPER_DIR=/Applications/Xcode-27.0.0-Release.Candidate.app xcrun xcodebuild -IDEClonedSourcePackagesDirPathOverride=$PWD/.dependencies -skipMacroValidation -skipPackagePluginValidation -derivedDataPath $PWD/.derivedData build -scheme Advance -destination generic/platform=watchOS
Command line invocation:
    /Applications/Xcode-27.0.0-Release.Candidate.app/Contents/Developer/usr/bin/xcodebuild -IDEClonedSourcePackagesDirPathOverride=/Users/admin/builder/spi-builder-workspace/.dependencies -skipMacroValidation -skipPackagePluginValidation -derivedDataPath /Users/admin/builder/spi-builder-workspace/.derivedData build -scheme Advance -destination generic/platform=watchOS
Resolve Package Graph
Resolved source packages:
  Advance: /Users/admin/builder/spi-builder-workspace
ComputePackagePrebuildTargetDependencyGraph
Prepare packages
CreateBuildRequest
SendProjectDescription
CreateBuildOperation
ComputeTargetDependencyGraph
note: Building targets in dependency order
note: Target dependency graph (2 targets)
    Target 'Advance-product' in project 'Advance'
        ➜ Explicit dependency on target 'Advance' in project 'Advance'
    Target 'Advance' in project 'Advance' (no dependencies)
GatherProvisioningInputs
CreateBuildDescription
ClangStatCache /Applications/Xcode-27.0.0-Release.Candidate.app/Contents/Developer/Toolchains/XcodeDefault.xctoolchain/usr/bin/clang-stat-cache /Applications/Xcode-27.0.0-Release.Candidate.app/Contents/Developer/Platforms/WatchOS.platform/Developer/SDKs/WatchOS27.0.sdk /Users/admin/builder/spi-builder-workspace/.derivedData/SDKStatCaches.noindex/watchos27.0-24R360-e829b21a6f8c9b70876ba0858053c04477534ef55a1706bf4c1112bbb242f0a2.sdkstatcache
    cd /Users/admin/builder/spi-builder-workspace/.swiftpm/xcode
    /Applications/Xcode-27.0.0-Release.Candidate.app/Contents/Developer/Toolchains/XcodeDefault.xctoolchain/usr/bin/clang-stat-cache /Applications/Xcode-27.0.0-Release.Candidate.app/Contents/Developer/Platforms/WatchOS.platform/Developer/SDKs/WatchOS27.0.sdk -o /Users/admin/builder/spi-builder-workspace/.derivedData/SDKStatCaches.noindex/watchos27.0-24R360-e829b21a6f8c9b70876ba0858053c04477534ef55a1706bf4c1112bbb242f0a2.sdkstatcache
SwiftDriver Advance normal arm64 com.apple.xcode.tools.swift.compiler (in target 'Advance' from project 'Advance')
    cd /Users/admin/builder/spi-builder-workspace/.swiftpm/xcode
    builtin-SwiftDriver -- /Applications/Xcode-27.0.0-Release.Candidate.app/Contents/Developer/Toolchains/XcodeDefault.xctoolchain/usr/bin/swiftc -parse-as-library -module-name Advance -Onone @/Users/admin/builder/spi-builder-workspace/.derivedData/Build/Intermediates.noindex/Advance.build/Debug-watchos/Advance-t.build/Objects-normal/arm64/Advance.SwiftFileList -DSWIFT_PACKAGE -DDEBUG -DSWIFT_MODULE_RESOURCE_BUNDLE_UNAVAILABLE -DXcode -plugin-path /Applications/Xcode-27.0.0-Release.Candidate.app/Contents/Developer/Toolchains/XcodeDefault.xctoolchain/usr/lib/swift/host/plugins/testing -enable-experimental-feature DebugDescriptionMacro -sdk /Applications/Xcode-27.0.0-Release.Candidate.app/Contents/Developer/Platforms/WatchOS.platform/Developer/SDKs/WatchOS27.0.sdk -target arm64-apple-watchos9.0 -g -module-cache-path /Users/admin/builder/spi-builder-workspace/.derivedData/ModuleCache.noindex -Xfrontend -serialize-debugging-options -profile-coverage-mapping -profile-generate -enable-testing -index-store-path /Users/admin/builder/spi-builder-workspace/.derivedData/Index.noindex/DataStore -Xcc -D_LIBCPP_HARDENING_MODE\=_LIBCPP_HARDENING_MODE_DEBUG -swift-version 5 -I /Users/admin/builder/spi-builder-workspace/.derivedData/Build/Products/Debug-watchos -Isystem /Applications/Xcode-27.0.0-Release.Candidate.app/Contents/Developer/Platforms/WatchOS.platform/Developer/usr/lib -F /Users/admin/builder/spi-builder-workspace/.derivedData/Build/Products/Debug-watchos -F /Applications/Xcode-27.0.0-Release.Candidate.app/Contents/Developer/Platforms/WatchOS.platform/Developer/Library/Frameworks -F /Applications/Xcode-27.0.0-Release.Candidate.app/Contents/Developer/Platforms/WatchOS.platform/Developer/SDKs/WatchOS27.0.sdk/Developer/Library/Frameworks -c -j10 -enable-batch-mode -incremental -Xcc -ivfsstatcache -Xcc /Users/admin/builder/spi-builder-workspace/.derivedData/SDKStatCaches.noindex/watchos27.0-24R360-e829b21a6f8c9b70876ba0858053c04477534ef55a1706bf4c1112bbb242f0a2.sdkstatcache -output-file-map /Users/admin/builder/spi-builder-workspace/.derivedData/Build/Intermediates.noindex/Advance.build/Debug-watchos/Advance-t.build/Objects-normal/arm64/Advance-OutputFileMap.json -save-temps -no-color-diagnostics -explicit-module-build -module-cache-path /Users/admin/builder/spi-builder-workspace/.derivedData/Build/Intermediates.noindex/SwiftExplicitPrecompiledModules -clang-scanner-module-cache-path /Users/admin/builder/spi-builder-workspace/.derivedData/ModuleCache.noindex -sdk-module-cache-path /Users/admin/builder/spi-builder-workspace/.derivedData/SDKExplicitPrecompiledModules -emit-dependencies -emit-module -emit-module-path /Users/admin/builder/spi-builder-workspace/.derivedData/Build/Intermediates.noindex/Advance.build/Debug-watchos/Advance-t.build/Objects-normal/arm64/Advance.swiftmodule -serialize-diagnostics -dependency-scan-serialize-diagnostics-path /Users/admin/builder/spi-builder-workspace/.derivedData/Build/Intermediates.noindex/Advance.build/Debug-watchos/Advance-t.build/Objects-normal/arm64/Advance-dependency-scan.dia -validate-clang-modules-once -clang-build-session-file /Users/admin/builder/spi-builder-workspace/.derivedData/ModuleCache.noindex/Session.modulevalidation -Xcc -fmodules-prune-interval\=86400 -Xcc -fmodules-prune-after\=345600 -emit-const-values -const-gather-protocols-list /Users/admin/builder/spi-builder-workspace/.derivedData/Build/Intermediates.noindex/Advance.build/Debug-watchos/Advance-t.build/Objects-normal/arm64/Advance_const_extract_protocols.json -Xcc -I/Users/admin/builder/spi-builder-workspace/.derivedData/Build/Products/Debug-watchos/include -Xcc -I/Users/admin/builder/spi-builder-workspace/.derivedData/Build/Intermediates.noindex/Advance.build/Debug-watchos/Advance-t.build/DerivedSources-normal/arm64 -Xcc -I/Users/admin/builder/spi-builder-workspace/.derivedData/Build/Intermediates.noindex/Advance.build/Debug-watchos/Advance-t.build/DerivedSources/arm64 -Xcc -I/Users/admin/builder/spi-builder-workspace/.derivedData/Build/Intermediates.noindex/Advance.build/Debug-watchos/Advance-t.build/DerivedSources -Xcc -DSWIFT_PACKAGE -Xcc -DDEBUG\=1 -emit-objc-header -emit-objc-header-path /Users/admin/builder/spi-builder-workspace/.derivedData/Build/Intermediates.noindex/Advance.build/Debug-watchos/Advance-t.build/Objects-normal/arm64/Advance-Swift.h -working-directory /Users/admin/builder/spi-builder-workspace/.swiftpm/xcode -experimental-emit-module-separately -disable-cmo
/Users/admin/builder/spi-builder-workspace/Sources/Advance/Internal/Animation.swift:20:12: warning: Extraneous whitespace between attribute name and '('; this is an error in the Swift 6 language mode (in target 'Advance' from project 'Advance')
/Users/admin/builder/spi-builder-workspace/Sources/Advance/Internal/Animation.swift:22:12: warning: Extraneous whitespace between attribute name and '('; this is an error in the Swift 6 language mode (in target 'Advance' from project 'Advance')
/Users/admin/builder/spi-builder-workspace/Sources/Advance/Internal/Simulation.swift:32:16: warning: Extraneous whitespace between attribute name and '('; this is an error in the Swift 6 language mode (in target 'Advance' from project 'Advance')
SwiftDriver Advance normal arm64_32 com.apple.xcode.tools.swift.compiler (in target 'Advance' from project 'Advance')
    cd /Users/admin/builder/spi-builder-workspace/.swiftpm/xcode
    builtin-SwiftDriver -- /Applications/Xcode-27.0.0-Release.Candidate.app/Contents/Developer/Toolchains/XcodeDefault.xctoolchain/usr/bin/swiftc -parse-as-library -module-name Advance -Onone @/Users/admin/builder/spi-builder-workspace/.derivedData/Build/Intermediates.noindex/Advance.build/Debug-watchos/Advance-t.build/Objects-normal/arm64_32/Advance.SwiftFileList -DSWIFT_PACKAGE -DDEBUG -DSWIFT_MODULE_RESOURCE_BUNDLE_UNAVAILABLE -DXcode -plugin-path /Applications/Xcode-27.0.0-Release.Candidate.app/Contents/Developer/Toolchains/XcodeDefault.xctoolchain/usr/lib/swift/host/plugins/testing -enable-experimental-feature DebugDescriptionMacro -sdk /Applications/Xcode-27.0.0-Release.Candidate.app/Contents/Developer/Platforms/WatchOS.platform/Developer/SDKs/WatchOS27.0.sdk -target arm64_32-apple-watchos9.0 -g -module-cache-path /Users/admin/builder/spi-builder-workspace/.derivedData/ModuleCache.noindex -Xfrontend -serialize-debugging-options -profile-coverage-mapping -profile-generate -enable-testing -index-store-path /Users/admin/builder/spi-builder-workspace/.derivedData/Index.noindex/DataStore -Xcc -D_LIBCPP_HARDENING_MODE\=_LIBCPP_HARDENING_MODE_DEBUG -swift-version 5 -I /Users/admin/builder/spi-builder-workspace/.derivedData/Build/Products/Debug-watchos -Isystem /Applications/Xcode-27.0.0-Release.Candidate.app/Contents/Developer/Platforms/WatchOS.platform/Developer/usr/lib -F /Users/admin/builder/spi-builder-workspace/.derivedData/Build/Products/Debug-watchos -F /Applications/Xcode-27.0.0-Release.Candidate.app/Contents/Developer/Platforms/WatchOS.platform/Developer/Library/Frameworks -F /Applications/Xcode-27.0.0-Release.Candidate.app/Contents/Developer/Platforms/WatchOS.platform/Developer/SDKs/WatchOS27.0.sdk/Developer/Library/Frameworks -c -j10 -enable-batch-mode -incremental -Xcc -ivfsstatcache -Xcc /Users/admin/builder/spi-builder-workspace/.derivedData/SDKStatCaches.noindex/watchos27.0-24R360-e829b21a6f8c9b70876ba0858053c04477534ef55a1706bf4c1112bbb242f0a2.sdkstatcache -output-file-map /Users/admin/builder/spi-builder-workspace/.derivedData/Build/Intermediates.noindex/Advance.build/Debug-watchos/Advance-t.build/Objects-normal/arm64_32/Advance-OutputFileMap.json -save-temps -no-color-diagnostics -explicit-module-build -module-cache-path /Users/admin/builder/spi-builder-workspace/.derivedData/Build/Intermediates.noindex/SwiftExplicitPrecompiledModules -clang-scanner-module-cache-path /Users/admin/builder/spi-builder-workspace/.derivedData/ModuleCache.noindex -sdk-module-cache-path /Users/admin/builder/spi-builder-workspace/.derivedData/SDKExplicitPrecompiledModules -emit-dependencies -emit-module -emit-module-path /Users/admin/builder/spi-builder-workspace/.derivedData/Build/Intermediates.noindex/Advance.build/Debug-watchos/Advance-t.build/Objects-normal/arm64_32/Advance.swiftmodule -serialize-diagnostics -dependency-scan-serialize-diagnostics-path /Users/admin/builder/spi-builder-workspace/.derivedData/Build/Intermediates.noindex/Advance.build/Debug-watchos/Advance-t.build/Objects-normal/arm64_32/Advance-dependency-scan.dia -validate-clang-modules-once -clang-build-session-file /Users/admin/builder/spi-builder-workspace/.derivedData/ModuleCache.noindex/Session.modulevalidation -Xcc -fmodules-prune-interval\=86400 -Xcc -fmodules-prune-after\=345600 -emit-const-values -const-gather-protocols-list /Users/admin/builder/spi-builder-workspace/.derivedData/Build/Intermediates.noindex/Advance.build/Debug-watchos/Advance-t.build/Objects-normal/arm64_32/Advance_const_extract_protocols.json -Xcc -I/Users/admin/builder/spi-builder-workspace/.derivedData/Build/Products/Debug-watchos/include -Xcc -I/Users/admin/builder/spi-builder-workspace/.derivedData/Build/Intermediates.noindex/Advance.build/Debug-watchos/Advance-t.build/DerivedSources-normal/arm64_32 -Xcc -I/Users/admin/builder/spi-builder-workspace/.derivedData/Build/Intermediates.noindex/Advance.build/Debug-watchos/Advance-t.build/DerivedSources/arm64_32 -Xcc -I/Users/admin/builder/spi-builder-workspace/.derivedData/Build/Intermediates.noindex/Advance.build/Debug-watchos/Advance-t.build/DerivedSources -Xcc -DSWIFT_PACKAGE -Xcc -DDEBUG\=1 -emit-objc-header -emit-objc-header-path /Users/admin/builder/spi-builder-workspace/.derivedData/Build/Intermediates.noindex/Advance.build/Debug-watchos/Advance-t.build/Objects-normal/arm64_32/Advance-Swift.h -working-directory /Users/admin/builder/spi-builder-workspace/.swiftpm/xcode -experimental-emit-module-separately -disable-cmo
/Users/admin/builder/spi-builder-workspace/Sources/Advance/Internal/Animation.swift:20:12: warning: Extraneous whitespace between attribute name and '('; this is an error in the Swift 6 language mode (in target 'Advance' from project 'Advance')
/Users/admin/builder/spi-builder-workspace/Sources/Advance/Internal/Animation.swift:22:12: warning: Extraneous whitespace between attribute name and '('; this is an error in the Swift 6 language mode (in target 'Advance' from project 'Advance')
/Users/admin/builder/spi-builder-workspace/Sources/Advance/Internal/Simulation.swift:32:16: warning: Extraneous whitespace between attribute name and '('; this is an error in the Swift 6 language mode (in target 'Advance' from project 'Advance')
SwiftEmitModule normal arm64_32 Emitting\ module\ for\ Advance (in target 'Advance' from project 'Advance')
SwiftCompile normal arm64_32 (in target 'Advance' from project 'Advance')
    cd /Users/admin/builder/spi-builder-workspace/.swiftpm/xcode

/Users/admin/builder/spi-builder-workspace/Sources/Advance/Internal/Simulation.swift:32:16: warning: extraneous whitespace between attribute name and '('; this is an error in the Swift 6 language mode
 30 |     /// Returns `true` if the solver has converged and does not currently
 31 |     /// need to be advanced on each frame.
 32 |     fileprivate (set) var hasConverged: Bool = false
    |                `- warning: extraneous whitespace between attribute name and '('; this is an error in the Swift 6 language mode
 33 |
 34 |     // The current state of the solver.
/Users/admin/builder/spi-builder-workspace/Sources/Advance/Internal/Animation.swift:20:12: warning: extraneous whitespace between attribute name and '('; this is an error in the Swift 6 language mode
18 |
19 |     /// The current value.
20 |     private (set) var value: Value
   |            `- warning: extraneous whitespace between attribute name and '('; this is an error in the Swift 6 language mode
21 |
22 |     private (set) var velocity: Value
/Users/admin/builder/spi-builder-workspace/Sources/Advance/Internal/Animation.swift:22:12: warning: extraneous whitespace between attribute name and '('; this is an error in the Swift 6 language mode
20 |     private (set) var value: Value
21 |
22 |     private (set) var velocity: Value
   |            `- warning: extraneous whitespace between attribute name and '('; this is an error in the Swift 6 language mode
23 |
24 |     private var elapsed: Double = 0.0
/Users/admin/builder/spi-builder-workspace/Sources/Advance/TimingFunction.swift:64:46: error: 'CAMediaTimingFunction' is unavailable in watchOS
62 |
63 |     /// Initializes a timing function with a unit bezier derived from the given Core Animation timing function.
64 |     public init(coreAnimationTimingFunction: CAMediaTimingFunction) {
   |                                              `- error: 'CAMediaTimingFunction' is unavailable in watchOS
65 |         let controlPoints: [(x: Double, y: Double)] = (0...3).map { (index) in
66 |             var rawValues: [Float] = [0.0, 0.0]
/Applications/Xcode-27.0.0-Release.Candidate.app/Contents/Developer/Platforms/WatchOS.platform/Developer/SDKs/WatchOS27.0.sdk/System/Library/Frameworks/QuartzCore.framework/Headers/CAMediaTimingFunction.h:24:12: note: 'CAMediaTimingFunction' has been explicitly marked unavailable here
22 |
23 | API_AVAILABLE(macos(10.5), ios(2.0), tvos(9.0)) API_UNAVAILABLE(watchos)
24 | @interface CAMediaTimingFunction : NSObject <NSSecureCoding>
   |            `- note: 'CAMediaTimingFunction' has been explicitly marked unavailable here
25 | {
26 | @private
Failed frontend command:
/Applications/Xcode-27.0.0-Release.Candidate.app/Contents/Developer/Toolchains/XcodeDefault.xctoolchain/usr/bin/swift-frontend -frontend -emit-module -experimental-skip-non-inlinable-function-bodies-without-types /Users/admin/builder/spi-builder-workspace/Sources/Advance/Animator.swift /Users/admin/builder/spi-builder-workspace/Sources/Advance/DecayFunction.swift /Users/admin/builder/spi-builder-workspace/Sources/Advance/Internal/Animation.swift /Users/admin/builder/spi-builder-workspace/Sources/Advance/Internal/DisplayLink.swift /Users/admin/builder/spi-builder-workspace/Sources/Advance/Internal/Math.swift /Users/admin/builder/spi-builder-workspace/Sources/Advance/Internal/Simulation.swift /Users/admin/builder/spi-builder-workspace/Sources/Advance/Internal/SimulationFunction+Integration.swift /Users/admin/builder/spi-builder-workspace/Sources/Advance/SimulationFunction.swift /Users/admin/builder/spi-builder-workspace/Sources/Advance/Spring.swift /Users/admin/builder/spi-builder-workspace/Sources/Advance/SpringFunction.swift /Users/admin/builder/spi-builder-workspace/Sources/Advance/TimingFunction.swift /Users/admin/builder/spi-builder-workspace/Sources/Advance/UnitBezier.swift /Users/admin/builder/spi-builder-workspace/Sources/Advance/VectorConvertible.swift -target arm64_32-apple-watchos9.0 -module-can-import-version CoreGraphics 2049 2049.0.0 -module-can-import-version QuartzCore 5 1223.0.14 -disable-cross-import-overlay-search -load-resolved-plugin /Applications/Xcode-27.0.0-Release.Candidate.app/Contents/Developer/Platforms/WatchOS.platform/Developer/usr/lib/swift/host/plugins/libFoundationMacros.dylib\#/Applications/Xcode-27.0.0-Release.Candidate.app/Contents/Developer/Platforms/WatchOS.platform/Developer/usr/bin/swift-plugin-server\#FoundationMacros -load-resolved-plugin /Applications/Xcode-27.0.0-Release.Candidate.app/Contents/Developer/Platforms/WatchOS.platform/Developer/usr/lib/swift/host/plugins/libObservationMacros.dylib\#/Applications/Xcode-27.0.0-Release.Candidate.app/Contents/Developer/Platforms/WatchOS.platform/Developer/usr/bin/swift-plugin-server\#ObservationMacros -load-resolved-plugin /Applications/Xcode-27.0.0-Release.Candidate.app/Contents/Developer/Platforms/WatchOS.platform/Developer/usr/lib/swift/host/plugins/libSwiftMacros.dylib\#/Applications/Xcode-27.0.0-Release.Candidate.app/Contents/Developer/Platforms/WatchOS.platform/Developer/usr/bin/swift-plugin-server\#SwiftMacros -disable-implicit-swift-modules -Xcc -fno-implicit-modules -Xcc -fno-implicit-module-maps -explicit-swift-module-map-file /Users/admin/builder/spi-builder-workspace/.derivedData/Build/Intermediates.noindex/Advance.build/Debug-watchos/Advance-t.build/Objects-normal/arm64_32/Advance-dependencies-2.json -enable-objc-interop -sdk /Applications/Xcode-27.0.0-Release.Candidate.app/Contents/Developer/Platforms/WatchOS.platform/Developer/SDKs/WatchOS27.0.sdk -I /Users/admin/builder/spi-builder-workspace/.derivedData/Build/Products/Debug-watchos -Isystem /Applications/Xcode-27.0.0-Release.Candidate.app/Contents/Developer/Platforms/WatchOS.platform/Developer/usr/lib -F /Users/admin/builder/spi-builder-workspace/.derivedData/Build/Products/Debug-watchos -F /Applications/Xcode-27.0.0-Release.Candidate.app/Contents/Developer/Platforms/WatchOS.platform/Developer/Library/Frameworks -F /Applications/Xcode-27.0.0-Release.Candidate.app/Contents/Developer/Platforms/WatchOS.platform/Developer/SDKs/WatchOS27.0.sdk/Developer/Library/Frameworks -module-cache-path /Users/admin/builder/spi-builder-workspace/.derivedData/Build/Intermediates.noindex/SwiftExplicitPrecompiledModules -no-color-diagnostics -Xcc -fno-color-diagnostics -enable-testing -g -debug-info-format\=dwarf -dwarf-version\=4 -profile-generate -profile-coverage-mapping -swift-version 5 -Onone -D SWIFT_PACKAGE -D DEBUG -D SWIFT_MODULE_RESOURCE_BUNDLE_UNAVAILABLE -D Xcode -serialize-debugging-options -enable-experimental-feature DebugDescriptionMacro -empty-abi-descriptor -validate-clang-modules-once -clang-build-session-file /Users/admin/builder/spi-builder-workspace/.derivedData/ModuleCache.noindex/Session.modulevalidation -Xcc -working-directory -Xcc /Users/admin/builder/spi-builder-workspace/.swiftpm/xcode -enable-anonymous-context-mangled-names -file-compilation-dir /Users/admin/builder/spi-builder-workspace/.swiftpm/xcode -Xcc -D_LIBCPP_HARDENING_MODE\=_LIBCPP_HARDENING_MODE_DEBUG -Xcc -ivfsstatcache -Xcc /Users/admin/builder/spi-builder-workspace/.derivedData/SDKStatCaches.noindex/watchos27.0-24R360-e829b21a6f8c9b70876ba0858053c04477534ef55a1706bf4c1112bbb242f0a2.sdkstatcache -Xcc -fmodules-prune-interval\=86400 -Xcc -fmodules-prune-after\=345600 -Xcc -I/Users/admin/builder/spi-builder-workspace/.derivedData/Build/Products/Debug-watchos/include -Xcc -I/Users/admin/builder/spi-builder-workspace/.derivedData/Build/Intermediates.noindex/Advance.build/Debug-watchos/Advance-t.build/DerivedSources-normal/arm64_32 -Xcc -I/Users/admin/builder/spi-builder-workspace/.derivedData/Build/Intermediates.noindex/Advance.build/Debug-watchos/Advance-t.build/DerivedSources/arm64_32 -Xcc -I/Users/admin/builder/spi-builder-workspace/.derivedData/Build/Intermediates.noindex/Advance.build/Debug-watchos/Advance-t.build/DerivedSources -Xcc -DSWIFT_PACKAGE -Xcc -DDEBUG\=1 -no-auto-bridging-header-chaining -module-name Advance -const-gather-protocols-file /Users/admin/builder/spi-builder-workspace/.derivedData/Build/Intermediates.noindex/Advance.build/Debug-watchos/Advance-t.build/Objects-normal/arm64_32/Advance_const_extract_protocols.json -disable-clang-spi -clang-target arm64_32-apple-watchos27.0 -target-sdk-version 27.0 -target-sdk-name watchos27.0 -in-process-plugin-server-path /Applications/Xcode-27.0.0-Release.Candidate.app/Contents/Developer/Toolchains/XcodeDefault.xctoolchain/usr/lib/swift/host/libSwiftInProcPluginServer.dylib -emit-module-doc-path /Users/admin/builder/spi-builder-workspace/.derivedData/Build/Intermediates.noindex/Advance.build/Debug-watchos/Advance-t.build/Objects-normal/arm64_32/Advance.swiftdoc -emit-module-source-info-path /Users/admin/builder/spi-builder-workspace/.derivedData/Build/Intermediates.noindex/Advance.build/Debug-watchos/Advance-t.build/Objects-normal/arm64_32/Advance.swiftsourceinfo -emit-objc-header-path /Users/admin/builder/spi-builder-workspace/.derivedData/Build/Intermediates.noindex/Advance.build/Debug-watchos/Advance-t.build/Objects-normal/arm64_32/Advance-Swift.h -serialize-diagnostics-path /Users/admin/builder/spi-builder-workspace/.derivedData/Build/Intermediates.noindex/Advance.build/Debug-watchos/Advance-t.build/Objects-normal/arm64_32/Advance-primary-emit-module.dia -emit-dependencies-path /Users/admin/builder/spi-builder-workspace/.derivedData/Build/Intermediates.noindex/Advance.build/Debug-watchos/Advance-t.build/Objects-normal/arm64_32/Advance-primary-emit-module.d -parse-as-library -o /Users/admin/builder/spi-builder-workspace/.derivedData/Build/Intermediates.noindex/Advance.build/Debug-watchos/Advance-t.build/Objects-normal/arm64_32/Advance.swiftmodule -emit-abi-descriptor-path /Users/admin/builder/spi-builder-workspace/.derivedData/Build/Intermediates.noindex/Advance.build/Debug-watchos/Advance-t.build/Objects-normal/arm64_32/Advance.abi.json
SwiftCompile normal arm64_32 Compiling\ TimingFunction.swift /Users/admin/builder/spi-builder-workspace/Sources/Advance/TimingFunction.swift (in target 'Advance' from project 'Advance')
SwiftCompile normal arm64_32 /Users/admin/builder/spi-builder-workspace/Sources/Advance/TimingFunction.swift (in target 'Advance' from project 'Advance')
    cd /Users/admin/builder/spi-builder-workspace/.swiftpm/xcode
    builtin-SwiftPerFileCompile TimingFunction.swift
SwiftCompile normal arm64_32 Compiling\ SimulationFunction+Integration.swift /Users/admin/builder/spi-builder-workspace/Sources/Advance/Internal/SimulationFunction+Integration.swift (in target 'Advance' from project 'Advance')
SwiftCompile normal arm64_32 /Users/admin/builder/spi-builder-workspace/Sources/Advance/Internal/SimulationFunction+Integration.swift (in target 'Advance' from project 'Advance')
    cd /Users/admin/builder/spi-builder-workspace/.swiftpm/xcode
    builtin-SwiftPerFileCompile SimulationFunction+Integration.swift
SwiftCompile normal arm64_32 Compiling\ VectorConvertible.swift /Users/admin/builder/spi-builder-workspace/Sources/Advance/VectorConvertible.swift (in target 'Advance' from project 'Advance')
SwiftCompile normal arm64_32 /Users/admin/builder/spi-builder-workspace/Sources/Advance/VectorConvertible.swift (in target 'Advance' from project 'Advance')
    cd /Users/admin/builder/spi-builder-workspace/.swiftpm/xcode
    builtin-SwiftPerFileCompile VectorConvertible.swift
SwiftCompile normal arm64_32 Compiling\ Spring.swift /Users/admin/builder/spi-builder-workspace/Sources/Advance/Spring.swift (in target 'Advance' from project 'Advance')
/Users/admin/builder/spi-builder-workspace/Sources/Advance/Internal/Animation.swift:20:12: warning: extraneous whitespace between attribute name and '('; this is an error in the Swift 6 language mode
18 |
19 |     /// The current value.
20 |     private (set) var value: Value
   |            `- warning: extraneous whitespace between attribute name and '('; this is an error in the Swift 6 language mode
21 |
22 |     private (set) var velocity: Value
/Users/admin/builder/spi-builder-workspace/Sources/Advance/Internal/Animation.swift:22:12: warning: extraneous whitespace between attribute name and '('; this is an error in the Swift 6 language mode
20 |     private (set) var value: Value
21 |
22 |     private (set) var velocity: Value
   |            `- warning: extraneous whitespace between attribute name and '('; this is an error in the Swift 6 language mode
23 |
24 |     private var elapsed: Double = 0.0
SwiftCompile normal arm64_32 /Users/admin/builder/spi-builder-workspace/Sources/Advance/Spring.swift (in target 'Advance' from project 'Advance')
    cd /Users/admin/builder/spi-builder-workspace/.swiftpm/xcode
    builtin-SwiftPerFileCompile Spring.swift
SwiftCompile normal arm64_32 Compiling\ UnitBezier.swift /Users/admin/builder/spi-builder-workspace/Sources/Advance/UnitBezier.swift (in target 'Advance' from project 'Advance')
SwiftCompile normal arm64_32 /Users/admin/builder/spi-builder-workspace/Sources/Advance/UnitBezier.swift (in target 'Advance' from project 'Advance')
    cd /Users/admin/builder/spi-builder-workspace/.swiftpm/xcode
    builtin-SwiftPerFileCompile UnitBezier.swift
SwiftCompile normal arm64 Compiling\ Math.swift,\ Simulation.swift /Users/admin/builder/spi-builder-workspace/Sources/Advance/Internal/Math.swift /Users/admin/builder/spi-builder-workspace/Sources/Advance/Internal/Simulation.swift (in target 'Advance' from project 'Advance')
SwiftCompile normal arm64 /Users/admin/builder/spi-builder-workspace/Sources/Advance/Internal/Math.swift (in target 'Advance' from project 'Advance')
    cd /Users/admin/builder/spi-builder-workspace/.swiftpm/xcode
    builtin-SwiftPerFileCompile Math.swift
SwiftCompile normal arm64 /Users/admin/builder/spi-builder-workspace/Sources/Advance/Internal/Simulation.swift (in target 'Advance' from project 'Advance')
    cd /Users/admin/builder/spi-builder-workspace/.swiftpm/xcode
    builtin-SwiftPerFileCompile Simulation.swift
SwiftCompile normal arm64 Compiling\ Animation.swift,\ DisplayLink.swift /Users/admin/builder/spi-builder-workspace/Sources/Advance/Internal/Animation.swift /Users/admin/builder/spi-builder-workspace/Sources/Advance/Internal/DisplayLink.swift (in target 'Advance' from project 'Advance')
/Users/admin/builder/spi-builder-workspace/Sources/Advance/Internal/Animation.swift:20:12: warning: extraneous whitespace between attribute name and '('; this is an error in the Swift 6 language mode
18 |
19 |     /// The current value.
20 |     private (set) var value: Value
   |            `- warning: extraneous whitespace between attribute name and '('; this is an error in the Swift 6 language mode
21 |
22 |     private (set) var velocity: Value
SwiftCompile normal arm64 /Users/admin/builder/spi-builder-workspace/Sources/Advance/Internal/Animation.swift (in target 'Advance' from project 'Advance')
    cd /Users/admin/builder/spi-builder-workspace/.swiftpm/xcode
    builtin-SwiftPerFileCompile Animation.swift
SwiftCompile normal arm64 /Users/admin/builder/spi-builder-workspace/Sources/Advance/Internal/DisplayLink.swift (in target 'Advance' from project 'Advance')
    cd /Users/admin/builder/spi-builder-workspace/.swiftpm/xcode
    builtin-SwiftPerFileCompile DisplayLink.swift
SwiftCompile normal arm64_32 Compiling\ Animation.swift,\ DisplayLink.swift /Users/admin/builder/spi-builder-workspace/Sources/Advance/Internal/Animation.swift /Users/admin/builder/spi-builder-workspace/Sources/Advance/Internal/DisplayLink.swift (in target 'Advance' from project 'Advance')
/Users/admin/builder/spi-builder-workspace/Sources/Advance/Internal/Animation.swift:20:12: warning: extraneous whitespace between attribute name and '('; this is an error in the Swift 6 language mode
18 |
19 |     /// The current value.
20 |     private (set) var value: Value
   |            `- warning: extraneous whitespace between attribute name and '('; this is an error in the Swift 6 language mode
21 |
22 |     private (set) var velocity: Value
SwiftCompile normal arm64_32 /Users/admin/builder/spi-builder-workspace/Sources/Advance/Internal/Animation.swift (in target 'Advance' from project 'Advance')
    cd /Users/admin/builder/spi-builder-workspace/.swiftpm/xcode
    builtin-SwiftPerFileCompile Animation.swift
SwiftCompile normal arm64_32 /Users/admin/builder/spi-builder-workspace/Sources/Advance/Internal/DisplayLink.swift (in target 'Advance' from project 'Advance')
    cd /Users/admin/builder/spi-builder-workspace/.swiftpm/xcode
    builtin-SwiftPerFileCompile DisplayLink.swift
SwiftCompile normal arm64 Compiling\ SpringFunction.swift /Users/admin/builder/spi-builder-workspace/Sources/Advance/SpringFunction.swift (in target 'Advance' from project 'Advance')
SwiftCompile normal arm64 /Users/admin/builder/spi-builder-workspace/Sources/Advance/SpringFunction.swift (in target 'Advance' from project 'Advance')
    cd /Users/admin/builder/spi-builder-workspace/.swiftpm/xcode
    builtin-SwiftPerFileCompile SpringFunction.swift
SwiftEmitModule normal arm64 Emitting\ module\ for\ Advance (in target 'Advance' from project 'Advance')
SwiftCompile normal arm64 (in target 'Advance' from project 'Advance')
    cd /Users/admin/builder/spi-builder-workspace/.swiftpm/xcode

PruneExplicitPrecompiledModules /Users/admin/builder/spi-builder-workspace/.derivedData/Build/Intermediates.noindex/SwiftExplicitPrecompiledModules
PruneExplicitPrecompiledModules /Users/admin/builder/spi-builder-workspace/.derivedData/Build/Intermediates.noindex/ExplicitPrecompiledModules
PruneExplicitPrecompiledModules /Users/admin/builder/spi-builder-workspace/.derivedData/SDKExplicitPrecompiledModules
2026-09-16 02:56:06.238 xcodebuild[757:4782] [MT] IDERunDestination: Supported platforms for the buildables in the current scheme is empty.
** BUILD FAILED **
The following build commands failed:
	SwiftCompile normal arm64_32 (in target 'Advance' from project 'Advance')
	SwiftEmitModule normal arm64_32 Emitting\ module\ for\ Advance (in target 'Advance' from project 'Advance')
	Building workspace Advance with scheme Advance
(3 failures)
BUILD FAILURE 6.4 watchOS