Build Information
Failed to build SwiftXGBoost, reference master (144652), with Swift 6.4 for watchOS using Xcode 27.0 on 16 Sep 2026 22:33:14 UTC.
Build Command
env DEVELOPER_DIR=/Applications/Xcode-27.0.0-Release.Candidate.app xcrun xcodebuild -IDEClonedSourcePackagesDirPathOverride=$PWD/.dependencies -skipMacroValidation -skipPackagePluginValidation -derivedDataPath $PWD/.derivedData build -scheme SwiftXGBoost-Package -destination generic/platform=watchOSBuild Log
WriteAuxiliaryFile /Users/admin/builder/spi-builder-workspace/.derivedData/Build/Intermediates.noindex/SwiftPlot.build/Debug-watchos/SwiftPlot-t.build/SwiftPlot.modulemap (in target 'SwiftPlot' from project 'SwiftPlot')
cd /Users/admin/builder/spi-builder-workspace/.dependencies/checkouts/swiftplot
write-file /Users/admin/builder/spi-builder-workspace/.derivedData/Build/Intermediates.noindex/SwiftPlot.build/Debug-watchos/SwiftPlot-t.build/SwiftPlot.modulemap
WriteAuxiliaryFile /Users/admin/builder/spi-builder-workspace/.derivedData/Build/Intermediates.noindex/SwiftPlot.build/Debug-watchos/SwiftPlot-t.build/SwiftPlot.DependencyMetadataFileList (in target 'SwiftPlot' from project 'SwiftPlot')
cd /Users/admin/builder/spi-builder-workspace/.dependencies/checkouts/swiftplot
write-file /Users/admin/builder/spi-builder-workspace/.derivedData/Build/Intermediates.noindex/SwiftPlot.build/Debug-watchos/SwiftPlot-t.build/SwiftPlot.DependencyMetadataFileList
WriteAuxiliaryFile /Users/admin/builder/spi-builder-workspace/.derivedData/Build/Intermediates.noindex/SwiftPlot.build/Debug-watchos/SwiftPlot-t.build/SwiftPlot.DependencyStaticMetadataFileList (in target 'SwiftPlot' from project 'SwiftPlot')
cd /Users/admin/builder/spi-builder-workspace/.dependencies/checkouts/swiftplot
write-file /Users/admin/builder/spi-builder-workspace/.derivedData/Build/Intermediates.noindex/SwiftPlot.build/Debug-watchos/SwiftPlot-t.build/SwiftPlot.DependencyStaticMetadataFileList
WriteAuxiliaryFile /Users/admin/builder/spi-builder-workspace/.derivedData/Build/Intermediates.noindex/SwiftPlot.build/Debug-watchos/SwiftPlot-t.build/Objects-normal/arm64_32/SwiftPlot_const_extract_protocols.json (in target 'SwiftPlot' from project 'SwiftPlot')
cd /Users/admin/builder/spi-builder-workspace/.dependencies/checkouts/swiftplot
write-file /Users/admin/builder/spi-builder-workspace/.derivedData/Build/Intermediates.noindex/SwiftPlot.build/Debug-watchos/SwiftPlot-t.build/Objects-normal/arm64_32/SwiftPlot_const_extract_protocols.json
WriteAuxiliaryFile /Users/admin/builder/spi-builder-workspace/.derivedData/Build/Intermediates.noindex/SwiftPlot.build/Debug-watchos/SwiftPlot-t.build/Objects-normal/arm64_32/SwiftPlot.SwiftFileList (in target 'SwiftPlot' from project 'SwiftPlot')
cd /Users/admin/builder/spi-builder-workspace/.dependencies/checkouts/swiftplot
write-file /Users/admin/builder/spi-builder-workspace/.derivedData/Build/Intermediates.noindex/SwiftPlot.build/Debug-watchos/SwiftPlot-t.build/Objects-normal/arm64_32/SwiftPlot.SwiftFileList
WriteAuxiliaryFile /Users/admin/builder/spi-builder-workspace/.derivedData/Build/Intermediates.noindex/SwiftPlot.build/Debug-watchos/SwiftPlot-t.build/Objects-normal/arm64_32/SwiftPlot.SwiftConstValuesFileList (in target 'SwiftPlot' from project 'SwiftPlot')
cd /Users/admin/builder/spi-builder-workspace/.dependencies/checkouts/swiftplot
write-file /Users/admin/builder/spi-builder-workspace/.derivedData/Build/Intermediates.noindex/SwiftPlot.build/Debug-watchos/SwiftPlot-t.build/Objects-normal/arm64_32/SwiftPlot.SwiftConstValuesFileList
WriteAuxiliaryFile /Users/admin/builder/spi-builder-workspace/.derivedData/Build/Intermediates.noindex/SwiftPlot.build/Debug-watchos/SwiftPlot-t.build/Objects-normal/arm64_32/SwiftPlot.LinkFileList (in target 'SwiftPlot' from project 'SwiftPlot')
cd /Users/admin/builder/spi-builder-workspace/.dependencies/checkouts/swiftplot
write-file /Users/admin/builder/spi-builder-workspace/.derivedData/Build/Intermediates.noindex/SwiftPlot.build/Debug-watchos/SwiftPlot-t.build/Objects-normal/arm64_32/SwiftPlot.LinkFileList
WriteAuxiliaryFile /Users/admin/builder/spi-builder-workspace/.derivedData/Build/Intermediates.noindex/SwiftPlot.build/Debug-watchos/SwiftPlot-t.build/Objects-normal/arm64_32/SwiftPlot-OutputFileMap.json (in target 'SwiftPlot' from project 'SwiftPlot')
cd /Users/admin/builder/spi-builder-workspace/.dependencies/checkouts/swiftplot
write-file /Users/admin/builder/spi-builder-workspace/.derivedData/Build/Intermediates.noindex/SwiftPlot.build/Debug-watchos/SwiftPlot-t.build/Objects-normal/arm64_32/SwiftPlot-OutputFileMap.json
WriteAuxiliaryFile /Users/admin/builder/spi-builder-workspace/.derivedData/Build/Intermediates.noindex/SwiftPlot.build/Debug-watchos/SwiftPlot-t.build/Objects-normal/arm64/SwiftPlot_const_extract_protocols.json (in target 'SwiftPlot' from project 'SwiftPlot')
cd /Users/admin/builder/spi-builder-workspace/.dependencies/checkouts/swiftplot
write-file /Users/admin/builder/spi-builder-workspace/.derivedData/Build/Intermediates.noindex/SwiftPlot.build/Debug-watchos/SwiftPlot-t.build/Objects-normal/arm64/SwiftPlot_const_extract_protocols.json
WriteAuxiliaryFile /Users/admin/builder/spi-builder-workspace/.derivedData/Build/Intermediates.noindex/SwiftPlot.build/Debug-watchos/SwiftPlot-t.build/Objects-normal/arm64/SwiftPlot.SwiftFileList (in target 'SwiftPlot' from project 'SwiftPlot')
cd /Users/admin/builder/spi-builder-workspace/.dependencies/checkouts/swiftplot
write-file /Users/admin/builder/spi-builder-workspace/.derivedData/Build/Intermediates.noindex/SwiftPlot.build/Debug-watchos/SwiftPlot-t.build/Objects-normal/arm64/SwiftPlot.SwiftFileList
WriteAuxiliaryFile /Users/admin/builder/spi-builder-workspace/.derivedData/Build/Intermediates.noindex/SwiftPlot.build/Debug-watchos/SwiftPlot-t.build/Objects-normal/arm64/SwiftPlot.SwiftConstValuesFileList (in target 'SwiftPlot' from project 'SwiftPlot')
cd /Users/admin/builder/spi-builder-workspace/.dependencies/checkouts/swiftplot
write-file /Users/admin/builder/spi-builder-workspace/.derivedData/Build/Intermediates.noindex/SwiftPlot.build/Debug-watchos/SwiftPlot-t.build/Objects-normal/arm64/SwiftPlot.SwiftConstValuesFileList
WriteAuxiliaryFile /Users/admin/builder/spi-builder-workspace/.derivedData/Build/Intermediates.noindex/SwiftPlot.build/Debug-watchos/SwiftPlot-t.build/Objects-normal/arm64/SwiftPlot.LinkFileList (in target 'SwiftPlot' from project 'SwiftPlot')
cd /Users/admin/builder/spi-builder-workspace/.dependencies/checkouts/swiftplot
write-file /Users/admin/builder/spi-builder-workspace/.derivedData/Build/Intermediates.noindex/SwiftPlot.build/Debug-watchos/SwiftPlot-t.build/Objects-normal/arm64/SwiftPlot.LinkFileList
WriteAuxiliaryFile /Users/admin/builder/spi-builder-workspace/.derivedData/Build/Intermediates.noindex/SwiftPlot.build/Debug-watchos/SwiftPlot-t.build/Objects-normal/arm64/SwiftPlot-OutputFileMap.json (in target 'SwiftPlot' from project 'SwiftPlot')
cd /Users/admin/builder/spi-builder-workspace/.dependencies/checkouts/swiftplot
write-file /Users/admin/builder/spi-builder-workspace/.derivedData/Build/Intermediates.noindex/SwiftPlot.build/Debug-watchos/SwiftPlot-t.build/Objects-normal/arm64/SwiftPlot-OutputFileMap.json
Copy /Users/admin/builder/spi-builder-workspace/.derivedData/Build/Intermediates.noindex/GeneratedModuleMaps-watchos/SwiftPlot.modulemap /Users/admin/builder/spi-builder-workspace/.derivedData/Build/Intermediates.noindex/SwiftPlot.build/Debug-watchos/SwiftPlot-t.build/SwiftPlot.modulemap (in target 'SwiftPlot' from project 'SwiftPlot')
cd /Users/admin/builder/spi-builder-workspace/.dependencies/checkouts/swiftplot
builtin-copy -exclude .DS_Store -exclude CVS -exclude .svn -exclude .git -exclude .hg -resolve-src-symlinks /Users/admin/builder/spi-builder-workspace/.derivedData/Build/Intermediates.noindex/SwiftPlot.build/Debug-watchos/SwiftPlot-t.build/SwiftPlot.modulemap /Users/admin/builder/spi-builder-workspace/.derivedData/Build/Intermediates.noindex/GeneratedModuleMaps-watchos
WriteAuxiliaryFile /Users/admin/builder/spi-builder-workspace/.derivedData/Build/Intermediates.noindex/SwiftPlot.build/Debug-watchos/SVGRenderer-t.build/SVGRenderer.modulemap (in target 'SVGRenderer' from project 'SwiftPlot')
cd /Users/admin/builder/spi-builder-workspace/.dependencies/checkouts/swiftplot
write-file /Users/admin/builder/spi-builder-workspace/.derivedData/Build/Intermediates.noindex/SwiftPlot.build/Debug-watchos/SVGRenderer-t.build/SVGRenderer.modulemap
WriteAuxiliaryFile /Users/admin/builder/spi-builder-workspace/.derivedData/Build/Intermediates.noindex/SwiftPlot.build/Debug-watchos/SVGRenderer-t.build/SVGRenderer.DependencyStaticMetadataFileList (in target 'SVGRenderer' from project 'SwiftPlot')
cd /Users/admin/builder/spi-builder-workspace/.dependencies/checkouts/swiftplot
write-file /Users/admin/builder/spi-builder-workspace/.derivedData/Build/Intermediates.noindex/SwiftPlot.build/Debug-watchos/SVGRenderer-t.build/SVGRenderer.DependencyStaticMetadataFileList
WriteAuxiliaryFile /Users/admin/builder/spi-builder-workspace/.derivedData/Build/Intermediates.noindex/SwiftPlot.build/Debug-watchos/SVGRenderer-t.build/SVGRenderer.DependencyMetadataFileList (in target 'SVGRenderer' from project 'SwiftPlot')
cd /Users/admin/builder/spi-builder-workspace/.dependencies/checkouts/swiftplot
write-file /Users/admin/builder/spi-builder-workspace/.derivedData/Build/Intermediates.noindex/SwiftPlot.build/Debug-watchos/SVGRenderer-t.build/SVGRenderer.DependencyMetadataFileList
WriteAuxiliaryFile /Users/admin/builder/spi-builder-workspace/.derivedData/Build/Intermediates.noindex/SwiftPlot.build/Debug-watchos/SVGRenderer-t.build/Objects-normal/arm64_32/SVGRenderer.SwiftFileList (in target 'SVGRenderer' from project 'SwiftPlot')
cd /Users/admin/builder/spi-builder-workspace/.dependencies/checkouts/swiftplot
write-file /Users/admin/builder/spi-builder-workspace/.derivedData/Build/Intermediates.noindex/SwiftPlot.build/Debug-watchos/SVGRenderer-t.build/Objects-normal/arm64_32/SVGRenderer.SwiftFileList
WriteAuxiliaryFile /Users/admin/builder/spi-builder-workspace/.derivedData/Build/Intermediates.noindex/SwiftPlot.build/Debug-watchos/SVGRenderer-t.build/Objects-normal/arm64_32/SVGRenderer_const_extract_protocols.json (in target 'SVGRenderer' from project 'SwiftPlot')
cd /Users/admin/builder/spi-builder-workspace/.dependencies/checkouts/swiftplot
write-file /Users/admin/builder/spi-builder-workspace/.derivedData/Build/Intermediates.noindex/SwiftPlot.build/Debug-watchos/SVGRenderer-t.build/Objects-normal/arm64_32/SVGRenderer_const_extract_protocols.json
WriteAuxiliaryFile /Users/admin/builder/spi-builder-workspace/.derivedData/Build/Intermediates.noindex/SwiftPlot.build/Debug-watchos/SVGRenderer-t.build/Objects-normal/arm64_32/SVGRenderer.SwiftConstValuesFileList (in target 'SVGRenderer' from project 'SwiftPlot')
cd /Users/admin/builder/spi-builder-workspace/.dependencies/checkouts/swiftplot
write-file /Users/admin/builder/spi-builder-workspace/.derivedData/Build/Intermediates.noindex/SwiftPlot.build/Debug-watchos/SVGRenderer-t.build/Objects-normal/arm64_32/SVGRenderer.SwiftConstValuesFileList
WriteAuxiliaryFile /Users/admin/builder/spi-builder-workspace/.derivedData/Build/Intermediates.noindex/SwiftPlot.build/Debug-watchos/SVGRenderer-t.build/Objects-normal/arm64_32/SVGRenderer.LinkFileList (in target 'SVGRenderer' from project 'SwiftPlot')
cd /Users/admin/builder/spi-builder-workspace/.dependencies/checkouts/swiftplot
write-file /Users/admin/builder/spi-builder-workspace/.derivedData/Build/Intermediates.noindex/SwiftPlot.build/Debug-watchos/SVGRenderer-t.build/Objects-normal/arm64_32/SVGRenderer.LinkFileList
WriteAuxiliaryFile /Users/admin/builder/spi-builder-workspace/.derivedData/Build/Intermediates.noindex/SwiftPlot.build/Debug-watchos/SVGRenderer-t.build/Objects-normal/arm64_32/SVGRenderer-OutputFileMap.json (in target 'SVGRenderer' from project 'SwiftPlot')
cd /Users/admin/builder/spi-builder-workspace/.dependencies/checkouts/swiftplot
write-file /Users/admin/builder/spi-builder-workspace/.derivedData/Build/Intermediates.noindex/SwiftPlot.build/Debug-watchos/SVGRenderer-t.build/Objects-normal/arm64_32/SVGRenderer-OutputFileMap.json
WriteAuxiliaryFile /Users/admin/builder/spi-builder-workspace/.derivedData/Build/Intermediates.noindex/SwiftPlot.build/Debug-watchos/SVGRenderer-t.build/Objects-normal/arm64/SVGRenderer_const_extract_protocols.json (in target 'SVGRenderer' from project 'SwiftPlot')
cd /Users/admin/builder/spi-builder-workspace/.dependencies/checkouts/swiftplot
write-file /Users/admin/builder/spi-builder-workspace/.derivedData/Build/Intermediates.noindex/SwiftPlot.build/Debug-watchos/SVGRenderer-t.build/Objects-normal/arm64/SVGRenderer_const_extract_protocols.json
WriteAuxiliaryFile /Users/admin/builder/spi-builder-workspace/.derivedData/Build/Intermediates.noindex/SwiftPlot.build/Debug-watchos/SVGRenderer-t.build/Objects-normal/arm64/SVGRenderer.SwiftConstValuesFileList (in target 'SVGRenderer' from project 'SwiftPlot')
cd /Users/admin/builder/spi-builder-workspace/.dependencies/checkouts/swiftplot
write-file /Users/admin/builder/spi-builder-workspace/.derivedData/Build/Intermediates.noindex/SwiftPlot.build/Debug-watchos/SVGRenderer-t.build/Objects-normal/arm64/SVGRenderer.SwiftConstValuesFileList
WriteAuxiliaryFile /Users/admin/builder/spi-builder-workspace/.derivedData/Build/Intermediates.noindex/SwiftPlot.build/Debug-watchos/SVGRenderer-t.build/Objects-normal/arm64/SVGRenderer.SwiftFileList (in target 'SVGRenderer' from project 'SwiftPlot')
cd /Users/admin/builder/spi-builder-workspace/.dependencies/checkouts/swiftplot
write-file /Users/admin/builder/spi-builder-workspace/.derivedData/Build/Intermediates.noindex/SwiftPlot.build/Debug-watchos/SVGRenderer-t.build/Objects-normal/arm64/SVGRenderer.SwiftFileList
WriteAuxiliaryFile /Users/admin/builder/spi-builder-workspace/.derivedData/Build/Intermediates.noindex/SwiftPlot.build/Debug-watchos/SVGRenderer-t.build/Objects-normal/arm64/SVGRenderer.LinkFileList (in target 'SVGRenderer' from project 'SwiftPlot')
cd /Users/admin/builder/spi-builder-workspace/.dependencies/checkouts/swiftplot
write-file /Users/admin/builder/spi-builder-workspace/.derivedData/Build/Intermediates.noindex/SwiftPlot.build/Debug-watchos/SVGRenderer-t.build/Objects-normal/arm64/SVGRenderer.LinkFileList
WriteAuxiliaryFile /Users/admin/builder/spi-builder-workspace/.derivedData/Build/Intermediates.noindex/SwiftPlot.build/Debug-watchos/SVGRenderer-t.build/Objects-normal/arm64/SVGRenderer-OutputFileMap.json (in target 'SVGRenderer' from project 'SwiftPlot')
cd /Users/admin/builder/spi-builder-workspace/.dependencies/checkouts/swiftplot
write-file /Users/admin/builder/spi-builder-workspace/.derivedData/Build/Intermediates.noindex/SwiftPlot.build/Debug-watchos/SVGRenderer-t.build/Objects-normal/arm64/SVGRenderer-OutputFileMap.json
Copy /Users/admin/builder/spi-builder-workspace/.derivedData/Build/Intermediates.noindex/GeneratedModuleMaps-watchos/SVGRenderer.modulemap /Users/admin/builder/spi-builder-workspace/.derivedData/Build/Intermediates.noindex/SwiftPlot.build/Debug-watchos/SVGRenderer-t.build/SVGRenderer.modulemap (in target 'SVGRenderer' from project 'SwiftPlot')
cd /Users/admin/builder/spi-builder-workspace/.dependencies/checkouts/swiftplot
builtin-copy -exclude .DS_Store -exclude CVS -exclude .svn -exclude .git -exclude .hg -resolve-src-symlinks /Users/admin/builder/spi-builder-workspace/.derivedData/Build/Intermediates.noindex/SwiftPlot.build/Debug-watchos/SVGRenderer-t.build/SVGRenderer.modulemap /Users/admin/builder/spi-builder-workspace/.derivedData/Build/Intermediates.noindex/GeneratedModuleMaps-watchos
WriteAuxiliaryFile /Users/admin/builder/spi-builder-workspace/.derivedData/Build/Intermediates.noindex/PythonKit.build/Debug-watchos/PythonKit-t.build/PythonKit.modulemap (in target 'PythonKit' from project 'PythonKit')
cd /Users/admin/builder/spi-builder-workspace/.dependencies/checkouts/PythonKit
write-file /Users/admin/builder/spi-builder-workspace/.derivedData/Build/Intermediates.noindex/PythonKit.build/Debug-watchos/PythonKit-t.build/PythonKit.modulemap
WriteAuxiliaryFile /Users/admin/builder/spi-builder-workspace/.derivedData/Build/Intermediates.noindex/PythonKit.build/Debug-watchos/PythonKit-t.build/PythonKit.DependencyStaticMetadataFileList (in target 'PythonKit' from project 'PythonKit')
cd /Users/admin/builder/spi-builder-workspace/.dependencies/checkouts/PythonKit
write-file /Users/admin/builder/spi-builder-workspace/.derivedData/Build/Intermediates.noindex/PythonKit.build/Debug-watchos/PythonKit-t.build/PythonKit.DependencyStaticMetadataFileList
WriteAuxiliaryFile /Users/admin/builder/spi-builder-workspace/.derivedData/Build/Intermediates.noindex/PythonKit.build/Debug-watchos/PythonKit-t.build/PythonKit.DependencyMetadataFileList (in target 'PythonKit' from project 'PythonKit')
cd /Users/admin/builder/spi-builder-workspace/.dependencies/checkouts/PythonKit
write-file /Users/admin/builder/spi-builder-workspace/.derivedData/Build/Intermediates.noindex/PythonKit.build/Debug-watchos/PythonKit-t.build/PythonKit.DependencyMetadataFileList
WriteAuxiliaryFile /Users/admin/builder/spi-builder-workspace/.derivedData/Build/Intermediates.noindex/PythonKit.build/Debug-watchos/PythonKit-t.build/Objects-normal/arm64_32/PythonKit_const_extract_protocols.json (in target 'PythonKit' from project 'PythonKit')
cd /Users/admin/builder/spi-builder-workspace/.dependencies/checkouts/PythonKit
write-file /Users/admin/builder/spi-builder-workspace/.derivedData/Build/Intermediates.noindex/PythonKit.build/Debug-watchos/PythonKit-t.build/Objects-normal/arm64_32/PythonKit_const_extract_protocols.json
WriteAuxiliaryFile /Users/admin/builder/spi-builder-workspace/.derivedData/Build/Intermediates.noindex/PythonKit.build/Debug-watchos/PythonKit-t.build/Objects-normal/arm64_32/PythonKit.SwiftFileList (in target 'PythonKit' from project 'PythonKit')
cd /Users/admin/builder/spi-builder-workspace/.dependencies/checkouts/PythonKit
write-file /Users/admin/builder/spi-builder-workspace/.derivedData/Build/Intermediates.noindex/PythonKit.build/Debug-watchos/PythonKit-t.build/Objects-normal/arm64_32/PythonKit.SwiftFileList
WriteAuxiliaryFile /Users/admin/builder/spi-builder-workspace/.derivedData/Build/Intermediates.noindex/PythonKit.build/Debug-watchos/PythonKit-t.build/Objects-normal/arm64_32/PythonKit.SwiftConstValuesFileList (in target 'PythonKit' from project 'PythonKit')
cd /Users/admin/builder/spi-builder-workspace/.dependencies/checkouts/PythonKit
write-file /Users/admin/builder/spi-builder-workspace/.derivedData/Build/Intermediates.noindex/PythonKit.build/Debug-watchos/PythonKit-t.build/Objects-normal/arm64_32/PythonKit.SwiftConstValuesFileList
WriteAuxiliaryFile /Users/admin/builder/spi-builder-workspace/.derivedData/Build/Intermediates.noindex/PythonKit.build/Debug-watchos/PythonKit-t.build/Objects-normal/arm64_32/PythonKit.LinkFileList (in target 'PythonKit' from project 'PythonKit')
cd /Users/admin/builder/spi-builder-workspace/.dependencies/checkouts/PythonKit
write-file /Users/admin/builder/spi-builder-workspace/.derivedData/Build/Intermediates.noindex/PythonKit.build/Debug-watchos/PythonKit-t.build/Objects-normal/arm64_32/PythonKit.LinkFileList
WriteAuxiliaryFile /Users/admin/builder/spi-builder-workspace/.derivedData/Build/Intermediates.noindex/PythonKit.build/Debug-watchos/PythonKit-t.build/Objects-normal/arm64_32/PythonKit-OutputFileMap.json (in target 'PythonKit' from project 'PythonKit')
cd /Users/admin/builder/spi-builder-workspace/.dependencies/checkouts/PythonKit
write-file /Users/admin/builder/spi-builder-workspace/.derivedData/Build/Intermediates.noindex/PythonKit.build/Debug-watchos/PythonKit-t.build/Objects-normal/arm64_32/PythonKit-OutputFileMap.json
WriteAuxiliaryFile /Users/admin/builder/spi-builder-workspace/.derivedData/Build/Intermediates.noindex/PythonKit.build/Debug-watchos/PythonKit-t.build/Objects-normal/arm64/PythonKit_const_extract_protocols.json (in target 'PythonKit' from project 'PythonKit')
cd /Users/admin/builder/spi-builder-workspace/.dependencies/checkouts/PythonKit
write-file /Users/admin/builder/spi-builder-workspace/.derivedData/Build/Intermediates.noindex/PythonKit.build/Debug-watchos/PythonKit-t.build/Objects-normal/arm64/PythonKit_const_extract_protocols.json
WriteAuxiliaryFile /Users/admin/builder/spi-builder-workspace/.derivedData/Build/Intermediates.noindex/PythonKit.build/Debug-watchos/PythonKit-t.build/Objects-normal/arm64/PythonKit.SwiftFileList (in target 'PythonKit' from project 'PythonKit')
cd /Users/admin/builder/spi-builder-workspace/.dependencies/checkouts/PythonKit
write-file /Users/admin/builder/spi-builder-workspace/.derivedData/Build/Intermediates.noindex/PythonKit.build/Debug-watchos/PythonKit-t.build/Objects-normal/arm64/PythonKit.SwiftFileList
WriteAuxiliaryFile /Users/admin/builder/spi-builder-workspace/.derivedData/Build/Intermediates.noindex/PythonKit.build/Debug-watchos/PythonKit-t.build/Objects-normal/arm64/PythonKit.SwiftConstValuesFileList (in target 'PythonKit' from project 'PythonKit')
cd /Users/admin/builder/spi-builder-workspace/.dependencies/checkouts/PythonKit
write-file /Users/admin/builder/spi-builder-workspace/.derivedData/Build/Intermediates.noindex/PythonKit.build/Debug-watchos/PythonKit-t.build/Objects-normal/arm64/PythonKit.SwiftConstValuesFileList
WriteAuxiliaryFile /Users/admin/builder/spi-builder-workspace/.derivedData/Build/Intermediates.noindex/PythonKit.build/Debug-watchos/PythonKit-t.build/Objects-normal/arm64/PythonKit.LinkFileList (in target 'PythonKit' from project 'PythonKit')
cd /Users/admin/builder/spi-builder-workspace/.dependencies/checkouts/PythonKit
write-file /Users/admin/builder/spi-builder-workspace/.derivedData/Build/Intermediates.noindex/PythonKit.build/Debug-watchos/PythonKit-t.build/Objects-normal/arm64/PythonKit.LinkFileList
WriteAuxiliaryFile /Users/admin/builder/spi-builder-workspace/.derivedData/Build/Intermediates.noindex/PythonKit.build/Debug-watchos/PythonKit-t.build/Objects-normal/arm64/PythonKit-OutputFileMap.json (in target 'PythonKit' from project 'PythonKit')
cd /Users/admin/builder/spi-builder-workspace/.dependencies/checkouts/PythonKit
write-file /Users/admin/builder/spi-builder-workspace/.derivedData/Build/Intermediates.noindex/PythonKit.build/Debug-watchos/PythonKit-t.build/Objects-normal/arm64/PythonKit-OutputFileMap.json
Copy /Users/admin/builder/spi-builder-workspace/.derivedData/Build/Intermediates.noindex/GeneratedModuleMaps-watchos/PythonKit.modulemap /Users/admin/builder/spi-builder-workspace/.derivedData/Build/Intermediates.noindex/PythonKit.build/Debug-watchos/PythonKit-t.build/PythonKit.modulemap (in target 'PythonKit' from project 'PythonKit')
cd /Users/admin/builder/spi-builder-workspace/.dependencies/checkouts/PythonKit
builtin-copy -exclude .DS_Store -exclude CVS -exclude .svn -exclude .git -exclude .hg -resolve-src-symlinks /Users/admin/builder/spi-builder-workspace/.derivedData/Build/Intermediates.noindex/PythonKit.build/Debug-watchos/PythonKit-t.build/PythonKit.modulemap /Users/admin/builder/spi-builder-workspace/.derivedData/Build/Intermediates.noindex/GeneratedModuleMaps-watchos
WriteAuxiliaryFile /Users/admin/builder/spi-builder-workspace/.derivedData/Build/Intermediates.noindex/SwiftXGBoost.build/Debug-watchos/PredictLeafIndices-p.build/Objects-normal/arm64_32/PredictLeafIndices.SwiftFileList (in target 'PredictLeafIndices-product' from project 'SwiftXGBoost')
cd /Users/admin/builder/spi-builder-workspace
write-file /Users/admin/builder/spi-builder-workspace/.derivedData/Build/Intermediates.noindex/SwiftXGBoost.build/Debug-watchos/PredictLeafIndices-p.build/Objects-normal/arm64_32/PredictLeafIndices.SwiftFileList
WriteAuxiliaryFile /Users/admin/builder/spi-builder-workspace/.derivedData/Build/Intermediates.noindex/SwiftXGBoost.build/Debug-watchos/PredictLeafIndices-p.build/Objects-normal/arm64_32/PredictLeafIndices.LinkFileList (in target 'PredictLeafIndices-product' from project 'SwiftXGBoost')
cd /Users/admin/builder/spi-builder-workspace
write-file /Users/admin/builder/spi-builder-workspace/.derivedData/Build/Intermediates.noindex/SwiftXGBoost.build/Debug-watchos/PredictLeafIndices-p.build/Objects-normal/arm64_32/PredictLeafIndices.LinkFileList
WriteAuxiliaryFile /Users/admin/builder/spi-builder-workspace/.derivedData/Build/Intermediates.noindex/SwiftXGBoost.build/Debug-watchos/PredictLeafIndices-p.build/Objects-normal/arm64_32/PredictLeafIndices-OutputFileMap.json (in target 'PredictLeafIndices-product' from project 'SwiftXGBoost')
cd /Users/admin/builder/spi-builder-workspace
write-file /Users/admin/builder/spi-builder-workspace/.derivedData/Build/Intermediates.noindex/SwiftXGBoost.build/Debug-watchos/PredictLeafIndices-p.build/Objects-normal/arm64_32/PredictLeafIndices-OutputFileMap.json
WriteAuxiliaryFile /Users/admin/builder/spi-builder-workspace/.derivedData/Build/Intermediates.noindex/SwiftXGBoost.build/Debug-watchos/PredictLeafIndices-p.build/Objects-normal/arm64/PredictLeafIndices_const_extract_protocols.json (in target 'PredictLeafIndices-product' from project 'SwiftXGBoost')
cd /Users/admin/builder/spi-builder-workspace
write-file /Users/admin/builder/spi-builder-workspace/.derivedData/Build/Intermediates.noindex/SwiftXGBoost.build/Debug-watchos/PredictLeafIndices-p.build/Objects-normal/arm64/PredictLeafIndices_const_extract_protocols.json
WriteAuxiliaryFile /Users/admin/builder/spi-builder-workspace/.derivedData/Build/Intermediates.noindex/SwiftXGBoost.build/Debug-watchos/PredictLeafIndices-p.build/Objects-normal/arm64/PredictLeafIndices.SwiftFileList (in target 'PredictLeafIndices-product' from project 'SwiftXGBoost')
cd /Users/admin/builder/spi-builder-workspace
write-file /Users/admin/builder/spi-builder-workspace/.derivedData/Build/Intermediates.noindex/SwiftXGBoost.build/Debug-watchos/PredictLeafIndices-p.build/Objects-normal/arm64/PredictLeafIndices.SwiftFileList
WriteAuxiliaryFile /Users/admin/builder/spi-builder-workspace/.derivedData/Build/Intermediates.noindex/SwiftXGBoost.build/Debug-watchos/PredictLeafIndices-p.build/Objects-normal/arm64/PredictLeafIndices.LinkFileList (in target 'PredictLeafIndices-product' from project 'SwiftXGBoost')
cd /Users/admin/builder/spi-builder-workspace
write-file /Users/admin/builder/spi-builder-workspace/.derivedData/Build/Intermediates.noindex/SwiftXGBoost.build/Debug-watchos/PredictLeafIndices-p.build/Objects-normal/arm64/PredictLeafIndices.LinkFileList
WriteAuxiliaryFile /Users/admin/builder/spi-builder-workspace/.derivedData/Build/Intermediates.noindex/SwiftXGBoost.build/Debug-watchos/PredictLeafIndices-p.build/Objects-normal/arm64/PredictLeafIndices-OutputFileMap.json (in target 'PredictLeafIndices-product' from project 'SwiftXGBoost')
cd /Users/admin/builder/spi-builder-workspace
write-file /Users/admin/builder/spi-builder-workspace/.derivedData/Build/Intermediates.noindex/SwiftXGBoost.build/Debug-watchos/PredictLeafIndices-p.build/Objects-normal/arm64/PredictLeafIndices-OutputFileMap.json
WriteAuxiliaryFile /Users/admin/builder/spi-builder-workspace/.derivedData/Build/Intermediates.noindex/SwiftXGBoost.build/Debug-watchos/PredictFirstNTree-p.build/PredictFirstNTree.DependencyStaticMetadataFileList (in target 'PredictFirstNTree-product' from project 'SwiftXGBoost')
cd /Users/admin/builder/spi-builder-workspace
write-file /Users/admin/builder/spi-builder-workspace/.derivedData/Build/Intermediates.noindex/SwiftXGBoost.build/Debug-watchos/PredictFirstNTree-p.build/PredictFirstNTree.DependencyStaticMetadataFileList
WriteAuxiliaryFile /Users/admin/builder/spi-builder-workspace/.derivedData/Build/Intermediates.noindex/SwiftXGBoost.build/Debug-watchos/PredictFirstNTree-p.build/PredictFirstNTree.DependencyMetadataFileList (in target 'PredictFirstNTree-product' from project 'SwiftXGBoost')
cd /Users/admin/builder/spi-builder-workspace
write-file /Users/admin/builder/spi-builder-workspace/.derivedData/Build/Intermediates.noindex/SwiftXGBoost.build/Debug-watchos/PredictFirstNTree-p.build/PredictFirstNTree.DependencyMetadataFileList
WriteAuxiliaryFile /Users/admin/builder/spi-builder-workspace/.derivedData/Build/Intermediates.noindex/SwiftXGBoost.build/Debug-watchos/PredictFirstNTree-p.build/Objects-normal/arm64_32/PredictFirstNTree_const_extract_protocols.json (in target 'PredictFirstNTree-product' from project 'SwiftXGBoost')
cd /Users/admin/builder/spi-builder-workspace
write-file /Users/admin/builder/spi-builder-workspace/.derivedData/Build/Intermediates.noindex/SwiftXGBoost.build/Debug-watchos/PredictFirstNTree-p.build/Objects-normal/arm64_32/PredictFirstNTree_const_extract_protocols.json
WriteAuxiliaryFile /Users/admin/builder/spi-builder-workspace/.derivedData/Build/Intermediates.noindex/SwiftXGBoost.build/Debug-watchos/PredictFirstNTree-p.build/Objects-normal/arm64_32/PredictFirstNTree.SwiftFileList (in target 'PredictFirstNTree-product' from project 'SwiftXGBoost')
cd /Users/admin/builder/spi-builder-workspace
write-file /Users/admin/builder/spi-builder-workspace/.derivedData/Build/Intermediates.noindex/SwiftXGBoost.build/Debug-watchos/PredictFirstNTree-p.build/Objects-normal/arm64_32/PredictFirstNTree.SwiftFileList
WriteAuxiliaryFile /Users/admin/builder/spi-builder-workspace/.derivedData/Build/Intermediates.noindex/SwiftXGBoost.build/Debug-watchos/PredictFirstNTree-p.build/Objects-normal/arm64_32/PredictFirstNTree.LinkFileList (in target 'PredictFirstNTree-product' from project 'SwiftXGBoost')
cd /Users/admin/builder/spi-builder-workspace
write-file /Users/admin/builder/spi-builder-workspace/.derivedData/Build/Intermediates.noindex/SwiftXGBoost.build/Debug-watchos/PredictFirstNTree-p.build/Objects-normal/arm64_32/PredictFirstNTree.LinkFileList
WriteAuxiliaryFile /Users/admin/builder/spi-builder-workspace/.derivedData/Build/Intermediates.noindex/SwiftXGBoost.build/Debug-watchos/PredictFirstNTree-p.build/Objects-normal/arm64_32/PredictFirstNTree-OutputFileMap.json (in target 'PredictFirstNTree-product' from project 'SwiftXGBoost')
cd /Users/admin/builder/spi-builder-workspace
write-file /Users/admin/builder/spi-builder-workspace/.derivedData/Build/Intermediates.noindex/SwiftXGBoost.build/Debug-watchos/PredictFirstNTree-p.build/Objects-normal/arm64_32/PredictFirstNTree-OutputFileMap.json
WriteAuxiliaryFile /Users/admin/builder/spi-builder-workspace/.derivedData/Build/Intermediates.noindex/SwiftXGBoost.build/Debug-watchos/PredictFirstNTree-p.build/Objects-normal/arm64/PredictFirstNTree_const_extract_protocols.json (in target 'PredictFirstNTree-product' from project 'SwiftXGBoost')
cd /Users/admin/builder/spi-builder-workspace
write-file /Users/admin/builder/spi-builder-workspace/.derivedData/Build/Intermediates.noindex/SwiftXGBoost.build/Debug-watchos/PredictFirstNTree-p.build/Objects-normal/arm64/PredictFirstNTree_const_extract_protocols.json
WriteAuxiliaryFile /Users/admin/builder/spi-builder-workspace/.derivedData/Build/Intermediates.noindex/SwiftXGBoost.build/Debug-watchos/PredictFirstNTree-p.build/Objects-normal/arm64/PredictFirstNTree.SwiftFileList (in target 'PredictFirstNTree-product' from project 'SwiftXGBoost')
cd /Users/admin/builder/spi-builder-workspace
write-file /Users/admin/builder/spi-builder-workspace/.derivedData/Build/Intermediates.noindex/SwiftXGBoost.build/Debug-watchos/PredictFirstNTree-p.build/Objects-normal/arm64/PredictFirstNTree.SwiftFileList
WriteAuxiliaryFile /Users/admin/builder/spi-builder-workspace/.derivedData/Build/Intermediates.noindex/SwiftXGBoost.build/Debug-watchos/PredictFirstNTree-p.build/Objects-normal/arm64/PredictFirstNTree.LinkFileList (in target 'PredictFirstNTree-product' from project 'SwiftXGBoost')
cd /Users/admin/builder/spi-builder-workspace
write-file /Users/admin/builder/spi-builder-workspace/.derivedData/Build/Intermediates.noindex/SwiftXGBoost.build/Debug-watchos/PredictFirstNTree-p.build/Objects-normal/arm64/PredictFirstNTree.LinkFileList
WriteAuxiliaryFile /Users/admin/builder/spi-builder-workspace/.derivedData/Build/Intermediates.noindex/SwiftXGBoost.build/Debug-watchos/PredictFirstNTree-p.build/Objects-normal/arm64/PredictFirstNTree-OutputFileMap.json (in target 'PredictFirstNTree-product' from project 'SwiftXGBoost')
cd /Users/admin/builder/spi-builder-workspace
write-file /Users/admin/builder/spi-builder-workspace/.derivedData/Build/Intermediates.noindex/SwiftXGBoost.build/Debug-watchos/PredictFirstNTree-p.build/Objects-normal/arm64/PredictFirstNTree-OutputFileMap.json
WriteAuxiliaryFile /Users/admin/builder/spi-builder-workspace/.derivedData/Build/Intermediates.noindex/SwiftXGBoost.build/Debug-watchos/GeneralizedLinearModel-p.build/Objects-normal/arm64_32/GeneralizedLinearModel_const_extract_protocols.json (in target 'GeneralizedLinearModel-product' from project 'SwiftXGBoost')
cd /Users/admin/builder/spi-builder-workspace
write-file /Users/admin/builder/spi-builder-workspace/.derivedData/Build/Intermediates.noindex/SwiftXGBoost.build/Debug-watchos/GeneralizedLinearModel-p.build/Objects-normal/arm64_32/GeneralizedLinearModel_const_extract_protocols.json
WriteAuxiliaryFile /Users/admin/builder/spi-builder-workspace/.derivedData/Build/Intermediates.noindex/SwiftXGBoost.build/Debug-watchos/GeneralizedLinearModel-p.build/Objects-normal/arm64_32/GeneralizedLinearModel.SwiftFileList (in target 'GeneralizedLinearModel-product' from project 'SwiftXGBoost')
cd /Users/admin/builder/spi-builder-workspace
write-file /Users/admin/builder/spi-builder-workspace/.derivedData/Build/Intermediates.noindex/SwiftXGBoost.build/Debug-watchos/GeneralizedLinearModel-p.build/Objects-normal/arm64_32/GeneralizedLinearModel.SwiftFileList
WriteAuxiliaryFile /Users/admin/builder/spi-builder-workspace/.derivedData/Build/Intermediates.noindex/SwiftXGBoost.build/Debug-watchos/GeneralizedLinearModel-p.build/Objects-normal/arm64_32/GeneralizedLinearModel.LinkFileList (in target 'GeneralizedLinearModel-product' from project 'SwiftXGBoost')
cd /Users/admin/builder/spi-builder-workspace
write-file /Users/admin/builder/spi-builder-workspace/.derivedData/Build/Intermediates.noindex/SwiftXGBoost.build/Debug-watchos/GeneralizedLinearModel-p.build/Objects-normal/arm64_32/GeneralizedLinearModel.LinkFileList
WriteAuxiliaryFile /Users/admin/builder/spi-builder-workspace/.derivedData/Build/Intermediates.noindex/SwiftXGBoost.build/Debug-watchos/GeneralizedLinearModel-p.build/Objects-normal/arm64_32/GeneralizedLinearModel-OutputFileMap.json (in target 'GeneralizedLinearModel-product' from project 'SwiftXGBoost')
cd /Users/admin/builder/spi-builder-workspace
write-file /Users/admin/builder/spi-builder-workspace/.derivedData/Build/Intermediates.noindex/SwiftXGBoost.build/Debug-watchos/GeneralizedLinearModel-p.build/Objects-normal/arm64_32/GeneralizedLinearModel-OutputFileMap.json
WriteAuxiliaryFile /Users/admin/builder/spi-builder-workspace/.derivedData/Build/Intermediates.noindex/SwiftXGBoost.build/Debug-watchos/GeneralizedLinearModel-p.build/Objects-normal/arm64/GeneralizedLinearModel_const_extract_protocols.json (in target 'GeneralizedLinearModel-product' from project 'SwiftXGBoost')
cd /Users/admin/builder/spi-builder-workspace
write-file /Users/admin/builder/spi-builder-workspace/.derivedData/Build/Intermediates.noindex/SwiftXGBoost.build/Debug-watchos/GeneralizedLinearModel-p.build/Objects-normal/arm64/GeneralizedLinearModel_const_extract_protocols.json
WriteAuxiliaryFile /Users/admin/builder/spi-builder-workspace/.derivedData/Build/Intermediates.noindex/SwiftXGBoost.build/Debug-watchos/GeneralizedLinearModel-p.build/Objects-normal/arm64/GeneralizedLinearModel.SwiftFileList (in target 'GeneralizedLinearModel-product' from project 'SwiftXGBoost')
cd /Users/admin/builder/spi-builder-workspace
write-file /Users/admin/builder/spi-builder-workspace/.derivedData/Build/Intermediates.noindex/SwiftXGBoost.build/Debug-watchos/GeneralizedLinearModel-p.build/Objects-normal/arm64/GeneralizedLinearModel.SwiftFileList
WriteAuxiliaryFile /Users/admin/builder/spi-builder-workspace/.derivedData/Build/Intermediates.noindex/SwiftXGBoost.build/Debug-watchos/GeneralizedLinearModel-p.build/Objects-normal/arm64/GeneralizedLinearModel.LinkFileList (in target 'GeneralizedLinearModel-product' from project 'SwiftXGBoost')
cd /Users/admin/builder/spi-builder-workspace
write-file /Users/admin/builder/spi-builder-workspace/.derivedData/Build/Intermediates.noindex/SwiftXGBoost.build/Debug-watchos/GeneralizedLinearModel-p.build/Objects-normal/arm64/GeneralizedLinearModel.LinkFileList
WriteAuxiliaryFile /Users/admin/builder/spi-builder-workspace/.derivedData/Build/Intermediates.noindex/SwiftXGBoost.build/Debug-watchos/GeneralizedLinearModel-p.build/Objects-normal/arm64/GeneralizedLinearModel-OutputFileMap.json (in target 'GeneralizedLinearModel-product' from project 'SwiftXGBoost')
cd /Users/admin/builder/spi-builder-workspace
write-file /Users/admin/builder/spi-builder-workspace/.derivedData/Build/Intermediates.noindex/SwiftXGBoost.build/Debug-watchos/GeneralizedLinearModel-p.build/Objects-normal/arm64/GeneralizedLinearModel-OutputFileMap.json
WriteAuxiliaryFile /Users/admin/builder/spi-builder-workspace/.derivedData/Build/Intermediates.noindex/SwiftXGBoost.build/Debug-watchos/GeneralizedLinearModel-p.build/GeneralizedLinearModel.DependencyStaticMetadataFileList (in target 'GeneralizedLinearModel-product' from project 'SwiftXGBoost')
cd /Users/admin/builder/spi-builder-workspace
write-file /Users/admin/builder/spi-builder-workspace/.derivedData/Build/Intermediates.noindex/SwiftXGBoost.build/Debug-watchos/GeneralizedLinearModel-p.build/GeneralizedLinearModel.DependencyStaticMetadataFileList
WriteAuxiliaryFile /Users/admin/builder/spi-builder-workspace/.derivedData/Build/Intermediates.noindex/SwiftXGBoost.build/Debug-watchos/GeneralizedLinearModel-p.build/GeneralizedLinearModel.DependencyMetadataFileList (in target 'GeneralizedLinearModel-product' from project 'SwiftXGBoost')
cd /Users/admin/builder/spi-builder-workspace
write-file /Users/admin/builder/spi-builder-workspace/.derivedData/Build/Intermediates.noindex/SwiftXGBoost.build/Debug-watchos/GeneralizedLinearModel-p.build/GeneralizedLinearModel.DependencyMetadataFileList
WriteAuxiliaryFile /Users/admin/builder/spi-builder-workspace/.derivedData/Build/Intermediates.noindex/swift-log.build/Debug-watchos/Logging-t.build/Objects-normal/arm64_32/Logging_const_extract_protocols.json (in target 'Logging' from project 'swift-log')
cd /Users/admin/builder/spi-builder-workspace/.dependencies/checkouts/swift-log
write-file /Users/admin/builder/spi-builder-workspace/.derivedData/Build/Intermediates.noindex/swift-log.build/Debug-watchos/Logging-t.build/Objects-normal/arm64_32/Logging_const_extract_protocols.json
WriteAuxiliaryFile /Users/admin/builder/spi-builder-workspace/.derivedData/Build/Intermediates.noindex/swift-log.build/Debug-watchos/Logging-t.build/Objects-normal/arm64_32/Logging.SwiftFileList (in target 'Logging' from project 'swift-log')
cd /Users/admin/builder/spi-builder-workspace/.dependencies/checkouts/swift-log
write-file /Users/admin/builder/spi-builder-workspace/.derivedData/Build/Intermediates.noindex/swift-log.build/Debug-watchos/Logging-t.build/Objects-normal/arm64_32/Logging.SwiftFileList
WriteAuxiliaryFile /Users/admin/builder/spi-builder-workspace/.derivedData/Build/Intermediates.noindex/swift-log.build/Debug-watchos/Logging-t.build/Objects-normal/arm64_32/Logging.LinkFileList (in target 'Logging' from project 'swift-log')
cd /Users/admin/builder/spi-builder-workspace/.dependencies/checkouts/swift-log
write-file /Users/admin/builder/spi-builder-workspace/.derivedData/Build/Intermediates.noindex/swift-log.build/Debug-watchos/Logging-t.build/Objects-normal/arm64_32/Logging.LinkFileList
WriteAuxiliaryFile /Users/admin/builder/spi-builder-workspace/.derivedData/Build/Intermediates.noindex/swift-log.build/Debug-watchos/Logging-t.build/Objects-normal/arm64_32/Logging-OutputFileMap.json (in target 'Logging' from project 'swift-log')
cd /Users/admin/builder/spi-builder-workspace/.dependencies/checkouts/swift-log
write-file /Users/admin/builder/spi-builder-workspace/.derivedData/Build/Intermediates.noindex/swift-log.build/Debug-watchos/Logging-t.build/Objects-normal/arm64_32/Logging-OutputFileMap.json
WriteAuxiliaryFile /Users/admin/builder/spi-builder-workspace/.derivedData/Build/Intermediates.noindex/swift-log.build/Debug-watchos/Logging-t.build/Objects-normal/arm64_32/Logging.SwiftConstValuesFileList (in target 'Logging' from project 'swift-log')
cd /Users/admin/builder/spi-builder-workspace/.dependencies/checkouts/swift-log
write-file /Users/admin/builder/spi-builder-workspace/.derivedData/Build/Intermediates.noindex/swift-log.build/Debug-watchos/Logging-t.build/Objects-normal/arm64_32/Logging.SwiftConstValuesFileList
WriteAuxiliaryFile /Users/admin/builder/spi-builder-workspace/.derivedData/Build/Intermediates.noindex/swift-log.build/Debug-watchos/Logging-t.build/Objects-normal/arm64/Logging_const_extract_protocols.json (in target 'Logging' from project 'swift-log')
cd /Users/admin/builder/spi-builder-workspace/.dependencies/checkouts/swift-log
write-file /Users/admin/builder/spi-builder-workspace/.derivedData/Build/Intermediates.noindex/swift-log.build/Debug-watchos/Logging-t.build/Objects-normal/arm64/Logging_const_extract_protocols.json
WriteAuxiliaryFile /Users/admin/builder/spi-builder-workspace/.derivedData/Build/Intermediates.noindex/swift-log.build/Debug-watchos/Logging-t.build/Objects-normal/arm64/Logging.SwiftFileList (in target 'Logging' from project 'swift-log')
cd /Users/admin/builder/spi-builder-workspace/.dependencies/checkouts/swift-log
write-file /Users/admin/builder/spi-builder-workspace/.derivedData/Build/Intermediates.noindex/swift-log.build/Debug-watchos/Logging-t.build/Objects-normal/arm64/Logging.SwiftFileList
WriteAuxiliaryFile /Users/admin/builder/spi-builder-workspace/.derivedData/Build/Intermediates.noindex/swift-log.build/Debug-watchos/Logging-t.build/Objects-normal/arm64/Logging.SwiftConstValuesFileList (in target 'Logging' from project 'swift-log')
cd /Users/admin/builder/spi-builder-workspace/.dependencies/checkouts/swift-log
write-file /Users/admin/builder/spi-builder-workspace/.derivedData/Build/Intermediates.noindex/swift-log.build/Debug-watchos/Logging-t.build/Objects-normal/arm64/Logging.SwiftConstValuesFileList
WriteAuxiliaryFile /Users/admin/builder/spi-builder-workspace/.derivedData/Build/Intermediates.noindex/swift-log.build/Debug-watchos/Logging-t.build/Objects-normal/arm64/Logging.LinkFileList (in target 'Logging' from project 'swift-log')
cd /Users/admin/builder/spi-builder-workspace/.dependencies/checkouts/swift-log
write-file /Users/admin/builder/spi-builder-workspace/.derivedData/Build/Intermediates.noindex/swift-log.build/Debug-watchos/Logging-t.build/Objects-normal/arm64/Logging.LinkFileList
WriteAuxiliaryFile /Users/admin/builder/spi-builder-workspace/.derivedData/Build/Intermediates.noindex/swift-log.build/Debug-watchos/Logging-t.build/Objects-normal/arm64/Logging-OutputFileMap.json (in target 'Logging' from project 'swift-log')
cd /Users/admin/builder/spi-builder-workspace/.dependencies/checkouts/swift-log
write-file /Users/admin/builder/spi-builder-workspace/.derivedData/Build/Intermediates.noindex/swift-log.build/Debug-watchos/Logging-t.build/Objects-normal/arm64/Logging-OutputFileMap.json
WriteAuxiliaryFile /Users/admin/builder/spi-builder-workspace/.derivedData/Build/Intermediates.noindex/swift-log.build/Debug-watchos/Logging-t.build/Logging.modulemap (in target 'Logging' from project 'swift-log')
cd /Users/admin/builder/spi-builder-workspace/.dependencies/checkouts/swift-log
write-file /Users/admin/builder/spi-builder-workspace/.derivedData/Build/Intermediates.noindex/swift-log.build/Debug-watchos/Logging-t.build/Logging.modulemap
WriteAuxiliaryFile /Users/admin/builder/spi-builder-workspace/.derivedData/Build/Intermediates.noindex/swift-log.build/Debug-watchos/Logging-t.build/Logging.DependencyStaticMetadataFileList (in target 'Logging' from project 'swift-log')
cd /Users/admin/builder/spi-builder-workspace/.dependencies/checkouts/swift-log
write-file /Users/admin/builder/spi-builder-workspace/.derivedData/Build/Intermediates.noindex/swift-log.build/Debug-watchos/Logging-t.build/Logging.DependencyStaticMetadataFileList
WriteAuxiliaryFile /Users/admin/builder/spi-builder-workspace/.derivedData/Build/Intermediates.noindex/swift-log.build/Debug-watchos/Logging-t.build/Logging.DependencyMetadataFileList (in target 'Logging' from project 'swift-log')
cd /Users/admin/builder/spi-builder-workspace/.dependencies/checkouts/swift-log
write-file /Users/admin/builder/spi-builder-workspace/.derivedData/Build/Intermediates.noindex/swift-log.build/Debug-watchos/Logging-t.build/Logging.DependencyMetadataFileList
WriteAuxiliaryFile /Users/admin/builder/spi-builder-workspace/.derivedData/Build/Intermediates.noindex/SwiftXGBoost.build/Debug-watchos/ExternalMemory-p.build/Objects-normal/arm64_32/ExternalMemory_const_extract_protocols.json (in target 'ExternalMemory-product' from project 'SwiftXGBoost')
cd /Users/admin/builder/spi-builder-workspace
write-file /Users/admin/builder/spi-builder-workspace/.derivedData/Build/Intermediates.noindex/SwiftXGBoost.build/Debug-watchos/ExternalMemory-p.build/Objects-normal/arm64_32/ExternalMemory_const_extract_protocols.json
WriteAuxiliaryFile /Users/admin/builder/spi-builder-workspace/.derivedData/Build/Intermediates.noindex/SwiftXGBoost.build/Debug-watchos/ExternalMemory-p.build/Objects-normal/arm64_32/ExternalMemory.SwiftFileList (in target 'ExternalMemory-product' from project 'SwiftXGBoost')
cd /Users/admin/builder/spi-builder-workspace
write-file /Users/admin/builder/spi-builder-workspace/.derivedData/Build/Intermediates.noindex/SwiftXGBoost.build/Debug-watchos/ExternalMemory-p.build/Objects-normal/arm64_32/ExternalMemory.SwiftFileList
WriteAuxiliaryFile /Users/admin/builder/spi-builder-workspace/.derivedData/Build/Intermediates.noindex/SwiftXGBoost.build/Debug-watchos/ExternalMemory-p.build/Objects-normal/arm64_32/ExternalMemory.LinkFileList (in target 'ExternalMemory-product' from project 'SwiftXGBoost')
cd /Users/admin/builder/spi-builder-workspace
write-file /Users/admin/builder/spi-builder-workspace/.derivedData/Build/Intermediates.noindex/SwiftXGBoost.build/Debug-watchos/ExternalMemory-p.build/Objects-normal/arm64_32/ExternalMemory.LinkFileList
WriteAuxiliaryFile /Users/admin/builder/spi-builder-workspace/.derivedData/Build/Intermediates.noindex/SwiftXGBoost.build/Debug-watchos/ExternalMemory-p.build/Objects-normal/arm64_32/ExternalMemory-OutputFileMap.json (in target 'ExternalMemory-product' from project 'SwiftXGBoost')
cd /Users/admin/builder/spi-builder-workspace
write-file /Users/admin/builder/spi-builder-workspace/.derivedData/Build/Intermediates.noindex/SwiftXGBoost.build/Debug-watchos/ExternalMemory-p.build/Objects-normal/arm64_32/ExternalMemory-OutputFileMap.json
WriteAuxiliaryFile /Users/admin/builder/spi-builder-workspace/.derivedData/Build/Intermediates.noindex/SwiftXGBoost.build/Debug-watchos/ExternalMemory-p.build/Objects-normal/arm64/ExternalMemory_const_extract_protocols.json (in target 'ExternalMemory-product' from project 'SwiftXGBoost')
cd /Users/admin/builder/spi-builder-workspace
write-file /Users/admin/builder/spi-builder-workspace/.derivedData/Build/Intermediates.noindex/SwiftXGBoost.build/Debug-watchos/ExternalMemory-p.build/Objects-normal/arm64/ExternalMemory_const_extract_protocols.json
WriteAuxiliaryFile /Users/admin/builder/spi-builder-workspace/.derivedData/Build/Intermediates.noindex/SwiftXGBoost.build/Debug-watchos/ExternalMemory-p.build/Objects-normal/arm64/ExternalMemory.SwiftFileList (in target 'ExternalMemory-product' from project 'SwiftXGBoost')
cd /Users/admin/builder/spi-builder-workspace
write-file /Users/admin/builder/spi-builder-workspace/.derivedData/Build/Intermediates.noindex/SwiftXGBoost.build/Debug-watchos/ExternalMemory-p.build/Objects-normal/arm64/ExternalMemory.SwiftFileList
WriteAuxiliaryFile /Users/admin/builder/spi-builder-workspace/.derivedData/Build/Intermediates.noindex/SwiftXGBoost.build/Debug-watchos/ExternalMemory-p.build/ExternalMemory.DependencyStaticMetadataFileList (in target 'ExternalMemory-product' from project 'SwiftXGBoost')
cd /Users/admin/builder/spi-builder-workspace
write-file /Users/admin/builder/spi-builder-workspace/.derivedData/Build/Intermediates.noindex/SwiftXGBoost.build/Debug-watchos/ExternalMemory-p.build/ExternalMemory.DependencyStaticMetadataFileList
WriteAuxiliaryFile /Users/admin/builder/spi-builder-workspace/.derivedData/Build/Intermediates.noindex/SwiftXGBoost.build/Debug-watchos/ExternalMemory-p.build/Objects-normal/arm64/ExternalMemory-OutputFileMap.json (in target 'ExternalMemory-product' from project 'SwiftXGBoost')
cd /Users/admin/builder/spi-builder-workspace
write-file /Users/admin/builder/spi-builder-workspace/.derivedData/Build/Intermediates.noindex/SwiftXGBoost.build/Debug-watchos/ExternalMemory-p.build/Objects-normal/arm64/ExternalMemory-OutputFileMap.json
WriteAuxiliaryFile /Users/admin/builder/spi-builder-workspace/.derivedData/Build/Intermediates.noindex/SwiftXGBoost.build/Debug-watchos/ExternalMemory-p.build/Objects-normal/arm64/ExternalMemory.LinkFileList (in target 'ExternalMemory-product' from project 'SwiftXGBoost')
cd /Users/admin/builder/spi-builder-workspace
write-file /Users/admin/builder/spi-builder-workspace/.derivedData/Build/Intermediates.noindex/SwiftXGBoost.build/Debug-watchos/ExternalMemory-p.build/Objects-normal/arm64/ExternalMemory.LinkFileList
Copy /Users/admin/builder/spi-builder-workspace/.derivedData/Build/Intermediates.noindex/GeneratedModuleMaps-watchos/Logging.modulemap /Users/admin/builder/spi-builder-workspace/.derivedData/Build/Intermediates.noindex/swift-log.build/Debug-watchos/Logging-t.build/Logging.modulemap (in target 'Logging' from project 'swift-log')
cd /Users/admin/builder/spi-builder-workspace/.dependencies/checkouts/swift-log
builtin-copy -exclude .DS_Store -exclude CVS -exclude .svn -exclude .git -exclude .hg -resolve-src-symlinks /Users/admin/builder/spi-builder-workspace/.derivedData/Build/Intermediates.noindex/swift-log.build/Debug-watchos/Logging-t.build/Logging.modulemap /Users/admin/builder/spi-builder-workspace/.derivedData/Build/Intermediates.noindex/GeneratedModuleMaps-watchos
WriteAuxiliaryFile /Users/admin/builder/spi-builder-workspace/.derivedData/Build/Intermediates.noindex/SwiftXGBoost.build/Debug-watchos/ExternalMemory-p.build/ExternalMemory.DependencyMetadataFileList (in target 'ExternalMemory-product' from project 'SwiftXGBoost')
cd /Users/admin/builder/spi-builder-workspace
write-file /Users/admin/builder/spi-builder-workspace/.derivedData/Build/Intermediates.noindex/SwiftXGBoost.build/Debug-watchos/ExternalMemory-p.build/ExternalMemory.DependencyMetadataFileList
WriteAuxiliaryFile /Users/admin/builder/spi-builder-workspace/.derivedData/Build/Intermediates.noindex/SwiftXGBoost.build/Debug-watchos/EvalsResult-p.build/Objects-normal/arm64_32/EvalsResult_const_extract_protocols.json (in target 'EvalsResult-product' from project 'SwiftXGBoost')
cd /Users/admin/builder/spi-builder-workspace
write-file /Users/admin/builder/spi-builder-workspace/.derivedData/Build/Intermediates.noindex/SwiftXGBoost.build/Debug-watchos/EvalsResult-p.build/Objects-normal/arm64_32/EvalsResult_const_extract_protocols.json
WriteAuxiliaryFile /Users/admin/builder/spi-builder-workspace/.derivedData/Build/Intermediates.noindex/SwiftXGBoost.build/Debug-watchos/EvalsResult-p.build/Objects-normal/arm64_32/EvalsResult.SwiftFileList (in target 'EvalsResult-product' from project 'SwiftXGBoost')
cd /Users/admin/builder/spi-builder-workspace
write-file /Users/admin/builder/spi-builder-workspace/.derivedData/Build/Intermediates.noindex/SwiftXGBoost.build/Debug-watchos/EvalsResult-p.build/Objects-normal/arm64_32/EvalsResult.SwiftFileList
WriteAuxiliaryFile /Users/admin/builder/spi-builder-workspace/.derivedData/Build/Intermediates.noindex/SwiftXGBoost.build/Debug-watchos/EvalsResult-p.build/Objects-normal/arm64_32/EvalsResult.LinkFileList (in target 'EvalsResult-product' from project 'SwiftXGBoost')
cd /Users/admin/builder/spi-builder-workspace
write-file /Users/admin/builder/spi-builder-workspace/.derivedData/Build/Intermediates.noindex/SwiftXGBoost.build/Debug-watchos/EvalsResult-p.build/Objects-normal/arm64_32/EvalsResult.LinkFileList
WriteAuxiliaryFile /Users/admin/builder/spi-builder-workspace/.derivedData/Build/Intermediates.noindex/SwiftXGBoost.build/Debug-watchos/EvalsResult-p.build/Objects-normal/arm64_32/EvalsResult-OutputFileMap.json (in target 'EvalsResult-product' from project 'SwiftXGBoost')
cd /Users/admin/builder/spi-builder-workspace
write-file /Users/admin/builder/spi-builder-workspace/.derivedData/Build/Intermediates.noindex/SwiftXGBoost.build/Debug-watchos/EvalsResult-p.build/Objects-normal/arm64_32/EvalsResult-OutputFileMap.json
WriteAuxiliaryFile /Users/admin/builder/spi-builder-workspace/.derivedData/Build/Intermediates.noindex/SwiftXGBoost.build/Debug-watchos/EvalsResult-p.build/Objects-normal/arm64/EvalsResult.LinkFileList (in target 'EvalsResult-product' from project 'SwiftXGBoost')
cd /Users/admin/builder/spi-builder-workspace
write-file /Users/admin/builder/spi-builder-workspace/.derivedData/Build/Intermediates.noindex/SwiftXGBoost.build/Debug-watchos/EvalsResult-p.build/Objects-normal/arm64/EvalsResult.LinkFileList
WriteAuxiliaryFile /Users/admin/builder/spi-builder-workspace/.derivedData/Build/Intermediates.noindex/SwiftXGBoost.build/Debug-watchos/EvalsResult-p.build/Objects-normal/arm64/EvalsResult.SwiftFileList (in target 'EvalsResult-product' from project 'SwiftXGBoost')
cd /Users/admin/builder/spi-builder-workspace
write-file /Users/admin/builder/spi-builder-workspace/.derivedData/Build/Intermediates.noindex/SwiftXGBoost.build/Debug-watchos/EvalsResult-p.build/Objects-normal/arm64/EvalsResult.SwiftFileList
WriteAuxiliaryFile /Users/admin/builder/spi-builder-workspace/.derivedData/Build/Intermediates.noindex/SwiftXGBoost.build/Debug-watchos/EvalsResult-p.build/Objects-normal/arm64/EvalsResult_const_extract_protocols.json (in target 'EvalsResult-product' from project 'SwiftXGBoost')
cd /Users/admin/builder/spi-builder-workspace
write-file /Users/admin/builder/spi-builder-workspace/.derivedData/Build/Intermediates.noindex/SwiftXGBoost.build/Debug-watchos/EvalsResult-p.build/Objects-normal/arm64/EvalsResult_const_extract_protocols.json
WriteAuxiliaryFile /Users/admin/builder/spi-builder-workspace/.derivedData/Build/Intermediates.noindex/SwiftXGBoost.build/Debug-watchos/EvalsResult-p.build/EvalsResult.DependencyStaticMetadataFileList (in target 'EvalsResult-product' from project 'SwiftXGBoost')
cd /Users/admin/builder/spi-builder-workspace
write-file /Users/admin/builder/spi-builder-workspace/.derivedData/Build/Intermediates.noindex/SwiftXGBoost.build/Debug-watchos/EvalsResult-p.build/EvalsResult.DependencyStaticMetadataFileList
WriteAuxiliaryFile /Users/admin/builder/spi-builder-workspace/.derivedData/Build/Intermediates.noindex/SwiftXGBoost.build/Debug-watchos/EvalsResult-p.build/Objects-normal/arm64/EvalsResult-OutputFileMap.json (in target 'EvalsResult-product' from project 'SwiftXGBoost')
cd /Users/admin/builder/spi-builder-workspace
write-file /Users/admin/builder/spi-builder-workspace/.derivedData/Build/Intermediates.noindex/SwiftXGBoost.build/Debug-watchos/EvalsResult-p.build/Objects-normal/arm64/EvalsResult-OutputFileMap.json
WriteAuxiliaryFile /Users/admin/builder/spi-builder-workspace/.derivedData/Build/Intermediates.noindex/SwiftXGBoost.build/Debug-watchos/EvalsResult-p.build/EvalsResult.DependencyMetadataFileList (in target 'EvalsResult-product' from project 'SwiftXGBoost')
cd /Users/admin/builder/spi-builder-workspace
write-file /Users/admin/builder/spi-builder-workspace/.derivedData/Build/Intermediates.noindex/SwiftXGBoost.build/Debug-watchos/EvalsResult-p.build/EvalsResult.DependencyMetadataFileList
WriteAuxiliaryFile /Users/admin/builder/spi-builder-workspace/.derivedData/Build/Intermediates.noindex/SwiftXGBoost.build/Debug-watchos/CustomObjective-p.build/Objects-normal/arm64_32/CustomObjective_const_extract_protocols.json (in target 'CustomObjective-product' from project 'SwiftXGBoost')
cd /Users/admin/builder/spi-builder-workspace
write-file /Users/admin/builder/spi-builder-workspace/.derivedData/Build/Intermediates.noindex/SwiftXGBoost.build/Debug-watchos/CustomObjective-p.build/Objects-normal/arm64_32/CustomObjective_const_extract_protocols.json
WriteAuxiliaryFile /Users/admin/builder/spi-builder-workspace/.derivedData/Build/Intermediates.noindex/SwiftXGBoost.build/Debug-watchos/CustomObjective-p.build/Objects-normal/arm64_32/CustomObjective.SwiftFileList (in target 'CustomObjective-product' from project 'SwiftXGBoost')
cd /Users/admin/builder/spi-builder-workspace
write-file /Users/admin/builder/spi-builder-workspace/.derivedData/Build/Intermediates.noindex/SwiftXGBoost.build/Debug-watchos/CustomObjective-p.build/Objects-normal/arm64_32/CustomObjective.SwiftFileList
WriteAuxiliaryFile /Users/admin/builder/spi-builder-workspace/.derivedData/Build/Intermediates.noindex/SwiftXGBoost.build/Debug-watchos/CustomObjective-p.build/Objects-normal/arm64_32/CustomObjective.LinkFileList (in target 'CustomObjective-product' from project 'SwiftXGBoost')
cd /Users/admin/builder/spi-builder-workspace
write-file /Users/admin/builder/spi-builder-workspace/.derivedData/Build/Intermediates.noindex/SwiftXGBoost.build/Debug-watchos/CustomObjective-p.build/Objects-normal/arm64_32/CustomObjective.LinkFileList
WriteAuxiliaryFile /Users/admin/builder/spi-builder-workspace/.derivedData/Build/Intermediates.noindex/SwiftXGBoost.build/Debug-watchos/CustomObjective-p.build/Objects-normal/arm64_32/CustomObjective-OutputFileMap.json (in target 'CustomObjective-product' from project 'SwiftXGBoost')
cd /Users/admin/builder/spi-builder-workspace
write-file /Users/admin/builder/spi-builder-workspace/.derivedData/Build/Intermediates.noindex/SwiftXGBoost.build/Debug-watchos/CustomObjective-p.build/Objects-normal/arm64_32/CustomObjective-OutputFileMap.json
WriteAuxiliaryFile /Users/admin/builder/spi-builder-workspace/.derivedData/Build/Intermediates.noindex/SwiftXGBoost.build/Debug-watchos/CustomObjective-p.build/Objects-normal/arm64/CustomObjective.SwiftFileList (in target 'CustomObjective-product' from project 'SwiftXGBoost')
cd /Users/admin/builder/spi-builder-workspace
write-file /Users/admin/builder/spi-builder-workspace/.derivedData/Build/Intermediates.noindex/SwiftXGBoost.build/Debug-watchos/CustomObjective-p.build/Objects-normal/arm64/CustomObjective.SwiftFileList
WriteAuxiliaryFile /Users/admin/builder/spi-builder-workspace/.derivedData/Build/Intermediates.noindex/SwiftXGBoost.build/Debug-watchos/CustomObjective-p.build/Objects-normal/arm64/CustomObjective_const_extract_protocols.json (in target 'CustomObjective-product' from project 'SwiftXGBoost')
cd /Users/admin/builder/spi-builder-workspace
write-file /Users/admin/builder/spi-builder-workspace/.derivedData/Build/Intermediates.noindex/SwiftXGBoost.build/Debug-watchos/CustomObjective-p.build/Objects-normal/arm64/CustomObjective_const_extract_protocols.json
WriteAuxiliaryFile /Users/admin/builder/spi-builder-workspace/.derivedData/Build/Intermediates.noindex/SwiftXGBoost.build/Debug-watchos/CustomObjective-p.build/Objects-normal/arm64/CustomObjective.LinkFileList (in target 'CustomObjective-product' from project 'SwiftXGBoost')
cd /Users/admin/builder/spi-builder-workspace
write-file /Users/admin/builder/spi-builder-workspace/.derivedData/Build/Intermediates.noindex/SwiftXGBoost.build/Debug-watchos/CustomObjective-p.build/Objects-normal/arm64/CustomObjective.LinkFileList
WriteAuxiliaryFile /Users/admin/builder/spi-builder-workspace/.derivedData/Build/Intermediates.noindex/SwiftXGBoost.build/Debug-watchos/CustomObjective-p.build/Objects-normal/arm64/CustomObjective-OutputFileMap.json (in target 'CustomObjective-product' from project 'SwiftXGBoost')
cd /Users/admin/builder/spi-builder-workspace
write-file /Users/admin/builder/spi-builder-workspace/.derivedData/Build/Intermediates.noindex/SwiftXGBoost.build/Debug-watchos/CustomObjective-p.build/Objects-normal/arm64/CustomObjective-OutputFileMap.json
WriteAuxiliaryFile /Users/admin/builder/spi-builder-workspace/.derivedData/Build/Intermediates.noindex/SwiftXGBoost.build/Debug-watchos/CustomObjective-p.build/CustomObjective.DependencyStaticMetadataFileList (in target 'CustomObjective-product' from project 'SwiftXGBoost')
cd /Users/admin/builder/spi-builder-workspace
write-file /Users/admin/builder/spi-builder-workspace/.derivedData/Build/Intermediates.noindex/SwiftXGBoost.build/Debug-watchos/CustomObjective-p.build/CustomObjective.DependencyStaticMetadataFileList
WriteAuxiliaryFile /Users/admin/builder/spi-builder-workspace/.derivedData/Build/Intermediates.noindex/SwiftXGBoost.build/Debug-watchos/CustomObjective-p.build/CustomObjective.DependencyMetadataFileList (in target 'CustomObjective-product' from project 'SwiftXGBoost')
cd /Users/admin/builder/spi-builder-workspace
write-file /Users/admin/builder/spi-builder-workspace/.derivedData/Build/Intermediates.noindex/SwiftXGBoost.build/Debug-watchos/CustomObjective-p.build/CustomObjective.DependencyMetadataFileList
WriteAuxiliaryFile /Users/admin/builder/spi-builder-workspace/.derivedData/Build/Intermediates.noindex/SwiftXGBoost.build/Debug-watchos/CrossValidation-p.build/Objects-normal/arm64/CrossValidation_const_extract_protocols.json (in target 'CrossValidation-product' from project 'SwiftXGBoost')
cd /Users/admin/builder/spi-builder-workspace
write-file /Users/admin/builder/spi-builder-workspace/.derivedData/Build/Intermediates.noindex/SwiftXGBoost.build/Debug-watchos/CrossValidation-p.build/Objects-normal/arm64/CrossValidation_const_extract_protocols.json
WriteAuxiliaryFile /Users/admin/builder/spi-builder-workspace/.derivedData/Build/Intermediates.noindex/SwiftXGBoost.build/Debug-watchos/CrossValidation-p.build/Objects-normal/arm64_32/CrossValidation.SwiftFileList (in target 'CrossValidation-product' from project 'SwiftXGBoost')
cd /Users/admin/builder/spi-builder-workspace
write-file /Users/admin/builder/spi-builder-workspace/.derivedData/Build/Intermediates.noindex/SwiftXGBoost.build/Debug-watchos/CrossValidation-p.build/Objects-normal/arm64_32/CrossValidation.SwiftFileList
WriteAuxiliaryFile /Users/admin/builder/spi-builder-workspace/.derivedData/Build/Intermediates.noindex/SwiftXGBoost.build/Debug-watchos/CrossValidation-p.build/Objects-normal/arm64_32/CrossValidation-OutputFileMap.json (in target 'CrossValidation-product' from project 'SwiftXGBoost')
cd /Users/admin/builder/spi-builder-workspace
write-file /Users/admin/builder/spi-builder-workspace/.derivedData/Build/Intermediates.noindex/SwiftXGBoost.build/Debug-watchos/CrossValidation-p.build/Objects-normal/arm64_32/CrossValidation-OutputFileMap.json
WriteAuxiliaryFile /Users/admin/builder/spi-builder-workspace/.derivedData/Build/Intermediates.noindex/SwiftXGBoost.build/Debug-watchos/CrossValidation-p.build/Objects-normal/arm64_32/CrossValidation_const_extract_protocols.json (in target 'CrossValidation-product' from project 'SwiftXGBoost')
cd /Users/admin/builder/spi-builder-workspace
write-file /Users/admin/builder/spi-builder-workspace/.derivedData/Build/Intermediates.noindex/SwiftXGBoost.build/Debug-watchos/CrossValidation-p.build/Objects-normal/arm64_32/CrossValidation_const_extract_protocols.json
WriteAuxiliaryFile /Users/admin/builder/spi-builder-workspace/.derivedData/Build/Intermediates.noindex/SwiftXGBoost.build/Debug-watchos/CrossValidation-p.build/Objects-normal/arm64_32/CrossValidation.LinkFileList (in target 'CrossValidation-product' from project 'SwiftXGBoost')
cd /Users/admin/builder/spi-builder-workspace
write-file /Users/admin/builder/spi-builder-workspace/.derivedData/Build/Intermediates.noindex/SwiftXGBoost.build/Debug-watchos/CrossValidation-p.build/Objects-normal/arm64_32/CrossValidation.LinkFileList
WriteAuxiliaryFile /Users/admin/builder/spi-builder-workspace/.derivedData/Build/Intermediates.noindex/SwiftXGBoost.build/Debug-watchos/CrossValidation-p.build/Objects-normal/arm64/CrossValidation.SwiftFileList (in target 'CrossValidation-product' from project 'SwiftXGBoost')
cd /Users/admin/builder/spi-builder-workspace
write-file /Users/admin/builder/spi-builder-workspace/.derivedData/Build/Intermediates.noindex/SwiftXGBoost.build/Debug-watchos/CrossValidation-p.build/Objects-normal/arm64/CrossValidation.SwiftFileList
WriteAuxiliaryFile /Users/admin/builder/spi-builder-workspace/.derivedData/Build/Intermediates.noindex/SwiftXGBoost.build/Debug-watchos/CrossValidation-p.build/Objects-normal/arm64/CrossValidation.LinkFileList (in target 'CrossValidation-product' from project 'SwiftXGBoost')
cd /Users/admin/builder/spi-builder-workspace
write-file /Users/admin/builder/spi-builder-workspace/.derivedData/Build/Intermediates.noindex/SwiftXGBoost.build/Debug-watchos/CrossValidation-p.build/Objects-normal/arm64/CrossValidation.LinkFileList
WriteAuxiliaryFile /Users/admin/builder/spi-builder-workspace/.derivedData/Build/Intermediates.noindex/SwiftXGBoost.build/Debug-watchos/CrossValidation-p.build/Objects-normal/arm64/CrossValidation-OutputFileMap.json (in target 'CrossValidation-product' from project 'SwiftXGBoost')
cd /Users/admin/builder/spi-builder-workspace
write-file /Users/admin/builder/spi-builder-workspace/.derivedData/Build/Intermediates.noindex/SwiftXGBoost.build/Debug-watchos/CrossValidation-p.build/Objects-normal/arm64/CrossValidation-OutputFileMap.json
WriteAuxiliaryFile /Users/admin/builder/spi-builder-workspace/.derivedData/Build/Intermediates.noindex/SwiftXGBoost.build/Debug-watchos/CrossValidation-p.build/CrossValidation.DependencyStaticMetadataFileList (in target 'CrossValidation-product' from project 'SwiftXGBoost')
cd /Users/admin/builder/spi-builder-workspace
write-file /Users/admin/builder/spi-builder-workspace/.derivedData/Build/Intermediates.noindex/SwiftXGBoost.build/Debug-watchos/CrossValidation-p.build/CrossValidation.DependencyStaticMetadataFileList
WriteAuxiliaryFile /Users/admin/builder/spi-builder-workspace/.derivedData/Build/Intermediates.noindex/SwiftXGBoost.build/Debug-watchos/CrossValidation-p.build/CrossValidation.DependencyMetadataFileList (in target 'CrossValidation-product' from project 'SwiftXGBoost')
cd /Users/admin/builder/spi-builder-workspace
write-file /Users/admin/builder/spi-builder-workspace/.derivedData/Build/Intermediates.noindex/SwiftXGBoost.build/Debug-watchos/CrossValidation-p.build/CrossValidation.DependencyMetadataFileList
WriteAuxiliaryFile /Users/admin/builder/spi-builder-workspace/.derivedData/Build/Intermediates.noindex/SwiftXGBoost.build/Debug-watchos/AftSurvival-p.build/Objects-normal/arm64_32/AftSurvival_const_extract_protocols.json (in target 'AftSurvival-product' from project 'SwiftXGBoost')
cd /Users/admin/builder/spi-builder-workspace
write-file /Users/admin/builder/spi-builder-workspace/.derivedData/Build/Intermediates.noindex/SwiftXGBoost.build/Debug-watchos/AftSurvival-p.build/Objects-normal/arm64_32/AftSurvival_const_extract_protocols.json
WriteAuxiliaryFile /Users/admin/builder/spi-builder-workspace/.derivedData/Build/Intermediates.noindex/SwiftXGBoost.build/Debug-watchos/BoostFromPrediction-p.build/Objects-normal/arm64/BoostFromPrediction.SwiftFileList (in target 'BoostFromPrediction-product' from project 'SwiftXGBoost')
cd /Users/admin/builder/spi-builder-workspace
write-file /Users/admin/builder/spi-builder-workspace/.derivedData/Build/Intermediates.noindex/SwiftXGBoost.build/Debug-watchos/BoostFromPrediction-p.build/Objects-normal/arm64/BoostFromPrediction.SwiftFileList
WriteAuxiliaryFile /Users/admin/builder/spi-builder-workspace/.derivedData/Build/Intermediates.noindex/SwiftXGBoost.build/Debug-watchos/BoostFromPrediction-p.build/Objects-normal/arm64/BoostFromPrediction.LinkFileList (in target 'BoostFromPrediction-product' from project 'SwiftXGBoost')
cd /Users/admin/builder/spi-builder-workspace
write-file /Users/admin/builder/spi-builder-workspace/.derivedData/Build/Intermediates.noindex/SwiftXGBoost.build/Debug-watchos/BoostFromPrediction-p.build/Objects-normal/arm64/BoostFromPrediction.LinkFileList
WriteAuxiliaryFile /Users/admin/builder/spi-builder-workspace/.derivedData/Build/Intermediates.noindex/SwiftXGBoost.build/Debug-watchos/BoostFromPrediction-p.build/Objects-normal/arm64/BoostFromPrediction_const_extract_protocols.json (in target 'BoostFromPrediction-product' from project 'SwiftXGBoost')
cd /Users/admin/builder/spi-builder-workspace
write-file /Users/admin/builder/spi-builder-workspace/.derivedData/Build/Intermediates.noindex/SwiftXGBoost.build/Debug-watchos/BoostFromPrediction-p.build/Objects-normal/arm64/BoostFromPrediction_const_extract_protocols.json
WriteAuxiliaryFile /Users/admin/builder/spi-builder-workspace/.derivedData/Build/Intermediates.noindex/SwiftXGBoost.build/Debug-watchos/BoostFromPrediction-p.build/Objects-normal/arm64_32/BoostFromPrediction.LinkFileList (in target 'BoostFromPrediction-product' from project 'SwiftXGBoost')
cd /Users/admin/builder/spi-builder-workspace
write-file /Users/admin/builder/spi-builder-workspace/.derivedData/Build/Intermediates.noindex/SwiftXGBoost.build/Debug-watchos/BoostFromPrediction-p.build/Objects-normal/arm64_32/BoostFromPrediction.LinkFileList
WriteAuxiliaryFile /Users/admin/builder/spi-builder-workspace/.derivedData/Build/Intermediates.noindex/SwiftXGBoost.build/Debug-watchos/BoostFromPrediction-p.build/Objects-normal/arm64_32/BoostFromPrediction.SwiftFileList (in target 'BoostFromPrediction-product' from project 'SwiftXGBoost')
cd /Users/admin/builder/spi-builder-workspace
write-file /Users/admin/builder/spi-builder-workspace/.derivedData/Build/Intermediates.noindex/SwiftXGBoost.build/Debug-watchos/BoostFromPrediction-p.build/Objects-normal/arm64_32/BoostFromPrediction.SwiftFileList
WriteAuxiliaryFile /Users/admin/builder/spi-builder-workspace/.derivedData/Build/Intermediates.noindex/SwiftXGBoost.build/Debug-watchos/BoostFromPrediction-p.build/Objects-normal/arm64_32/BoostFromPrediction_const_extract_protocols.json (in target 'BoostFromPrediction-product' from project 'SwiftXGBoost')
cd /Users/admin/builder/spi-builder-workspace
write-file /Users/admin/builder/spi-builder-workspace/.derivedData/Build/Intermediates.noindex/SwiftXGBoost.build/Debug-watchos/BoostFromPrediction-p.build/Objects-normal/arm64_32/BoostFromPrediction_const_extract_protocols.json
WriteAuxiliaryFile /Users/admin/builder/spi-builder-workspace/.derivedData/Build/Intermediates.noindex/SwiftXGBoost.build/Debug-watchos/BoostFromPrediction-p.build/Objects-normal/arm64_32/BoostFromPrediction-OutputFileMap.json (in target 'BoostFromPrediction-product' from project 'SwiftXGBoost')
cd /Users/admin/builder/spi-builder-workspace
write-file /Users/admin/builder/spi-builder-workspace/.derivedData/Build/Intermediates.noindex/SwiftXGBoost.build/Debug-watchos/BoostFromPrediction-p.build/Objects-normal/arm64_32/BoostFromPrediction-OutputFileMap.json
WriteAuxiliaryFile /Users/admin/builder/spi-builder-workspace/.derivedData/Build/Intermediates.noindex/SwiftXGBoost.build/Debug-watchos/BoostFromPrediction-p.build/Objects-normal/arm64/BoostFromPrediction-OutputFileMap.json (in target 'BoostFromPrediction-product' from project 'SwiftXGBoost')
cd /Users/admin/builder/spi-builder-workspace
write-file /Users/admin/builder/spi-builder-workspace/.derivedData/Build/Intermediates.noindex/SwiftXGBoost.build/Debug-watchos/BoostFromPrediction-p.build/Objects-normal/arm64/BoostFromPrediction-OutputFileMap.json
WriteAuxiliaryFile /Users/admin/builder/spi-builder-workspace/.derivedData/Build/Intermediates.noindex/SwiftXGBoost.build/Debug-watchos/BoostFromPrediction-p.build/BoostFromPrediction.DependencyStaticMetadataFileList (in target 'BoostFromPrediction-product' from project 'SwiftXGBoost')
cd /Users/admin/builder/spi-builder-workspace
write-file /Users/admin/builder/spi-builder-workspace/.derivedData/Build/Intermediates.noindex/SwiftXGBoost.build/Debug-watchos/BoostFromPrediction-p.build/BoostFromPrediction.DependencyStaticMetadataFileList
WriteAuxiliaryFile /Users/admin/builder/spi-builder-workspace/.derivedData/Build/Intermediates.noindex/SwiftXGBoost.build/Debug-watchos/BoostFromPrediction-p.build/BoostFromPrediction.DependencyMetadataFileList (in target 'BoostFromPrediction-product' from project 'SwiftXGBoost')
cd /Users/admin/builder/spi-builder-workspace
write-file /Users/admin/builder/spi-builder-workspace/.derivedData/Build/Intermediates.noindex/SwiftXGBoost.build/Debug-watchos/BoostFromPrediction-p.build/BoostFromPrediction.DependencyMetadataFileList
WriteAuxiliaryFile /Users/admin/builder/spi-builder-workspace/.derivedData/Build/Intermediates.noindex/SwiftXGBoost.build/Debug-watchos/AftSurvival-p.build/Objects-normal/arm64_32/AftSurvival.SwiftFileList (in target 'AftSurvival-product' from project 'SwiftXGBoost')
cd /Users/admin/builder/spi-builder-workspace
write-file /Users/admin/builder/spi-builder-workspace/.derivedData/Build/Intermediates.noindex/SwiftXGBoost.build/Debug-watchos/AftSurvival-p.build/Objects-normal/arm64_32/AftSurvival.SwiftFileList
WriteAuxiliaryFile /Users/admin/builder/spi-builder-workspace/.derivedData/Build/Intermediates.noindex/SwiftXGBoost.build/Debug-watchos/AftSurvival-p.build/Objects-normal/arm64_32/AftSurvival.LinkFileList (in target 'AftSurvival-product' from project 'SwiftXGBoost')
cd /Users/admin/builder/spi-builder-workspace
write-file /Users/admin/builder/spi-builder-workspace/.derivedData/Build/Intermediates.noindex/SwiftXGBoost.build/Debug-watchos/AftSurvival-p.build/Objects-normal/arm64_32/AftSurvival.LinkFileList
WriteAuxiliaryFile /Users/admin/builder/spi-builder-workspace/.derivedData/Build/Intermediates.noindex/SwiftXGBoost.build/Debug-watchos/AftSurvival-p.build/Objects-normal/arm64_32/AftSurvival-OutputFileMap.json (in target 'AftSurvival-product' from project 'SwiftXGBoost')
cd /Users/admin/builder/spi-builder-workspace
write-file /Users/admin/builder/spi-builder-workspace/.derivedData/Build/Intermediates.noindex/SwiftXGBoost.build/Debug-watchos/AftSurvival-p.build/Objects-normal/arm64_32/AftSurvival-OutputFileMap.json
WriteAuxiliaryFile /Users/admin/builder/spi-builder-workspace/.derivedData/Build/Intermediates.noindex/SwiftXGBoost.build/Debug-watchos/AftSurvival-p.build/Objects-normal/arm64/AftSurvival.LinkFileList (in target 'AftSurvival-product' from project 'SwiftXGBoost')
cd /Users/admin/builder/spi-builder-workspace
write-file /Users/admin/builder/spi-builder-workspace/.derivedData/Build/Intermediates.noindex/SwiftXGBoost.build/Debug-watchos/AftSurvival-p.build/Objects-normal/arm64/AftSurvival.LinkFileList
WriteAuxiliaryFile /Users/admin/builder/spi-builder-workspace/.derivedData/Build/Intermediates.noindex/SwiftXGBoost.build/Debug-watchos/AftSurvival-p.build/Objects-normal/arm64/AftSurvival.SwiftFileList (in target 'AftSurvival-product' from project 'SwiftXGBoost')
cd /Users/admin/builder/spi-builder-workspace
write-file /Users/admin/builder/spi-builder-workspace/.derivedData/Build/Intermediates.noindex/SwiftXGBoost.build/Debug-watchos/AftSurvival-p.build/Objects-normal/arm64/AftSurvival.SwiftFileList
WriteAuxiliaryFile /Users/admin/builder/spi-builder-workspace/.derivedData/Build/Intermediates.noindex/SwiftXGBoost.build/Debug-watchos/AftSurvival-p.build/Objects-normal/arm64/AftSurvival_const_extract_protocols.json (in target 'AftSurvival-product' from project 'SwiftXGBoost')
cd /Users/admin/builder/spi-builder-workspace
write-file /Users/admin/builder/spi-builder-workspace/.derivedData/Build/Intermediates.noindex/SwiftXGBoost.build/Debug-watchos/AftSurvival-p.build/Objects-normal/arm64/AftSurvival_const_extract_protocols.json
WriteAuxiliaryFile /Users/admin/builder/spi-builder-workspace/.derivedData/Build/Intermediates.noindex/SwiftXGBoost.build/Debug-watchos/AftSurvival-p.build/Objects-normal/arm64/AftSurvival-OutputFileMap.json (in target 'AftSurvival-product' from project 'SwiftXGBoost')
cd /Users/admin/builder/spi-builder-workspace
write-file /Users/admin/builder/spi-builder-workspace/.derivedData/Build/Intermediates.noindex/SwiftXGBoost.build/Debug-watchos/AftSurvival-p.build/Objects-normal/arm64/AftSurvival-OutputFileMap.json
WriteAuxiliaryFile /Users/admin/builder/spi-builder-workspace/.derivedData/Build/Intermediates.noindex/SwiftXGBoost.build/Debug-watchos/AftSurvival-p.build/AftSurvival.DependencyStaticMetadataFileList (in target 'AftSurvival-product' from project 'SwiftXGBoost')
cd /Users/admin/builder/spi-builder-workspace
write-file /Users/admin/builder/spi-builder-workspace/.derivedData/Build/Intermediates.noindex/SwiftXGBoost.build/Debug-watchos/AftSurvival-p.build/AftSurvival.DependencyStaticMetadataFileList
WriteAuxiliaryFile /Users/admin/builder/spi-builder-workspace/.derivedData/Build/Intermediates.noindex/SwiftXGBoost.build/Debug-watchos/AftSurvival-p.build/AftSurvival.DependencyMetadataFileList (in target 'AftSurvival-product' from project 'SwiftXGBoost')
cd /Users/admin/builder/spi-builder-workspace
write-file /Users/admin/builder/spi-builder-workspace/.derivedData/Build/Intermediates.noindex/SwiftXGBoost.build/Debug-watchos/AftSurvival-p.build/AftSurvival.DependencyMetadataFileList
SwiftDriver SwiftPlot normal arm64 com.apple.xcode.tools.swift.compiler (in target 'SwiftPlot' from project 'SwiftPlot')
cd /Users/admin/builder/spi-builder-workspace/.swiftpm/xcode
builtin-SwiftDriver -- /Applications/Xcode-27.0.0-Release.Candidate.app/Contents/Developer/Toolchains/XcodeDefault.xctoolchain/usr/bin/swiftc -parse-as-library -module-name SwiftPlot -Onone @/Users/admin/builder/spi-builder-workspace/.derivedData/Build/Intermediates.noindex/SwiftPlot.build/Debug-watchos/SwiftPlot-t.build/Objects-normal/arm64/SwiftPlot.SwiftFileList -DSWIFT_PACKAGE -DDEBUG -DSWIFT_MODULE_RESOURCE_BUNDLE_UNAVAILABLE -DXcode -plugin-path /Applications/Xcode-27.0.0-Release.Candidate.app/Contents/Developer/Toolchains/XcodeDefault.xctoolchain/usr/lib/swift/host/plugins/testing -enable-experimental-feature DebugDescriptionMacro -sdk /Applications/Xcode-27.0.0-Release.Candidate.app/Contents/Developer/Platforms/WatchOS.platform/Developer/SDKs/WatchOS27.0.sdk -target arm64-apple-watchos9.0 -g -module-cache-path /Users/admin/builder/spi-builder-workspace/.derivedData/ModuleCache.noindex -Xfrontend -serialize-debugging-options -profile-coverage-mapping -profile-generate -enable-testing -suppress-warnings -index-store-path /Users/admin/builder/spi-builder-workspace/.derivedData/Index.noindex/DataStore -Xcc -D_LIBCPP_HARDENING_MODE\=_LIBCPP_HARDENING_MODE_DEBUG -swift-version 5 -I /Users/admin/builder/spi-builder-workspace/.derivedData/Build/Products/Debug-watchos -Isystem /Applications/Xcode-27.0.0-Release.Candidate.app/Contents/Developer/Platforms/WatchOS.platform/Developer/usr/lib -F /Users/admin/builder/spi-builder-workspace/.derivedData/Build/Products/Debug-watchos -F /Applications/Xcode-27.0.0-Release.Candidate.app/Contents/Developer/Platforms/WatchOS.platform/Developer/Library/Frameworks -F /Applications/Xcode-27.0.0-Release.Candidate.app/Contents/Developer/Platforms/WatchOS.platform/Developer/SDKs/WatchOS27.0.sdk/Developer/Library/Frameworks -c -j10 -enable-batch-mode -incremental -Xcc -ivfsstatcache -Xcc /Users/admin/builder/spi-builder-workspace/.derivedData/SDKStatCaches.noindex/watchos27.0-24R360-e829b21a6f8c9b70876ba0858053c04477534ef55a1706bf4c1112bbb242f0a2.sdkstatcache -output-file-map /Users/admin/builder/spi-builder-workspace/.derivedData/Build/Intermediates.noindex/SwiftPlot.build/Debug-watchos/SwiftPlot-t.build/Objects-normal/arm64/SwiftPlot-OutputFileMap.json -save-temps -no-color-diagnostics -explicit-module-build -module-cache-path /Users/admin/builder/spi-builder-workspace/.derivedData/Build/Intermediates.noindex/SwiftExplicitPrecompiledModules -clang-scanner-module-cache-path /Users/admin/builder/spi-builder-workspace/.derivedData/ModuleCache.noindex -sdk-module-cache-path /Users/admin/builder/spi-builder-workspace/.derivedData/SDKExplicitPrecompiledModules -emit-dependencies -emit-module -emit-module-path /Users/admin/builder/spi-builder-workspace/.derivedData/Build/Intermediates.noindex/SwiftPlot.build/Debug-watchos/SwiftPlot-t.build/Objects-normal/arm64/SwiftPlot.swiftmodule -serialize-diagnostics -dependency-scan-serialize-diagnostics-path /Users/admin/builder/spi-builder-workspace/.derivedData/Build/Intermediates.noindex/SwiftPlot.build/Debug-watchos/SwiftPlot-t.build/Objects-normal/arm64/SwiftPlot-dependency-scan.dia -validate-clang-modules-once -clang-build-session-file /Users/admin/builder/spi-builder-workspace/.derivedData/ModuleCache.noindex/Session.modulevalidation -Xcc -fmodules-prune-interval\=86400 -Xcc -fmodules-prune-after\=345600 -emit-const-values -const-gather-protocols-list /Users/admin/builder/spi-builder-workspace/.derivedData/Build/Intermediates.noindex/SwiftPlot.build/Debug-watchos/SwiftPlot-t.build/Objects-normal/arm64/SwiftPlot_const_extract_protocols.json -Xcc -I/Users/admin/builder/spi-builder-workspace/.derivedData/Build/Products/Debug-watchos/include -Xcc -I/Users/admin/builder/spi-builder-workspace/.derivedData/Build/Intermediates.noindex/SwiftPlot.build/Debug-watchos/SwiftPlot-t.build/DerivedSources-normal/arm64 -Xcc -I/Users/admin/builder/spi-builder-workspace/.derivedData/Build/Intermediates.noindex/SwiftPlot.build/Debug-watchos/SwiftPlot-t.build/DerivedSources/arm64 -Xcc -I/Users/admin/builder/spi-builder-workspace/.derivedData/Build/Intermediates.noindex/SwiftPlot.build/Debug-watchos/SwiftPlot-t.build/DerivedSources -Xcc -DSWIFT_PACKAGE -Xcc -DDEBUG\=1 -emit-objc-header -emit-objc-header-path /Users/admin/builder/spi-builder-workspace/.derivedData/Build/Intermediates.noindex/SwiftPlot.build/Debug-watchos/SwiftPlot-t.build/Objects-normal/arm64/SwiftPlot-Swift.h -working-directory /Users/admin/builder/spi-builder-workspace/.swiftpm/xcode -experimental-emit-module-separately -disable-cmo
SwiftDriver PythonKit normal arm64 com.apple.xcode.tools.swift.compiler (in target 'PythonKit' from project 'PythonKit')
cd /Users/admin/builder/spi-builder-workspace/.swiftpm/xcode
builtin-SwiftDriver -- /Applications/Xcode-27.0.0-Release.Candidate.app/Contents/Developer/Toolchains/XcodeDefault.xctoolchain/usr/bin/swiftc -parse-as-library -module-name PythonKit -Onone @/Users/admin/builder/spi-builder-workspace/.derivedData/Build/Intermediates.noindex/PythonKit.build/Debug-watchos/PythonKit-t.build/Objects-normal/arm64/PythonKit.SwiftFileList -DSWIFT_PACKAGE -DDEBUG -DSWIFT_MODULE_RESOURCE_BUNDLE_UNAVAILABLE -DXcode -plugin-path /Applications/Xcode-27.0.0-Release.Candidate.app/Contents/Developer/Toolchains/XcodeDefault.xctoolchain/usr/lib/swift/host/plugins/testing -enable-experimental-feature DebugDescriptionMacro -sdk /Applications/Xcode-27.0.0-Release.Candidate.app/Contents/Developer/Platforms/WatchOS.platform/Developer/SDKs/WatchOS27.0.sdk -target arm64-apple-watchos9.0 -g -module-cache-path /Users/admin/builder/spi-builder-workspace/.derivedData/ModuleCache.noindex -Xfrontend -serialize-debugging-options -profile-coverage-mapping -profile-generate -enable-testing -suppress-warnings -index-store-path /Users/admin/builder/spi-builder-workspace/.derivedData/Index.noindex/DataStore -Xcc -D_LIBCPP_HARDENING_MODE\=_LIBCPP_HARDENING_MODE_DEBUG -swift-version 5 -I /Users/admin/builder/spi-builder-workspace/.derivedData/Build/Products/Debug-watchos -Isystem /Applications/Xcode-27.0.0-Release.Candidate.app/Contents/Developer/Platforms/WatchOS.platform/Developer/usr/lib -F /Users/admin/builder/spi-builder-workspace/.derivedData/Build/Products/Debug-watchos -F /Applications/Xcode-27.0.0-Release.Candidate.app/Contents/Developer/Platforms/WatchOS.platform/Developer/Library/Frameworks -F /Applications/Xcode-27.0.0-Release.Candidate.app/Contents/Developer/Platforms/WatchOS.platform/Developer/SDKs/WatchOS27.0.sdk/Developer/Library/Frameworks -c -j10 -enable-batch-mode -incremental -Xcc -ivfsstatcache -Xcc /Users/admin/builder/spi-builder-workspace/.derivedData/SDKStatCaches.noindex/watchos27.0-24R360-e829b21a6f8c9b70876ba0858053c04477534ef55a1706bf4c1112bbb242f0a2.sdkstatcache -output-file-map /Users/admin/builder/spi-builder-workspace/.derivedData/Build/Intermediates.noindex/PythonKit.build/Debug-watchos/PythonKit-t.build/Objects-normal/arm64/PythonKit-OutputFileMap.json -save-temps -no-color-diagnostics -explicit-module-build -module-cache-path /Users/admin/builder/spi-builder-workspace/.derivedData/Build/Intermediates.noindex/SwiftExplicitPrecompiledModules -clang-scanner-module-cache-path /Users/admin/builder/spi-builder-workspace/.derivedData/ModuleCache.noindex -sdk-module-cache-path /Users/admin/builder/spi-builder-workspace/.derivedData/SDKExplicitPrecompiledModules -emit-dependencies -emit-module -emit-module-path /Users/admin/builder/spi-builder-workspace/.derivedData/Build/Intermediates.noindex/PythonKit.build/Debug-watchos/PythonKit-t.build/Objects-normal/arm64/PythonKit.swiftmodule -serialize-diagnostics -dependency-scan-serialize-diagnostics-path /Users/admin/builder/spi-builder-workspace/.derivedData/Build/Intermediates.noindex/PythonKit.build/Debug-watchos/PythonKit-t.build/Objects-normal/arm64/PythonKit-dependency-scan.dia -validate-clang-modules-once -clang-build-session-file /Users/admin/builder/spi-builder-workspace/.derivedData/ModuleCache.noindex/Session.modulevalidation -Xcc -fmodules-prune-interval\=86400 -Xcc -fmodules-prune-after\=345600 -emit-const-values -const-gather-protocols-list /Users/admin/builder/spi-builder-workspace/.derivedData/Build/Intermediates.noindex/PythonKit.build/Debug-watchos/PythonKit-t.build/Objects-normal/arm64/PythonKit_const_extract_protocols.json -Xcc -I/Users/admin/builder/spi-builder-workspace/.derivedData/Build/Products/Debug-watchos/include -Xcc -I/Users/admin/builder/spi-builder-workspace/.derivedData/Build/Intermediates.noindex/PythonKit.build/Debug-watchos/PythonKit-t.build/DerivedSources-normal/arm64 -Xcc -I/Users/admin/builder/spi-builder-workspace/.derivedData/Build/Intermediates.noindex/PythonKit.build/Debug-watchos/PythonKit-t.build/DerivedSources/arm64 -Xcc -I/Users/admin/builder/spi-builder-workspace/.derivedData/Build/Intermediates.noindex/PythonKit.build/Debug-watchos/PythonKit-t.build/DerivedSources -Xcc -DSWIFT_PACKAGE -Xcc -DDEBUG\=1 -emit-objc-header -emit-objc-header-path /Users/admin/builder/spi-builder-workspace/.derivedData/Build/Intermediates.noindex/PythonKit.build/Debug-watchos/PythonKit-t.build/Objects-normal/arm64/PythonKit-Swift.h -working-directory /Users/admin/builder/spi-builder-workspace/.swiftpm/xcode -experimental-emit-module-separately -disable-cmo
SwiftDriver Logging normal arm64 com.apple.xcode.tools.swift.compiler (in target 'Logging' from project 'swift-log')
cd /Users/admin/builder/spi-builder-workspace/.swiftpm/xcode
builtin-SwiftDriver -- /Applications/Xcode-27.0.0-Release.Candidate.app/Contents/Developer/Toolchains/XcodeDefault.xctoolchain/usr/bin/swiftc -parse-as-library -module-name Logging -Onone @/Users/admin/builder/spi-builder-workspace/.derivedData/Build/Intermediates.noindex/swift-log.build/Debug-watchos/Logging-t.build/Objects-normal/arm64/Logging.SwiftFileList -DSWIFT_PACKAGE -DDEBUG -DSWIFT_MODULE_RESOURCE_BUNDLE_UNAVAILABLE -DXcode -enable-upcoming-feature ExistentialAny -enable-upcoming-feature MemberImportVisibility -enable-upcoming-feature InternalImportsByDefault -enable-upcoming-feature NonisolatedNonsendingByDefault -Xfrontend -require-explicit-sendable -plugin-path /Applications/Xcode-27.0.0-Release.Candidate.app/Contents/Developer/Toolchains/XcodeDefault.xctoolchain/usr/lib/swift/host/plugins/testing -enable-experimental-feature DebugDescriptionMacro -sdk /Applications/Xcode-27.0.0-Release.Candidate.app/Contents/Developer/Platforms/WatchOS.platform/Developer/SDKs/WatchOS27.0.sdk -target arm64-apple-watchos9.0 -g -module-cache-path /Users/admin/builder/spi-builder-workspace/.derivedData/ModuleCache.noindex -Xfrontend -serialize-debugging-options -profile-coverage-mapping -profile-generate -enable-testing -suppress-warnings -index-store-path /Users/admin/builder/spi-builder-workspace/.derivedData/Index.noindex/DataStore -Xcc -D_LIBCPP_HARDENING_MODE\=_LIBCPP_HARDENING_MODE_DEBUG -swift-version 6 -I /Users/admin/builder/spi-builder-workspace/.derivedData/Build/Products/Debug-watchos -Isystem /Applications/Xcode-27.0.0-Release.Candidate.app/Contents/Developer/Platforms/WatchOS.platform/Developer/usr/lib -F /Users/admin/builder/spi-builder-workspace/.derivedData/Build/Products/Debug-watchos -F /Applications/Xcode-27.0.0-Release.Candidate.app/Contents/Developer/Platforms/WatchOS.platform/Developer/Library/Frameworks -F /Applications/Xcode-27.0.0-Release.Candidate.app/Contents/Developer/Platforms/WatchOS.platform/Developer/SDKs/WatchOS27.0.sdk/Developer/Library/Frameworks -c -j10 -enable-batch-mode -incremental -Xcc -ivfsstatcache -Xcc /Users/admin/builder/spi-builder-workspace/.derivedData/SDKStatCaches.noindex/watchos27.0-24R360-e829b21a6f8c9b70876ba0858053c04477534ef55a1706bf4c1112bbb242f0a2.sdkstatcache -output-file-map /Users/admin/builder/spi-builder-workspace/.derivedData/Build/Intermediates.noindex/swift-log.build/Debug-watchos/Logging-t.build/Objects-normal/arm64/Logging-OutputFileMap.json -save-temps -no-color-diagnostics -explicit-module-build -module-cache-path /Users/admin/builder/spi-builder-workspace/.derivedData/Build/Intermediates.noindex/SwiftExplicitPrecompiledModules -clang-scanner-module-cache-path /Users/admin/builder/spi-builder-workspace/.derivedData/ModuleCache.noindex -sdk-module-cache-path /Users/admin/builder/spi-builder-workspace/.derivedData/SDKExplicitPrecompiledModules -emit-dependencies -emit-module -emit-module-path /Users/admin/builder/spi-builder-workspace/.derivedData/Build/Intermediates.noindex/swift-log.build/Debug-watchos/Logging-t.build/Objects-normal/arm64/Logging.swiftmodule -serialize-diagnostics -dependency-scan-serialize-diagnostics-path /Users/admin/builder/spi-builder-workspace/.derivedData/Build/Intermediates.noindex/swift-log.build/Debug-watchos/Logging-t.build/Objects-normal/arm64/Logging-dependency-scan.dia -user-module-version 1.15.1 -validate-clang-modules-once -clang-build-session-file /Users/admin/builder/spi-builder-workspace/.derivedData/ModuleCache.noindex/Session.modulevalidation -Xcc -fmodules-prune-interval\=86400 -Xcc -fmodules-prune-after\=345600 -package-name swift_log -emit-const-values -const-gather-protocols-list /Users/admin/builder/spi-builder-workspace/.derivedData/Build/Intermediates.noindex/swift-log.build/Debug-watchos/Logging-t.build/Objects-normal/arm64/Logging_const_extract_protocols.json -Xcc -I/Users/admin/builder/spi-builder-workspace/.derivedData/Build/Products/Debug-watchos/include -Xcc -I/Users/admin/builder/spi-builder-workspace/.derivedData/Build/Intermediates.noindex/swift-log.build/Debug-watchos/Logging-t.build/DerivedSources-normal/arm64 -Xcc -I/Users/admin/builder/spi-builder-workspace/.derivedData/Build/Intermediates.noindex/swift-log.build/Debug-watchos/Logging-t.build/DerivedSources/arm64 -Xcc -I/Users/admin/builder/spi-builder-workspace/.derivedData/Build/Intermediates.noindex/swift-log.build/Debug-watchos/Logging-t.build/DerivedSources -Xcc -DSWIFT_PACKAGE -Xcc -DDEBUG\=1 -emit-objc-header -emit-objc-header-path /Users/admin/builder/spi-builder-workspace/.derivedData/Build/Intermediates.noindex/swift-log.build/Debug-watchos/Logging-t.build/Objects-normal/arm64/Logging-Swift.h -working-directory /Users/admin/builder/spi-builder-workspace/.swiftpm/xcode -experimental-emit-module-separately -disable-cmo
SwiftDriver SwiftPlot normal arm64_32 com.apple.xcode.tools.swift.compiler (in target 'SwiftPlot' from project 'SwiftPlot')
cd /Users/admin/builder/spi-builder-workspace/.swiftpm/xcode
builtin-SwiftDriver -- /Applications/Xcode-27.0.0-Release.Candidate.app/Contents/Developer/Toolchains/XcodeDefault.xctoolchain/usr/bin/swiftc -parse-as-library -module-name SwiftPlot -Onone @/Users/admin/builder/spi-builder-workspace/.derivedData/Build/Intermediates.noindex/SwiftPlot.build/Debug-watchos/SwiftPlot-t.build/Objects-normal/arm64_32/SwiftPlot.SwiftFileList -DSWIFT_PACKAGE -DDEBUG -DSWIFT_MODULE_RESOURCE_BUNDLE_UNAVAILABLE -DXcode -plugin-path /Applications/Xcode-27.0.0-Release.Candidate.app/Contents/Developer/Toolchains/XcodeDefault.xctoolchain/usr/lib/swift/host/plugins/testing -enable-experimental-feature DebugDescriptionMacro -sdk /Applications/Xcode-27.0.0-Release.Candidate.app/Contents/Developer/Platforms/WatchOS.platform/Developer/SDKs/WatchOS27.0.sdk -target arm64_32-apple-watchos9.0 -g -module-cache-path /Users/admin/builder/spi-builder-workspace/.derivedData/ModuleCache.noindex -Xfrontend -serialize-debugging-options -profile-coverage-mapping -profile-generate -enable-testing -suppress-warnings -index-store-path /Users/admin/builder/spi-builder-workspace/.derivedData/Index.noindex/DataStore -Xcc -D_LIBCPP_HARDENING_MODE\=_LIBCPP_HARDENING_MODE_DEBUG -swift-version 5 -I /Users/admin/builder/spi-builder-workspace/.derivedData/Build/Products/Debug-watchos -Isystem /Applications/Xcode-27.0.0-Release.Candidate.app/Contents/Developer/Platforms/WatchOS.platform/Developer/usr/lib -F /Users/admin/builder/spi-builder-workspace/.derivedData/Build/Products/Debug-watchos -F /Applications/Xcode-27.0.0-Release.Candidate.app/Contents/Developer/Platforms/WatchOS.platform/Developer/Library/Frameworks -F /Applications/Xcode-27.0.0-Release.Candidate.app/Contents/Developer/Platforms/WatchOS.platform/Developer/SDKs/WatchOS27.0.sdk/Developer/Library/Frameworks -c -j10 -enable-batch-mode -incremental -Xcc -ivfsstatcache -Xcc /Users/admin/builder/spi-builder-workspace/.derivedData/SDKStatCaches.noindex/watchos27.0-24R360-e829b21a6f8c9b70876ba0858053c04477534ef55a1706bf4c1112bbb242f0a2.sdkstatcache -output-file-map /Users/admin/builder/spi-builder-workspace/.derivedData/Build/Intermediates.noindex/SwiftPlot.build/Debug-watchos/SwiftPlot-t.build/Objects-normal/arm64_32/SwiftPlot-OutputFileMap.json -save-temps -no-color-diagnostics -explicit-module-build -module-cache-path /Users/admin/builder/spi-builder-workspace/.derivedData/Build/Intermediates.noindex/SwiftExplicitPrecompiledModules -clang-scanner-module-cache-path /Users/admin/builder/spi-builder-workspace/.derivedData/ModuleCache.noindex -sdk-module-cache-path /Users/admin/builder/spi-builder-workspace/.derivedData/SDKExplicitPrecompiledModules -emit-dependencies -emit-module -emit-module-path /Users/admin/builder/spi-builder-workspace/.derivedData/Build/Intermediates.noindex/SwiftPlot.build/Debug-watchos/SwiftPlot-t.build/Objects-normal/arm64_32/SwiftPlot.swiftmodule -serialize-diagnostics -dependency-scan-serialize-diagnostics-path /Users/admin/builder/spi-builder-workspace/.derivedData/Build/Intermediates.noindex/SwiftPlot.build/Debug-watchos/SwiftPlot-t.build/Objects-normal/arm64_32/SwiftPlot-dependency-scan.dia -validate-clang-modules-once -clang-build-session-file /Users/admin/builder/spi-builder-workspace/.derivedData/ModuleCache.noindex/Session.modulevalidation -Xcc -fmodules-prune-interval\=86400 -Xcc -fmodules-prune-after\=345600 -emit-const-values -const-gather-protocols-list /Users/admin/builder/spi-builder-workspace/.derivedData/Build/Intermediates.noindex/SwiftPlot.build/Debug-watchos/SwiftPlot-t.build/Objects-normal/arm64_32/SwiftPlot_const_extract_protocols.json -Xcc -I/Users/admin/builder/spi-builder-workspace/.derivedData/Build/Products/Debug-watchos/include -Xcc -I/Users/admin/builder/spi-builder-workspace/.derivedData/Build/Intermediates.noindex/SwiftPlot.build/Debug-watchos/SwiftPlot-t.build/DerivedSources-normal/arm64_32 -Xcc -I/Users/admin/builder/spi-builder-workspace/.derivedData/Build/Intermediates.noindex/SwiftPlot.build/Debug-watchos/SwiftPlot-t.build/DerivedSources/arm64_32 -Xcc -I/Users/admin/builder/spi-builder-workspace/.derivedData/Build/Intermediates.noindex/SwiftPlot.build/Debug-watchos/SwiftPlot-t.build/DerivedSources -Xcc -DSWIFT_PACKAGE -Xcc -DDEBUG\=1 -emit-objc-header -emit-objc-header-path /Users/admin/builder/spi-builder-workspace/.derivedData/Build/Intermediates.noindex/SwiftPlot.build/Debug-watchos/SwiftPlot-t.build/Objects-normal/arm64_32/SwiftPlot-Swift.h -working-directory /Users/admin/builder/spi-builder-workspace/.swiftpm/xcode -experimental-emit-module-separately -disable-cmo
SwiftDriver Logging normal arm64_32 com.apple.xcode.tools.swift.compiler (in target 'Logging' from project 'swift-log')
cd /Users/admin/builder/spi-builder-workspace/.swiftpm/xcode
builtin-SwiftDriver -- /Applications/Xcode-27.0.0-Release.Candidate.app/Contents/Developer/Toolchains/XcodeDefault.xctoolchain/usr/bin/swiftc -parse-as-library -module-name Logging -Onone @/Users/admin/builder/spi-builder-workspace/.derivedData/Build/Intermediates.noindex/swift-log.build/Debug-watchos/Logging-t.build/Objects-normal/arm64_32/Logging.SwiftFileList -DSWIFT_PACKAGE -DDEBUG -DSWIFT_MODULE_RESOURCE_BUNDLE_UNAVAILABLE -DXcode -enable-upcoming-feature ExistentialAny -enable-upcoming-feature MemberImportVisibility -enable-upcoming-feature InternalImportsByDefault -enable-upcoming-feature NonisolatedNonsendingByDefault -Xfrontend -require-explicit-sendable -plugin-path /Applications/Xcode-27.0.0-Release.Candidate.app/Contents/Developer/Toolchains/XcodeDefault.xctoolchain/usr/lib/swift/host/plugins/testing -enable-experimental-feature DebugDescriptionMacro -sdk /Applications/Xcode-27.0.0-Release.Candidate.app/Contents/Developer/Platforms/WatchOS.platform/Developer/SDKs/WatchOS27.0.sdk -target arm64_32-apple-watchos9.0 -g -module-cache-path /Users/admin/builder/spi-builder-workspace/.derivedData/ModuleCache.noindex -Xfrontend -serialize-debugging-options -profile-coverage-mapping -profile-generate -enable-testing -suppress-warnings -index-store-path /Users/admin/builder/spi-builder-workspace/.derivedData/Index.noindex/DataStore -Xcc -D_LIBCPP_HARDENING_MODE\=_LIBCPP_HARDENING_MODE_DEBUG -swift-version 6 -I /Users/admin/builder/spi-builder-workspace/.derivedData/Build/Products/Debug-watchos -Isystem /Applications/Xcode-27.0.0-Release.Candidate.app/Contents/Developer/Platforms/WatchOS.platform/Developer/usr/lib -F /Users/admin/builder/spi-builder-workspace/.derivedData/Build/Products/Debug-watchos -F /Applications/Xcode-27.0.0-Release.Candidate.app/Contents/Developer/Platforms/WatchOS.platform/Developer/Library/Frameworks -F /Applications/Xcode-27.0.0-Release.Candidate.app/Contents/Developer/Platforms/WatchOS.platform/Developer/SDKs/WatchOS27.0.sdk/Developer/Library/Frameworks -c -j10 -enable-batch-mode -incremental -Xcc -ivfsstatcache -Xcc /Users/admin/builder/spi-builder-workspace/.derivedData/SDKStatCaches.noindex/watchos27.0-24R360-e829b21a6f8c9b70876ba0858053c04477534ef55a1706bf4c1112bbb242f0a2.sdkstatcache -output-file-map /Users/admin/builder/spi-builder-workspace/.derivedData/Build/Intermediates.noindex/swift-log.build/Debug-watchos/Logging-t.build/Objects-normal/arm64_32/Logging-OutputFileMap.json -save-temps -no-color-diagnostics -explicit-module-build -module-cache-path /Users/admin/builder/spi-builder-workspace/.derivedData/Build/Intermediates.noindex/SwiftExplicitPrecompiledModules -clang-scanner-module-cache-path /Users/admin/builder/spi-builder-workspace/.derivedData/ModuleCache.noindex -sdk-module-cache-path /Users/admin/builder/spi-builder-workspace/.derivedData/SDKExplicitPrecompiledModules -emit-dependencies -emit-module -emit-module-path /Users/admin/builder/spi-builder-workspace/.derivedData/Build/Intermediates.noindex/swift-log.build/Debug-watchos/Logging-t.build/Objects-normal/arm64_32/Logging.swiftmodule -serialize-diagnostics -dependency-scan-serialize-diagnostics-path /Users/admin/builder/spi-builder-workspace/.derivedData/Build/Intermediates.noindex/swift-log.build/Debug-watchos/Logging-t.build/Objects-normal/arm64_32/Logging-dependency-scan.dia -user-module-version 1.15.1 -validate-clang-modules-once -clang-build-session-file /Users/admin/builder/spi-builder-workspace/.derivedData/ModuleCache.noindex/Session.modulevalidation -Xcc -fmodules-prune-interval\=86400 -Xcc -fmodules-prune-after\=345600 -package-name swift_log -emit-const-values -const-gather-protocols-list /Users/admin/builder/spi-builder-workspace/.derivedData/Build/Intermediates.noindex/swift-log.build/Debug-watchos/Logging-t.build/Objects-normal/arm64_32/Logging_const_extract_protocols.json -Xcc -I/Users/admin/builder/spi-builder-workspace/.derivedData/Build/Products/Debug-watchos/include -Xcc -I/Users/admin/builder/spi-builder-workspace/.derivedData/Build/Intermediates.noindex/swift-log.build/Debug-watchos/Logging-t.build/DerivedSources-normal/arm64_32 -Xcc -I/Users/admin/builder/spi-builder-workspace/.derivedData/Build/Intermediates.noindex/swift-log.build/Debug-watchos/Logging-t.build/DerivedSources/arm64_32 -Xcc -I/Users/admin/builder/spi-builder-workspace/.derivedData/Build/Intermediates.noindex/swift-log.build/Debug-watchos/Logging-t.build/DerivedSources -Xcc -DSWIFT_PACKAGE -Xcc -DDEBUG\=1 -emit-objc-header -emit-objc-header-path /Users/admin/builder/spi-builder-workspace/.derivedData/Build/Intermediates.noindex/swift-log.build/Debug-watchos/Logging-t.build/Objects-normal/arm64_32/Logging-Swift.h -working-directory /Users/admin/builder/spi-builder-workspace/.swiftpm/xcode -experimental-emit-module-separately -disable-cmo
SwiftDriver PythonKit normal arm64_32 com.apple.xcode.tools.swift.compiler (in target 'PythonKit' from project 'PythonKit')
cd /Users/admin/builder/spi-builder-workspace/.swiftpm/xcode
builtin-SwiftDriver -- /Applications/Xcode-27.0.0-Release.Candidate.app/Contents/Developer/Toolchains/XcodeDefault.xctoolchain/usr/bin/swiftc -parse-as-library -module-name PythonKit -Onone @/Users/admin/builder/spi-builder-workspace/.derivedData/Build/Intermediates.noindex/PythonKit.build/Debug-watchos/PythonKit-t.build/Objects-normal/arm64_32/PythonKit.SwiftFileList -DSWIFT_PACKAGE -DDEBUG -DSWIFT_MODULE_RESOURCE_BUNDLE_UNAVAILABLE -DXcode -plugin-path /Applications/Xcode-27.0.0-Release.Candidate.app/Contents/Developer/Toolchains/XcodeDefault.xctoolchain/usr/lib/swift/host/plugins/testing -enable-experimental-feature DebugDescriptionMacro -sdk /Applications/Xcode-27.0.0-Release.Candidate.app/Contents/Developer/Platforms/WatchOS.platform/Developer/SDKs/WatchOS27.0.sdk -target arm64_32-apple-watchos9.0 -g -module-cache-path /Users/admin/builder/spi-builder-workspace/.derivedData/ModuleCache.noindex -Xfrontend -serialize-debugging-options -profile-coverage-mapping -profile-generate -enable-testing -suppress-warnings -index-store-path /Users/admin/builder/spi-builder-workspace/.derivedData/Index.noindex/DataStore -Xcc -D_LIBCPP_HARDENING_MODE\=_LIBCPP_HARDENING_MODE_DEBUG -swift-version 5 -I /Users/admin/builder/spi-builder-workspace/.derivedData/Build/Products/Debug-watchos -Isystem /Applications/Xcode-27.0.0-Release.Candidate.app/Contents/Developer/Platforms/WatchOS.platform/Developer/usr/lib -F /Users/admin/builder/spi-builder-workspace/.derivedData/Build/Products/Debug-watchos -F /Applications/Xcode-27.0.0-Release.Candidate.app/Contents/Developer/Platforms/WatchOS.platform/Developer/Library/Frameworks -F /Applications/Xcode-27.0.0-Release.Candidate.app/Contents/Developer/Platforms/WatchOS.platform/Developer/SDKs/WatchOS27.0.sdk/Developer/Library/Frameworks -c -j10 -enable-batch-mode -incremental -Xcc -ivfsstatcache -Xcc /Users/admin/builder/spi-builder-workspace/.derivedData/SDKStatCaches.noindex/watchos27.0-24R360-e829b21a6f8c9b70876ba0858053c04477534ef55a1706bf4c1112bbb242f0a2.sdkstatcache -output-file-map /Users/admin/builder/spi-builder-workspace/.derivedData/Build/Intermediates.noindex/PythonKit.build/Debug-watchos/PythonKit-t.build/Objects-normal/arm64_32/PythonKit-OutputFileMap.json -save-temps -no-color-diagnostics -explicit-module-build -module-cache-path /Users/admin/builder/spi-builder-workspace/.derivedData/Build/Intermediates.noindex/SwiftExplicitPrecompiledModules -clang-scanner-module-cache-path /Users/admin/builder/spi-builder-workspace/.derivedData/ModuleCache.noindex -sdk-module-cache-path /Users/admin/builder/spi-builder-workspace/.derivedData/SDKExplicitPrecompiledModules -emit-dependencies -emit-module -emit-module-path /Users/admin/builder/spi-builder-workspace/.derivedData/Build/Intermediates.noindex/PythonKit.build/Debug-watchos/PythonKit-t.build/Objects-normal/arm64_32/PythonKit.swiftmodule -serialize-diagnostics -dependency-scan-serialize-diagnostics-path /Users/admin/builder/spi-builder-workspace/.derivedData/Build/Intermediates.noindex/PythonKit.build/Debug-watchos/PythonKit-t.build/Objects-normal/arm64_32/PythonKit-dependency-scan.dia -validate-clang-modules-once -clang-build-session-file /Users/admin/builder/spi-builder-workspace/.derivedData/ModuleCache.noindex/Session.modulevalidation -Xcc -fmodules-prune-interval\=86400 -Xcc -fmodules-prune-after\=345600 -emit-const-values -const-gather-protocols-list /Users/admin/builder/spi-builder-workspace/.derivedData/Build/Intermediates.noindex/PythonKit.build/Debug-watchos/PythonKit-t.build/Objects-normal/arm64_32/PythonKit_const_extract_protocols.json -Xcc -I/Users/admin/builder/spi-builder-workspace/.derivedData/Build/Products/Debug-watchos/include -Xcc -I/Users/admin/builder/spi-builder-workspace/.derivedData/Build/Intermediates.noindex/PythonKit.build/Debug-watchos/PythonKit-t.build/DerivedSources-normal/arm64_32 -Xcc -I/Users/admin/builder/spi-builder-workspace/.derivedData/Build/Intermediates.noindex/PythonKit.build/Debug-watchos/PythonKit-t.build/DerivedSources/arm64_32 -Xcc -I/Users/admin/builder/spi-builder-workspace/.derivedData/Build/Intermediates.noindex/PythonKit.build/Debug-watchos/PythonKit-t.build/DerivedSources -Xcc -DSWIFT_PACKAGE -Xcc -DDEBUG\=1 -emit-objc-header -emit-objc-header-path /Users/admin/builder/spi-builder-workspace/.derivedData/Build/Intermediates.noindex/PythonKit.build/Debug-watchos/PythonKit-t.build/Objects-normal/arm64_32/PythonKit-Swift.h -working-directory /Users/admin/builder/spi-builder-workspace/.swiftpm/xcode -experimental-emit-module-separately -disable-cmo
SwiftExplicitDependencyGeneratePcm arm64 /Users/admin/builder/spi-builder-workspace/.derivedData/SDKExplicitPrecompiledModules/_Builtin_stddef-5OH846KKUPSJJT7GCX9XU1TKG.pcm
SwiftExplicitDependencyGeneratePcm arm64 /Users/admin/builder/spi-builder-workspace/.derivedData/SDKExplicitPrecompiledModules/_Builtin_stdbool-B692L2PMR118794VVYBG37897.pcm
SwiftExplicitDependencyGeneratePcm arm64 /Users/admin/builder/spi-builder-workspace/.derivedData/SDKExplicitPrecompiledModules/_SwiftConcurrencyShims-CTPSFSTDCBVSSQFHL6I305U72.pcm
SwiftExplicitDependencyGeneratePcm arm64_32 /Users/admin/builder/spi-builder-workspace/.derivedData/SDKExplicitPrecompiledModules/_Builtin_stddef-2F9BFIPBQ5EWNSK5G7G7V4EKL.pcm
SwiftExplicitDependencyGeneratePcm arm64 /Users/admin/builder/spi-builder-workspace/.derivedData/SDKExplicitPrecompiledModules/SwiftShims-AJ4AZYHQNC33R5RLN7AGEIOMP.pcm
SwiftExplicitDependencyGeneratePcm arm64 /Users/admin/builder/spi-builder-workspace/.derivedData/SDKExplicitPrecompiledModules/_Builtin_float-E4M4A8689VXF1T7P7BV56IKBT.pcm
SwiftExplicitDependencyGeneratePcm arm64_32 /Users/admin/builder/spi-builder-workspace/.derivedData/SDKExplicitPrecompiledModules/_Builtin_float-372PLGDQ1U3B6Z5EA5DJMDORJ.pcm
SwiftExplicitDependencyGeneratePcm arm64_32 /Users/admin/builder/spi-builder-workspace/.derivedData/SDKExplicitPrecompiledModules/SwiftShims-D9VBB138U50XYYGW2C2V21N3L.pcm
SwiftExplicitDependencyGeneratePcm arm64_32 /Users/admin/builder/spi-builder-workspace/.derivedData/SDKExplicitPrecompiledModules/_Builtin_float-6KO8O3PEWRCA4WC6PPLOYO6WJ.pcm
SwiftExplicitDependencyGeneratePcm arm64 /Users/admin/builder/spi-builder-workspace/.derivedData/SDKExplicitPrecompiledModules/_Builtin_stddef-1FU30Y8SWFB7OUUHMJQH5J6FM.pcm
SwiftExplicitDependencyGeneratePcm arm64_32 /Users/admin/builder/spi-builder-workspace/.derivedData/SDKExplicitPrecompiledModules/_Builtin_stddef-H44EFHQX6XSS5MZ7QP6YJZ76.pcm
SwiftExplicitDependencyGeneratePcm arm64_32 /Users/admin/builder/spi-builder-workspace/.derivedData/SDKExplicitPrecompiledModules/SwiftShims-9CQQGWTSNTN9EB5NSHDWUJICH.pcm
SwiftExplicitDependencyGeneratePcm arm64_32 /Users/admin/builder/spi-builder-workspace/.derivedData/SDKExplicitPrecompiledModules/_SwiftConcurrencyShims-6RTBPQ03V7BM9SPRK8SUE055H.pcm
SwiftExplicitDependencyGeneratePcm arm64 /Users/admin/builder/spi-builder-workspace/.derivedData/SDKExplicitPrecompiledModules/ptrcheck-AIF0NDOYZ8ORBNHQAQR5NNB8M.pcm
SwiftExplicitDependencyGeneratePcm arm64 /Users/admin/builder/spi-builder-workspace/.derivedData/SDKExplicitPrecompiledModules/_Builtin_stdarg-A7UU8LE6MP85SM26YO7PBZNUQ.pcm
SwiftExplicitDependencyGeneratePcm arm64 /Users/admin/builder/spi-builder-workspace/.derivedData/SDKExplicitPrecompiledModules/_Builtin_float-C0CW5Q4HGBQYKE77TC42IAFB5.pcm
SwiftExplicitDependencyGeneratePcm arm64_32 /Users/admin/builder/spi-builder-workspace/.derivedData/SDKExplicitPrecompiledModules/_Builtin_stdbool-84ZA1VDW90AGWZ2LF5KOCM8DZ.pcm
SwiftExplicitDependencyGeneratePcm arm64 /Users/admin/builder/spi-builder-workspace/.derivedData/SDKExplicitPrecompiledModules/SwiftShims-4MXFZPV6FEB0XBYXCGPWAMQGL.pcm
SwiftExplicitDependencyGeneratePcm arm64 /Users/admin/builder/spi-builder-workspace/.derivedData/SDKExplicitPrecompiledModules/_AvailabilityInternal-BUNV3UXM65NT37THI4W1AM0SF.pcm
SwiftExplicitDependencyGeneratePcm arm64 /Users/admin/builder/spi-builder-workspace/.derivedData/SDKExplicitPrecompiledModules/_Builtin_stdbool-83J96QSOFE9VX04AAS6310UAE.pcm
SwiftExplicitDependencyGeneratePcm arm64 /Users/admin/builder/spi-builder-workspace/.derivedData/SDKExplicitPrecompiledModules/_SwiftConcurrencyShims-659N52XSKR5F0QSB880BH2FJR.pcm
SwiftExplicitDependencyGeneratePcm arm64_32 /Users/admin/builder/spi-builder-workspace/.derivedData/SDKExplicitPrecompiledModules/_Builtin_stdarg-D305JG44A2WPI6CJY37X3QJE8.pcm
SwiftExplicitDependencyGeneratePcm arm64_32 /Users/admin/builder/spi-builder-workspace/.derivedData/SDKExplicitPrecompiledModules/ptrcheck-EAZ3I917ZFA9H6ZCL6PGLG4TR.pcm
SwiftExplicitDependencyGeneratePcm arm64_32 /Users/admin/builder/spi-builder-workspace/.derivedData/SDKExplicitPrecompiledModules/_Builtin_stdarg-EYJP6DFYQL9GJLH1TJ84A8MHV.pcm
SwiftExplicitDependencyGeneratePcm arm64 /Users/admin/builder/spi-builder-workspace/.derivedData/SDKExplicitPrecompiledModules/_AvailabilityInternal-42EVAC8Q6P1ZT6G3A168N97G4.pcm
SwiftExplicitDependencyGeneratePcm arm64_32 /Users/admin/builder/spi-builder-workspace/.derivedData/SDKExplicitPrecompiledModules/ptrauth-BFXF358ME5AK535N5A9Z766WU.pcm
SwiftExplicitDependencyGeneratePcm arm64_32 /Users/admin/builder/spi-builder-workspace/.derivedData/SDKExplicitPrecompiledModules/ptrcheck-7ELIH9BTIGVKX3UBITM9N72WD.pcm
SwiftExplicitDependencyGeneratePcm arm64 /Users/admin/builder/spi-builder-workspace/.derivedData/SDKExplicitPrecompiledModules/ptrauth-3TZ9WJCGLYD25HQPWH4968ONX.pcm
SwiftExplicitDependencyGeneratePcm arm64 /Users/admin/builder/spi-builder-workspace/.derivedData/SDKExplicitPrecompiledModules/ptrcheck-8K07997SIHO7YGY7UQ3LOQ3TJ.pcm
SwiftExplicitDependencyGeneratePcm arm64_32 /Users/admin/builder/spi-builder-workspace/.derivedData/SDKExplicitPrecompiledModules/_AvailabilityInternal-22ZP1ILSQW16KHXZS5GBZHOCS.pcm
SwiftExplicitDependencyGeneratePcm arm64_32 /Users/admin/builder/spi-builder-workspace/.derivedData/SDKExplicitPrecompiledModules/_AvailabilityInternal-244WAN3Z1QBT7PIA64EZEFY1R.pcm
SwiftExplicitDependencyGeneratePcm arm64 /Users/admin/builder/spi-builder-workspace/.derivedData/SDKExplicitPrecompiledModules/_Builtin_stdarg-3X4KLXUYEI0UGBILP4X7D0CYW.pcm
SwiftExplicitDependencyGeneratePcm arm64_32 /Users/admin/builder/spi-builder-workspace/.derivedData/SDKExplicitPrecompiledModules/_Builtin_stdbool-A967K8W8YUYEC9SN52KJ7OO88.pcm
SwiftExplicitDependencyGeneratePcm arm64_32 /Users/admin/builder/spi-builder-workspace/.derivedData/SDKExplicitPrecompiledModules/_SwiftConcurrencyShims-58G4ISYSYDV3AT1DDGEE0QCUF.pcm
SwiftExplicitDependencyGeneratePcm arm64 /Users/admin/builder/spi-builder-workspace/.derivedData/SDKExplicitPrecompiledModules/_DarwinFoundation1-7SPX3MD0HMP55E4OLNCPNDQ53.pcm
SwiftExplicitDependencyGeneratePcm arm64 /Users/admin/builder/spi-builder-workspace/.derivedData/SDKExplicitPrecompiledModules/_DarwinFoundation1-7YQ9TVI7XTOGQU9OADRXP33D1.pcm
SwiftExplicitDependencyGeneratePcm arm64_32 /Users/admin/builder/spi-builder-workspace/.derivedData/SDKExplicitPrecompiledModules/_DarwinFoundation1-5SNIO0SFHX9KJZTLQGIPAPXUZ.pcm
SwiftExplicitDependencyGeneratePcm arm64_32 /Users/admin/builder/spi-builder-workspace/.derivedData/SDKExplicitPrecompiledModules/_DarwinFoundation1-2GWF9RFMPLQW4PDHS3NARVI3G.pcm
SwiftExplicitDependencyGeneratePcm arm64 /Users/admin/builder/spi-builder-workspace/.derivedData/SDKExplicitPrecompiledModules/_Builtin_limits-9GWPA2B0H20DYUNYHYCWKABJG.pcm
SwiftExplicitDependencyGeneratePcm arm64 /Users/admin/builder/spi-builder-workspace/.derivedData/SDKExplicitPrecompiledModules/_DarwinFoundation2-D0XAPJU49S5E9XMKYOFGSTB1Q.pcm
SwiftExplicitDependencyGeneratePcm arm64 /Users/admin/builder/spi-builder-workspace/.derivedData/SDKExplicitPrecompiledModules/_DarwinFoundation2-CUPL4FH2SA95GMALQP4M6O8UA.pcm
SwiftExplicitDependencyGeneratePcm arm64 /Users/admin/builder/spi-builder-workspace/.derivedData/SDKExplicitPrecompiledModules/_Builtin_limits-75TRA1C7IHYOFCG3KJXQVTHJ4.pcm
SwiftExplicitDependencyGeneratePcm arm64_32 /Users/admin/builder/spi-builder-workspace/.derivedData/SDKExplicitPrecompiledModules/_DarwinFoundation2-FP2Q8F1Q2HR151SBYKTU6Q8B.pcm
SwiftExplicitDependencyGeneratePcm arm64_32 /Users/admin/builder/spi-builder-workspace/.derivedData/SDKExplicitPrecompiledModules/_Builtin_limits-AQMEC9CLG0FZQN6TLGDQ6WF78.pcm
SwiftExplicitDependencyGeneratePcm arm64_32 /Users/admin/builder/spi-builder-workspace/.derivedData/SDKExplicitPrecompiledModules/_DarwinFoundation2-9MY8GOSYRO0M9MKNXF6D3MBNK.pcm
SwiftExplicitDependencyGeneratePcm arm64_32 /Users/admin/builder/spi-builder-workspace/.derivedData/SDKExplicitPrecompiledModules/_Builtin_limits-3VKBU2AFTD65PAJZ5CJ3LHFM2.pcm
SwiftExplicitDependencyGeneratePcm arm64 /Users/admin/builder/spi-builder-workspace/.derivedData/SDKExplicitPrecompiledModules/_Builtin_stdint-8XMILLJZEGRN2XG7XZUXZ5RLX.pcm
SwiftExplicitDependencyGeneratePcm arm64 /Users/admin/builder/spi-builder-workspace/.derivedData/SDKExplicitPrecompiledModules/sys_types-2KXQLI78OUCDP779AE68GZJ2.pcm
SwiftExplicitDependencyGeneratePcm arm64 /Users/admin/builder/spi-builder-workspace/.derivedData/SDKExplicitPrecompiledModules/string_h-E6PRXK75PHIPCZFWOFCQ3QBMK.pcm
SwiftExplicitDependencyGeneratePcm arm64 /Users/admin/builder/spi-builder-workspace/.derivedData/SDKExplicitPrecompiledModules/_Builtin_stdint-6TUACK4YPMARFT56PLIO388SJ.pcm
SwiftExplicitDependencyGeneratePcm arm64 /Users/admin/builder/spi-builder-workspace/.derivedData/SDKExplicitPrecompiledModules/sys_types-9KPVYINL86WUSHF45TU8PWZZ1.pcm
SwiftExplicitDependencyGeneratePcm arm64_32 /Users/admin/builder/spi-builder-workspace/.derivedData/SDKExplicitPrecompiledModules/_Builtin_stdint-6IWJLTRH2WB6RCG4THPA65RDS.pcm
SwiftExplicitDependencyGeneratePcm arm64_32 /Users/admin/builder/spi-builder-workspace/.derivedData/SDKExplicitPrecompiledModules/sys_types-65NN51P1G7GN2GUAUPC53JJ7N.pcm
SwiftExplicitDependencyGeneratePcm arm64_32 /Users/admin/builder/spi-builder-workspace/.derivedData/SDKExplicitPrecompiledModules/_Builtin_stdint-1HMXWI3V0V4TXHRWZOMZGZ80Y.pcm
SwiftExplicitDependencyGeneratePcm arm64_32 /Users/admin/builder/spi-builder-workspace/.derivedData/SDKExplicitPrecompiledModules/string_h-BFVLUQUSBZWYMLCU9QI7VZALW.pcm
SwiftExplicitDependencyGeneratePcm arm64_32 /Users/admin/builder/spi-builder-workspace/.derivedData/SDKExplicitPrecompiledModules/sys_types-8TLLMW08ZJWDGIIPKOYFGHHZW.pcm
SwiftExplicitDependencyGeneratePcm arm64 /Users/admin/builder/spi-builder-workspace/.derivedData/SDKExplicitPrecompiledModules/_DarwinFoundation3-B97LRG0E9GON2NUE65TVG81HU.pcm
SwiftExplicitDependencyGeneratePcm arm64 /Users/admin/builder/spi-builder-workspace/.derivedData/SDKExplicitPrecompiledModules/_DarwinFoundation3-EJXZKD8LN9EYM9OWP9VLJ49PK.pcm
SwiftExplicitDependencyGeneratePcm arm64_32 /Users/admin/builder/spi-builder-workspace/.derivedData/SDKExplicitPrecompiledModules/_DarwinFoundation3-3YOBOPIW2MF1LRNQH7JBUBY4G.pcm
SwiftExplicitDependencyGeneratePcm arm64_32 /Users/admin/builder/spi-builder-workspace/.derivedData/SDKExplicitPrecompiledModules/_DarwinFoundation3-3DUTYQDQSD9HUAAVY947NMWOI.pcm
SwiftExplicitDependencyGeneratePcm arm64 /Users/admin/builder/spi-builder-workspace/.derivedData/SDKExplicitPrecompiledModules/_Builtin_inttypes-3UQSCM7WNM9EK4HZML8TY5J3D.pcm
SwiftExplicitDependencyGeneratePcm arm64 /Users/admin/builder/spi-builder-workspace/.derivedData/SDKExplicitPrecompiledModules/_Builtin_inttypes-86YTNV5YADPJXFMJ82N3R4GWQ.pcm
SwiftExplicitDependencyGeneratePcm arm64_32 /Users/admin/builder/spi-builder-workspace/.derivedData/SDKExplicitPrecompiledModules/_Builtin_inttypes-BPZJ68HW1IMYWSHROAZ0IMUJP.pcm
SwiftExplicitDependencyGeneratePcm arm64_32 /Users/admin/builder/spi-builder-workspace/.derivedData/SDKExplicitPrecompiledModules/_Builtin_inttypes-D2KPCR4PEX9AQA33NGLUT5SBR.pcm
SwiftExplicitDependencyGeneratePcm arm64 /Users/admin/builder/spi-builder-workspace/.derivedData/SDKExplicitPrecompiledModules/Darwin-3984OXKFNSPE77NT743WK8SEX.pcm
SwiftExplicitDependencyGeneratePcm arm64 /Users/admin/builder/spi-builder-workspace/.derivedData/SDKExplicitPrecompiledModules/Darwin-CSB8C43KELVSFIQVR0803IZPN.pcm
SwiftExplicitDependencyGeneratePcm arm64_32 /Users/admin/builder/spi-builder-workspace/.derivedData/SDKExplicitPrecompiledModules/Darwin-10D35ZJWCWG7LJAF579U7I5V7.pcm
SwiftExplicitDependencyGeneratePcm arm64_32 /Users/admin/builder/spi-builder-workspace/.derivedData/SDKExplicitPrecompiledModules/Darwin-3FVT1SKLN2ZQ5RVOABMTQBB34.pcm
SwiftCompile normal arm64 Compiling\ NumpyConversion.swift /Users/admin/builder/spi-builder-workspace/.dependencies/checkouts/PythonKit/PythonKit/NumpyConversion.swift (in target 'PythonKit' from project 'PythonKit')
SwiftCompile normal arm64 /Users/admin/builder/spi-builder-workspace/.dependencies/checkouts/PythonKit/PythonKit/NumpyConversion.swift (in target 'PythonKit' from project 'PythonKit')
cd /Users/admin/builder/spi-builder-workspace/.swiftpm/xcode
builtin-SwiftPerFileCompile NumpyConversion.swift
SwiftCompile normal arm64 Compiling\ Python.swift /Users/admin/builder/spi-builder-workspace/.dependencies/checkouts/PythonKit/PythonKit/Python.swift (in target 'PythonKit' from project 'PythonKit')
SwiftCompile normal arm64 /Users/admin/builder/spi-builder-workspace/.dependencies/checkouts/PythonKit/PythonKit/Python.swift (in target 'PythonKit' from project 'PythonKit')
cd /Users/admin/builder/spi-builder-workspace/.swiftpm/xcode
builtin-SwiftPerFileCompile Python.swift
SwiftCompile normal arm64 Compiling\ PythonLibrary.swift /Users/admin/builder/spi-builder-workspace/.dependencies/checkouts/PythonKit/PythonKit/PythonLibrary.swift (in target 'PythonKit' from project 'PythonKit')
SwiftCompile normal arm64 /Users/admin/builder/spi-builder-workspace/.dependencies/checkouts/PythonKit/PythonKit/PythonLibrary.swift (in target 'PythonKit' from project 'PythonKit')
cd /Users/admin/builder/spi-builder-workspace/.swiftpm/xcode
builtin-SwiftPerFileCompile PythonLibrary.swift
SwiftEmitModule normal arm64 Emitting\ module\ for\ PythonKit (in target 'PythonKit' from project 'PythonKit')
/Users/admin/builder/spi-builder-workspace/.dependencies/checkouts/PythonKit/PythonKit/Python.swift:40:17: error: type referenced from a stored property in a '@frozen' struct must be '@usableFromInline' or public
26 | /// Typealias used when passing or returning a `PyObject` pointer with
27 | /// implied ownership.
28 | typealias OwnedPyObjectPointer = PyObjectPointer
| `- note: type declared here
29 |
30 | /// A primitive reference to a Python C API `PyObject`.
:
38 | @usableFromInline @_fixed_layout
39 | final class PyReference {
40 | private var pointer: OwnedPyObjectPointer
| `- error: type referenced from a stored property in a '@frozen' struct must be '@usableFromInline' or public
41 |
42 | // This `PyReference`, once deleted, will make no delta change to the
Failed frontend command:
/Applications/Xcode-27.0.0-Release.Candidate.app/Contents/Developer/Toolchains/XcodeDefault.xctoolchain/usr/bin/swift-frontend -frontend -emit-module -experimental-skip-non-inlinable-function-bodies-without-types /Users/admin/builder/spi-builder-workspace/.dependencies/checkouts/PythonKit/PythonKit/NumpyConversion.swift /Users/admin/builder/spi-builder-workspace/.dependencies/checkouts/PythonKit/PythonKit/Python.swift /Users/admin/builder/spi-builder-workspace/.dependencies/checkouts/PythonKit/PythonKit/PythonLibrary+Symbols.swift /Users/admin/builder/spi-builder-workspace/.dependencies/checkouts/PythonKit/PythonKit/PythonLibrary.swift -target arm64-apple-watchos9.0 -module-can-import-version Darwin 428.0.10 0 -disable-cross-import-overlay-search -swift-module-cross-import Darwin /Applications/Xcode-27.0.0-Release.Candidate.app/Contents/Developer/Platforms/WatchOS.platform/Developer/SDKs/WatchOS.sdk/usr/include/Darwin.swiftcrossimport/xlocale.swiftoverlay -load-resolved-plugin /Applications/Xcode-27.0.0-Release.Candidate.app/Contents/Developer/Platforms/WatchOS.platform/Developer/usr/lib/swift/host/plugins/libSwiftMacros.dylib\#/Applications/Xcode-27.0.0-Release.Candidate.app/Contents/Developer/Platforms/WatchOS.platform/Developer/usr/bin/swift-plugin-server\#SwiftMacros -disable-implicit-swift-modules -Xcc -fno-implicit-modules -Xcc -fno-implicit-module-maps -explicit-swift-module-map-file /Users/admin/builder/spi-builder-workspace/.derivedData/Build/Intermediates.noindex/PythonKit.build/Debug-watchos/PythonKit-t.build/Objects-normal/arm64/PythonKit-dependencies-1.json -Xllvm -aarch64-use-tbi -enable-objc-interop -stack-check -sdk /Applications/Xcode-27.0.0-Release.Candidate.app/Contents/Developer/Platforms/WatchOS.platform/Developer/SDKs/WatchOS27.0.sdk -I /Users/admin/builder/spi-builder-workspace/.derivedData/Build/Products/Debug-watchos -Isystem /Applications/Xcode-27.0.0-Release.Candidate.app/Contents/Developer/Platforms/WatchOS.platform/Developer/usr/lib -F /Users/admin/builder/spi-builder-workspace/.derivedData/Build/Products/Debug-watchos -F /Applications/Xcode-27.0.0-Release.Candidate.app/Contents/Developer/Platforms/WatchOS.platform/Developer/Library/Frameworks -F /Applications/Xcode-27.0.0-Release.Candidate.app/Contents/Developer/Platforms/WatchOS.platform/Developer/SDKs/WatchOS27.0.sdk/Developer/Library/Frameworks -module-cache-path /Users/admin/builder/spi-builder-workspace/.derivedData/Build/Intermediates.noindex/SwiftExplicitPrecompiledModules -no-color-diagnostics -Xcc -fno-color-diagnostics -enable-testing -g -debug-info-format\=dwarf -dwarf-version\=4 -suppress-warnings -profile-generate -profile-coverage-mapping -swift-version 5 -Onone -D SWIFT_PACKAGE -D DEBUG -D SWIFT_MODULE_RESOURCE_BUNDLE_UNAVAILABLE -D Xcode -serialize-debugging-options -enable-experimental-feature DebugDescriptionMacro -empty-abi-descriptor -validate-clang-modules-once -clang-build-session-file /Users/admin/builder/spi-builder-workspace/.derivedData/ModuleCache.noindex/Session.modulevalidation -Xcc -working-directory -Xcc /Users/admin/builder/spi-builder-workspace/.swiftpm/xcode -enable-anonymous-context-mangled-names -file-compilation-dir /Users/admin/builder/spi-builder-workspace/.swiftpm/xcode -Xcc -D_LIBCPP_HARDENING_MODE\=_LIBCPP_HARDENING_MODE_DEBUG -Xcc -ivfsstatcache -Xcc /Users/admin/builder/spi-builder-workspace/.derivedData/SDKStatCaches.noindex/watchos27.0-24R360-e829b21a6f8c9b70876ba0858053c04477534ef55a1706bf4c1112bbb242f0a2.sdkstatcache -Xcc -fmodules-prune-interval\=86400 -Xcc -fmodules-prune-after\=345600 -Xcc -I/Users/admin/builder/spi-builder-workspace/.derivedData/Build/Products/Debug-watchos/include -Xcc -I/Users/admin/builder/spi-builder-workspace/.derivedData/Build/Intermediates.noindex/PythonKit.build/Debug-watchos/PythonKit-t.build/DerivedSources-normal/arm64 -Xcc -I/Users/admin/builder/spi-builder-workspace/.derivedData/Build/Intermediates.noindex/PythonKit.build/Debug-watchos/PythonKit-t.build/DerivedSources/arm64 -Xcc -I/Users/admin/builder/spi-builder-workspace/.derivedData/Build/Intermediates.noindex/PythonKit.build/Debug-watchos/PythonKit-t.build/DerivedSources -Xcc -DSWIFT_PACKAGE -Xcc -DDEBUG\=1 -no-auto-bridging-header-chaining -module-name PythonKit -const-gather-protocols-file /Users/admin/builder/spi-builder-workspace/.derivedData/Build/Intermediates.noindex/PythonKit.build/Debug-watchos/PythonKit-t.build/Objects-normal/arm64/PythonKit_const_extract_protocols.json -disable-clang-spi -clang-target arm64-apple-watchos27.0 -target-sdk-version 27.0 -target-sdk-name watchos27.0 -in-process-plugin-server-path /Applications/Xcode-27.0.0-Release.Candidate.app/Contents/Developer/Toolchains/XcodeDefault.xctoolchain/usr/lib/swift/host/libSwiftInProcPluginServer.dylib -emit-module-doc-path /Users/admin/builder/spi-builder-workspace/.derivedData/Build/Intermediates.noindex/PythonKit.build/Debug-watchos/PythonKit-t.build/Objects-normal/arm64/PythonKit.swiftdoc -emit-module-source-info-path /Users/admin/builder/spi-builder-workspace/.derivedData/Build/Intermediates.noindex/PythonKit.build/Debug-watchos/PythonKit-t.build/Objects-normal/arm64/PythonKit.swiftsourceinfo -emit-objc-header-path /Users/admin/builder/spi-builder-workspace/.derivedData/Build/Intermediates.noindex/PythonKit.build/Debug-watchos/PythonKit-t.build/Objects-normal/arm64/PythonKit-Swift.h -serialize-diagnostics-path /Users/admin/builder/spi-builder-workspace/.derivedData/Build/Intermediates.noindex/PythonKit.build/Debug-watchos/PythonKit-t.build/Objects-normal/arm64/PythonKit-primary-emit-module.dia -emit-dependencies-path /Users/admin/builder/spi-builder-workspace/.derivedData/Build/Intermediates.noindex/PythonKit.build/Debug-watchos/PythonKit-t.build/Objects-normal/arm64/PythonKit-primary-emit-module.d -parse-as-library -o /Users/admin/builder/spi-builder-workspace/.derivedData/Build/Intermediates.noindex/PythonKit.build/Debug-watchos/PythonKit-t.build/Objects-normal/arm64/PythonKit.swiftmodule -emit-abi-descriptor-path /Users/admin/builder/spi-builder-workspace/.derivedData/Build/Intermediates.noindex/PythonKit.build/Debug-watchos/PythonKit-t.build/Objects-normal/arm64/PythonKit.abi.json
SwiftCompile normal arm64 (in target 'PythonKit' from project 'PythonKit')
cd /Users/admin/builder/spi-builder-workspace/.swiftpm/xcode
SwiftExplicitDependencyGeneratePcm arm64 /Users/admin/builder/spi-builder-workspace/.derivedData/SDKExplicitPrecompiledModules/ObjectiveC-72IVD3VS2RS8Q28D9PIMY0KQP.pcm
SwiftCompile normal arm64 Compiling\ PythonLibrary+Symbols.swift /Users/admin/builder/spi-builder-workspace/.dependencies/checkouts/PythonKit/PythonKit/PythonLibrary+Symbols.swift (in target 'PythonKit' from project 'PythonKit')
SwiftCompile normal arm64 /Users/admin/builder/spi-builder-workspace/.dependencies/checkouts/PythonKit/PythonKit/PythonLibrary+Symbols.swift (in target 'PythonKit' from project 'PythonKit')
cd /Users/admin/builder/spi-builder-workspace/.swiftpm/xcode
builtin-SwiftPerFileCompile PythonLibrary+Symbols.swift
SwiftEmitModule normal arm64 Emitting\ module\ for\ Logging (in target 'Logging' from project 'swift-log')
SwiftCompile normal arm64 (in target 'Logging' from project 'swift-log')
cd /Users/admin/builder/spi-builder-workspace/.swiftpm/xcode
SwiftCompile normal arm64 Compiling\ LogEvent.swift /Users/admin/builder/spi-builder-workspace/.dependencies/checkouts/swift-log/Sources/Logging/LogEvent.swift (in target 'Logging' from project 'swift-log')
SwiftCompile normal arm64 /Users/admin/builder/spi-builder-workspace/.dependencies/checkouts/swift-log/Sources/Logging/LogEvent.swift (in target 'Logging' from project 'swift-log')
cd /Users/admin/builder/spi-builder-workspace/.swiftpm/xcode
builtin-SwiftPerFileCompile LogEvent.swift
SwiftCompile normal arm64 Compiling\ LoggingSystem.swift /Users/admin/builder/spi-builder-workspace/.dependencies/checkouts/swift-log/Sources/Logging/LoggingSystem.swift (in target 'Logging' from project 'swift-log')
SwiftCompile normal arm64 /Users/admin/builder/spi-builder-workspace/.dependencies/checkouts/swift-log/Sources/Logging/LoggingSystem.swift (in target 'Logging' from project 'swift-log')
cd /Users/admin/builder/spi-builder-workspace/.swiftpm/xcode
builtin-SwiftPerFileCompile LoggingSystem.swift
SwiftEmitModule normal arm64_32 Emitting\ module\ for\ PythonKit (in target 'PythonKit' from project 'PythonKit')
SwiftCompile normal arm64_32 (in target 'PythonKit' from project 'PythonKit')
cd /Users/admin/builder/spi-builder-workspace/.swiftpm/xcode
SwiftEmitModule normal arm64_32 Emitting\ module\ for\ Logging (in target 'Logging' from project 'swift-log')
SwiftCompile normal arm64_32 (in target 'Logging' from project 'swift-log')
cd /Users/admin/builder/spi-builder-workspace/.swiftpm/xcode
SwiftExplicitDependencyGeneratePcm arm64 /Users/admin/builder/spi-builder-workspace/.derivedData/SDKExplicitPrecompiledModules/os_object-3SDKD7F87FTZ26OON37DRYT6O.pcm
PruneExplicitPrecompiledModules /Users/admin/builder/spi-builder-workspace/.derivedData/Build/Intermediates.noindex/ExplicitPrecompiledModules
PruneExplicitPrecompiledModules /Users/admin/builder/spi-builder-workspace/.derivedData/SDKExplicitPrecompiledModules
PruneExplicitPrecompiledModules /Users/admin/builder/spi-builder-workspace/.derivedData/Build/Intermediates.noindex/SwiftExplicitPrecompiledModules
2026-09-16 18:33:04.902 xcodebuild[886:5203] [MT] IDERunDestination: Supported platforms for the buildables in the current scheme is empty.
** BUILD FAILED **
The following build commands failed:
SwiftEmitModule normal arm64 Emitting\ module\ for\ PythonKit (in target 'PythonKit' from project 'PythonKit')
SwiftCompile normal arm64 (in target 'PythonKit' from project 'PythonKit')
Building workspace SwiftXGBoost with scheme SwiftXGBoost-Package
(3 failures)
Command line invocation:
/Applications/Xcode-27.0.0-Release.Candidate.app/Contents/Developer/usr/bin/xcodebuild -IDEClonedSourcePackagesDirPathOverride=/Users/admin/builder/spi-builder-workspace/.dependencies -resolvePackageDependencies
Resolve Package Graph
failed to retrieve search paths with pkg-config; maybe pkg-config is not installedyou may be able to install xgboost using your system-packager:
brew install xgboost
you may be able to install freetype2 using your system-packager:
brew install freetype2
Resolved source packages:
Rainbow: https://github.com/onevcat/Rainbow @ 3.2.0
SwiftXGBoost: /Users/admin/builder/spi-builder-workspace
swift-log: https://github.com/apple/swift-log.git @ 1.15.1
LoggerKit: https://github.com/kongzii/LoggerKit.git @ 0.0.0
SwiftPlot: https://github.com/KarthikRIyer/swiftplot.git @ 2.0.0
swift-argument-parser: https://github.com/apple/swift-argument-parser @ 0.0.6
PythonKit: https://github.com/kongzii/PythonKit @ 0.0.1
resolved source packages: Rainbow, SwiftXGBoost, swift-log, LoggerKit, SwiftPlot, swift-argument-parser, PythonKit
2026-09-16 18:33:10.474 xcodebuild[1035:5930] [MT] IDERunDestination: Supported platforms for the buildables in the current scheme is empty.
{
"dependencies" : [
{
"identity" : "pythonkit",
"requirement" : {
"exact" : [
"0.0.1"
]
},
"type" : "sourceControl",
"url" : "https://github.com/kongzii/PythonKit"
},
{
"identity" : "swiftplot",
"requirement" : {
"range" : [
{
"lower_bound" : "2.0.0",
"upper_bound" : "3.0.0"
}
]
},
"type" : "sourceControl",
"url" : "https://github.com/KarthikRIyer/swiftplot.git"
},
{
"identity" : "swift-log",
"requirement" : {
"range" : [
{
"lower_bound" : "1.0.0",
"upper_bound" : "2.0.0"
}
]
},
"type" : "sourceControl",
"url" : "https://github.com/apple/swift-log.git"
}
],
"manifest_display_name" : "SwiftXGBoost",
"name" : "SwiftXGBoost",
"path" : "/Users/admin/builder/spi-builder-workspace",
"platforms" : [
{
"name" : "macos",
"version" : "10.13"
}
],
"products" : [
{
"name" : "XGBoost",
"targets" : [
"XGBoost"
],
"type" : {
"library" : [
"automatic"
]
}
},
{
"name" : "CXGBoost",
"targets" : [
"CXGBoost"
],
"type" : {
"library" : [
"automatic"
]
}
},
{
"name" : "PredictLeafIndices",
"targets" : [
"PredictLeafIndices"
],
"type" : {
"executable" : null
}
},
{
"name" : "PredictFirstNTree",
"targets" : [
"PredictFirstNTree"
],
"type" : {
"executable" : null
}
},
{
"name" : "GeneralizedLinearModel",
"targets" : [
"GeneralizedLinearModel"
],
"type" : {
"executable" : null
}
},
{
"name" : "ExternalMemory",
"targets" : [
"ExternalMemory"
],
"type" : {
"executable" : null
}
},
{
"name" : "EvalsResult",
"targets" : [
"EvalsResult"
],
"type" : {
"executable" : null
}
},
{
"name" : "CustomObjective",
"targets" : [
"CustomObjective"
],
"type" : {
"executable" : null
}
},
{
"name" : "CrossValidation",
"targets" : [
"CrossValidation"
],
"type" : {
"executable" : null
}
},
{
"name" : "BoostFromPrediction",
"targets" : [
"BoostFromPrediction"
],
"type" : {
"executable" : null
}
},
{
"name" : "AftSurvival",
"targets" : [
"AftSurvival"
],
"type" : {
"executable" : null
}
}
],
"targets" : [
{
"c99name" : "XGBoostTests",
"module_type" : "SwiftTarget",
"name" : "XGBoostTests",
"path" : "Tests/XGBoostTests",
"product_dependencies" : [
"PythonKit"
],
"sources" : [
"ArrayTests.swift",
"BoosterTests.swift",
"CrossValidationTests.swift",
"DMatrixTests.swift",
"ExampleTests.swift",
"PlotTests.swift",
"PythonTests.swift",
"TensorFlowTests.swift",
"TrainTests.swift",
"Utilities.swift",
"XCTestManifests.swift",
"XGBoostDocsTests.swift"
],
"target_dependencies" : [
"XGBoost"
],
"type" : "test"
},
{
"c99name" : "XGBoost",
"module_type" : "SwiftTarget",
"name" : "XGBoost",
"path" : "Sources/XGBoost",
"product_dependencies" : [
"Logging",
"PythonKit",
"SwiftPlot",
"SVGRenderer"
],
"product_memberships" : [
"XGBoost",
"PredictLeafIndices",
"PredictFirstNTree",
"GeneralizedLinearModel",
"ExternalMemory",
"EvalsResult",
"CustomObjective",
"CrossValidation",
"BoostFromPrediction",
"AftSurvival"
],
"sources" : [
"Array.swift",
"Booster.swift",
"CrossValidation.swift",
"DMatrix.swift",
"Dictionary.swift",
"Enums.swift",
"Feature.swift",
"Logging.swift",
"Parameter.swift",
"Plot.swift",
"Python.swift",
"Safe.swift",
"String.swift",
"TensorFlow.swift",
"Train.swift"
],
"target_dependencies" : [
"CXGBoost"
],
"type" : "library"
},
{
"c99name" : "PredictLeafIndices",
"module_type" : "SwiftTarget",
"name" : "PredictLeafIndices",
"path" : "Examples/PredictLeafIndices",
"product_dependencies" : [
"PythonKit"
],
"product_memberships" : [
"PredictLeafIndices"
],
"sources" : [
"main.swift"
],
"target_dependencies" : [
"XGBoost"
],
"type" : "executable"
},
{
"c99name" : "PredictFirstNTree",
"module_type" : "SwiftTarget",
"name" : "PredictFirstNTree",
"path" : "Examples/PredictFirstNTree",
"product_dependencies" : [
"PythonKit"
],
"product_memberships" : [
"PredictFirstNTree"
],
"sources" : [
"main.swift"
],
"target_dependencies" : [
"XGBoost"
],
"type" : "executable"
},
{
"c99name" : "GeneralizedLinearModel",
"module_type" : "SwiftTarget",
"name" : "GeneralizedLinearModel",
"path" : "Examples/GeneralizedLinearModel",
"product_dependencies" : [
"PythonKit"
],
"product_memberships" : [
"GeneralizedLinearModel"
],
"sources" : [
"main.swift"
],
"target_dependencies" : [
"XGBoost"
],
"type" : "executable"
},
{
"c99name" : "ExternalMemory",
"module_type" : "SwiftTarget",
"name" : "ExternalMemory",
"path" : "Examples/ExternalMemory",
"product_dependencies" : [
"PythonKit"
],
"product_memberships" : [
"ExternalMemory"
],
"sources" : [
"main.swift"
],
"target_dependencies" : [
"XGBoost"
],
"type" : "executable"
},
{
"c99name" : "EvalsResult",
"module_type" : "SwiftTarget",
"name" : "EvalsResult",
"path" : "Examples/EvalsResult",
"product_dependencies" : [
"PythonKit"
],
"product_memberships" : [
"EvalsResult"
],
"sources" : [
"main.swift"
],
"target_dependencies" : [
"XGBoost"
],
"type" : "executable"
},
{
"c99name" : "CustomObjective",
"module_type" : "SwiftTarget",
"name" : "CustomObjective",
"path" : "Examples/CustomObjective",
"product_dependencies" : [
"PythonKit"
],
"product_memberships" : [
"CustomObjective"
],
"sources" : [
"main.swift"
],
"target_dependencies" : [
"XGBoost"
],
"type" : "executable"
},
{
"c99name" : "CrossValidation",
"module_type" : "SwiftTarget",
"name" : "CrossValidation",
"path" : "Examples/CrossValidation",
"product_dependencies" : [
"PythonKit"
],
"product_memberships" : [
"CrossValidation"
],
"sources" : [
"main.swift"
],
"target_dependencies" : [
"XGBoost"
],
"type" : "executable"
},
{
"c99name" : "CXGBoost",
"module_type" : "SystemLibraryTarget",
"name" : "CXGBoost",
"path" : "Sources/CXGBoost",
"product_memberships" : [
"XGBoost",
"CXGBoost",
"PredictLeafIndices",
"PredictFirstNTree",
"GeneralizedLinearModel",
"ExternalMemory",
"EvalsResult",
"CustomObjective",
"CrossValidation",
"BoostFromPrediction",
"AftSurvival"
],
"sources" : [
],
"type" : "system-target"
},
{
"c99name" : "BoostFromPrediction",
"module_type" : "SwiftTarget",
"name" : "BoostFromPrediction",
"path" : "Examples/BoostFromPrediction",
"product_dependencies" : [
"PythonKit"
],
"product_memberships" : [
"BoostFromPrediction"
],
"sources" : [
"main.swift"
],
"target_dependencies" : [
"XGBoost"
],
"type" : "executable"
},
{
"c99name" : "AftSurvival",
"module_type" : "SwiftTarget",
"name" : "AftSurvival",
"path" : "Examples/AftSurvival",
"product_dependencies" : [
"PythonKit"
],
"product_memberships" : [
"AftSurvival"
],
"sources" : [
"main.swift"
],
"target_dependencies" : [
"XGBoost"
],
"type" : "executable"
}
],
"tools_version" : "5.1"
}
{
"workspace" : {
"name" : "SwiftXGBoost",
"schemes" : [
"AftSurvival",
"BoostFromPrediction",
"CrossValidation",
"CustomObjective",
"EvalsResult",
"ExternalMemory",
"GeneralizedLinearModel",
"PredictFirstNTree",
"PredictLeafIndices",
"SwiftXGBoost-Package",
"XGBoost"
]
}
}
2026-09-16 18:33:11.837 xcodebuild[1050:6007] [MT] IDERunDestination: Supported platforms for the buildables in the current scheme is empty.
Running build ...
env DEVELOPER_DIR=/Applications/Xcode-27.0.0-Release.Candidate.app xcrun xcodebuild -IDEClonedSourcePackagesDirPathOverride=$PWD/.dependencies -skipMacroValidation -skipPackagePluginValidation -derivedDataPath $PWD/.derivedData build -scheme SwiftXGBoost-Package -destination generic/platform=watchOS
Command line invocation:
/Applications/Xcode-27.0.0-Release.Candidate.app/Contents/Developer/usr/bin/xcodebuild -IDEClonedSourcePackagesDirPathOverride=/Users/admin/builder/spi-builder-workspace/.dependencies -skipMacroValidation -skipPackagePluginValidation -derivedDataPath /Users/admin/builder/spi-builder-workspace/.derivedData build -scheme SwiftXGBoost-Package -destination generic/platform=watchOS
Resolve Package Graph
failed to retrieve search paths with pkg-config; maybe pkg-config is not installedyou may be able to install xgboost using your system-packager:
brew install xgboost
you may be able to install freetype2 using your system-packager:
brew install freetype2
Resolved source packages:
SwiftPlot: https://github.com/KarthikRIyer/swiftplot.git @ 2.0.0
swift-log: https://github.com/apple/swift-log.git @ 1.15.1
LoggerKit: https://github.com/kongzii/LoggerKit.git @ 0.0.0
PythonKit: https://github.com/kongzii/PythonKit @ 0.0.1
swift-argument-parser: https://github.com/apple/swift-argument-parser @ 0.0.6
SwiftXGBoost: /Users/admin/builder/spi-builder-workspace
Rainbow: https://github.com/onevcat/Rainbow @ 3.2.0
ComputePackagePrebuildTargetDependencyGraph
Prepare packages
CreateBuildRequest
SendProjectDescription
CreateBuildOperation
ComputeTargetDependencyGraph
note: Building targets in dependency order
note: Target dependency graph (20 targets)
Target 'AftSurvival-product' in project 'SwiftXGBoost'
➜ Explicit dependency on target 'CXGBoost' in project 'SwiftXGBoost'
➜ Explicit dependency on target 'XGBoost' in project 'SwiftXGBoost'
➜ Explicit dependency on target 'Logging-product' in project 'swift-log'
➜ Explicit dependency on target 'PythonKit-product' in project 'PythonKit'
➜ Explicit dependency on target 'SwiftPlot-product' in project 'SwiftPlot'
➜ Explicit dependency on target 'SVGRenderer-product' in project 'SwiftPlot'
Target 'BoostFromPrediction-product' in project 'SwiftXGBoost'
➜ Explicit dependency on target 'CXGBoost' in project 'SwiftXGBoost'
➜ Explicit dependency on target 'XGBoost' in project 'SwiftXGBoost'
➜ Explicit dependency on target 'Logging-product' in project 'swift-log'
➜ Explicit dependency on target 'PythonKit-product' in project 'PythonKit'
➜ Explicit dependency on target 'SwiftPlot-product' in project 'SwiftPlot'
➜ Explicit dependency on target 'SVGRenderer-product' in project 'SwiftPlot'
Target 'CrossValidation-product' in project 'SwiftXGBoost'
➜ Explicit dependency on target 'CXGBoost' in project 'SwiftXGBoost'
➜ Explicit dependency on target 'XGBoost' in project 'SwiftXGBoost'
➜ Explicit dependency on target 'Logging-product' in project 'swift-log'
➜ Explicit dependency on target 'PythonKit-product' in project 'PythonKit'
➜ Explicit dependency on target 'SwiftPlot-product' in project 'SwiftPlot'
➜ Explicit dependency on target 'SVGRenderer-product' in project 'SwiftPlot'
Target 'CustomObjective-product' in project 'SwiftXGBoost'
➜ Explicit dependency on target 'CXGBoost' in project 'SwiftXGBoost'
➜ Explicit dependency on target 'XGBoost' in project 'SwiftXGBoost'
➜ Explicit dependency on target 'Logging-product' in project 'swift-log'
➜ Explicit dependency on target 'PythonKit-product' in project 'PythonKit'
➜ Explicit dependency on target 'SwiftPlot-product' in project 'SwiftPlot'
➜ Explicit dependency on target 'SVGRenderer-product' in project 'SwiftPlot'
Target 'EvalsResult-product' in project 'SwiftXGBoost'
➜ Explicit dependency on target 'CXGBoost' in project 'SwiftXGBoost'
➜ Explicit dependency on target 'XGBoost' in project 'SwiftXGBoost'
➜ Explicit dependency on target 'Logging-product' in project 'swift-log'
➜ Explicit dependency on target 'PythonKit-product' in project 'PythonKit'
➜ Explicit dependency on target 'SwiftPlot-product' in project 'SwiftPlot'
➜ Explicit dependency on target 'SVGRenderer-product' in project 'SwiftPlot'
Target 'ExternalMemory-product' in project 'SwiftXGBoost'
➜ Explicit dependency on target 'CXGBoost' in project 'SwiftXGBoost'
➜ Explicit dependency on target 'XGBoost' in project 'SwiftXGBoost'
➜ Explicit dependency on target 'Logging-product' in project 'swift-log'
➜ Explicit dependency on target 'PythonKit-product' in project 'PythonKit'
➜ Explicit dependency on target 'SwiftPlot-product' in project 'SwiftPlot'
➜ Explicit dependency on target 'SVGRenderer-product' in project 'SwiftPlot'
Target 'GeneralizedLinearModel-product' in project 'SwiftXGBoost'
➜ Explicit dependency on target 'CXGBoost' in project 'SwiftXGBoost'
➜ Explicit dependency on target 'XGBoost' in project 'SwiftXGBoost'
➜ Explicit dependency on target 'Logging-product' in project 'swift-log'
➜ Explicit dependency on target 'PythonKit-product' in project 'PythonKit'
➜ Explicit dependency on target 'SwiftPlot-product' in project 'SwiftPlot'
➜ Explicit dependency on target 'SVGRenderer-product' in project 'SwiftPlot'
Target 'PredictFirstNTree-product' in project 'SwiftXGBoost'
➜ Explicit dependency on target 'CXGBoost' in project 'SwiftXGBoost'
➜ Explicit dependency on target 'XGBoost' in project 'SwiftXGBoost'
➜ Explicit dependency on target 'Logging-product' in project 'swift-log'
➜ Explicit dependency on target 'PythonKit-product' in project 'PythonKit'
➜ Explicit dependency on target 'SwiftPlot-product' in project 'SwiftPlot'
➜ Explicit dependency on target 'SVGRenderer-product' in project 'SwiftPlot'
Target 'PredictLeafIndices-product' in project 'SwiftXGBoost'
➜ Explicit dependency on target 'CXGBoost' in project 'SwiftXGBoost'
➜ Explicit dependency on target 'XGBoost' in project 'SwiftXGBoost'
➜ Explicit dependency on target 'Logging-product' in project 'swift-log'
➜ Explicit dependency on target 'PythonKit-product' in project 'PythonKit'
➜ Explicit dependency on target 'SwiftPlot-product' in project 'SwiftPlot'
➜ Explicit dependency on target 'SVGRenderer-product' in project 'SwiftPlot'
Target 'XGBoost-product' in project 'SwiftXGBoost'
➜ Explicit dependency on target 'XGBoost' in project 'SwiftXGBoost'
➜ Explicit dependency on target 'Logging-product' in project 'swift-log'
➜ Explicit dependency on target 'PythonKit-product' in project 'PythonKit'
➜ Explicit dependency on target 'SwiftPlot-product' in project 'SwiftPlot'
➜ Explicit dependency on target 'SVGRenderer-product' in project 'SwiftPlot'
Target 'XGBoost' in project 'SwiftXGBoost'
➜ Explicit dependency on target 'CXGBoost' in project 'SwiftXGBoost'
➜ Explicit dependency on target 'Logging-product' in project 'swift-log'
➜ Explicit dependency on target 'PythonKit-product' in project 'PythonKit'
➜ Explicit dependency on target 'SwiftPlot-product' in project 'SwiftPlot'
➜ Explicit dependency on target 'SVGRenderer-product' in project 'SwiftPlot'
Target 'SVGRenderer-product' in project 'SwiftPlot'
➜ Explicit dependency on target 'SVGRenderer' in project 'SwiftPlot'
➜ Explicit dependency on target 'SwiftPlot' in project 'SwiftPlot'
Target 'SVGRenderer' in project 'SwiftPlot'
➜ Explicit dependency on target 'SwiftPlot' in project 'SwiftPlot'
Target 'SwiftPlot-product' in project 'SwiftPlot'
➜ Explicit dependency on target 'SwiftPlot' in project 'SwiftPlot'
Target 'SwiftPlot' in project 'SwiftPlot' (no dependencies)
Target 'PythonKit-product' in project 'PythonKit'
➜ Explicit dependency on target 'PythonKit' in project 'PythonKit'
Target 'PythonKit' in project 'PythonKit' (no dependencies)
Target 'Logging-product' in project 'swift-log'
➜ Explicit dependency on target 'Logging' in project 'swift-log'
Target 'Logging' in project 'swift-log' (no dependencies)
Target 'CXGBoost' in project 'SwiftXGBoost' (no dependencies)
GatherProvisioningInputs
CreateBuildDescription
ClangStatCache /Applications/Xcode-27.0.0-Release.Candidate.app/Contents/Developer/Toolchains/XcodeDefault.xctoolchain/usr/bin/clang-stat-cache /Applications/Xcode-27.0.0-Release.Candidate.app/Contents/Developer/Platforms/WatchOS.platform/Developer/SDKs/WatchOS27.0.sdk /Users/admin/builder/spi-builder-workspace/.derivedData/SDKStatCaches.noindex/watchos27.0-24R360-e829b21a6f8c9b70876ba0858053c04477534ef55a1706bf4c1112bbb242f0a2.sdkstatcache
cd /Users/admin/builder/spi-builder-workspace/.swiftpm/xcode
/Applications/Xcode-27.0.0-Release.Candidate.app/Contents/Developer/Toolchains/XcodeDefault.xctoolchain/usr/bin/clang-stat-cache /Applications/Xcode-27.0.0-Release.Candidate.app/Contents/Developer/Platforms/WatchOS.platform/Developer/SDKs/WatchOS27.0.sdk -o /Users/admin/builder/spi-builder-workspace/.derivedData/SDKStatCaches.noindex/watchos27.0-24R360-e829b21a6f8c9b70876ba0858053c04477534ef55a1706bf4c1112bbb242f0a2.sdkstatcache
SwiftDriver SwiftPlot normal arm64_32 com.apple.xcode.tools.swift.compiler (in target 'SwiftPlot' from project 'SwiftPlot')
cd /Users/admin/builder/spi-builder-workspace/.swiftpm/xcode
builtin-SwiftDriver -- /Applications/Xcode-27.0.0-Release.Candidate.app/Contents/Developer/Toolchains/XcodeDefault.xctoolchain/usr/bin/swiftc -parse-as-library -module-name SwiftPlot -Onone @/Users/admin/builder/spi-builder-workspace/.derivedData/Build/Intermediates.noindex/SwiftPlot.build/Debug-watchos/SwiftPlot-t.build/Objects-normal/arm64_32/SwiftPlot.SwiftFileList -DSWIFT_PACKAGE -DDEBUG -DSWIFT_MODULE_RESOURCE_BUNDLE_UNAVAILABLE -DXcode -plugin-path /Applications/Xcode-27.0.0-Release.Candidate.app/Contents/Developer/Toolchains/XcodeDefault.xctoolchain/usr/lib/swift/host/plugins/testing -enable-experimental-feature DebugDescriptionMacro -sdk /Applications/Xcode-27.0.0-Release.Candidate.app/Contents/Developer/Platforms/WatchOS.platform/Developer/SDKs/WatchOS27.0.sdk -target arm64_32-apple-watchos9.0 -g -module-cache-path /Users/admin/builder/spi-builder-workspace/.derivedData/ModuleCache.noindex -Xfrontend -serialize-debugging-options -profile-coverage-mapping -profile-generate -enable-testing -suppress-warnings -index-store-path /Users/admin/builder/spi-builder-workspace/.derivedData/Index.noindex/DataStore -Xcc -D_LIBCPP_HARDENING_MODE\=_LIBCPP_HARDENING_MODE_DEBUG -swift-version 5 -I /Users/admin/builder/spi-builder-workspace/.derivedData/Build/Products/Debug-watchos -Isystem /Applications/Xcode-27.0.0-Release.Candidate.app/Contents/Developer/Platforms/WatchOS.platform/Developer/usr/lib -F /Users/admin/builder/spi-builder-workspace/.derivedData/Build/Products/Debug-watchos -F /Applications/Xcode-27.0.0-Release.Candidate.app/Contents/Developer/Platforms/WatchOS.platform/Developer/Library/Frameworks -F /Applications/Xcode-27.0.0-Release.Candidate.app/Contents/Developer/Platforms/WatchOS.platform/Developer/SDKs/WatchOS27.0.sdk/Developer/Library/Frameworks -c -j10 -enable-batch-mode -incremental -Xcc -ivfsstatcache -Xcc /Users/admin/builder/spi-builder-workspace/.derivedData/SDKStatCaches.noindex/watchos27.0-24R360-e829b21a6f8c9b70876ba0858053c04477534ef55a1706bf4c1112bbb242f0a2.sdkstatcache -output-file-map /Users/admin/builder/spi-builder-workspace/.derivedData/Build/Intermediates.noindex/SwiftPlot.build/Debug-watchos/SwiftPlot-t.build/Objects-normal/arm64_32/SwiftPlot-OutputFileMap.json -save-temps -no-color-diagnostics -explicit-module-build -module-cache-path /Users/admin/builder/spi-builder-workspace/.derivedData/Build/Intermediates.noindex/SwiftExplicitPrecompiledModules -clang-scanner-module-cache-path /Users/admin/builder/spi-builder-workspace/.derivedData/ModuleCache.noindex -sdk-module-cache-path /Users/admin/builder/spi-builder-workspace/.derivedData/SDKExplicitPrecompiledModules -emit-dependencies -emit-module -emit-module-path /Users/admin/builder/spi-builder-workspace/.derivedData/Build/Intermediates.noindex/SwiftPlot.build/Debug-watchos/SwiftPlot-t.build/Objects-normal/arm64_32/SwiftPlot.swiftmodule -serialize-diagnostics -dependency-scan-serialize-diagnostics-path /Users/admin/builder/spi-builder-workspace/.derivedData/Build/Intermediates.noindex/SwiftPlot.build/Debug-watchos/SwiftPlot-t.build/Objects-normal/arm64_32/SwiftPlot-dependency-scan.dia -validate-clang-modules-once -clang-build-session-file /Users/admin/builder/spi-builder-workspace/.derivedData/ModuleCache.noindex/Session.modulevalidation -Xcc -fmodules-prune-interval\=86400 -Xcc -fmodules-prune-after\=345600 -emit-const-values -const-gather-protocols-list /Users/admin/builder/spi-builder-workspace/.derivedData/Build/Intermediates.noindex/SwiftPlot.build/Debug-watchos/SwiftPlot-t.build/Objects-normal/arm64_32/SwiftPlot_const_extract_protocols.json -Xcc -I/Users/admin/builder/spi-builder-workspace/.derivedData/Build/Products/Debug-watchos/include -Xcc -I/Users/admin/builder/spi-builder-workspace/.derivedData/Build/Intermediates.noindex/SwiftPlot.build/Debug-watchos/SwiftPlot-t.build/DerivedSources-normal/arm64_32 -Xcc -I/Users/admin/builder/spi-builder-workspace/.derivedData/Build/Intermediates.noindex/SwiftPlot.build/Debug-watchos/SwiftPlot-t.build/DerivedSources/arm64_32 -Xcc -I/Users/admin/builder/spi-builder-workspace/.derivedData/Build/Intermediates.noindex/SwiftPlot.build/Debug-watchos/SwiftPlot-t.build/DerivedSources -Xcc -DSWIFT_PACKAGE -Xcc -DDEBUG\=1 -emit-objc-header -emit-objc-header-path /Users/admin/builder/spi-builder-workspace/.derivedData/Build/Intermediates.noindex/SwiftPlot.build/Debug-watchos/SwiftPlot-t.build/Objects-normal/arm64_32/SwiftPlot-Swift.h -working-directory /Users/admin/builder/spi-builder-workspace/.swiftpm/xcode -experimental-emit-module-separately -disable-cmo
SwiftDriver PythonKit normal arm64 com.apple.xcode.tools.swift.compiler (in target 'PythonKit' from project 'PythonKit')
cd /Users/admin/builder/spi-builder-workspace/.swiftpm/xcode
builtin-SwiftDriver -- /Applications/Xcode-27.0.0-Release.Candidate.app/Contents/Developer/Toolchains/XcodeDefault.xctoolchain/usr/bin/swiftc -parse-as-library -module-name PythonKit -Onone @/Users/admin/builder/spi-builder-workspace/.derivedData/Build/Intermediates.noindex/PythonKit.build/Debug-watchos/PythonKit-t.build/Objects-normal/arm64/PythonKit.SwiftFileList -DSWIFT_PACKAGE -DDEBUG -DSWIFT_MODULE_RESOURCE_BUNDLE_UNAVAILABLE -DXcode -plugin-path /Applications/Xcode-27.0.0-Release.Candidate.app/Contents/Developer/Toolchains/XcodeDefault.xctoolchain/usr/lib/swift/host/plugins/testing -enable-experimental-feature DebugDescriptionMacro -sdk /Applications/Xcode-27.0.0-Release.Candidate.app/Contents/Developer/Platforms/WatchOS.platform/Developer/SDKs/WatchOS27.0.sdk -target arm64-apple-watchos9.0 -g -module-cache-path /Users/admin/builder/spi-builder-workspace/.derivedData/ModuleCache.noindex -Xfrontend -serialize-debugging-options -profile-coverage-mapping -profile-generate -enable-testing -suppress-warnings -index-store-path /Users/admin/builder/spi-builder-workspace/.derivedData/Index.noindex/DataStore -Xcc -D_LIBCPP_HARDENING_MODE\=_LIBCPP_HARDENING_MODE_DEBUG -swift-version 5 -I /Users/admin/builder/spi-builder-workspace/.derivedData/Build/Products/Debug-watchos -Isystem /Applications/Xcode-27.0.0-Release.Candidate.app/Contents/Developer/Platforms/WatchOS.platform/Developer/usr/lib -F /Users/admin/builder/spi-builder-workspace/.derivedData/Build/Products/Debug-watchos -F /Applications/Xcode-27.0.0-Release.Candidate.app/Contents/Developer/Platforms/WatchOS.platform/Developer/Library/Frameworks -F /Applications/Xcode-27.0.0-Release.Candidate.app/Contents/Developer/Platforms/WatchOS.platform/Developer/SDKs/WatchOS27.0.sdk/Developer/Library/Frameworks -c -j10 -enable-batch-mode -incremental -Xcc -ivfsstatcache -Xcc /Users/admin/builder/spi-builder-workspace/.derivedData/SDKStatCaches.noindex/watchos27.0-24R360-e829b21a6f8c9b70876ba0858053c04477534ef55a1706bf4c1112bbb242f0a2.sdkstatcache -output-file-map /Users/admin/builder/spi-builder-workspace/.derivedData/Build/Intermediates.noindex/PythonKit.build/Debug-watchos/PythonKit-t.build/Objects-normal/arm64/PythonKit-OutputFileMap.json -save-temps -no-color-diagnostics -explicit-module-build -module-cache-path /Users/admin/builder/spi-builder-workspace/.derivedData/Build/Intermediates.noindex/SwiftExplicitPrecompiledModules -clang-scanner-module-cache-path /Users/admin/builder/spi-builder-workspace/.derivedData/ModuleCache.noindex -sdk-module-cache-path /Users/admin/builder/spi-builder-workspace/.derivedData/SDKExplicitPrecompiledModules -emit-dependencies -emit-module -emit-module-path /Users/admin/builder/spi-builder-workspace/.derivedData/Build/Intermediates.noindex/PythonKit.build/Debug-watchos/PythonKit-t.build/Objects-normal/arm64/PythonKit.swiftmodule -serialize-diagnostics -dependency-scan-serialize-diagnostics-path /Users/admin/builder/spi-builder-workspace/.derivedData/Build/Intermediates.noindex/PythonKit.build/Debug-watchos/PythonKit-t.build/Objects-normal/arm64/PythonKit-dependency-scan.dia -validate-clang-modules-once -clang-build-session-file /Users/admin/builder/spi-builder-workspace/.derivedData/ModuleCache.noindex/Session.modulevalidation -Xcc -fmodules-prune-interval\=86400 -Xcc -fmodules-prune-after\=345600 -emit-const-values -const-gather-protocols-list /Users/admin/builder/spi-builder-workspace/.derivedData/Build/Intermediates.noindex/PythonKit.build/Debug-watchos/PythonKit-t.build/Objects-normal/arm64/PythonKit_const_extract_protocols.json -Xcc -I/Users/admin/builder/spi-builder-workspace/.derivedData/Build/Products/Debug-watchos/include -Xcc -I/Users/admin/builder/spi-builder-workspace/.derivedData/Build/Intermediates.noindex/PythonKit.build/Debug-watchos/PythonKit-t.build/DerivedSources-normal/arm64 -Xcc -I/Users/admin/builder/spi-builder-workspace/.derivedData/Build/Intermediates.noindex/PythonKit.build/Debug-watchos/PythonKit-t.build/DerivedSources/arm64 -Xcc -I/Users/admin/builder/spi-builder-workspace/.derivedData/Build/Intermediates.noindex/PythonKit.build/Debug-watchos/PythonKit-t.build/DerivedSources -Xcc -DSWIFT_PACKAGE -Xcc -DDEBUG\=1 -emit-objc-header -emit-objc-header-path /Users/admin/builder/spi-builder-workspace/.derivedData/Build/Intermediates.noindex/PythonKit.build/Debug-watchos/PythonKit-t.build/Objects-normal/arm64/PythonKit-Swift.h -working-directory /Users/admin/builder/spi-builder-workspace/.swiftpm/xcode -experimental-emit-module-separately -disable-cmo
SwiftDriver SwiftPlot normal arm64 com.apple.xcode.tools.swift.compiler (in target 'SwiftPlot' from project 'SwiftPlot')
cd /Users/admin/builder/spi-builder-workspace/.swiftpm/xcode
builtin-SwiftDriver -- /Applications/Xcode-27.0.0-Release.Candidate.app/Contents/Developer/Toolchains/XcodeDefault.xctoolchain/usr/bin/swiftc -parse-as-library -module-name SwiftPlot -Onone @/Users/admin/builder/spi-builder-workspace/.derivedData/Build/Intermediates.noindex/SwiftPlot.build/Debug-watchos/SwiftPlot-t.build/Objects-normal/arm64/SwiftPlot.SwiftFileList -DSWIFT_PACKAGE -DDEBUG -DSWIFT_MODULE_RESOURCE_BUNDLE_UNAVAILABLE -DXcode -plugin-path /Applications/Xcode-27.0.0-Release.Candidate.app/Contents/Developer/Toolchains/XcodeDefault.xctoolchain/usr/lib/swift/host/plugins/testing -enable-experimental-feature DebugDescriptionMacro -sdk /Applications/Xcode-27.0.0-Release.Candidate.app/Contents/Developer/Platforms/WatchOS.platform/Developer/SDKs/WatchOS27.0.sdk -target arm64-apple-watchos9.0 -g -module-cache-path /Users/admin/builder/spi-builder-workspace/.derivedData/ModuleCache.noindex -Xfrontend -serialize-debugging-options -profile-coverage-mapping -profile-generate -enable-testing -suppress-warnings -index-store-path /Users/admin/builder/spi-builder-workspace/.derivedData/Index.noindex/DataStore -Xcc -D_LIBCPP_HARDENING_MODE\=_LIBCPP_HARDENING_MODE_DEBUG -swift-version 5 -I /Users/admin/builder/spi-builder-workspace/.derivedData/Build/Products/Debug-watchos -Isystem /Applications/Xcode-27.0.0-Release.Candidate.app/Contents/Developer/Platforms/WatchOS.platform/Developer/usr/lib -F /Users/admin/builder/spi-builder-workspace/.derivedData/Build/Products/Debug-watchos -F /Applications/Xcode-27.0.0-Release.Candidate.app/Contents/Developer/Platforms/WatchOS.platform/Developer/Library/Frameworks -F /Applications/Xcode-27.0.0-Release.Candidate.app/Contents/Developer/Platforms/WatchOS.platform/Developer/SDKs/WatchOS27.0.sdk/Developer/Library/Frameworks -c -j10 -enable-batch-mode -incremental -Xcc -ivfsstatcache -Xcc /Users/admin/builder/spi-builder-workspace/.derivedData/SDKStatCaches.noindex/watchos27.0-24R360-e829b21a6f8c9b70876ba0858053c04477534ef55a1706bf4c1112bbb242f0a2.sdkstatcache -output-file-map /Users/admin/builder/spi-builder-workspace/.derivedData/Build/Intermediates.noindex/SwiftPlot.build/Debug-watchos/SwiftPlot-t.build/Objects-normal/arm64/SwiftPlot-OutputFileMap.json -save-temps -no-color-diagnostics -explicit-module-build -module-cache-path /Users/admin/builder/spi-builder-workspace/.derivedData/Build/Intermediates.noindex/SwiftExplicitPrecompiledModules -clang-scanner-module-cache-path /Users/admin/builder/spi-builder-workspace/.derivedData/ModuleCache.noindex -sdk-module-cache-path /Users/admin/builder/spi-builder-workspace/.derivedData/SDKExplicitPrecompiledModules -emit-dependencies -emit-module -emit-module-path /Users/admin/builder/spi-builder-workspace/.derivedData/Build/Intermediates.noindex/SwiftPlot.build/Debug-watchos/SwiftPlot-t.build/Objects-normal/arm64/SwiftPlot.swiftmodule -serialize-diagnostics -dependency-scan-serialize-diagnostics-path /Users/admin/builder/spi-builder-workspace/.derivedData/Build/Intermediates.noindex/SwiftPlot.build/Debug-watchos/SwiftPlot-t.build/Objects-normal/arm64/SwiftPlot-dependency-scan.dia -validate-clang-modules-once -clang-build-session-file /Users/admin/builder/spi-builder-workspace/.derivedData/ModuleCache.noindex/Session.modulevalidation -Xcc -fmodules-prune-interval\=86400 -Xcc -fmodules-prune-after\=345600 -emit-const-values -const-gather-protocols-list /Users/admin/builder/spi-builder-workspace/.derivedData/Build/Intermediates.noindex/SwiftPlot.build/Debug-watchos/SwiftPlot-t.build/Objects-normal/arm64/SwiftPlot_const_extract_protocols.json -Xcc -I/Users/admin/builder/spi-builder-workspace/.derivedData/Build/Products/Debug-watchos/include -Xcc -I/Users/admin/builder/spi-builder-workspace/.derivedData/Build/Intermediates.noindex/SwiftPlot.build/Debug-watchos/SwiftPlot-t.build/DerivedSources-normal/arm64 -Xcc -I/Users/admin/builder/spi-builder-workspace/.derivedData/Build/Intermediates.noindex/SwiftPlot.build/Debug-watchos/SwiftPlot-t.build/DerivedSources/arm64 -Xcc -I/Users/admin/builder/spi-builder-workspace/.derivedData/Build/Intermediates.noindex/SwiftPlot.build/Debug-watchos/SwiftPlot-t.build/DerivedSources -Xcc -DSWIFT_PACKAGE -Xcc -DDEBUG\=1 -emit-objc-header -emit-objc-header-path /Users/admin/builder/spi-builder-workspace/.derivedData/Build/Intermediates.noindex/SwiftPlot.build/Debug-watchos/SwiftPlot-t.build/Objects-normal/arm64/SwiftPlot-Swift.h -working-directory /Users/admin/builder/spi-builder-workspace/.swiftpm/xcode -experimental-emit-module-separately -disable-cmo
SwiftDriver PythonKit normal arm64_32 com.apple.xcode.tools.swift.compiler (in target 'PythonKit' from project 'PythonKit')
cd /Users/admin/builder/spi-builder-workspace/.swiftpm/xcode
builtin-SwiftDriver -- /Applications/Xcode-27.0.0-Release.Candidate.app/Contents/Developer/Toolchains/XcodeDefault.xctoolchain/usr/bin/swiftc -parse-as-library -module-name PythonKit -Onone @/Users/admin/builder/spi-builder-workspace/.derivedData/Build/Intermediates.noindex/PythonKit.build/Debug-watchos/PythonKit-t.build/Objects-normal/arm64_32/PythonKit.SwiftFileList -DSWIFT_PACKAGE -DDEBUG -DSWIFT_MODULE_RESOURCE_BUNDLE_UNAVAILABLE -DXcode -plugin-path /Applications/Xcode-27.0.0-Release.Candidate.app/Contents/Developer/Toolchains/XcodeDefault.xctoolchain/usr/lib/swift/host/plugins/testing -enable-experimental-feature DebugDescriptionMacro -sdk /Applications/Xcode-27.0.0-Release.Candidate.app/Contents/Developer/Platforms/WatchOS.platform/Developer/SDKs/WatchOS27.0.sdk -target arm64_32-apple-watchos9.0 -g -module-cache-path /Users/admin/builder/spi-builder-workspace/.derivedData/ModuleCache.noindex -Xfrontend -serialize-debugging-options -profile-coverage-mapping -profile-generate -enable-testing -suppress-warnings -index-store-path /Users/admin/builder/spi-builder-workspace/.derivedData/Index.noindex/DataStore -Xcc -D_LIBCPP_HARDENING_MODE\=_LIBCPP_HARDENING_MODE_DEBUG -swift-version 5 -I /Users/admin/builder/spi-builder-workspace/.derivedData/Build/Products/Debug-watchos -Isystem /Applications/Xcode-27.0.0-Release.Candidate.app/Contents/Developer/Platforms/WatchOS.platform/Developer/usr/lib -F /Users/admin/builder/spi-builder-workspace/.derivedData/Build/Products/Debug-watchos -F /Applications/Xcode-27.0.0-Release.Candidate.app/Contents/Developer/Platforms/WatchOS.platform/Developer/Library/Frameworks -F /Applications/Xcode-27.0.0-Release.Candidate.app/Contents/Developer/Platforms/WatchOS.platform/Developer/SDKs/WatchOS27.0.sdk/Developer/Library/Frameworks -c -j10 -enable-batch-mode -incremental -Xcc -ivfsstatcache -Xcc /Users/admin/builder/spi-builder-workspace/.derivedData/SDKStatCaches.noindex/watchos27.0-24R360-e829b21a6f8c9b70876ba0858053c04477534ef55a1706bf4c1112bbb242f0a2.sdkstatcache -output-file-map /Users/admin/builder/spi-builder-workspace/.derivedData/Build/Intermediates.noindex/PythonKit.build/Debug-watchos/PythonKit-t.build/Objects-normal/arm64_32/PythonKit-OutputFileMap.json -save-temps -no-color-diagnostics -explicit-module-build -module-cache-path /Users/admin/builder/spi-builder-workspace/.derivedData/Build/Intermediates.noindex/SwiftExplicitPrecompiledModules -clang-scanner-module-cache-path /Users/admin/builder/spi-builder-workspace/.derivedData/ModuleCache.noindex -sdk-module-cache-path /Users/admin/builder/spi-builder-workspace/.derivedData/SDKExplicitPrecompiledModules -emit-dependencies -emit-module -emit-module-path /Users/admin/builder/spi-builder-workspace/.derivedData/Build/Intermediates.noindex/PythonKit.build/Debug-watchos/PythonKit-t.build/Objects-normal/arm64_32/PythonKit.swiftmodule -serialize-diagnostics -dependency-scan-serialize-diagnostics-path /Users/admin/builder/spi-builder-workspace/.derivedData/Build/Intermediates.noindex/PythonKit.build/Debug-watchos/PythonKit-t.build/Objects-normal/arm64_32/PythonKit-dependency-scan.dia -validate-clang-modules-once -clang-build-session-file /Users/admin/builder/spi-builder-workspace/.derivedData/ModuleCache.noindex/Session.modulevalidation -Xcc -fmodules-prune-interval\=86400 -Xcc -fmodules-prune-after\=345600 -emit-const-values -const-gather-protocols-list /Users/admin/builder/spi-builder-workspace/.derivedData/Build/Intermediates.noindex/PythonKit.build/Debug-watchos/PythonKit-t.build/Objects-normal/arm64_32/PythonKit_const_extract_protocols.json -Xcc -I/Users/admin/builder/spi-builder-workspace/.derivedData/Build/Products/Debug-watchos/include -Xcc -I/Users/admin/builder/spi-builder-workspace/.derivedData/Build/Intermediates.noindex/PythonKit.build/Debug-watchos/PythonKit-t.build/DerivedSources-normal/arm64_32 -Xcc -I/Users/admin/builder/spi-builder-workspace/.derivedData/Build/Intermediates.noindex/PythonKit.build/Debug-watchos/PythonKit-t.build/DerivedSources/arm64_32 -Xcc -I/Users/admin/builder/spi-builder-workspace/.derivedData/Build/Intermediates.noindex/PythonKit.build/Debug-watchos/PythonKit-t.build/DerivedSources -Xcc -DSWIFT_PACKAGE -Xcc -DDEBUG\=1 -emit-objc-header -emit-objc-header-path /Users/admin/builder/spi-builder-workspace/.derivedData/Build/Intermediates.noindex/PythonKit.build/Debug-watchos/PythonKit-t.build/Objects-normal/arm64_32/PythonKit-Swift.h -working-directory /Users/admin/builder/spi-builder-workspace/.swiftpm/xcode -experimental-emit-module-separately -disable-cmo
SwiftDriver Logging normal arm64_32 com.apple.xcode.tools.swift.compiler (in target 'Logging' from project 'swift-log')
cd /Users/admin/builder/spi-builder-workspace/.swiftpm/xcode
builtin-SwiftDriver -- /Applications/Xcode-27.0.0-Release.Candidate.app/Contents/Developer/Toolchains/XcodeDefault.xctoolchain/usr/bin/swiftc -parse-as-library -module-name Logging -Onone @/Users/admin/builder/spi-builder-workspace/.derivedData/Build/Intermediates.noindex/swift-log.build/Debug-watchos/Logging-t.build/Objects-normal/arm64_32/Logging.SwiftFileList -DSWIFT_PACKAGE -DDEBUG -DSWIFT_MODULE_RESOURCE_BUNDLE_UNAVAILABLE -DXcode -enable-upcoming-feature ExistentialAny -enable-upcoming-feature MemberImportVisibility -enable-upcoming-feature InternalImportsByDefault -enable-upcoming-feature NonisolatedNonsendingByDefault -Xfrontend -require-explicit-sendable -plugin-path /Applications/Xcode-27.0.0-Release.Candidate.app/Contents/Developer/Toolchains/XcodeDefault.xctoolchain/usr/lib/swift/host/plugins/testing -enable-experimental-feature DebugDescriptionMacro -sdk /Applications/Xcode-27.0.0-Release.Candidate.app/Contents/Developer/Platforms/WatchOS.platform/Developer/SDKs/WatchOS27.0.sdk -target arm64_32-apple-watchos9.0 -g -module-cache-path /Users/admin/builder/spi-builder-workspace/.derivedData/ModuleCache.noindex -Xfrontend -serialize-debugging-options -profile-coverage-mapping -profile-generate -enable-testing -suppress-warnings -index-store-path /Users/admin/builder/spi-builder-workspace/.derivedData/Index.noindex/DataStore -Xcc -D_LIBCPP_HARDENING_MODE\=_LIBCPP_HARDENING_MODE_DEBUG -swift-version 6 -I /Users/admin/builder/spi-builder-workspace/.derivedData/Build/Products/Debug-watchos -Isystem /Applications/Xcode-27.0.0-Release.Candidate.app/Contents/Developer/Platforms/WatchOS.platform/Developer/usr/lib -F /Users/admin/builder/spi-builder-workspace/.derivedData/Build/Products/Debug-watchos -F /Applications/Xcode-27.0.0-Release.Candidate.app/Contents/Developer/Platforms/WatchOS.platform/Developer/Library/Frameworks -F /Applications/Xcode-27.0.0-Release.Candidate.app/Contents/Developer/Platforms/WatchOS.platform/Developer/SDKs/WatchOS27.0.sdk/Developer/Library/Frameworks -c -j10 -enable-batch-mode -incremental -Xcc -ivfsstatcache -Xcc /Users/admin/builder/spi-builder-workspace/.derivedData/SDKStatCaches.noindex/watchos27.0-24R360-e829b21a6f8c9b70876ba0858053c04477534ef55a1706bf4c1112bbb242f0a2.sdkstatcache -output-file-map /Users/admin/builder/spi-builder-workspace/.derivedData/Build/Intermediates.noindex/swift-log.build/Debug-watchos/Logging-t.build/Objects-normal/arm64_32/Logging-OutputFileMap.json -save-temps -no-color-diagnostics -explicit-module-build -module-cache-path /Users/admin/builder/spi-builder-workspace/.derivedData/Build/Intermediates.noindex/SwiftExplicitPrecompiledModules -clang-scanner-module-cache-path /Users/admin/builder/spi-builder-workspace/.derivedData/ModuleCache.noindex -sdk-module-cache-path /Users/admin/builder/spi-builder-workspace/.derivedData/SDKExplicitPrecompiledModules -emit-dependencies -emit-module -emit-module-path /Users/admin/builder/spi-builder-workspace/.derivedData/Build/Intermediates.noindex/swift-log.build/Debug-watchos/Logging-t.build/Objects-normal/arm64_32/Logging.swiftmodule -serialize-diagnostics -dependency-scan-serialize-diagnostics-path /Users/admin/builder/spi-builder-workspace/.derivedData/Build/Intermediates.noindex/swift-log.build/Debug-watchos/Logging-t.build/Objects-normal/arm64_32/Logging-dependency-scan.dia -user-module-version 1.15.1 -validate-clang-modules-once -clang-build-session-file /Users/admin/builder/spi-builder-workspace/.derivedData/ModuleCache.noindex/Session.modulevalidation -Xcc -fmodules-prune-interval\=86400 -Xcc -fmodules-prune-after\=345600 -package-name swift_log -emit-const-values -const-gather-protocols-list /Users/admin/builder/spi-builder-workspace/.derivedData/Build/Intermediates.noindex/swift-log.build/Debug-watchos/Logging-t.build/Objects-normal/arm64_32/Logging_const_extract_protocols.json -Xcc -I/Users/admin/builder/spi-builder-workspace/.derivedData/Build/Products/Debug-watchos/include -Xcc -I/Users/admin/builder/spi-builder-workspace/.derivedData/Build/Intermediates.noindex/swift-log.build/Debug-watchos/Logging-t.build/DerivedSources-normal/arm64_32 -Xcc -I/Users/admin/builder/spi-builder-workspace/.derivedData/Build/Intermediates.noindex/swift-log.build/Debug-watchos/Logging-t.build/DerivedSources/arm64_32 -Xcc -I/Users/admin/builder/spi-builder-workspace/.derivedData/Build/Intermediates.noindex/swift-log.build/Debug-watchos/Logging-t.build/DerivedSources -Xcc -DSWIFT_PACKAGE -Xcc -DDEBUG\=1 -emit-objc-header -emit-objc-header-path /Users/admin/builder/spi-builder-workspace/.derivedData/Build/Intermediates.noindex/swift-log.build/Debug-watchos/Logging-t.build/Objects-normal/arm64_32/Logging-Swift.h -working-directory /Users/admin/builder/spi-builder-workspace/.swiftpm/xcode -experimental-emit-module-separately -disable-cmo
SwiftDriver Logging normal arm64 com.apple.xcode.tools.swift.compiler (in target 'Logging' from project 'swift-log')
cd /Users/admin/builder/spi-builder-workspace/.swiftpm/xcode
builtin-SwiftDriver -- /Applications/Xcode-27.0.0-Release.Candidate.app/Contents/Developer/Toolchains/XcodeDefault.xctoolchain/usr/bin/swiftc -parse-as-library -module-name Logging -Onone @/Users/admin/builder/spi-builder-workspace/.derivedData/Build/Intermediates.noindex/swift-log.build/Debug-watchos/Logging-t.build/Objects-normal/arm64/Logging.SwiftFileList -DSWIFT_PACKAGE -DDEBUG -DSWIFT_MODULE_RESOURCE_BUNDLE_UNAVAILABLE -DXcode -enable-upcoming-feature ExistentialAny -enable-upcoming-feature MemberImportVisibility -enable-upcoming-feature InternalImportsByDefault -enable-upcoming-feature NonisolatedNonsendingByDefault -Xfrontend -require-explicit-sendable -plugin-path /Applications/Xcode-27.0.0-Release.Candidate.app/Contents/Developer/Toolchains/XcodeDefault.xctoolchain/usr/lib/swift/host/plugins/testing -enable-experimental-feature DebugDescriptionMacro -sdk /Applications/Xcode-27.0.0-Release.Candidate.app/Contents/Developer/Platforms/WatchOS.platform/Developer/SDKs/WatchOS27.0.sdk -target arm64-apple-watchos9.0 -g -module-cache-path /Users/admin/builder/spi-builder-workspace/.derivedData/ModuleCache.noindex -Xfrontend -serialize-debugging-options -profile-coverage-mapping -profile-generate -enable-testing -suppress-warnings -index-store-path /Users/admin/builder/spi-builder-workspace/.derivedData/Index.noindex/DataStore -Xcc -D_LIBCPP_HARDENING_MODE\=_LIBCPP_HARDENING_MODE_DEBUG -swift-version 6 -I /Users/admin/builder/spi-builder-workspace/.derivedData/Build/Products/Debug-watchos -Isystem /Applications/Xcode-27.0.0-Release.Candidate.app/Contents/Developer/Platforms/WatchOS.platform/Developer/usr/lib -F /Users/admin/builder/spi-builder-workspace/.derivedData/Build/Products/Debug-watchos -F /Applications/Xcode-27.0.0-Release.Candidate.app/Contents/Developer/Platforms/WatchOS.platform/Developer/Library/Frameworks -F /Applications/Xcode-27.0.0-Release.Candidate.app/Contents/Developer/Platforms/WatchOS.platform/Developer/SDKs/WatchOS27.0.sdk/Developer/Library/Frameworks -c -j10 -enable-batch-mode -incremental -Xcc -ivfsstatcache -Xcc /Users/admin/builder/spi-builder-workspace/.derivedData/SDKStatCaches.noindex/watchos27.0-24R360-e829b21a6f8c9b70876ba0858053c04477534ef55a1706bf4c1112bbb242f0a2.sdkstatcache -output-file-map /Users/admin/builder/spi-builder-workspace/.derivedData/Build/Intermediates.noindex/swift-log.build/Debug-watchos/Logging-t.build/Objects-normal/arm64/Logging-OutputFileMap.json -save-temps -no-color-diagnostics -explicit-module-build -module-cache-path /Users/admin/builder/spi-builder-workspace/.derivedData/Build/Intermediates.noindex/SwiftExplicitPrecompiledModules -clang-scanner-module-cache-path /Users/admin/builder/spi-builder-workspace/.derivedData/ModuleCache.noindex -sdk-module-cache-path /Users/admin/builder/spi-builder-workspace/.derivedData/SDKExplicitPrecompiledModules -emit-dependencies -emit-module -emit-module-path /Users/admin/builder/spi-builder-workspace/.derivedData/Build/Intermediates.noindex/swift-log.build/Debug-watchos/Logging-t.build/Objects-normal/arm64/Logging.swiftmodule -serialize-diagnostics -dependency-scan-serialize-diagnostics-path /Users/admin/builder/spi-builder-workspace/.derivedData/Build/Intermediates.noindex/swift-log.build/Debug-watchos/Logging-t.build/Objects-normal/arm64/Logging-dependency-scan.dia -user-module-version 1.15.1 -validate-clang-modules-once -clang-build-session-file /Users/admin/builder/spi-builder-workspace/.derivedData/ModuleCache.noindex/Session.modulevalidation -Xcc -fmodules-prune-interval\=86400 -Xcc -fmodules-prune-after\=345600 -package-name swift_log -emit-const-values -const-gather-protocols-list /Users/admin/builder/spi-builder-workspace/.derivedData/Build/Intermediates.noindex/swift-log.build/Debug-watchos/Logging-t.build/Objects-normal/arm64/Logging_const_extract_protocols.json -Xcc -I/Users/admin/builder/spi-builder-workspace/.derivedData/Build/Products/Debug-watchos/include -Xcc -I/Users/admin/builder/spi-builder-workspace/.derivedData/Build/Intermediates.noindex/swift-log.build/Debug-watchos/Logging-t.build/DerivedSources-normal/arm64 -Xcc -I/Users/admin/builder/spi-builder-workspace/.derivedData/Build/Intermediates.noindex/swift-log.build/Debug-watchos/Logging-t.build/DerivedSources/arm64 -Xcc -I/Users/admin/builder/spi-builder-workspace/.derivedData/Build/Intermediates.noindex/swift-log.build/Debug-watchos/Logging-t.build/DerivedSources -Xcc -DSWIFT_PACKAGE -Xcc -DDEBUG\=1 -emit-objc-header -emit-objc-header-path /Users/admin/builder/spi-builder-workspace/.derivedData/Build/Intermediates.noindex/swift-log.build/Debug-watchos/Logging-t.build/Objects-normal/arm64/Logging-Swift.h -working-directory /Users/admin/builder/spi-builder-workspace/.swiftpm/xcode -experimental-emit-module-separately -disable-cmo
SwiftEmitModule normal arm64_32 Emitting\ module\ for\ PythonKit (in target 'PythonKit' from project 'PythonKit')
SwiftCompile normal arm64_32 (in target 'PythonKit' from project 'PythonKit')
cd /Users/admin/builder/spi-builder-workspace/.swiftpm/xcode
/Users/admin/builder/spi-builder-workspace/.dependencies/checkouts/PythonKit/PythonKit/Python.swift:40:17: error: type referenced from a stored property in a '@frozen' struct must be '@usableFromInline' or public
26 | /// Typealias used when passing or returning a `PyObject` pointer with
27 | /// implied ownership.
28 | typealias OwnedPyObjectPointer = PyObjectPointer
| `- note: type declared here
29 |
30 | /// A primitive reference to a Python C API `PyObject`.
:
38 | @usableFromInline @_fixed_layout
39 | final class PyReference {
40 | private var pointer: OwnedPyObjectPointer
| `- error: type referenced from a stored property in a '@frozen' struct must be '@usableFromInline' or public
41 |
42 | // This `PyReference`, once deleted, will make no delta change to the
Failed frontend command:
/Applications/Xcode-27.0.0-Release.Candidate.app/Contents/Developer/Toolchains/XcodeDefault.xctoolchain/usr/bin/swift-frontend -frontend -emit-module -experimental-skip-non-inlinable-function-bodies-without-types /Users/admin/builder/spi-builder-workspace/.dependencies/checkouts/PythonKit/PythonKit/NumpyConversion.swift /Users/admin/builder/spi-builder-workspace/.dependencies/checkouts/PythonKit/PythonKit/Python.swift /Users/admin/builder/spi-builder-workspace/.dependencies/checkouts/PythonKit/PythonKit/PythonLibrary+Symbols.swift /Users/admin/builder/spi-builder-workspace/.dependencies/checkouts/PythonKit/PythonKit/PythonLibrary.swift -target arm64_32-apple-watchos9.0 -module-can-import-version Darwin 428.0.10 0 -disable-cross-import-overlay-search -swift-module-cross-import Darwin /Applications/Xcode-27.0.0-Release.Candidate.app/Contents/Developer/Platforms/WatchOS.platform/Developer/SDKs/WatchOS.sdk/usr/include/Darwin.swiftcrossimport/xlocale.swiftoverlay -load-resolved-plugin /Applications/Xcode-27.0.0-Release.Candidate.app/Contents/Developer/Platforms/WatchOS.platform/Developer/usr/lib/swift/host/plugins/libSwiftMacros.dylib\#/Applications/Xcode-27.0.0-Release.Candidate.app/Contents/Developer/Platforms/WatchOS.platform/Developer/usr/bin/swift-plugin-server\#SwiftMacros -disable-implicit-swift-modules -Xcc -fno-implicit-modules -Xcc -fno-implicit-module-maps -explicit-swift-module-map-file /Users/admin/builder/spi-builder-workspace/.derivedData/Build/Intermediates.noindex/PythonKit.build/Debug-watchos/PythonKit-t.build/Objects-normal/arm64_32/PythonKit-dependencies-2.json -enable-objc-interop -sdk /Applications/Xcode-27.0.0-Release.Candidate.app/Contents/Developer/Platforms/WatchOS.platform/Developer/SDKs/WatchOS27.0.sdk -I /Users/admin/builder/spi-builder-workspace/.derivedData/Build/Products/Debug-watchos -Isystem /Applications/Xcode-27.0.0-Release.Candidate.app/Contents/Developer/Platforms/WatchOS.platform/Developer/usr/lib -F /Users/admin/builder/spi-builder-workspace/.derivedData/Build/Products/Debug-watchos -F /Applications/Xcode-27.0.0-Release.Candidate.app/Contents/Developer/Platforms/WatchOS.platform/Developer/Library/Frameworks -F /Applications/Xcode-27.0.0-Release.Candidate.app/Contents/Developer/Platforms/WatchOS.platform/Developer/SDKs/WatchOS27.0.sdk/Developer/Library/Frameworks -module-cache-path /Users/admin/builder/spi-builder-workspace/.derivedData/Build/Intermediates.noindex/SwiftExplicitPrecompiledModules -no-color-diagnostics -Xcc -fno-color-diagnostics -enable-testing -g -debug-info-format\=dwarf -dwarf-version\=4 -suppress-warnings -profile-generate -profile-coverage-mapping -swift-version 5 -Onone -D SWIFT_PACKAGE -D DEBUG -D SWIFT_MODULE_RESOURCE_BUNDLE_UNAVAILABLE -D Xcode -serialize-debugging-options -enable-experimental-feature DebugDescriptionMacro -empty-abi-descriptor -validate-clang-modules-once -clang-build-session-file /Users/admin/builder/spi-builder-workspace/.derivedData/ModuleCache.noindex/Session.modulevalidation -Xcc -working-directory -Xcc /Users/admin/builder/spi-builder-workspace/.swiftpm/xcode -enable-anonymous-context-mangled-names -file-compilation-dir /Users/admin/builder/spi-builder-workspace/.swiftpm/xcode -Xcc -D_LIBCPP_HARDENING_MODE\=_LIBCPP_HARDENING_MODE_DEBUG -Xcc -ivfsstatcache -Xcc /Users/admin/builder/spi-builder-workspace/.derivedData/SDKStatCaches.noindex/watchos27.0-24R360-e829b21a6f8c9b70876ba0858053c04477534ef55a1706bf4c1112bbb242f0a2.sdkstatcache -Xcc -fmodules-prune-interval\=86400 -Xcc -fmodules-prune-after\=345600 -Xcc -I/Users/admin/builder/spi-builder-workspace/.derivedData/Build/Products/Debug-watchos/include -Xcc -I/Users/admin/builder/spi-builder-workspace/.derivedData/Build/Intermediates.noindex/PythonKit.build/Debug-watchos/PythonKit-t.build/DerivedSources-normal/arm64_32 -Xcc -I/Users/admin/builder/spi-builder-workspace/.derivedData/Build/Intermediates.noindex/PythonKit.build/Debug-watchos/PythonKit-t.build/DerivedSources/arm64_32 -Xcc -I/Users/admin/builder/spi-builder-workspace/.derivedData/Build/Intermediates.noindex/PythonKit.build/Debug-watchos/PythonKit-t.build/DerivedSources -Xcc -DSWIFT_PACKAGE -Xcc -DDEBUG\=1 -no-auto-bridging-header-chaining -module-name PythonKit -const-gather-protocols-file /Users/admin/builder/spi-builder-workspace/.derivedData/Build/Intermediates.noindex/PythonKit.build/Debug-watchos/PythonKit-t.build/Objects-normal/arm64_32/PythonKit_const_extract_protocols.json -disable-clang-spi -clang-target arm64_32-apple-watchos27.0 -target-sdk-version 27.0 -target-sdk-name watchos27.0 -in-process-plugin-server-path /Applications/Xcode-27.0.0-Release.Candidate.app/Contents/Developer/Toolchains/XcodeDefault.xctoolchain/usr/lib/swift/host/libSwiftInProcPluginServer.dylib -emit-module-doc-path /Users/admin/builder/spi-builder-workspace/.derivedData/Build/Intermediates.noindex/PythonKit.build/Debug-watchos/PythonKit-t.build/Objects-normal/arm64_32/PythonKit.swiftdoc -emit-module-source-info-path /Users/admin/builder/spi-builder-workspace/.derivedData/Build/Intermediates.noindex/PythonKit.build/Debug-watchos/PythonKit-t.build/Objects-normal/arm64_32/PythonKit.swiftsourceinfo -emit-objc-header-path /Users/admin/builder/spi-builder-workspace/.derivedData/Build/Intermediates.noindex/PythonKit.build/Debug-watchos/PythonKit-t.build/Objects-normal/arm64_32/PythonKit-Swift.h -serialize-diagnostics-path /Users/admin/builder/spi-builder-workspace/.derivedData/Build/Intermediates.noindex/PythonKit.build/Debug-watchos/PythonKit-t.build/Objects-normal/arm64_32/PythonKit-primary-emit-module.dia -emit-dependencies-path /Users/admin/builder/spi-builder-workspace/.derivedData/Build/Intermediates.noindex/PythonKit.build/Debug-watchos/PythonKit-t.build/Objects-normal/arm64_32/PythonKit-primary-emit-module.d -parse-as-library -o /Users/admin/builder/spi-builder-workspace/.derivedData/Build/Intermediates.noindex/PythonKit.build/Debug-watchos/PythonKit-t.build/Objects-normal/arm64_32/PythonKit.swiftmodule -emit-abi-descriptor-path /Users/admin/builder/spi-builder-workspace/.derivedData/Build/Intermediates.noindex/PythonKit.build/Debug-watchos/PythonKit-t.build/Objects-normal/arm64_32/PythonKit.abi.json
SwiftCompile normal arm64_32 Compiling\ PythonLibrary+Symbols.swift /Users/admin/builder/spi-builder-workspace/.dependencies/checkouts/PythonKit/PythonKit/PythonLibrary+Symbols.swift (in target 'PythonKit' from project 'PythonKit')
SwiftCompile normal arm64_32 /Users/admin/builder/spi-builder-workspace/.dependencies/checkouts/PythonKit/PythonKit/PythonLibrary+Symbols.swift (in target 'PythonKit' from project 'PythonKit')
cd /Users/admin/builder/spi-builder-workspace/.swiftpm/xcode
builtin-SwiftPerFileCompile PythonLibrary+Symbols.swift
SwiftCompile normal arm64_32 Compiling\ NumpyConversion.swift /Users/admin/builder/spi-builder-workspace/.dependencies/checkouts/PythonKit/PythonKit/NumpyConversion.swift (in target 'PythonKit' from project 'PythonKit')
SwiftCompile normal arm64_32 /Users/admin/builder/spi-builder-workspace/.dependencies/checkouts/PythonKit/PythonKit/NumpyConversion.swift (in target 'PythonKit' from project 'PythonKit')
cd /Users/admin/builder/spi-builder-workspace/.swiftpm/xcode
builtin-SwiftPerFileCompile NumpyConversion.swift
SwiftCompile normal arm64_32 Compiling\ Python.swift /Users/admin/builder/spi-builder-workspace/.dependencies/checkouts/PythonKit/PythonKit/Python.swift (in target 'PythonKit' from project 'PythonKit')
SwiftCompile normal arm64_32 /Users/admin/builder/spi-builder-workspace/.dependencies/checkouts/PythonKit/PythonKit/Python.swift (in target 'PythonKit' from project 'PythonKit')
cd /Users/admin/builder/spi-builder-workspace/.swiftpm/xcode
builtin-SwiftPerFileCompile Python.swift
SwiftCompile normal arm64_32 Compiling\ PythonLibrary.swift /Users/admin/builder/spi-builder-workspace/.dependencies/checkouts/PythonKit/PythonKit/PythonLibrary.swift (in target 'PythonKit' from project 'PythonKit')
SwiftCompile normal arm64_32 /Users/admin/builder/spi-builder-workspace/.dependencies/checkouts/PythonKit/PythonKit/PythonLibrary.swift (in target 'PythonKit' from project 'PythonKit')
cd /Users/admin/builder/spi-builder-workspace/.swiftpm/xcode
builtin-SwiftPerFileCompile PythonLibrary.swift
SwiftCompile normal arm64 Compiling\ NumpyConversion.swift /Users/admin/builder/spi-builder-workspace/.dependencies/checkouts/PythonKit/PythonKit/NumpyConversion.swift (in target 'PythonKit' from project 'PythonKit')
SwiftCompile normal arm64 /Users/admin/builder/spi-builder-workspace/.dependencies/checkouts/PythonKit/PythonKit/NumpyConversion.swift (in target 'PythonKit' from project 'PythonKit')
cd /Users/admin/builder/spi-builder-workspace/.swiftpm/xcode
builtin-SwiftPerFileCompile NumpyConversion.swift
SwiftEmitModule normal arm64 Emitting\ module\ for\ PythonKit (in target 'PythonKit' from project 'PythonKit')
/Users/admin/builder/spi-builder-workspace/.dependencies/checkouts/PythonKit/PythonKit/Python.swift:40:17: error: type referenced from a stored property in a '@frozen' struct must be '@usableFromInline' or public
26 | /// Typealias used when passing or returning a `PyObject` pointer with
27 | /// implied ownership.
28 | typealias OwnedPyObjectPointer = PyObjectPointer
| `- note: type declared here
29 |
30 | /// A primitive reference to a Python C API `PyObject`.
:
38 | @usableFromInline @_fixed_layout
39 | final class PyReference {
40 | private var pointer: OwnedPyObjectPointer
| `- error: type referenced from a stored property in a '@frozen' struct must be '@usableFromInline' or public
41 |
42 | // This `PyReference`, once deleted, will make no delta change to the
Failed frontend command:
/Applications/Xcode-27.0.0-Release.Candidate.app/Contents/Developer/Toolchains/XcodeDefault.xctoolchain/usr/bin/swift-frontend -frontend -emit-module -experimental-skip-non-inlinable-function-bodies-without-types /Users/admin/builder/spi-builder-workspace/.dependencies/checkouts/PythonKit/PythonKit/NumpyConversion.swift /Users/admin/builder/spi-builder-workspace/.dependencies/checkouts/PythonKit/PythonKit/Python.swift /Users/admin/builder/spi-builder-workspace/.dependencies/checkouts/PythonKit/PythonKit/PythonLibrary+Symbols.swift /Users/admin/builder/spi-builder-workspace/.dependencies/checkouts/PythonKit/PythonKit/PythonLibrary.swift -target arm64-apple-watchos9.0 -module-can-import-version Darwin 428.0.10 0 -disable-cross-import-overlay-search -swift-module-cross-import Darwin /Applications/Xcode-27.0.0-Release.Candidate.app/Contents/Developer/Platforms/WatchOS.platform/Developer/SDKs/WatchOS.sdk/usr/include/Darwin.swiftcrossimport/xlocale.swiftoverlay -load-resolved-plugin /Applications/Xcode-27.0.0-Release.Candidate.app/Contents/Developer/Platforms/WatchOS.platform/Developer/usr/lib/swift/host/plugins/libSwiftMacros.dylib\#/Applications/Xcode-27.0.0-Release.Candidate.app/Contents/Developer/Platforms/WatchOS.platform/Developer/usr/bin/swift-plugin-server\#SwiftMacros -disable-implicit-swift-modules -Xcc -fno-implicit-modules -Xcc -fno-implicit-module-maps -explicit-swift-module-map-file /Users/admin/builder/spi-builder-workspace/.derivedData/Build/Intermediates.noindex/PythonKit.build/Debug-watchos/PythonKit-t.build/Objects-normal/arm64/PythonKit-dependencies-1.json -Xllvm -aarch64-use-tbi -enable-objc-interop -stack-check -sdk /Applications/Xcode-27.0.0-Release.Candidate.app/Contents/Developer/Platforms/WatchOS.platform/Developer/SDKs/WatchOS27.0.sdk -I /Users/admin/builder/spi-builder-workspace/.derivedData/Build/Products/Debug-watchos -Isystem /Applications/Xcode-27.0.0-Release.Candidate.app/Contents/Developer/Platforms/WatchOS.platform/Developer/usr/lib -F /Users/admin/builder/spi-builder-workspace/.derivedData/Build/Products/Debug-watchos -F /Applications/Xcode-27.0.0-Release.Candidate.app/Contents/Developer/Platforms/WatchOS.platform/Developer/Library/Frameworks -F /Applications/Xcode-27.0.0-Release.Candidate.app/Contents/Developer/Platforms/WatchOS.platform/Developer/SDKs/WatchOS27.0.sdk/Developer/Library/Frameworks -module-cache-path /Users/admin/builder/spi-builder-workspace/.derivedData/Build/Intermediates.noindex/SwiftExplicitPrecompiledModules -no-color-diagnostics -Xcc -fno-color-diagnostics -enable-testing -g -debug-info-format\=dwarf -dwarf-version\=4 -suppress-warnings -profile-generate -profile-coverage-mapping -swift-version 5 -Onone -D SWIFT_PACKAGE -D DEBUG -D SWIFT_MODULE_RESOURCE_BUNDLE_UNAVAILABLE -D Xcode -serialize-debugging-options -enable-experimental-feature DebugDescriptionMacro -empty-abi-descriptor -validate-clang-modules-once -clang-build-session-file /Users/admin/builder/spi-builder-workspace/.derivedData/ModuleCache.noindex/Session.modulevalidation -Xcc -working-directory -Xcc /Users/admin/builder/spi-builder-workspace/.swiftpm/xcode -enable-anonymous-context-mangled-names -file-compilation-dir /Users/admin/builder/spi-builder-workspace/.swiftpm/xcode -Xcc -D_LIBCPP_HARDENING_MODE\=_LIBCPP_HARDENING_MODE_DEBUG -Xcc -ivfsstatcache -Xcc /Users/admin/builder/spi-builder-workspace/.derivedData/SDKStatCaches.noindex/watchos27.0-24R360-e829b21a6f8c9b70876ba0858053c04477534ef55a1706bf4c1112bbb242f0a2.sdkstatcache -Xcc -fmodules-prune-interval\=86400 -Xcc -fmodules-prune-after\=345600 -Xcc -I/Users/admin/builder/spi-builder-workspace/.derivedData/Build/Products/Debug-watchos/include -Xcc -I/Users/admin/builder/spi-builder-workspace/.derivedData/Build/Intermediates.noindex/PythonKit.build/Debug-watchos/PythonKit-t.build/DerivedSources-normal/arm64 -Xcc -I/Users/admin/builder/spi-builder-workspace/.derivedData/Build/Intermediates.noindex/PythonKit.build/Debug-watchos/PythonKit-t.build/DerivedSources/arm64 -Xcc -I/Users/admin/builder/spi-builder-workspace/.derivedData/Build/Intermediates.noindex/PythonKit.build/Debug-watchos/PythonKit-t.build/DerivedSources -Xcc -DSWIFT_PACKAGE -Xcc -DDEBUG\=1 -no-auto-bridging-header-chaining -module-name PythonKit -const-gather-protocols-file /Users/admin/builder/spi-builder-workspace/.derivedData/Build/Intermediates.noindex/PythonKit.build/Debug-watchos/PythonKit-t.build/Objects-normal/arm64/PythonKit_const_extract_protocols.json -disable-clang-spi -clang-target arm64-apple-watchos27.0 -target-sdk-version 27.0 -target-sdk-name watchos27.0 -in-process-plugin-server-path /Applications/Xcode-27.0.0-Release.Candidate.app/Contents/Developer/Toolchains/XcodeDefault.xctoolchain/usr/lib/swift/host/libSwiftInProcPluginServer.dylib -emit-module-doc-path /Users/admin/builder/spi-builder-workspace/.derivedData/Build/Intermediates.noindex/PythonKit.build/Debug-watchos/PythonKit-t.build/Objects-normal/arm64/PythonKit.swiftdoc -emit-module-source-info-path /Users/admin/builder/spi-builder-workspace/.derivedData/Build/Intermediates.noindex/PythonKit.build/Debug-watchos/PythonKit-t.build/Objects-normal/arm64/PythonKit.swiftsourceinfo -emit-objc-header-path /Users/admin/builder/spi-builder-workspace/.derivedData/Build/Intermediates.noindex/PythonKit.build/Debug-watchos/PythonKit-t.build/Objects-normal/arm64/PythonKit-Swift.h -serialize-diagnostics-path /Users/admin/builder/spi-builder-workspace/.derivedData/Build/Intermediates.noindex/PythonKit.build/Debug-watchos/PythonKit-t.build/Objects-normal/arm64/PythonKit-primary-emit-module.dia -emit-dependencies-path /Users/admin/builder/spi-builder-workspace/.derivedData/Build/Intermediates.noindex/PythonKit.build/Debug-watchos/PythonKit-t.build/Objects-normal/arm64/PythonKit-primary-emit-module.d -parse-as-library -o /Users/admin/builder/spi-builder-workspace/.derivedData/Build/Intermediates.noindex/PythonKit.build/Debug-watchos/PythonKit-t.build/Objects-normal/arm64/PythonKit.swiftmodule -emit-abi-descriptor-path /Users/admin/builder/spi-builder-workspace/.derivedData/Build/Intermediates.noindex/PythonKit.build/Debug-watchos/PythonKit-t.build/Objects-normal/arm64/PythonKit.abi.json
SwiftCompile normal arm64 (in target 'PythonKit' from project 'PythonKit')
cd /Users/admin/builder/spi-builder-workspace/.swiftpm/xcode
SwiftEmitModule normal arm64_32 Emitting\ module\ for\ Logging (in target 'Logging' from project 'swift-log')
SwiftCompile normal arm64_32 (in target 'Logging' from project 'swift-log')
cd /Users/admin/builder/spi-builder-workspace/.swiftpm/xcode
SwiftEmitModule normal arm64 Emitting\ module\ for\ Logging (in target 'Logging' from project 'swift-log')
SwiftCompile normal arm64 (in target 'Logging' from project 'swift-log')
cd /Users/admin/builder/spi-builder-workspace/.swiftpm/xcode
SwiftCompile normal arm64 Compiling\ PythonLibrary+Symbols.swift /Users/admin/builder/spi-builder-workspace/.dependencies/checkouts/PythonKit/PythonKit/PythonLibrary+Symbols.swift (in target 'PythonKit' from project 'PythonKit')
SwiftCompile normal arm64 /Users/admin/builder/spi-builder-workspace/.dependencies/checkouts/PythonKit/PythonKit/PythonLibrary+Symbols.swift (in target 'PythonKit' from project 'PythonKit')
cd /Users/admin/builder/spi-builder-workspace/.swiftpm/xcode
builtin-SwiftPerFileCompile PythonLibrary+Symbols.swift
SwiftExplicitDependencyGeneratePcm arm64_32 /Users/admin/builder/spi-builder-workspace/.derivedData/SDKExplicitPrecompiledModules/ObjectiveC-6IJNELR2E80E7LUKESVCP2KET.pcm
PruneExplicitPrecompiledModules /Users/admin/builder/spi-builder-workspace/.derivedData/SDKExplicitPrecompiledModules
PruneExplicitPrecompiledModules /Users/admin/builder/spi-builder-workspace/.derivedData/Build/Intermediates.noindex/ExplicitPrecompiledModules
PruneExplicitPrecompiledModules /Users/admin/builder/spi-builder-workspace/.derivedData/Build/Intermediates.noindex/SwiftExplicitPrecompiledModules
2026-09-16 18:33:12.951 xcodebuild[1058:6038] [MT] IDERunDestination: Supported platforms for the buildables in the current scheme is empty.
** BUILD FAILED **
The following build commands failed:
SwiftCompile normal arm64_32 (in target 'PythonKit' from project 'PythonKit')
SwiftEmitModule normal arm64_32 Emitting\ module\ for\ PythonKit (in target 'PythonKit' from project 'PythonKit')
SwiftEmitModule normal arm64 Emitting\ module\ for\ PythonKit (in target 'PythonKit' from project 'PythonKit')
SwiftCompile normal arm64 (in target 'PythonKit' from project 'PythonKit')
Building workspace SwiftXGBoost with scheme SwiftXGBoost-Package
(5 failures)
BUILD FAILURE 6.4 watchOS