Build Information
Failed to build SectionReactor, reference 1.0.0 (2aa5a7), with Swift 6.4 for visionOS using Xcode 27.0 on 15 Sep 2026 21:06:22 UTC.
Build Command
env DEVELOPER_DIR=/Applications/Xcode-27.0.0-Release.Candidate.app xcrun xcodebuild -IDEClonedSourcePackagesDirPathOverride=$PWD/.dependencies -skipMacroValidation -skipPackagePluginValidation -derivedDataPath $PWD/.derivedData build -scheme SectionReactor -destination generic/platform=xrOSBuild Log
builtin-SwiftPerFileCompile Debug.swift
SwiftCompile normal arm64 /Users/admin/builder/spi-builder-workspace/.dependencies/checkouts/RxSwift/Sources/RxSwift/DefaultIfEmpty.swift (in target 'RxSwift' from project 'RxSwift')
cd /Users/admin/builder/spi-builder-workspace/.swiftpm/xcode
builtin-SwiftPerFileCompile DefaultIfEmpty.swift
SwiftCompile normal arm64 /Users/admin/builder/spi-builder-workspace/.dependencies/checkouts/RxSwift/Sources/RxSwift/Deferred.swift (in target 'RxSwift' from project 'RxSwift')
cd /Users/admin/builder/spi-builder-workspace/.swiftpm/xcode
builtin-SwiftPerFileCompile Deferred.swift
SwiftCompile normal arm64 /Users/admin/builder/spi-builder-workspace/.dependencies/checkouts/RxSwift/Sources/RxSwift/Delay.swift (in target 'RxSwift' from project 'RxSwift')
cd /Users/admin/builder/spi-builder-workspace/.swiftpm/xcode
builtin-SwiftPerFileCompile Delay.swift
SwiftCompile normal arm64 /Users/admin/builder/spi-builder-workspace/.dependencies/checkouts/RxSwift/Sources/RxSwift/DelaySubscription.swift (in target 'RxSwift' from project 'RxSwift')
cd /Users/admin/builder/spi-builder-workspace/.swiftpm/xcode
builtin-SwiftPerFileCompile DelaySubscription.swift
SwiftCompile normal arm64 /Users/admin/builder/spi-builder-workspace/.dependencies/checkouts/RxSwift/Sources/RxSwift/Dematerialize.swift (in target 'RxSwift' from project 'RxSwift')
cd /Users/admin/builder/spi-builder-workspace/.swiftpm/xcode
builtin-SwiftPerFileCompile Dematerialize.swift
SwiftCompile normal arm64 /Users/admin/builder/spi-builder-workspace/.dependencies/checkouts/RxSwift/Sources/RxSwift/Deprecated.swift (in target 'RxSwift' from project 'RxSwift')
cd /Users/admin/builder/spi-builder-workspace/.swiftpm/xcode
builtin-SwiftPerFileCompile Deprecated.swift
SwiftCompile normal arm64 /Users/admin/builder/spi-builder-workspace/.dependencies/checkouts/RxSwift/Sources/RxSwift/DispatchQueue+Extensions.swift (in target 'RxSwift' from project 'RxSwift')
cd /Users/admin/builder/spi-builder-workspace/.swiftpm/xcode
builtin-SwiftPerFileCompile DispatchQueue+Extensions.swift
SwiftCompile normal arm64 /Users/admin/builder/spi-builder-workspace/.dependencies/checkouts/RxSwift/Sources/RxSwift/DispatchQueueConfiguration.swift (in target 'RxSwift' from project 'RxSwift')
cd /Users/admin/builder/spi-builder-workspace/.swiftpm/xcode
builtin-SwiftPerFileCompile DispatchQueueConfiguration.swift
SwiftCompile normal arm64 /Users/admin/builder/spi-builder-workspace/.dependencies/checkouts/RxSwift/Sources/RxSwift/Disposable.swift (in target 'RxSwift' from project 'RxSwift')
cd /Users/admin/builder/spi-builder-workspace/.swiftpm/xcode
builtin-SwiftPerFileCompile Disposable.swift
SwiftCompile normal arm64 /Users/admin/builder/spi-builder-workspace/.dependencies/checkouts/RxSwift/Sources/RxSwift/Disposables.swift (in target 'RxSwift' from project 'RxSwift')
cd /Users/admin/builder/spi-builder-workspace/.swiftpm/xcode
builtin-SwiftPerFileCompile Disposables.swift
SwiftCompile normal arm64 /Users/admin/builder/spi-builder-workspace/.dependencies/checkouts/RxSwift/Sources/RxSwift/DisposeBag.swift (in target 'RxSwift' from project 'RxSwift')
cd /Users/admin/builder/spi-builder-workspace/.swiftpm/xcode
builtin-SwiftPerFileCompile DisposeBag.swift
SwiftEmitModule normal arm64 Emitting\ module\ for\ WeakMapTable (in target 'WeakMapTable' from project 'WeakMapTable')
SwiftCompile normal arm64 (in target 'WeakMapTable' from project 'WeakMapTable')
cd /Users/admin/builder/spi-builder-workspace/.swiftpm/xcode
SwiftEmitModule normal arm64 Emitting\ module\ for\ Differentiator (in target 'Differentiator' from project 'RxDataSources')
SwiftCompile normal arm64 (in target 'Differentiator' from project 'RxDataSources')
cd /Users/admin/builder/spi-builder-workspace/.swiftpm/xcode
SwiftCompile normal arm64 Compiling\ WeakMapTable.swift /Users/admin/builder/spi-builder-workspace/.dependencies/checkouts/WeakMapTable/Sources/WeakMapTable/WeakMapTable.swift (in target 'WeakMapTable' from project 'WeakMapTable')
SwiftCompile normal arm64 /Users/admin/builder/spi-builder-workspace/.dependencies/checkouts/WeakMapTable/Sources/WeakMapTable/WeakMapTable.swift (in target 'WeakMapTable' from project 'WeakMapTable')
cd /Users/admin/builder/spi-builder-workspace/.swiftpm/xcode
builtin-SwiftPerFileCompile WeakMapTable.swift
SwiftCompile normal arm64 Compiling\ AddRef.swift,\ Amb.swift,\ AnonymousDisposable.swift,\ AnonymousObserver.swift,\ AnyObserver.swift,\ AsMaybe.swift,\ AsSingle.swift,\ AsyncLock.swift,\ AsyncSubject.swift,\ AtomicInt.swift,\ Bag+Rx.swift,\ Bag.swift,\ BehaviorSubject.swift,\ BinaryDisposable.swift,\ BooleanDisposable.swift /Users/admin/builder/spi-builder-workspace/.dependencies/checkouts/RxSwift/Sources/RxSwift/AddRef.swift /Users/admin/builder/spi-builder-workspace/.dependencies/checkouts/RxSwift/Sources/RxSwift/Amb.swift /Users/admin/builder/spi-builder-workspace/.dependencies/checkouts/RxSwift/Sources/RxSwift/AnonymousDisposable.swift /Users/admin/builder/spi-builder-workspace/.dependencies/checkouts/RxSwift/Sources/RxSwift/AnonymousObserver.swift /Users/admin/builder/spi-builder-workspace/.dependencies/checkouts/RxSwift/Sources/RxSwift/AnyObserver.swift /Users/admin/builder/spi-builder-workspace/.dependencies/checkouts/RxSwift/Sources/RxSwift/AsMaybe.swift /Users/admin/builder/spi-builder-workspace/.dependencies/checkouts/RxSwift/Sources/RxSwift/AsSingle.swift /Users/admin/builder/spi-builder-workspace/.dependencies/checkouts/RxSwift/Sources/RxSwift/AsyncLock.swift /Users/admin/builder/spi-builder-workspace/.dependencies/checkouts/RxSwift/Sources/RxSwift/AsyncSubject.swift /Users/admin/builder/spi-builder-workspace/.dependencies/checkouts/RxSwift/Sources/RxSwift/AtomicInt.swift /Users/admin/builder/spi-builder-workspace/.dependencies/checkouts/RxSwift/Sources/RxSwift/Bag+Rx.swift /Users/admin/builder/spi-builder-workspace/.dependencies/checkouts/RxSwift/Sources/RxSwift/Bag.swift /Users/admin/builder/spi-builder-workspace/.dependencies/checkouts/RxSwift/Sources/RxSwift/BehaviorSubject.swift /Users/admin/builder/spi-builder-workspace/.dependencies/checkouts/RxSwift/Sources/RxSwift/BinaryDisposable.swift /Users/admin/builder/spi-builder-workspace/.dependencies/checkouts/RxSwift/Sources/RxSwift/BooleanDisposable.swift (in target 'RxSwift' from project 'RxSwift')
SwiftCompile normal arm64 /Users/admin/builder/spi-builder-workspace/.dependencies/checkouts/RxSwift/Sources/RxSwift/AddRef.swift (in target 'RxSwift' from project 'RxSwift')
cd /Users/admin/builder/spi-builder-workspace/.swiftpm/xcode
builtin-SwiftPerFileCompile AddRef.swift
SwiftCompile normal arm64 /Users/admin/builder/spi-builder-workspace/.dependencies/checkouts/RxSwift/Sources/RxSwift/Amb.swift (in target 'RxSwift' from project 'RxSwift')
cd /Users/admin/builder/spi-builder-workspace/.swiftpm/xcode
builtin-SwiftPerFileCompile Amb.swift
SwiftCompile normal arm64 /Users/admin/builder/spi-builder-workspace/.dependencies/checkouts/RxSwift/Sources/RxSwift/AnonymousDisposable.swift (in target 'RxSwift' from project 'RxSwift')
cd /Users/admin/builder/spi-builder-workspace/.swiftpm/xcode
builtin-SwiftPerFileCompile AnonymousDisposable.swift
SwiftCompile normal arm64 /Users/admin/builder/spi-builder-workspace/.dependencies/checkouts/RxSwift/Sources/RxSwift/AnonymousObserver.swift (in target 'RxSwift' from project 'RxSwift')
cd /Users/admin/builder/spi-builder-workspace/.swiftpm/xcode
builtin-SwiftPerFileCompile AnonymousObserver.swift
SwiftCompile normal arm64 /Users/admin/builder/spi-builder-workspace/.dependencies/checkouts/RxSwift/Sources/RxSwift/AnyObserver.swift (in target 'RxSwift' from project 'RxSwift')
cd /Users/admin/builder/spi-builder-workspace/.swiftpm/xcode
builtin-SwiftPerFileCompile AnyObserver.swift
SwiftCompile normal arm64 /Users/admin/builder/spi-builder-workspace/.dependencies/checkouts/RxSwift/Sources/RxSwift/AsMaybe.swift (in target 'RxSwift' from project 'RxSwift')
cd /Users/admin/builder/spi-builder-workspace/.swiftpm/xcode
builtin-SwiftPerFileCompile AsMaybe.swift
SwiftCompile normal arm64 /Users/admin/builder/spi-builder-workspace/.dependencies/checkouts/RxSwift/Sources/RxSwift/AsSingle.swift (in target 'RxSwift' from project 'RxSwift')
cd /Users/admin/builder/spi-builder-workspace/.swiftpm/xcode
builtin-SwiftPerFileCompile AsSingle.swift
SwiftCompile normal arm64 /Users/admin/builder/spi-builder-workspace/.dependencies/checkouts/RxSwift/Sources/RxSwift/AsyncLock.swift (in target 'RxSwift' from project 'RxSwift')
cd /Users/admin/builder/spi-builder-workspace/.swiftpm/xcode
builtin-SwiftPerFileCompile AsyncLock.swift
SwiftCompile normal arm64 /Users/admin/builder/spi-builder-workspace/.dependencies/checkouts/RxSwift/Sources/RxSwift/AsyncSubject.swift (in target 'RxSwift' from project 'RxSwift')
cd /Users/admin/builder/spi-builder-workspace/.swiftpm/xcode
builtin-SwiftPerFileCompile AsyncSubject.swift
SwiftCompile normal arm64 /Users/admin/builder/spi-builder-workspace/.dependencies/checkouts/RxSwift/Sources/RxSwift/AtomicInt.swift (in target 'RxSwift' from project 'RxSwift')
cd /Users/admin/builder/spi-builder-workspace/.swiftpm/xcode
builtin-SwiftPerFileCompile AtomicInt.swift
SwiftCompile normal arm64 /Users/admin/builder/spi-builder-workspace/.dependencies/checkouts/RxSwift/Sources/RxSwift/Bag+Rx.swift (in target 'RxSwift' from project 'RxSwift')
cd /Users/admin/builder/spi-builder-workspace/.swiftpm/xcode
builtin-SwiftPerFileCompile Bag+Rx.swift
SwiftCompile normal arm64 /Users/admin/builder/spi-builder-workspace/.dependencies/checkouts/RxSwift/Sources/RxSwift/Bag.swift (in target 'RxSwift' from project 'RxSwift')
cd /Users/admin/builder/spi-builder-workspace/.swiftpm/xcode
builtin-SwiftPerFileCompile Bag.swift
SwiftCompile normal arm64 /Users/admin/builder/spi-builder-workspace/.dependencies/checkouts/RxSwift/Sources/RxSwift/BehaviorSubject.swift (in target 'RxSwift' from project 'RxSwift')
cd /Users/admin/builder/spi-builder-workspace/.swiftpm/xcode
builtin-SwiftPerFileCompile BehaviorSubject.swift
SwiftCompile normal arm64 /Users/admin/builder/spi-builder-workspace/.dependencies/checkouts/RxSwift/Sources/RxSwift/BinaryDisposable.swift (in target 'RxSwift' from project 'RxSwift')
cd /Users/admin/builder/spi-builder-workspace/.swiftpm/xcode
builtin-SwiftPerFileCompile BinaryDisposable.swift
SwiftCompile normal arm64 /Users/admin/builder/spi-builder-workspace/.dependencies/checkouts/RxSwift/Sources/RxSwift/BooleanDisposable.swift (in target 'RxSwift' from project 'RxSwift')
cd /Users/admin/builder/spi-builder-workspace/.swiftpm/xcode
builtin-SwiftPerFileCompile BooleanDisposable.swift
SwiftDriverJobDiscovery normal arm64 Emitting module for WeakMapTable (in target 'WeakMapTable' from project 'WeakMapTable')
SwiftDriver\ Compilation\ Requirements WeakMapTable normal arm64 com.apple.xcode.tools.swift.compiler (in target 'WeakMapTable' from project 'WeakMapTable')
cd /Users/admin/builder/spi-builder-workspace/.swiftpm/xcode
builtin-Swift-Compilation-Requirements -- /Applications/Xcode-27.0.0-Release.Candidate.app/Contents/Developer/Toolchains/XcodeDefault.xctoolchain/usr/bin/swiftc -parse-as-library -module-name WeakMapTable -Onone @/Users/admin/builder/spi-builder-workspace/.derivedData/Build/Intermediates.noindex/WeakMapTable.build/Debug-xros/WeakMapTable-t.build/Objects-normal/arm64/WeakMapTable.SwiftFileList -DSWIFT_PACKAGE -DDEBUG -DSWIFT_MODULE_RESOURCE_BUNDLE_UNAVAILABLE -DXcode -plugin-path /Applications/Xcode-27.0.0-Release.Candidate.app/Contents/Developer/Toolchains/XcodeDefault.xctoolchain/usr/lib/swift/host/plugins/testing -enable-experimental-feature DebugDescriptionMacro -sdk /Applications/Xcode-27.0.0-Release.Candidate.app/Contents/Developer/Platforms/XROS.platform/Developer/SDKs/XROS27.0.sdk -target arm64-apple-xros1.0 -g -module-cache-path /Users/admin/builder/spi-builder-workspace/.derivedData/ModuleCache.noindex -Xfrontend -serialize-debugging-options -profile-coverage-mapping -profile-generate -enable-testing -suppress-warnings -index-store-path /Users/admin/builder/spi-builder-workspace/.derivedData/Index.noindex/DataStore -Xcc -D_LIBCPP_HARDENING_MODE\=_LIBCPP_HARDENING_MODE_DEBUG -swift-version 5 -I /Users/admin/builder/spi-builder-workspace/.derivedData/Build/Products/Debug-xros -Isystem /Applications/Xcode-27.0.0-Release.Candidate.app/Contents/Developer/Platforms/XROS.platform/Developer/usr/lib -F /Users/admin/builder/spi-builder-workspace/.derivedData/Build/Products/Debug-xros -F /Applications/Xcode-27.0.0-Release.Candidate.app/Contents/Developer/Platforms/XROS.platform/Developer/Library/Frameworks -F /Applications/Xcode-27.0.0-Release.Candidate.app/Contents/Developer/Platforms/XROS.platform/Developer/SDKs/XROS27.0.sdk/Developer/Library/Frameworks -c -j10 -enable-batch-mode -incremental -Xcc -ivfsstatcache -Xcc /Users/admin/builder/spi-builder-workspace/.derivedData/SDKStatCaches.noindex/xros27.0-24M361-e829b21a6f8c9b70876ba0858053c044735bd543db762f57723cac368afd1ce4.sdkstatcache -output-file-map /Users/admin/builder/spi-builder-workspace/.derivedData/Build/Intermediates.noindex/WeakMapTable.build/Debug-xros/WeakMapTable-t.build/Objects-normal/arm64/WeakMapTable-OutputFileMap.json -save-temps -no-color-diagnostics -explicit-module-build -module-cache-path /Users/admin/builder/spi-builder-workspace/.derivedData/Build/Intermediates.noindex/SwiftExplicitPrecompiledModules -clang-scanner-module-cache-path /Users/admin/builder/spi-builder-workspace/.derivedData/ModuleCache.noindex -sdk-module-cache-path /Users/admin/builder/spi-builder-workspace/.derivedData/SDKExplicitPrecompiledModules -emit-dependencies -emit-module -emit-module-path /Users/admin/builder/spi-builder-workspace/.derivedData/Build/Intermediates.noindex/WeakMapTable.build/Debug-xros/WeakMapTable-t.build/Objects-normal/arm64/WeakMapTable.swiftmodule -serialize-diagnostics -dependency-scan-serialize-diagnostics-path /Users/admin/builder/spi-builder-workspace/.derivedData/Build/Intermediates.noindex/WeakMapTable.build/Debug-xros/WeakMapTable-t.build/Objects-normal/arm64/WeakMapTable-dependency-scan.dia -validate-clang-modules-once -clang-build-session-file /Users/admin/builder/spi-builder-workspace/.derivedData/ModuleCache.noindex/Session.modulevalidation -Xcc -fmodules-prune-interval\=86400 -Xcc -fmodules-prune-after\=345600 -emit-const-values -const-gather-protocols-list /Users/admin/builder/spi-builder-workspace/.derivedData/Build/Intermediates.noindex/WeakMapTable.build/Debug-xros/WeakMapTable-t.build/Objects-normal/arm64/WeakMapTable_const_extract_protocols.json -Xcc -I/Users/admin/builder/spi-builder-workspace/.derivedData/Build/Products/Debug-xros/include -Xcc -I/Users/admin/builder/spi-builder-workspace/.derivedData/Build/Intermediates.noindex/WeakMapTable.build/Debug-xros/WeakMapTable-t.build/DerivedSources-normal/arm64 -Xcc -I/Users/admin/builder/spi-builder-workspace/.derivedData/Build/Intermediates.noindex/WeakMapTable.build/Debug-xros/WeakMapTable-t.build/DerivedSources/arm64 -Xcc -I/Users/admin/builder/spi-builder-workspace/.derivedData/Build/Intermediates.noindex/WeakMapTable.build/Debug-xros/WeakMapTable-t.build/DerivedSources -Xcc -DSWIFT_PACKAGE -Xcc -DDEBUG\=1 -emit-objc-header -emit-objc-header-path /Users/admin/builder/spi-builder-workspace/.derivedData/Build/Intermediates.noindex/WeakMapTable.build/Debug-xros/WeakMapTable-t.build/Objects-normal/arm64/WeakMapTable-Swift.h -working-directory /Users/admin/builder/spi-builder-workspace/.swiftpm/xcode -experimental-emit-module-separately -disable-cmo
SwiftDriverJobDiscovery normal arm64 Emitting module for Differentiator (in target 'Differentiator' from project 'RxDataSources')
SwiftDriver\ Compilation\ Requirements Differentiator normal arm64 com.apple.xcode.tools.swift.compiler (in target 'Differentiator' from project 'RxDataSources')
cd /Users/admin/builder/spi-builder-workspace/.swiftpm/xcode
builtin-Swift-Compilation-Requirements -- /Applications/Xcode-27.0.0-Release.Candidate.app/Contents/Developer/Toolchains/XcodeDefault.xctoolchain/usr/bin/swiftc -parse-as-library -module-name Differentiator -Onone @/Users/admin/builder/spi-builder-workspace/.derivedData/Build/Intermediates.noindex/RxDataSources.build/Debug-xros/Differentiator-t.build/Objects-normal/arm64/Differentiator.SwiftFileList -DSWIFT_PACKAGE -DDEBUG -DSWIFT_MODULE_RESOURCE_BUNDLE_UNAVAILABLE -DXcode -plugin-path /Applications/Xcode-27.0.0-Release.Candidate.app/Contents/Developer/Toolchains/XcodeDefault.xctoolchain/usr/lib/swift/host/plugins/testing -enable-experimental-feature DebugDescriptionMacro -sdk /Applications/Xcode-27.0.0-Release.Candidate.app/Contents/Developer/Platforms/XROS.platform/Developer/SDKs/XROS27.0.sdk -target arm64-apple-xros1.0 -g -module-cache-path /Users/admin/builder/spi-builder-workspace/.derivedData/ModuleCache.noindex -Xfrontend -serialize-debugging-options -profile-coverage-mapping -profile-generate -enable-testing -suppress-warnings -index-store-path /Users/admin/builder/spi-builder-workspace/.derivedData/Index.noindex/DataStore -Xcc -D_LIBCPP_HARDENING_MODE\=_LIBCPP_HARDENING_MODE_DEBUG -swift-version 5 -I /Users/admin/builder/spi-builder-workspace/.derivedData/Build/Products/Debug-xros -Isystem /Applications/Xcode-27.0.0-Release.Candidate.app/Contents/Developer/Platforms/XROS.platform/Developer/usr/lib -F /Users/admin/builder/spi-builder-workspace/.derivedData/Build/Products/Debug-xros -F /Applications/Xcode-27.0.0-Release.Candidate.app/Contents/Developer/Platforms/XROS.platform/Developer/Library/Frameworks -F /Applications/Xcode-27.0.0-Release.Candidate.app/Contents/Developer/Platforms/XROS.platform/Developer/SDKs/XROS27.0.sdk/Developer/Library/Frameworks -c -j10 -enable-batch-mode -incremental -Xcc -ivfsstatcache -Xcc /Users/admin/builder/spi-builder-workspace/.derivedData/SDKStatCaches.noindex/xros27.0-24M361-e829b21a6f8c9b70876ba0858053c044735bd543db762f57723cac368afd1ce4.sdkstatcache -output-file-map /Users/admin/builder/spi-builder-workspace/.derivedData/Build/Intermediates.noindex/RxDataSources.build/Debug-xros/Differentiator-t.build/Objects-normal/arm64/Differentiator-OutputFileMap.json -save-temps -no-color-diagnostics -explicit-module-build -module-cache-path /Users/admin/builder/spi-builder-workspace/.derivedData/Build/Intermediates.noindex/SwiftExplicitPrecompiledModules -clang-scanner-module-cache-path /Users/admin/builder/spi-builder-workspace/.derivedData/ModuleCache.noindex -sdk-module-cache-path /Users/admin/builder/spi-builder-workspace/.derivedData/SDKExplicitPrecompiledModules -emit-dependencies -emit-module -emit-module-path /Users/admin/builder/spi-builder-workspace/.derivedData/Build/Intermediates.noindex/RxDataSources.build/Debug-xros/Differentiator-t.build/Objects-normal/arm64/Differentiator.swiftmodule -serialize-diagnostics -dependency-scan-serialize-diagnostics-path /Users/admin/builder/spi-builder-workspace/.derivedData/Build/Intermediates.noindex/RxDataSources.build/Debug-xros/Differentiator-t.build/Objects-normal/arm64/Differentiator-dependency-scan.dia -validate-clang-modules-once -clang-build-session-file /Users/admin/builder/spi-builder-workspace/.derivedData/ModuleCache.noindex/Session.modulevalidation -Xcc -fmodules-prune-interval\=86400 -Xcc -fmodules-prune-after\=345600 -emit-const-values -const-gather-protocols-list /Users/admin/builder/spi-builder-workspace/.derivedData/Build/Intermediates.noindex/RxDataSources.build/Debug-xros/Differentiator-t.build/Objects-normal/arm64/Differentiator_const_extract_protocols.json -Xcc -I/Users/admin/builder/spi-builder-workspace/.derivedData/Build/Products/Debug-xros/include -Xcc -I/Users/admin/builder/spi-builder-workspace/.derivedData/Build/Intermediates.noindex/RxDataSources.build/Debug-xros/Differentiator-t.build/DerivedSources-normal/arm64 -Xcc -I/Users/admin/builder/spi-builder-workspace/.derivedData/Build/Intermediates.noindex/RxDataSources.build/Debug-xros/Differentiator-t.build/DerivedSources/arm64 -Xcc -I/Users/admin/builder/spi-builder-workspace/.derivedData/Build/Intermediates.noindex/RxDataSources.build/Debug-xros/Differentiator-t.build/DerivedSources -Xcc -DSWIFT_PACKAGE -Xcc -DDEBUG\=1 -emit-objc-header -emit-objc-header-path /Users/admin/builder/spi-builder-workspace/.derivedData/Build/Intermediates.noindex/RxDataSources.build/Debug-xros/Differentiator-t.build/Objects-normal/arm64/Differentiator-Swift.h -working-directory /Users/admin/builder/spi-builder-workspace/.swiftpm/xcode -experimental-emit-module-separately -disable-cmo
SwiftMergeGeneratedHeaders /Users/admin/builder/spi-builder-workspace/.derivedData/Build/Intermediates.noindex/GeneratedModuleMaps-xros/WeakMapTable-Swift.h /Users/admin/builder/spi-builder-workspace/.derivedData/Build/Intermediates.noindex/WeakMapTable.build/Debug-xros/WeakMapTable-t.build/Objects-normal/arm64/WeakMapTable-Swift.h (in target 'WeakMapTable' from project 'WeakMapTable')
cd /Users/admin/builder/spi-builder-workspace/.dependencies/checkouts/WeakMapTable
builtin-swiftHeaderTool -arch arm64 /Users/admin/builder/spi-builder-workspace/.derivedData/Build/Intermediates.noindex/WeakMapTable.build/Debug-xros/WeakMapTable-t.build/Objects-normal/arm64/WeakMapTable-Swift.h -o /Users/admin/builder/spi-builder-workspace/.derivedData/Build/Intermediates.noindex/GeneratedModuleMaps-xros/WeakMapTable-Swift.h
Copy /Users/admin/builder/spi-builder-workspace/.derivedData/Build/Products/Debug-xros/WeakMapTable.swiftmodule/arm64-apple-xros.swiftmodule /Users/admin/builder/spi-builder-workspace/.derivedData/Build/Intermediates.noindex/WeakMapTable.build/Debug-xros/WeakMapTable-t.build/Objects-normal/arm64/WeakMapTable.swiftmodule (in target 'WeakMapTable' from project 'WeakMapTable')
cd /Users/admin/builder/spi-builder-workspace/.dependencies/checkouts/WeakMapTable
builtin-copy -exclude .DS_Store -exclude CVS -exclude .svn -exclude .git -exclude .hg -resolve-src-symlinks -rename /Users/admin/builder/spi-builder-workspace/.derivedData/Build/Intermediates.noindex/WeakMapTable.build/Debug-xros/WeakMapTable-t.build/Objects-normal/arm64/WeakMapTable.swiftmodule /Users/admin/builder/spi-builder-workspace/.derivedData/Build/Products/Debug-xros/WeakMapTable.swiftmodule/arm64-apple-xros.swiftmodule
Copy /Users/admin/builder/spi-builder-workspace/.derivedData/Build/Products/Debug-xros/WeakMapTable.swiftmodule/arm64-apple-xros.swiftdoc /Users/admin/builder/spi-builder-workspace/.derivedData/Build/Intermediates.noindex/WeakMapTable.build/Debug-xros/WeakMapTable-t.build/Objects-normal/arm64/WeakMapTable.swiftdoc (in target 'WeakMapTable' from project 'WeakMapTable')
cd /Users/admin/builder/spi-builder-workspace/.dependencies/checkouts/WeakMapTable
builtin-copy -exclude .DS_Store -exclude CVS -exclude .svn -exclude .git -exclude .hg -resolve-src-symlinks -rename /Users/admin/builder/spi-builder-workspace/.derivedData/Build/Intermediates.noindex/WeakMapTable.build/Debug-xros/WeakMapTable-t.build/Objects-normal/arm64/WeakMapTable.swiftdoc /Users/admin/builder/spi-builder-workspace/.derivedData/Build/Products/Debug-xros/WeakMapTable.swiftmodule/arm64-apple-xros.swiftdoc
Copy /Users/admin/builder/spi-builder-workspace/.derivedData/Build/Products/Debug-xros/WeakMapTable.swiftmodule/arm64-apple-xros.abi.json /Users/admin/builder/spi-builder-workspace/.derivedData/Build/Intermediates.noindex/WeakMapTable.build/Debug-xros/WeakMapTable-t.build/Objects-normal/arm64/WeakMapTable.abi.json (in target 'WeakMapTable' from project 'WeakMapTable')
cd /Users/admin/builder/spi-builder-workspace/.dependencies/checkouts/WeakMapTable
builtin-copy -exclude .DS_Store -exclude CVS -exclude .svn -exclude .git -exclude .hg -resolve-src-symlinks -rename /Users/admin/builder/spi-builder-workspace/.derivedData/Build/Intermediates.noindex/WeakMapTable.build/Debug-xros/WeakMapTable-t.build/Objects-normal/arm64/WeakMapTable.abi.json /Users/admin/builder/spi-builder-workspace/.derivedData/Build/Products/Debug-xros/WeakMapTable.swiftmodule/arm64-apple-xros.abi.json
Copy /Users/admin/builder/spi-builder-workspace/.derivedData/Build/Products/Debug-xros/WeakMapTable.swiftmodule/Project/arm64-apple-xros.swiftsourceinfo /Users/admin/builder/spi-builder-workspace/.derivedData/Build/Intermediates.noindex/WeakMapTable.build/Debug-xros/WeakMapTable-t.build/Objects-normal/arm64/WeakMapTable.swiftsourceinfo (in target 'WeakMapTable' from project 'WeakMapTable')
cd /Users/admin/builder/spi-builder-workspace/.dependencies/checkouts/WeakMapTable
builtin-copy -exclude .DS_Store -exclude CVS -exclude .svn -exclude .git -exclude .hg -resolve-src-symlinks -rename /Users/admin/builder/spi-builder-workspace/.derivedData/Build/Intermediates.noindex/WeakMapTable.build/Debug-xros/WeakMapTable-t.build/Objects-normal/arm64/WeakMapTable.swiftsourceinfo /Users/admin/builder/spi-builder-workspace/.derivedData/Build/Products/Debug-xros/WeakMapTable.swiftmodule/Project/arm64-apple-xros.swiftsourceinfo
SwiftMergeGeneratedHeaders /Users/admin/builder/spi-builder-workspace/.derivedData/Build/Intermediates.noindex/GeneratedModuleMaps-xros/Differentiator-Swift.h /Users/admin/builder/spi-builder-workspace/.derivedData/Build/Intermediates.noindex/RxDataSources.build/Debug-xros/Differentiator-t.build/Objects-normal/arm64/Differentiator-Swift.h (in target 'Differentiator' from project 'RxDataSources')
cd /Users/admin/builder/spi-builder-workspace/.dependencies/checkouts/RxDataSources
builtin-swiftHeaderTool -arch arm64 /Users/admin/builder/spi-builder-workspace/.derivedData/Build/Intermediates.noindex/RxDataSources.build/Debug-xros/Differentiator-t.build/Objects-normal/arm64/Differentiator-Swift.h -o /Users/admin/builder/spi-builder-workspace/.derivedData/Build/Intermediates.noindex/GeneratedModuleMaps-xros/Differentiator-Swift.h
Copy /Users/admin/builder/spi-builder-workspace/.derivedData/Build/Products/Debug-xros/Differentiator.swiftmodule/arm64-apple-xros.swiftmodule /Users/admin/builder/spi-builder-workspace/.derivedData/Build/Intermediates.noindex/RxDataSources.build/Debug-xros/Differentiator-t.build/Objects-normal/arm64/Differentiator.swiftmodule (in target 'Differentiator' from project 'RxDataSources')
cd /Users/admin/builder/spi-builder-workspace/.dependencies/checkouts/RxDataSources
builtin-copy -exclude .DS_Store -exclude CVS -exclude .svn -exclude .git -exclude .hg -resolve-src-symlinks -rename /Users/admin/builder/spi-builder-workspace/.derivedData/Build/Intermediates.noindex/RxDataSources.build/Debug-xros/Differentiator-t.build/Objects-normal/arm64/Differentiator.swiftmodule /Users/admin/builder/spi-builder-workspace/.derivedData/Build/Products/Debug-xros/Differentiator.swiftmodule/arm64-apple-xros.swiftmodule
Copy /Users/admin/builder/spi-builder-workspace/.derivedData/Build/Products/Debug-xros/Differentiator.swiftmodule/arm64-apple-xros.swiftdoc /Users/admin/builder/spi-builder-workspace/.derivedData/Build/Intermediates.noindex/RxDataSources.build/Debug-xros/Differentiator-t.build/Objects-normal/arm64/Differentiator.swiftdoc (in target 'Differentiator' from project 'RxDataSources')
cd /Users/admin/builder/spi-builder-workspace/.dependencies/checkouts/RxDataSources
builtin-copy -exclude .DS_Store -exclude CVS -exclude .svn -exclude .git -exclude .hg -resolve-src-symlinks -rename /Users/admin/builder/spi-builder-workspace/.derivedData/Build/Intermediates.noindex/RxDataSources.build/Debug-xros/Differentiator-t.build/Objects-normal/arm64/Differentiator.swiftdoc /Users/admin/builder/spi-builder-workspace/.derivedData/Build/Products/Debug-xros/Differentiator.swiftmodule/arm64-apple-xros.swiftdoc
Copy /Users/admin/builder/spi-builder-workspace/.derivedData/Build/Products/Debug-xros/Differentiator.swiftmodule/arm64-apple-xros.abi.json /Users/admin/builder/spi-builder-workspace/.derivedData/Build/Intermediates.noindex/RxDataSources.build/Debug-xros/Differentiator-t.build/Objects-normal/arm64/Differentiator.abi.json (in target 'Differentiator' from project 'RxDataSources')
cd /Users/admin/builder/spi-builder-workspace/.dependencies/checkouts/RxDataSources
builtin-copy -exclude .DS_Store -exclude CVS -exclude .svn -exclude .git -exclude .hg -resolve-src-symlinks -rename /Users/admin/builder/spi-builder-workspace/.derivedData/Build/Intermediates.noindex/RxDataSources.build/Debug-xros/Differentiator-t.build/Objects-normal/arm64/Differentiator.abi.json /Users/admin/builder/spi-builder-workspace/.derivedData/Build/Products/Debug-xros/Differentiator.swiftmodule/arm64-apple-xros.abi.json
Copy /Users/admin/builder/spi-builder-workspace/.derivedData/Build/Products/Debug-xros/Differentiator.swiftmodule/Project/arm64-apple-xros.swiftsourceinfo /Users/admin/builder/spi-builder-workspace/.derivedData/Build/Intermediates.noindex/RxDataSources.build/Debug-xros/Differentiator-t.build/Objects-normal/arm64/Differentiator.swiftsourceinfo (in target 'Differentiator' from project 'RxDataSources')
cd /Users/admin/builder/spi-builder-workspace/.dependencies/checkouts/RxDataSources
builtin-copy -exclude .DS_Store -exclude CVS -exclude .svn -exclude .git -exclude .hg -resolve-src-symlinks -rename /Users/admin/builder/spi-builder-workspace/.derivedData/Build/Intermediates.noindex/RxDataSources.build/Debug-xros/Differentiator-t.build/Objects-normal/arm64/Differentiator.swiftsourceinfo /Users/admin/builder/spi-builder-workspace/.derivedData/Build/Products/Debug-xros/Differentiator.swiftmodule/Project/arm64-apple-xros.swiftsourceinfo
SwiftCompile normal arm64 Compiling\ TakeLast.swift,\ TakeUntil.swift,\ TakeWhile.swift,\ Throttle.swift,\ Timeout.swift,\ Timer.swift,\ ToArray.swift,\ Using.swift,\ VirtualTimeConverterType.swift,\ VirtualTimeScheduler.swift,\ Window.swift,\ WithLatestFrom.swift,\ Zip+Collection.swift,\ Zip+arity.swift,\ Zip.swift /Users/admin/builder/spi-builder-workspace/.dependencies/checkouts/RxSwift/Sources/RxSwift/TakeLast.swift /Users/admin/builder/spi-builder-workspace/.dependencies/checkouts/RxSwift/Sources/RxSwift/TakeUntil.swift /Users/admin/builder/spi-builder-workspace/.dependencies/checkouts/RxSwift/Sources/RxSwift/TakeWhile.swift /Users/admin/builder/spi-builder-workspace/.dependencies/checkouts/RxSwift/Sources/RxSwift/Throttle.swift /Users/admin/builder/spi-builder-workspace/.dependencies/checkouts/RxSwift/Sources/RxSwift/Timeout.swift /Users/admin/builder/spi-builder-workspace/.dependencies/checkouts/RxSwift/Sources/RxSwift/Timer.swift /Users/admin/builder/spi-builder-workspace/.dependencies/checkouts/RxSwift/Sources/RxSwift/ToArray.swift /Users/admin/builder/spi-builder-workspace/.dependencies/checkouts/RxSwift/Sources/RxSwift/Using.swift /Users/admin/builder/spi-builder-workspace/.dependencies/checkouts/RxSwift/Sources/RxSwift/VirtualTimeConverterType.swift /Users/admin/builder/spi-builder-workspace/.dependencies/checkouts/RxSwift/Sources/RxSwift/VirtualTimeScheduler.swift /Users/admin/builder/spi-builder-workspace/.dependencies/checkouts/RxSwift/Sources/RxSwift/Window.swift /Users/admin/builder/spi-builder-workspace/.dependencies/checkouts/RxSwift/Sources/RxSwift/WithLatestFrom.swift /Users/admin/builder/spi-builder-workspace/.dependencies/checkouts/RxSwift/Sources/RxSwift/Zip+Collection.swift /Users/admin/builder/spi-builder-workspace/.dependencies/checkouts/RxSwift/Sources/RxSwift/Zip+arity.swift /Users/admin/builder/spi-builder-workspace/.dependencies/checkouts/RxSwift/Sources/RxSwift/Zip.swift (in target 'RxSwift' from project 'RxSwift')
SwiftCompile normal arm64 /Users/admin/builder/spi-builder-workspace/.dependencies/checkouts/RxSwift/Sources/RxSwift/TakeLast.swift (in target 'RxSwift' from project 'RxSwift')
cd /Users/admin/builder/spi-builder-workspace/.swiftpm/xcode
builtin-SwiftPerFileCompile TakeLast.swift
SwiftCompile normal arm64 /Users/admin/builder/spi-builder-workspace/.dependencies/checkouts/RxSwift/Sources/RxSwift/TakeUntil.swift (in target 'RxSwift' from project 'RxSwift')
cd /Users/admin/builder/spi-builder-workspace/.swiftpm/xcode
builtin-SwiftPerFileCompile TakeUntil.swift
SwiftCompile normal arm64 /Users/admin/builder/spi-builder-workspace/.dependencies/checkouts/RxSwift/Sources/RxSwift/TakeWhile.swift (in target 'RxSwift' from project 'RxSwift')
cd /Users/admin/builder/spi-builder-workspace/.swiftpm/xcode
builtin-SwiftPerFileCompile TakeWhile.swift
SwiftCompile normal arm64 /Users/admin/builder/spi-builder-workspace/.dependencies/checkouts/RxSwift/Sources/RxSwift/Throttle.swift (in target 'RxSwift' from project 'RxSwift')
cd /Users/admin/builder/spi-builder-workspace/.swiftpm/xcode
builtin-SwiftPerFileCompile Throttle.swift
SwiftCompile normal arm64 /Users/admin/builder/spi-builder-workspace/.dependencies/checkouts/RxSwift/Sources/RxSwift/Timeout.swift (in target 'RxSwift' from project 'RxSwift')
cd /Users/admin/builder/spi-builder-workspace/.swiftpm/xcode
builtin-SwiftPerFileCompile Timeout.swift
SwiftCompile normal arm64 /Users/admin/builder/spi-builder-workspace/.dependencies/checkouts/RxSwift/Sources/RxSwift/Timer.swift (in target 'RxSwift' from project 'RxSwift')
cd /Users/admin/builder/spi-builder-workspace/.swiftpm/xcode
builtin-SwiftPerFileCompile Timer.swift
SwiftCompile normal arm64 /Users/admin/builder/spi-builder-workspace/.dependencies/checkouts/RxSwift/Sources/RxSwift/ToArray.swift (in target 'RxSwift' from project 'RxSwift')
cd /Users/admin/builder/spi-builder-workspace/.swiftpm/xcode
builtin-SwiftPerFileCompile ToArray.swift
SwiftCompile normal arm64 /Users/admin/builder/spi-builder-workspace/.dependencies/checkouts/RxSwift/Sources/RxSwift/Using.swift (in target 'RxSwift' from project 'RxSwift')
cd /Users/admin/builder/spi-builder-workspace/.swiftpm/xcode
builtin-SwiftPerFileCompile Using.swift
SwiftCompile normal arm64 /Users/admin/builder/spi-builder-workspace/.dependencies/checkouts/RxSwift/Sources/RxSwift/VirtualTimeConverterType.swift (in target 'RxSwift' from project 'RxSwift')
cd /Users/admin/builder/spi-builder-workspace/.swiftpm/xcode
builtin-SwiftPerFileCompile VirtualTimeConverterType.swift
SwiftCompile normal arm64 /Users/admin/builder/spi-builder-workspace/.dependencies/checkouts/RxSwift/Sources/RxSwift/VirtualTimeScheduler.swift (in target 'RxSwift' from project 'RxSwift')
cd /Users/admin/builder/spi-builder-workspace/.swiftpm/xcode
builtin-SwiftPerFileCompile VirtualTimeScheduler.swift
SwiftCompile normal arm64 /Users/admin/builder/spi-builder-workspace/.dependencies/checkouts/RxSwift/Sources/RxSwift/Window.swift (in target 'RxSwift' from project 'RxSwift')
cd /Users/admin/builder/spi-builder-workspace/.swiftpm/xcode
builtin-SwiftPerFileCompile Window.swift
SwiftCompile normal arm64 /Users/admin/builder/spi-builder-workspace/.dependencies/checkouts/RxSwift/Sources/RxSwift/WithLatestFrom.swift (in target 'RxSwift' from project 'RxSwift')
cd /Users/admin/builder/spi-builder-workspace/.swiftpm/xcode
builtin-SwiftPerFileCompile WithLatestFrom.swift
SwiftCompile normal arm64 /Users/admin/builder/spi-builder-workspace/.dependencies/checkouts/RxSwift/Sources/RxSwift/Zip+Collection.swift (in target 'RxSwift' from project 'RxSwift')
cd /Users/admin/builder/spi-builder-workspace/.swiftpm/xcode
builtin-SwiftPerFileCompile Zip+Collection.swift
SwiftCompile normal arm64 /Users/admin/builder/spi-builder-workspace/.dependencies/checkouts/RxSwift/Sources/RxSwift/Zip+arity.swift (in target 'RxSwift' from project 'RxSwift')
cd /Users/admin/builder/spi-builder-workspace/.swiftpm/xcode
builtin-SwiftPerFileCompile Zip+arity.swift
SwiftCompile normal arm64 /Users/admin/builder/spi-builder-workspace/.dependencies/checkouts/RxSwift/Sources/RxSwift/Zip.swift (in target 'RxSwift' from project 'RxSwift')
cd /Users/admin/builder/spi-builder-workspace/.swiftpm/xcode
builtin-SwiftPerFileCompile Zip.swift
SwiftDriverJobDiscovery normal arm64 Emitting module for RxSwift (in target 'RxSwift' from project 'RxSwift')
SwiftCompile normal arm64 Compiling\ Buffer.swift,\ Cancelable.swift,\ Catch.swift,\ CombineLatest+Collection.swift,\ CombineLatest+arity.swift,\ CombineLatest.swift,\ CompactMap.swift,\ Completable+AndThen.swift,\ Completable.swift,\ CompositeDisposable.swift,\ Concat.swift,\ ConcurrentDispatchQueueScheduler.swift,\ ConcurrentMainScheduler.swift,\ ConnectableObservableType.swift,\ Create.swift /Users/admin/builder/spi-builder-workspace/.dependencies/checkouts/RxSwift/Sources/RxSwift/Buffer.swift /Users/admin/builder/spi-builder-workspace/.dependencies/checkouts/RxSwift/Sources/RxSwift/Cancelable.swift /Users/admin/builder/spi-builder-workspace/.dependencies/checkouts/RxSwift/Sources/RxSwift/Catch.swift /Users/admin/builder/spi-builder-workspace/.dependencies/checkouts/RxSwift/Sources/RxSwift/CombineLatest+Collection.swift /Users/admin/builder/spi-builder-workspace/.dependencies/checkouts/RxSwift/Sources/RxSwift/CombineLatest+arity.swift /Users/admin/builder/spi-builder-workspace/.dependencies/checkouts/RxSwift/Sources/RxSwift/CombineLatest.swift /Users/admin/builder/spi-builder-workspace/.dependencies/checkouts/RxSwift/Sources/RxSwift/CompactMap.swift /Users/admin/builder/spi-builder-workspace/.dependencies/checkouts/RxSwift/Sources/RxSwift/Completable+AndThen.swift /Users/admin/builder/spi-builder-workspace/.dependencies/checkouts/RxSwift/Sources/RxSwift/Completable.swift /Users/admin/builder/spi-builder-workspace/.dependencies/checkouts/RxSwift/Sources/RxSwift/CompositeDisposable.swift /Users/admin/builder/spi-builder-workspace/.dependencies/checkouts/RxSwift/Sources/RxSwift/Concat.swift /Users/admin/builder/spi-builder-workspace/.dependencies/checkouts/RxSwift/Sources/RxSwift/ConcurrentDispatchQueueScheduler.swift /Users/admin/builder/spi-builder-workspace/.dependencies/checkouts/RxSwift/Sources/RxSwift/ConcurrentMainScheduler.swift /Users/admin/builder/spi-builder-workspace/.dependencies/checkouts/RxSwift/Sources/RxSwift/ConnectableObservableType.swift /Users/admin/builder/spi-builder-workspace/.dependencies/checkouts/RxSwift/Sources/RxSwift/Create.swift (in target 'RxSwift' from project 'RxSwift')
SwiftCompile normal arm64 /Users/admin/builder/spi-builder-workspace/.dependencies/checkouts/RxSwift/Sources/RxSwift/Buffer.swift (in target 'RxSwift' from project 'RxSwift')
cd /Users/admin/builder/spi-builder-workspace/.swiftpm/xcode
builtin-SwiftPerFileCompile Buffer.swift
SwiftCompile normal arm64 /Users/admin/builder/spi-builder-workspace/.dependencies/checkouts/RxSwift/Sources/RxSwift/Cancelable.swift (in target 'RxSwift' from project 'RxSwift')
cd /Users/admin/builder/spi-builder-workspace/.swiftpm/xcode
builtin-SwiftPerFileCompile Cancelable.swift
SwiftCompile normal arm64 /Users/admin/builder/spi-builder-workspace/.dependencies/checkouts/RxSwift/Sources/RxSwift/Catch.swift (in target 'RxSwift' from project 'RxSwift')
cd /Users/admin/builder/spi-builder-workspace/.swiftpm/xcode
builtin-SwiftPerFileCompile Catch.swift
SwiftCompile normal arm64 /Users/admin/builder/spi-builder-workspace/.dependencies/checkouts/RxSwift/Sources/RxSwift/CombineLatest+Collection.swift (in target 'RxSwift' from project 'RxSwift')
cd /Users/admin/builder/spi-builder-workspace/.swiftpm/xcode
builtin-SwiftPerFileCompile CombineLatest+Collection.swift
SwiftCompile normal arm64 /Users/admin/builder/spi-builder-workspace/.dependencies/checkouts/RxSwift/Sources/RxSwift/CombineLatest+arity.swift (in target 'RxSwift' from project 'RxSwift')
cd /Users/admin/builder/spi-builder-workspace/.swiftpm/xcode
builtin-SwiftPerFileCompile CombineLatest+arity.swift
SwiftCompile normal arm64 /Users/admin/builder/spi-builder-workspace/.dependencies/checkouts/RxSwift/Sources/RxSwift/CombineLatest.swift (in target 'RxSwift' from project 'RxSwift')
cd /Users/admin/builder/spi-builder-workspace/.swiftpm/xcode
builtin-SwiftPerFileCompile CombineLatest.swift
SwiftCompile normal arm64 /Users/admin/builder/spi-builder-workspace/.dependencies/checkouts/RxSwift/Sources/RxSwift/CompactMap.swift (in target 'RxSwift' from project 'RxSwift')
cd /Users/admin/builder/spi-builder-workspace/.swiftpm/xcode
builtin-SwiftPerFileCompile CompactMap.swift
SwiftCompile normal arm64 /Users/admin/builder/spi-builder-workspace/.dependencies/checkouts/RxSwift/Sources/RxSwift/Completable+AndThen.swift (in target 'RxSwift' from project 'RxSwift')
cd /Users/admin/builder/spi-builder-workspace/.swiftpm/xcode
builtin-SwiftPerFileCompile Completable+AndThen.swift
SwiftCompile normal arm64 /Users/admin/builder/spi-builder-workspace/.dependencies/checkouts/RxSwift/Sources/RxSwift/Completable.swift (in target 'RxSwift' from project 'RxSwift')
cd /Users/admin/builder/spi-builder-workspace/.swiftpm/xcode
builtin-SwiftPerFileCompile Completable.swift
SwiftCompile normal arm64 /Users/admin/builder/spi-builder-workspace/.dependencies/checkouts/RxSwift/Sources/RxSwift/CompositeDisposable.swift (in target 'RxSwift' from project 'RxSwift')
cd /Users/admin/builder/spi-builder-workspace/.swiftpm/xcode
builtin-SwiftPerFileCompile CompositeDisposable.swift
SwiftCompile normal arm64 /Users/admin/builder/spi-builder-workspace/.dependencies/checkouts/RxSwift/Sources/RxSwift/Concat.swift (in target 'RxSwift' from project 'RxSwift')
cd /Users/admin/builder/spi-builder-workspace/.swiftpm/xcode
builtin-SwiftPerFileCompile Concat.swift
SwiftCompile normal arm64 /Users/admin/builder/spi-builder-workspace/.dependencies/checkouts/RxSwift/Sources/RxSwift/ConcurrentDispatchQueueScheduler.swift (in target 'RxSwift' from project 'RxSwift')
cd /Users/admin/builder/spi-builder-workspace/.swiftpm/xcode
builtin-SwiftPerFileCompile ConcurrentDispatchQueueScheduler.swift
SwiftCompile normal arm64 /Users/admin/builder/spi-builder-workspace/.dependencies/checkouts/RxSwift/Sources/RxSwift/ConcurrentMainScheduler.swift (in target 'RxSwift' from project 'RxSwift')
cd /Users/admin/builder/spi-builder-workspace/.swiftpm/xcode
builtin-SwiftPerFileCompile ConcurrentMainScheduler.swift
SwiftCompile normal arm64 /Users/admin/builder/spi-builder-workspace/.dependencies/checkouts/RxSwift/Sources/RxSwift/ConnectableObservableType.swift (in target 'RxSwift' from project 'RxSwift')
cd /Users/admin/builder/spi-builder-workspace/.swiftpm/xcode
builtin-SwiftPerFileCompile ConnectableObservableType.swift
SwiftCompile normal arm64 /Users/admin/builder/spi-builder-workspace/.dependencies/checkouts/RxSwift/Sources/RxSwift/Create.swift (in target 'RxSwift' from project 'RxSwift')
cd /Users/admin/builder/spi-builder-workspace/.swiftpm/xcode
builtin-SwiftPerFileCompile Create.swift
SwiftDriver\ Compilation\ Requirements RxSwift normal arm64 com.apple.xcode.tools.swift.compiler (in target 'RxSwift' from project 'RxSwift')
cd /Users/admin/builder/spi-builder-workspace/.swiftpm/xcode
builtin-Swift-Compilation-Requirements -- /Applications/Xcode-27.0.0-Release.Candidate.app/Contents/Developer/Toolchains/XcodeDefault.xctoolchain/usr/bin/swiftc -parse-as-library -module-name RxSwift -Onone @/Users/admin/builder/spi-builder-workspace/.derivedData/Build/Intermediates.noindex/RxSwift.build/Debug-xros/RxSwift-t.build/Objects-normal/arm64/RxSwift.SwiftFileList -DSWIFT_PACKAGE -DDEBUG -DSWIFT_MODULE_RESOURCE_BUNDLE_UNAVAILABLE -DXcode -plugin-path /Applications/Xcode-27.0.0-Release.Candidate.app/Contents/Developer/Toolchains/XcodeDefault.xctoolchain/usr/lib/swift/host/plugins/testing -enable-experimental-feature DebugDescriptionMacro -sdk /Applications/Xcode-27.0.0-Release.Candidate.app/Contents/Developer/Platforms/XROS.platform/Developer/SDKs/XROS27.0.sdk -target arm64-apple-xros1.0 -g -module-cache-path /Users/admin/builder/spi-builder-workspace/.derivedData/ModuleCache.noindex -Xfrontend -serialize-debugging-options -profile-coverage-mapping -profile-generate -enable-testing -suppress-warnings -index-store-path /Users/admin/builder/spi-builder-workspace/.derivedData/Index.noindex/DataStore -Xcc -D_LIBCPP_HARDENING_MODE\=_LIBCPP_HARDENING_MODE_DEBUG -swift-version 5 -I /Users/admin/builder/spi-builder-workspace/.derivedData/Build/Products/Debug-xros -Isystem /Applications/Xcode-27.0.0-Release.Candidate.app/Contents/Developer/Platforms/XROS.platform/Developer/usr/lib -F /Users/admin/builder/spi-builder-workspace/.derivedData/Build/Products/Debug-xros -F /Applications/Xcode-27.0.0-Release.Candidate.app/Contents/Developer/Platforms/XROS.platform/Developer/Library/Frameworks -F /Applications/Xcode-27.0.0-Release.Candidate.app/Contents/Developer/Platforms/XROS.platform/Developer/SDKs/XROS27.0.sdk/Developer/Library/Frameworks -c -j10 -enable-batch-mode -incremental -Xcc -ivfsstatcache -Xcc /Users/admin/builder/spi-builder-workspace/.derivedData/SDKStatCaches.noindex/xros27.0-24M361-e829b21a6f8c9b70876ba0858053c044735bd543db762f57723cac368afd1ce4.sdkstatcache -output-file-map /Users/admin/builder/spi-builder-workspace/.derivedData/Build/Intermediates.noindex/RxSwift.build/Debug-xros/RxSwift-t.build/Objects-normal/arm64/RxSwift-OutputFileMap.json -save-temps -no-color-diagnostics -explicit-module-build -module-cache-path /Users/admin/builder/spi-builder-workspace/.derivedData/Build/Intermediates.noindex/SwiftExplicitPrecompiledModules -clang-scanner-module-cache-path /Users/admin/builder/spi-builder-workspace/.derivedData/ModuleCache.noindex -sdk-module-cache-path /Users/admin/builder/spi-builder-workspace/.derivedData/SDKExplicitPrecompiledModules -emit-dependencies -emit-module -emit-module-path /Users/admin/builder/spi-builder-workspace/.derivedData/Build/Intermediates.noindex/RxSwift.build/Debug-xros/RxSwift-t.build/Objects-normal/arm64/RxSwift.swiftmodule -serialize-diagnostics -dependency-scan-serialize-diagnostics-path /Users/admin/builder/spi-builder-workspace/.derivedData/Build/Intermediates.noindex/RxSwift.build/Debug-xros/RxSwift-t.build/Objects-normal/arm64/RxSwift-dependency-scan.dia -validate-clang-modules-once -clang-build-session-file /Users/admin/builder/spi-builder-workspace/.derivedData/ModuleCache.noindex/Session.modulevalidation -Xcc -fmodules-prune-interval\=86400 -Xcc -fmodules-prune-after\=345600 -emit-const-values -const-gather-protocols-list /Users/admin/builder/spi-builder-workspace/.derivedData/Build/Intermediates.noindex/RxSwift.build/Debug-xros/RxSwift-t.build/Objects-normal/arm64/RxSwift_const_extract_protocols.json -Xcc -I/Users/admin/builder/spi-builder-workspace/.derivedData/Build/Products/Debug-xros/include -Xcc -I/Users/admin/builder/spi-builder-workspace/.derivedData/Build/Intermediates.noindex/RxSwift.build/Debug-xros/RxSwift-t.build/DerivedSources-normal/arm64 -Xcc -I/Users/admin/builder/spi-builder-workspace/.derivedData/Build/Intermediates.noindex/RxSwift.build/Debug-xros/RxSwift-t.build/DerivedSources/arm64 -Xcc -I/Users/admin/builder/spi-builder-workspace/.derivedData/Build/Intermediates.noindex/RxSwift.build/Debug-xros/RxSwift-t.build/DerivedSources -Xcc -DSWIFT_PACKAGE -Xcc -DDEBUG\=1 -emit-objc-header -emit-objc-header-path /Users/admin/builder/spi-builder-workspace/.derivedData/Build/Intermediates.noindex/RxSwift.build/Debug-xros/RxSwift-t.build/Objects-normal/arm64/RxSwift-Swift.h -working-directory /Users/admin/builder/spi-builder-workspace/.swiftpm/xcode -experimental-emit-module-separately -disable-cmo
SwiftDriverJobDiscovery normal arm64 Compiling WeakMapTable.swift (in target 'WeakMapTable' from project 'WeakMapTable')
SwiftMergeGeneratedHeaders /Users/admin/builder/spi-builder-workspace/.derivedData/Build/Intermediates.noindex/GeneratedModuleMaps-xros/RxSwift-Swift.h /Users/admin/builder/spi-builder-workspace/.derivedData/Build/Intermediates.noindex/RxSwift.build/Debug-xros/RxSwift-t.build/Objects-normal/arm64/RxSwift-Swift.h (in target 'RxSwift' from project 'RxSwift')
cd /Users/admin/builder/spi-builder-workspace/.dependencies/checkouts/RxSwift
builtin-swiftHeaderTool -arch arm64 /Users/admin/builder/spi-builder-workspace/.derivedData/Build/Intermediates.noindex/RxSwift.build/Debug-xros/RxSwift-t.build/Objects-normal/arm64/RxSwift-Swift.h -o /Users/admin/builder/spi-builder-workspace/.derivedData/Build/Intermediates.noindex/GeneratedModuleMaps-xros/RxSwift-Swift.h
Copy /Users/admin/builder/spi-builder-workspace/.derivedData/Build/Products/Debug-xros/RxSwift.swiftmodule/arm64-apple-xros.swiftmodule /Users/admin/builder/spi-builder-workspace/.derivedData/Build/Intermediates.noindex/RxSwift.build/Debug-xros/RxSwift-t.build/Objects-normal/arm64/RxSwift.swiftmodule (in target 'RxSwift' from project 'RxSwift')
cd /Users/admin/builder/spi-builder-workspace/.dependencies/checkouts/RxSwift
builtin-copy -exclude .DS_Store -exclude CVS -exclude .svn -exclude .git -exclude .hg -resolve-src-symlinks -rename /Users/admin/builder/spi-builder-workspace/.derivedData/Build/Intermediates.noindex/RxSwift.build/Debug-xros/RxSwift-t.build/Objects-normal/arm64/RxSwift.swiftmodule /Users/admin/builder/spi-builder-workspace/.derivedData/Build/Products/Debug-xros/RxSwift.swiftmodule/arm64-apple-xros.swiftmodule
Copy /Users/admin/builder/spi-builder-workspace/.derivedData/Build/Products/Debug-xros/RxSwift.swiftmodule/arm64-apple-xros.swiftdoc /Users/admin/builder/spi-builder-workspace/.derivedData/Build/Intermediates.noindex/RxSwift.build/Debug-xros/RxSwift-t.build/Objects-normal/arm64/RxSwift.swiftdoc (in target 'RxSwift' from project 'RxSwift')
cd /Users/admin/builder/spi-builder-workspace/.dependencies/checkouts/RxSwift
builtin-copy -exclude .DS_Store -exclude CVS -exclude .svn -exclude .git -exclude .hg -resolve-src-symlinks -rename /Users/admin/builder/spi-builder-workspace/.derivedData/Build/Intermediates.noindex/RxSwift.build/Debug-xros/RxSwift-t.build/Objects-normal/arm64/RxSwift.swiftdoc /Users/admin/builder/spi-builder-workspace/.derivedData/Build/Products/Debug-xros/RxSwift.swiftmodule/arm64-apple-xros.swiftdoc
Copy /Users/admin/builder/spi-builder-workspace/.derivedData/Build/Products/Debug-xros/RxSwift.swiftmodule/arm64-apple-xros.abi.json /Users/admin/builder/spi-builder-workspace/.derivedData/Build/Intermediates.noindex/RxSwift.build/Debug-xros/RxSwift-t.build/Objects-normal/arm64/RxSwift.abi.json (in target 'RxSwift' from project 'RxSwift')
cd /Users/admin/builder/spi-builder-workspace/.dependencies/checkouts/RxSwift
builtin-copy -exclude .DS_Store -exclude CVS -exclude .svn -exclude .git -exclude .hg -resolve-src-symlinks -rename /Users/admin/builder/spi-builder-workspace/.derivedData/Build/Intermediates.noindex/RxSwift.build/Debug-xros/RxSwift-t.build/Objects-normal/arm64/RxSwift.abi.json /Users/admin/builder/spi-builder-workspace/.derivedData/Build/Products/Debug-xros/RxSwift.swiftmodule/arm64-apple-xros.abi.json
Copy /Users/admin/builder/spi-builder-workspace/.derivedData/Build/Products/Debug-xros/RxSwift.swiftmodule/Project/arm64-apple-xros.swiftsourceinfo /Users/admin/builder/spi-builder-workspace/.derivedData/Build/Intermediates.noindex/RxSwift.build/Debug-xros/RxSwift-t.build/Objects-normal/arm64/RxSwift.swiftsourceinfo (in target 'RxSwift' from project 'RxSwift')
cd /Users/admin/builder/spi-builder-workspace/.dependencies/checkouts/RxSwift
builtin-copy -exclude .DS_Store -exclude CVS -exclude .svn -exclude .git -exclude .hg -resolve-src-symlinks -rename /Users/admin/builder/spi-builder-workspace/.derivedData/Build/Intermediates.noindex/RxSwift.build/Debug-xros/RxSwift-t.build/Objects-normal/arm64/RxSwift.swiftsourceinfo /Users/admin/builder/spi-builder-workspace/.derivedData/Build/Products/Debug-xros/RxSwift.swiftmodule/Project/arm64-apple-xros.swiftsourceinfo
SwiftDriver\ Compilation WeakMapTable normal arm64 com.apple.xcode.tools.swift.compiler (in target 'WeakMapTable' from project 'WeakMapTable')
cd /Users/admin/builder/spi-builder-workspace/.swiftpm/xcode
builtin-Swift-Compilation -- /Applications/Xcode-27.0.0-Release.Candidate.app/Contents/Developer/Toolchains/XcodeDefault.xctoolchain/usr/bin/swiftc -parse-as-library -module-name WeakMapTable -Onone @/Users/admin/builder/spi-builder-workspace/.derivedData/Build/Intermediates.noindex/WeakMapTable.build/Debug-xros/WeakMapTable-t.build/Objects-normal/arm64/WeakMapTable.SwiftFileList -DSWIFT_PACKAGE -DDEBUG -DSWIFT_MODULE_RESOURCE_BUNDLE_UNAVAILABLE -DXcode -plugin-path /Applications/Xcode-27.0.0-Release.Candidate.app/Contents/Developer/Toolchains/XcodeDefault.xctoolchain/usr/lib/swift/host/plugins/testing -enable-experimental-feature DebugDescriptionMacro -sdk /Applications/Xcode-27.0.0-Release.Candidate.app/Contents/Developer/Platforms/XROS.platform/Developer/SDKs/XROS27.0.sdk -target arm64-apple-xros1.0 -g -module-cache-path /Users/admin/builder/spi-builder-workspace/.derivedData/ModuleCache.noindex -Xfrontend -serialize-debugging-options -profile-coverage-mapping -profile-generate -enable-testing -suppress-warnings -index-store-path /Users/admin/builder/spi-builder-workspace/.derivedData/Index.noindex/DataStore -Xcc -D_LIBCPP_HARDENING_MODE\=_LIBCPP_HARDENING_MODE_DEBUG -swift-version 5 -I /Users/admin/builder/spi-builder-workspace/.derivedData/Build/Products/Debug-xros -Isystem /Applications/Xcode-27.0.0-Release.Candidate.app/Contents/Developer/Platforms/XROS.platform/Developer/usr/lib -F /Users/admin/builder/spi-builder-workspace/.derivedData/Build/Products/Debug-xros -F /Applications/Xcode-27.0.0-Release.Candidate.app/Contents/Developer/Platforms/XROS.platform/Developer/Library/Frameworks -F /Applications/Xcode-27.0.0-Release.Candidate.app/Contents/Developer/Platforms/XROS.platform/Developer/SDKs/XROS27.0.sdk/Developer/Library/Frameworks -c -j10 -enable-batch-mode -incremental -Xcc -ivfsstatcache -Xcc /Users/admin/builder/spi-builder-workspace/.derivedData/SDKStatCaches.noindex/xros27.0-24M361-e829b21a6f8c9b70876ba0858053c044735bd543db762f57723cac368afd1ce4.sdkstatcache -output-file-map /Users/admin/builder/spi-builder-workspace/.derivedData/Build/Intermediates.noindex/WeakMapTable.build/Debug-xros/WeakMapTable-t.build/Objects-normal/arm64/WeakMapTable-OutputFileMap.json -save-temps -no-color-diagnostics -explicit-module-build -module-cache-path /Users/admin/builder/spi-builder-workspace/.derivedData/Build/Intermediates.noindex/SwiftExplicitPrecompiledModules -clang-scanner-module-cache-path /Users/admin/builder/spi-builder-workspace/.derivedData/ModuleCache.noindex -sdk-module-cache-path /Users/admin/builder/spi-builder-workspace/.derivedData/SDKExplicitPrecompiledModules -emit-dependencies -emit-module -emit-module-path /Users/admin/builder/spi-builder-workspace/.derivedData/Build/Intermediates.noindex/WeakMapTable.build/Debug-xros/WeakMapTable-t.build/Objects-normal/arm64/WeakMapTable.swiftmodule -serialize-diagnostics -dependency-scan-serialize-diagnostics-path /Users/admin/builder/spi-builder-workspace/.derivedData/Build/Intermediates.noindex/WeakMapTable.build/Debug-xros/WeakMapTable-t.build/Objects-normal/arm64/WeakMapTable-dependency-scan.dia -validate-clang-modules-once -clang-build-session-file /Users/admin/builder/spi-builder-workspace/.derivedData/ModuleCache.noindex/Session.modulevalidation -Xcc -fmodules-prune-interval\=86400 -Xcc -fmodules-prune-after\=345600 -emit-const-values -const-gather-protocols-list /Users/admin/builder/spi-builder-workspace/.derivedData/Build/Intermediates.noindex/WeakMapTable.build/Debug-xros/WeakMapTable-t.build/Objects-normal/arm64/WeakMapTable_const_extract_protocols.json -Xcc -I/Users/admin/builder/spi-builder-workspace/.derivedData/Build/Products/Debug-xros/include -Xcc -I/Users/admin/builder/spi-builder-workspace/.derivedData/Build/Intermediates.noindex/WeakMapTable.build/Debug-xros/WeakMapTable-t.build/DerivedSources-normal/arm64 -Xcc -I/Users/admin/builder/spi-builder-workspace/.derivedData/Build/Intermediates.noindex/WeakMapTable.build/Debug-xros/WeakMapTable-t.build/DerivedSources/arm64 -Xcc -I/Users/admin/builder/spi-builder-workspace/.derivedData/Build/Intermediates.noindex/WeakMapTable.build/Debug-xros/WeakMapTable-t.build/DerivedSources -Xcc -DSWIFT_PACKAGE -Xcc -DDEBUG\=1 -emit-objc-header -emit-objc-header-path /Users/admin/builder/spi-builder-workspace/.derivedData/Build/Intermediates.noindex/WeakMapTable.build/Debug-xros/WeakMapTable-t.build/Objects-normal/arm64/WeakMapTable-Swift.h -working-directory /Users/admin/builder/spi-builder-workspace/.swiftpm/xcode -experimental-emit-module-separately -disable-cmo
SwiftCompile normal arm64 Compiling\ Skip.swift,\ SkipUntil.swift,\ SkipWhile.swift,\ StartWith.swift,\ SubjectType.swift,\ SubscribeOn.swift,\ SubscriptionDisposable.swift,\ SwiftSupport.swift,\ Switch.swift,\ SwitchIfEmpty.swift,\ SynchronizedDisposeType.swift,\ SynchronizedOnType.swift,\ SynchronizedUnsubscribeType.swift,\ TailRecursiveSink.swift,\ Take.swift /Users/admin/builder/spi-builder-workspace/.dependencies/checkouts/RxSwift/Sources/RxSwift/Skip.swift /Users/admin/builder/spi-builder-workspace/.dependencies/checkouts/RxSwift/Sources/RxSwift/SkipUntil.swift /Users/admin/builder/spi-builder-workspace/.dependencies/checkouts/RxSwift/Sources/RxSwift/SkipWhile.swift /Users/admin/builder/spi-builder-workspace/.dependencies/checkouts/RxSwift/Sources/RxSwift/StartWith.swift /Users/admin/builder/spi-builder-workspace/.dependencies/checkouts/RxSwift/Sources/RxSwift/SubjectType.swift /Users/admin/builder/spi-builder-workspace/.dependencies/checkouts/RxSwift/Sources/RxSwift/SubscribeOn.swift /Users/admin/builder/spi-builder-workspace/.dependencies/checkouts/RxSwift/Sources/RxSwift/SubscriptionDisposable.swift /Users/admin/builder/spi-builder-workspace/.dependencies/checkouts/RxSwift/Sources/RxSwift/SwiftSupport.swift /Users/admin/builder/spi-builder-workspace/.dependencies/checkouts/RxSwift/Sources/RxSwift/Switch.swift /Users/admin/builder/spi-builder-workspace/.dependencies/checkouts/RxSwift/Sources/RxSwift/SwitchIfEmpty.swift /Users/admin/builder/spi-builder-workspace/.dependencies/checkouts/RxSwift/Sources/RxSwift/SynchronizedDisposeType.swift /Users/admin/builder/spi-builder-workspace/.dependencies/checkouts/RxSwift/Sources/RxSwift/SynchronizedOnType.swift /Users/admin/builder/spi-builder-workspace/.dependencies/checkouts/RxSwift/Sources/RxSwift/SynchronizedUnsubscribeType.swift /Users/admin/builder/spi-builder-workspace/.dependencies/checkouts/RxSwift/Sources/RxSwift/TailRecursiveSink.swift /Users/admin/builder/spi-builder-workspace/.dependencies/checkouts/RxSwift/Sources/RxSwift/Take.swift (in target 'RxSwift' from project 'RxSwift')
SwiftCompile normal arm64 /Users/admin/builder/spi-builder-workspace/.dependencies/checkouts/RxSwift/Sources/RxSwift/Skip.swift (in target 'RxSwift' from project 'RxSwift')
cd /Users/admin/builder/spi-builder-workspace/.swiftpm/xcode
builtin-SwiftPerFileCompile Skip.swift
SwiftCompile normal arm64 /Users/admin/builder/spi-builder-workspace/.dependencies/checkouts/RxSwift/Sources/RxSwift/SkipUntil.swift (in target 'RxSwift' from project 'RxSwift')
cd /Users/admin/builder/spi-builder-workspace/.swiftpm/xcode
builtin-SwiftPerFileCompile SkipUntil.swift
SwiftCompile normal arm64 /Users/admin/builder/spi-builder-workspace/.dependencies/checkouts/RxSwift/Sources/RxSwift/SkipWhile.swift (in target 'RxSwift' from project 'RxSwift')
cd /Users/admin/builder/spi-builder-workspace/.swiftpm/xcode
builtin-SwiftPerFileCompile SkipWhile.swift
SwiftCompile normal arm64 /Users/admin/builder/spi-builder-workspace/.dependencies/checkouts/RxSwift/Sources/RxSwift/StartWith.swift (in target 'RxSwift' from project 'RxSwift')
cd /Users/admin/builder/spi-builder-workspace/.swiftpm/xcode
builtin-SwiftPerFileCompile StartWith.swift
SwiftCompile normal arm64 /Users/admin/builder/spi-builder-workspace/.dependencies/checkouts/RxSwift/Sources/RxSwift/SubjectType.swift (in target 'RxSwift' from project 'RxSwift')
cd /Users/admin/builder/spi-builder-workspace/.swiftpm/xcode
builtin-SwiftPerFileCompile SubjectType.swift
SwiftCompile normal arm64 /Users/admin/builder/spi-builder-workspace/.dependencies/checkouts/RxSwift/Sources/RxSwift/SubscribeOn.swift (in target 'RxSwift' from project 'RxSwift')
cd /Users/admin/builder/spi-builder-workspace/.swiftpm/xcode
builtin-SwiftPerFileCompile SubscribeOn.swift
SwiftCompile normal arm64 /Users/admin/builder/spi-builder-workspace/.dependencies/checkouts/RxSwift/Sources/RxSwift/SubscriptionDisposable.swift (in target 'RxSwift' from project 'RxSwift')
cd /Users/admin/builder/spi-builder-workspace/.swiftpm/xcode
builtin-SwiftPerFileCompile SubscriptionDisposable.swift
SwiftCompile normal arm64 /Users/admin/builder/spi-builder-workspace/.dependencies/checkouts/RxSwift/Sources/RxSwift/SwiftSupport.swift (in target 'RxSwift' from project 'RxSwift')
cd /Users/admin/builder/spi-builder-workspace/.swiftpm/xcode
builtin-SwiftPerFileCompile SwiftSupport.swift
SwiftCompile normal arm64 /Users/admin/builder/spi-builder-workspace/.dependencies/checkouts/RxSwift/Sources/RxSwift/Switch.swift (in target 'RxSwift' from project 'RxSwift')
cd /Users/admin/builder/spi-builder-workspace/.swiftpm/xcode
builtin-SwiftPerFileCompile Switch.swift
SwiftCompile normal arm64 /Users/admin/builder/spi-builder-workspace/.dependencies/checkouts/RxSwift/Sources/RxSwift/SwitchIfEmpty.swift (in target 'RxSwift' from project 'RxSwift')
cd /Users/admin/builder/spi-builder-workspace/.swiftpm/xcode
builtin-SwiftPerFileCompile SwitchIfEmpty.swift
SwiftCompile normal arm64 /Users/admin/builder/spi-builder-workspace/.dependencies/checkouts/RxSwift/Sources/RxSwift/SynchronizedDisposeType.swift (in target 'RxSwift' from project 'RxSwift')
cd /Users/admin/builder/spi-builder-workspace/.swiftpm/xcode
builtin-SwiftPerFileCompile SynchronizedDisposeType.swift
SwiftCompile normal arm64 /Users/admin/builder/spi-builder-workspace/.dependencies/checkouts/RxSwift/Sources/RxSwift/SynchronizedOnType.swift (in target 'RxSwift' from project 'RxSwift')
cd /Users/admin/builder/spi-builder-workspace/.swiftpm/xcode
builtin-SwiftPerFileCompile SynchronizedOnType.swift
SwiftCompile normal arm64 /Users/admin/builder/spi-builder-workspace/.dependencies/checkouts/RxSwift/Sources/RxSwift/SynchronizedUnsubscribeType.swift (in target 'RxSwift' from project 'RxSwift')
cd /Users/admin/builder/spi-builder-workspace/.swiftpm/xcode
builtin-SwiftPerFileCompile SynchronizedUnsubscribeType.swift
SwiftCompile normal arm64 /Users/admin/builder/spi-builder-workspace/.dependencies/checkouts/RxSwift/Sources/RxSwift/TailRecursiveSink.swift (in target 'RxSwift' from project 'RxSwift')
cd /Users/admin/builder/spi-builder-workspace/.swiftpm/xcode
builtin-SwiftPerFileCompile TailRecursiveSink.swift
SwiftCompile normal arm64 /Users/admin/builder/spi-builder-workspace/.dependencies/checkouts/RxSwift/Sources/RxSwift/Take.swift (in target 'RxSwift' from project 'RxSwift')
cd /Users/admin/builder/spi-builder-workspace/.swiftpm/xcode
builtin-SwiftPerFileCompile Take.swift
SwiftDriverJobDiscovery normal arm64 Compiling DisposeBase.swift, DistinctUntilChanged.swift, Do.swift, ElementAt.swift, Empty.swift, Enumerated.swift, Error.swift, Errors.swift, Event.swift, Filter.swift, First.swift, Generate.swift, GroupBy.swift, GroupedObservable.swift, HistoricalScheduler.swift (in target 'RxSwift' from project 'RxSwift')
SwiftCompile normal arm64 Compiling\ Utilities.swift /Users/admin/builder/spi-builder-workspace/.dependencies/checkouts/RxDataSources/Sources/Differentiator/Utilities.swift (in target 'Differentiator' from project 'RxDataSources')
SwiftCompile normal arm64 /Users/admin/builder/spi-builder-workspace/.dependencies/checkouts/RxDataSources/Sources/Differentiator/Utilities.swift (in target 'Differentiator' from project 'RxDataSources')
cd /Users/admin/builder/spi-builder-workspace/.swiftpm/xcode
builtin-SwiftPerFileCompile Utilities.swift
SwiftCompile normal arm64 Compiling\ SectionModel.swift /Users/admin/builder/spi-builder-workspace/.dependencies/checkouts/RxDataSources/Sources/Differentiator/SectionModel.swift (in target 'Differentiator' from project 'RxDataSources')
SwiftCompile normal arm64 /Users/admin/builder/spi-builder-workspace/.dependencies/checkouts/RxDataSources/Sources/Differentiator/SectionModel.swift (in target 'Differentiator' from project 'RxDataSources')
cd /Users/admin/builder/spi-builder-workspace/.swiftpm/xcode
builtin-SwiftPerFileCompile SectionModel.swift
PruneExplicitPrecompiledModules /Users/admin/builder/spi-builder-workspace/.derivedData/Build/Intermediates.noindex/ExplicitPrecompiledModules
PruneExplicitPrecompiledModules /Users/admin/builder/spi-builder-workspace/.derivedData/SDKExplicitPrecompiledModules
PruneExplicitPrecompiledModules /Users/admin/builder/spi-builder-workspace/.derivedData/Build/Intermediates.noindex/SwiftExplicitPrecompiledModules
2026-09-15 17:06:10.592 xcodebuild[869:5066] [MT] IDERunDestination: Supported platforms for the buildables in the current scheme is empty.
** BUILD FAILED **
The following build commands failed:
SwiftCompile normal arm64 Compiling\ CurrentThreadScheduler.swift,\ Date+Dispatch.swift,\ Debounce.swift,\ Debug.swift,\ DefaultIfEmpty.swift,\ Deferred.swift,\ Delay.swift,\ DelaySubscription.swift,\ Dematerialize.swift,\ Deprecated.swift,\ DispatchQueue+Extensions.swift,\ DispatchQueueConfiguration.swift,\ Disposable.swift,\ Disposables.swift,\ DisposeBag.swift /Users/admin/builder/spi-builder-workspace/.dependencies/checkouts/RxSwift/Sources/RxSwift/CurrentThreadScheduler.swift /Users/admin/builder/spi-builder-workspace/.dependencies/checkouts/RxSwift/Sources/RxSwift/Date+Dispatch.swift /Users/admin/builder/spi-builder-workspace/.dependencies/checkouts/RxSwift/Sources/RxSwift/Debounce.swift /Users/admin/builder/spi-builder-workspace/.dependencies/checkouts/RxSwift/Sources/RxSwift/Debug.swift /Users/admin/builder/spi-builder-workspace/.dependencies/checkouts/RxSwift/Sources/RxSwift/DefaultIfEmpty.swift /Users/admin/builder/spi-builder-workspace/.dependencies/checkouts/RxSwift/Sources/RxSwift/Deferred.swift /Users/admin/builder/spi-builder-workspace/.dependencies/checkouts/RxSwift/Sources/RxSwift/Delay.swift /Users/admin/builder/spi-builder-workspace/.dependencies/checkouts/RxSwift/Sources/RxSwift/DelaySubscription.swift /Users/admin/builder/spi-builder-workspace/.dependencies/checkouts/RxSwift/Sources/RxSwift/Dematerialize.swift /Users/admin/builder/spi-builder-workspace/.dependencies/checkouts/RxSwift/Sources/RxSwift/Deprecated.swift /Users/admin/builder/spi-builder-workspace/.dependencies/checkouts/RxSwift/Sources/RxSwift/DispatchQueue+Extensions.swift /Users/admin/builder/spi-builder-workspace/.dependencies/checkouts/RxSwift/Sources/RxSwift/DispatchQueueConfiguration.swift /Users/admin/builder/spi-builder-workspace/.dependencies/checkouts/RxSwift/Sources/RxSwift/Disposable.swift /Users/admin/builder/spi-builder-workspace/.dependencies/checkouts/RxSwift/Sources/RxSwift/Disposables.swift /Users/admin/builder/spi-builder-workspace/.dependencies/checkouts/RxSwift/Sources/RxSwift/DisposeBag.swift (in target 'RxSwift' from project 'RxSwift')
SwiftCompile normal arm64 /Users/admin/builder/spi-builder-workspace/.dependencies/checkouts/RxSwift/Sources/RxSwift/CurrentThreadScheduler.swift (in target 'RxSwift' from project 'RxSwift')
Building workspace SectionReactor with scheme SectionReactor
(3 failures)
Command line invocation:
/Applications/Xcode-27.0.0-Release.Candidate.app/Contents/Developer/usr/bin/xcodebuild -IDEClonedSourcePackagesDirPathOverride=/Users/admin/builder/spi-builder-workspace/.dependencies -resolvePackageDependencies
Resolve Package Graph
Resolved source packages:
RxDataSources: https://github.com/RxSwiftCommunity/RxDataSources.git @ 4.0.1
WeakMapTable: https://github.com/ReactorKit/WeakMapTable.git @ 1.2.1
RxExpect: https://github.com/devxoul/RxExpect.git @ 2.0.0
RxSwift: https://github.com/ReactiveX/RxSwift.git @ 5.1.3
ReactorKit: https://github.com/ReactorKit/ReactorKit.git @ 2.1.1
SectionReactor: /Users/admin/builder/spi-builder-workspace
resolved source packages: RxDataSources, WeakMapTable, RxExpect, RxSwift, ReactorKit, SectionReactor
2026-09-15 17:06:18.361 xcodebuild[1022:5877] [MT] IDERunDestination: Supported platforms for the buildables in the current scheme is empty.
{
"dependencies" : [
{
"identity" : "reactorkit",
"requirement" : {
"range" : [
{
"lower_bound" : "2.0.0",
"upper_bound" : "3.0.0"
}
]
},
"type" : "sourceControl",
"url" : "https://github.com/ReactorKit/ReactorKit.git"
},
{
"identity" : "rxdatasources",
"requirement" : {
"range" : [
{
"lower_bound" : "4.0.0",
"upper_bound" : "5.0.0"
}
]
},
"type" : "sourceControl",
"url" : "https://github.com/RxSwiftCommunity/RxDataSources.git"
},
{
"identity" : "rxexpect",
"requirement" : {
"range" : [
{
"lower_bound" : "2.0.0",
"upper_bound" : "3.0.0"
}
]
},
"type" : "sourceControl",
"url" : "https://github.com/devxoul/RxExpect.git"
}
],
"manifest_display_name" : "SectionReactor",
"name" : "SectionReactor",
"path" : "/Users/admin/builder/spi-builder-workspace",
"platforms" : [
{
"name" : "ios",
"version" : "8.0"
},
{
"name" : "tvos",
"version" : "9.0"
}
],
"products" : [
{
"name" : "SectionReactor",
"targets" : [
"SectionReactor"
],
"type" : {
"library" : [
"automatic"
]
}
}
],
"targets" : [
{
"c99name" : "SectionReactorTests",
"module_type" : "SwiftTarget",
"name" : "SectionReactorTests",
"path" : "Tests/SectionReactorTests",
"product_dependencies" : [
"RxExpect"
],
"sources" : [
"Fixture.swift",
"SectionReactorTests.swift"
],
"target_dependencies" : [
"SectionReactor"
],
"type" : "test"
},
{
"c99name" : "SectionReactor",
"module_type" : "SwiftTarget",
"name" : "SectionReactor",
"path" : "Sources/SectionReactor",
"product_dependencies" : [
"ReactorKit",
"RxDataSources"
],
"product_memberships" : [
"SectionReactor"
],
"sources" : [
"Empty.swift",
"SectionDelegateType.swift",
"SectionReactor.swift"
],
"type" : "library"
}
],
"tools_version" : "5.0"
}
{
"workspace" : {
"name" : "SectionReactor",
"schemes" : [
"SectionReactor"
]
}
}
2026-09-15 17:06:19.813 xcodebuild[1030:5940] [MT] IDERunDestination: Supported platforms for the buildables in the current scheme is empty.
Running build ...
env DEVELOPER_DIR=/Applications/Xcode-27.0.0-Release.Candidate.app xcrun xcodebuild -IDEClonedSourcePackagesDirPathOverride=$PWD/.dependencies -skipMacroValidation -skipPackagePluginValidation -derivedDataPath $PWD/.derivedData build -scheme SectionReactor -destination generic/platform=xrOS
Command line invocation:
/Applications/Xcode-27.0.0-Release.Candidate.app/Contents/Developer/usr/bin/xcodebuild -IDEClonedSourcePackagesDirPathOverride=/Users/admin/builder/spi-builder-workspace/.dependencies -skipMacroValidation -skipPackagePluginValidation -derivedDataPath /Users/admin/builder/spi-builder-workspace/.derivedData build -scheme SectionReactor -destination generic/platform=xrOS
Resolve Package Graph
Resolved source packages:
RxSwift: https://github.com/ReactiveX/RxSwift.git @ 5.1.3
ReactorKit: https://github.com/ReactorKit/ReactorKit.git @ 2.1.1
WeakMapTable: https://github.com/ReactorKit/WeakMapTable.git @ 1.2.1
RxDataSources: https://github.com/RxSwiftCommunity/RxDataSources.git @ 4.0.1
SectionReactor: /Users/admin/builder/spi-builder-workspace
RxExpect: https://github.com/devxoul/RxExpect.git @ 2.0.0
ComputePackagePrebuildTargetDependencyGraph
Prepare packages
CreateBuildRequest
SendProjectDescription
CreateBuildOperation
ComputeTargetDependencyGraph
note: Building targets in dependency order
note: Target dependency graph (16 targets)
Target 'SectionReactor-product' in project 'SectionReactor'
➜ Explicit dependency on target 'SectionReactor' in project 'SectionReactor'
➜ Explicit dependency on target 'ReactorKit-product' in project 'ReactorKit'
➜ Explicit dependency on target 'RxDataSources-product' in project 'RxDataSources'
Target 'SectionReactor' in project 'SectionReactor'
➜ Explicit dependency on target 'ReactorKit-product' in project 'ReactorKit'
➜ Explicit dependency on target 'RxDataSources-product' in project 'RxDataSources'
Target 'RxDataSources-product' in project 'RxDataSources'
➜ Explicit dependency on target 'RxDataSources' in project 'RxDataSources'
➜ Explicit dependency on target 'Differentiator' in project 'RxDataSources'
➜ Explicit dependency on target 'RxSwift-product' in project 'RxSwift'
➜ Explicit dependency on target 'RxCocoa-product' in project 'RxSwift'
Target 'RxDataSources' in project 'RxDataSources'
➜ Explicit dependency on target 'Differentiator' in project 'RxDataSources'
➜ Explicit dependency on target 'RxSwift-product' in project 'RxSwift'
➜ Explicit dependency on target 'RxCocoa-product' in project 'RxSwift'
Target 'RxCocoa-product' in project 'RxSwift'
➜ Explicit dependency on target 'RxCocoa' in project 'RxSwift'
➜ Explicit dependency on target 'RxSwift' in project 'RxSwift'
➜ Explicit dependency on target 'RxRelay' in project 'RxSwift'
➜ Explicit dependency on target 'RxCocoaRuntime' in project 'RxSwift'
Target 'RxCocoa' in project 'RxSwift'
➜ Explicit dependency on target 'RxSwift' in project 'RxSwift'
➜ Explicit dependency on target 'RxRelay' in project 'RxSwift'
➜ Explicit dependency on target 'RxCocoaRuntime' in project 'RxSwift'
Target 'RxCocoaRuntime' in project 'RxSwift'
➜ Explicit dependency on target 'RxSwift' in project 'RxSwift'
Target 'RxRelay' in project 'RxSwift'
➜ Explicit dependency on target 'RxSwift' in project 'RxSwift'
Target 'Differentiator' in project 'RxDataSources' (no dependencies)
Target 'ReactorKit-product' in project 'ReactorKit'
➜ Explicit dependency on target 'ReactorKit' in project 'ReactorKit'
➜ Explicit dependency on target 'ReactorKitRuntime' in project 'ReactorKit'
➜ Explicit dependency on target 'RxSwift-product' in project 'RxSwift'
➜ Explicit dependency on target 'WeakMapTable-product' in project 'WeakMapTable'
Target 'ReactorKit' in project 'ReactorKit'
➜ Explicit dependency on target 'ReactorKitRuntime' in project 'ReactorKit'
➜ Explicit dependency on target 'RxSwift-product' in project 'RxSwift'
➜ Explicit dependency on target 'WeakMapTable-product' in project 'WeakMapTable'
Target 'WeakMapTable-product' in project 'WeakMapTable'
➜ Explicit dependency on target 'WeakMapTable' in project 'WeakMapTable'
Target 'WeakMapTable' in project 'WeakMapTable' (no dependencies)
Target 'RxSwift-product' in project 'RxSwift'
➜ Explicit dependency on target 'RxSwift' in project 'RxSwift'
Target 'RxSwift' in project 'RxSwift' (no dependencies)
Target 'ReactorKitRuntime' in project 'ReactorKit' (no dependencies)
GatherProvisioningInputs
CreateBuildDescription
ClangStatCache /Applications/Xcode-27.0.0-Release.Candidate.app/Contents/Developer/Toolchains/XcodeDefault.xctoolchain/usr/bin/clang-stat-cache /Applications/Xcode-27.0.0-Release.Candidate.app/Contents/Developer/Platforms/XROS.platform/Developer/SDKs/XROS27.0.sdk /Users/admin/builder/spi-builder-workspace/.derivedData/SDKStatCaches.noindex/xros27.0-24M361-e829b21a6f8c9b70876ba0858053c044735bd543db762f57723cac368afd1ce4.sdkstatcache
cd /Users/admin/builder/spi-builder-workspace/.swiftpm/xcode
/Applications/Xcode-27.0.0-Release.Candidate.app/Contents/Developer/Toolchains/XcodeDefault.xctoolchain/usr/bin/clang-stat-cache /Applications/Xcode-27.0.0-Release.Candidate.app/Contents/Developer/Platforms/XROS.platform/Developer/SDKs/XROS27.0.sdk -o /Users/admin/builder/spi-builder-workspace/.derivedData/SDKStatCaches.noindex/xros27.0-24M361-e829b21a6f8c9b70876ba0858053c044735bd543db762f57723cac368afd1ce4.sdkstatcache
SwiftDriver RxSwift normal arm64 com.apple.xcode.tools.swift.compiler (in target 'RxSwift' from project 'RxSwift')
cd /Users/admin/builder/spi-builder-workspace/.swiftpm/xcode
builtin-SwiftDriver -- /Applications/Xcode-27.0.0-Release.Candidate.app/Contents/Developer/Toolchains/XcodeDefault.xctoolchain/usr/bin/swiftc -parse-as-library -module-name RxSwift -Onone @/Users/admin/builder/spi-builder-workspace/.derivedData/Build/Intermediates.noindex/RxSwift.build/Debug-xros/RxSwift-t.build/Objects-normal/arm64/RxSwift.SwiftFileList -DSWIFT_PACKAGE -DDEBUG -DSWIFT_MODULE_RESOURCE_BUNDLE_UNAVAILABLE -DXcode -plugin-path /Applications/Xcode-27.0.0-Release.Candidate.app/Contents/Developer/Toolchains/XcodeDefault.xctoolchain/usr/lib/swift/host/plugins/testing -enable-experimental-feature DebugDescriptionMacro -sdk /Applications/Xcode-27.0.0-Release.Candidate.app/Contents/Developer/Platforms/XROS.platform/Developer/SDKs/XROS27.0.sdk -target arm64-apple-xros1.0 -g -module-cache-path /Users/admin/builder/spi-builder-workspace/.derivedData/ModuleCache.noindex -Xfrontend -serialize-debugging-options -profile-coverage-mapping -profile-generate -enable-testing -suppress-warnings -index-store-path /Users/admin/builder/spi-builder-workspace/.derivedData/Index.noindex/DataStore -Xcc -D_LIBCPP_HARDENING_MODE\=_LIBCPP_HARDENING_MODE_DEBUG -swift-version 5 -I /Users/admin/builder/spi-builder-workspace/.derivedData/Build/Products/Debug-xros -Isystem /Applications/Xcode-27.0.0-Release.Candidate.app/Contents/Developer/Platforms/XROS.platform/Developer/usr/lib -F /Users/admin/builder/spi-builder-workspace/.derivedData/Build/Products/Debug-xros -F /Applications/Xcode-27.0.0-Release.Candidate.app/Contents/Developer/Platforms/XROS.platform/Developer/Library/Frameworks -F /Applications/Xcode-27.0.0-Release.Candidate.app/Contents/Developer/Platforms/XROS.platform/Developer/SDKs/XROS27.0.sdk/Developer/Library/Frameworks -c -j10 -enable-batch-mode -incremental -Xcc -ivfsstatcache -Xcc /Users/admin/builder/spi-builder-workspace/.derivedData/SDKStatCaches.noindex/xros27.0-24M361-e829b21a6f8c9b70876ba0858053c044735bd543db762f57723cac368afd1ce4.sdkstatcache -output-file-map /Users/admin/builder/spi-builder-workspace/.derivedData/Build/Intermediates.noindex/RxSwift.build/Debug-xros/RxSwift-t.build/Objects-normal/arm64/RxSwift-OutputFileMap.json -save-temps -no-color-diagnostics -explicit-module-build -module-cache-path /Users/admin/builder/spi-builder-workspace/.derivedData/Build/Intermediates.noindex/SwiftExplicitPrecompiledModules -clang-scanner-module-cache-path /Users/admin/builder/spi-builder-workspace/.derivedData/ModuleCache.noindex -sdk-module-cache-path /Users/admin/builder/spi-builder-workspace/.derivedData/SDKExplicitPrecompiledModules -emit-dependencies -emit-module -emit-module-path /Users/admin/builder/spi-builder-workspace/.derivedData/Build/Intermediates.noindex/RxSwift.build/Debug-xros/RxSwift-t.build/Objects-normal/arm64/RxSwift.swiftmodule -serialize-diagnostics -dependency-scan-serialize-diagnostics-path /Users/admin/builder/spi-builder-workspace/.derivedData/Build/Intermediates.noindex/RxSwift.build/Debug-xros/RxSwift-t.build/Objects-normal/arm64/RxSwift-dependency-scan.dia -validate-clang-modules-once -clang-build-session-file /Users/admin/builder/spi-builder-workspace/.derivedData/ModuleCache.noindex/Session.modulevalidation -Xcc -fmodules-prune-interval\=86400 -Xcc -fmodules-prune-after\=345600 -emit-const-values -const-gather-protocols-list /Users/admin/builder/spi-builder-workspace/.derivedData/Build/Intermediates.noindex/RxSwift.build/Debug-xros/RxSwift-t.build/Objects-normal/arm64/RxSwift_const_extract_protocols.json -Xcc -I/Users/admin/builder/spi-builder-workspace/.derivedData/Build/Products/Debug-xros/include -Xcc -I/Users/admin/builder/spi-builder-workspace/.derivedData/Build/Intermediates.noindex/RxSwift.build/Debug-xros/RxSwift-t.build/DerivedSources-normal/arm64 -Xcc -I/Users/admin/builder/spi-builder-workspace/.derivedData/Build/Intermediates.noindex/RxSwift.build/Debug-xros/RxSwift-t.build/DerivedSources/arm64 -Xcc -I/Users/admin/builder/spi-builder-workspace/.derivedData/Build/Intermediates.noindex/RxSwift.build/Debug-xros/RxSwift-t.build/DerivedSources -Xcc -DSWIFT_PACKAGE -Xcc -DDEBUG\=1 -emit-objc-header -emit-objc-header-path /Users/admin/builder/spi-builder-workspace/.derivedData/Build/Intermediates.noindex/RxSwift.build/Debug-xros/RxSwift-t.build/Objects-normal/arm64/RxSwift-Swift.h -working-directory /Users/admin/builder/spi-builder-workspace/.swiftpm/xcode -experimental-emit-module-separately -disable-cmo
SwiftDriver Differentiator normal arm64 com.apple.xcode.tools.swift.compiler (in target 'Differentiator' from project 'RxDataSources')
cd /Users/admin/builder/spi-builder-workspace/.swiftpm/xcode
builtin-SwiftDriver -- /Applications/Xcode-27.0.0-Release.Candidate.app/Contents/Developer/Toolchains/XcodeDefault.xctoolchain/usr/bin/swiftc -parse-as-library -module-name Differentiator -Onone @/Users/admin/builder/spi-builder-workspace/.derivedData/Build/Intermediates.noindex/RxDataSources.build/Debug-xros/Differentiator-t.build/Objects-normal/arm64/Differentiator.SwiftFileList -DSWIFT_PACKAGE -DDEBUG -DSWIFT_MODULE_RESOURCE_BUNDLE_UNAVAILABLE -DXcode -plugin-path /Applications/Xcode-27.0.0-Release.Candidate.app/Contents/Developer/Toolchains/XcodeDefault.xctoolchain/usr/lib/swift/host/plugins/testing -enable-experimental-feature DebugDescriptionMacro -sdk /Applications/Xcode-27.0.0-Release.Candidate.app/Contents/Developer/Platforms/XROS.platform/Developer/SDKs/XROS27.0.sdk -target arm64-apple-xros1.0 -g -module-cache-path /Users/admin/builder/spi-builder-workspace/.derivedData/ModuleCache.noindex -Xfrontend -serialize-debugging-options -profile-coverage-mapping -profile-generate -enable-testing -suppress-warnings -index-store-path /Users/admin/builder/spi-builder-workspace/.derivedData/Index.noindex/DataStore -Xcc -D_LIBCPP_HARDENING_MODE\=_LIBCPP_HARDENING_MODE_DEBUG -swift-version 5 -I /Users/admin/builder/spi-builder-workspace/.derivedData/Build/Products/Debug-xros -Isystem /Applications/Xcode-27.0.0-Release.Candidate.app/Contents/Developer/Platforms/XROS.platform/Developer/usr/lib -F /Users/admin/builder/spi-builder-workspace/.derivedData/Build/Products/Debug-xros -F /Applications/Xcode-27.0.0-Release.Candidate.app/Contents/Developer/Platforms/XROS.platform/Developer/Library/Frameworks -F /Applications/Xcode-27.0.0-Release.Candidate.app/Contents/Developer/Platforms/XROS.platform/Developer/SDKs/XROS27.0.sdk/Developer/Library/Frameworks -c -j10 -enable-batch-mode -incremental -Xcc -ivfsstatcache -Xcc /Users/admin/builder/spi-builder-workspace/.derivedData/SDKStatCaches.noindex/xros27.0-24M361-e829b21a6f8c9b70876ba0858053c044735bd543db762f57723cac368afd1ce4.sdkstatcache -output-file-map /Users/admin/builder/spi-builder-workspace/.derivedData/Build/Intermediates.noindex/RxDataSources.build/Debug-xros/Differentiator-t.build/Objects-normal/arm64/Differentiator-OutputFileMap.json -save-temps -no-color-diagnostics -explicit-module-build -module-cache-path /Users/admin/builder/spi-builder-workspace/.derivedData/Build/Intermediates.noindex/SwiftExplicitPrecompiledModules -clang-scanner-module-cache-path /Users/admin/builder/spi-builder-workspace/.derivedData/ModuleCache.noindex -sdk-module-cache-path /Users/admin/builder/spi-builder-workspace/.derivedData/SDKExplicitPrecompiledModules -emit-dependencies -emit-module -emit-module-path /Users/admin/builder/spi-builder-workspace/.derivedData/Build/Intermediates.noindex/RxDataSources.build/Debug-xros/Differentiator-t.build/Objects-normal/arm64/Differentiator.swiftmodule -serialize-diagnostics -dependency-scan-serialize-diagnostics-path /Users/admin/builder/spi-builder-workspace/.derivedData/Build/Intermediates.noindex/RxDataSources.build/Debug-xros/Differentiator-t.build/Objects-normal/arm64/Differentiator-dependency-scan.dia -validate-clang-modules-once -clang-build-session-file /Users/admin/builder/spi-builder-workspace/.derivedData/ModuleCache.noindex/Session.modulevalidation -Xcc -fmodules-prune-interval\=86400 -Xcc -fmodules-prune-after\=345600 -emit-const-values -const-gather-protocols-list /Users/admin/builder/spi-builder-workspace/.derivedData/Build/Intermediates.noindex/RxDataSources.build/Debug-xros/Differentiator-t.build/Objects-normal/arm64/Differentiator_const_extract_protocols.json -Xcc -I/Users/admin/builder/spi-builder-workspace/.derivedData/Build/Products/Debug-xros/include -Xcc -I/Users/admin/builder/spi-builder-workspace/.derivedData/Build/Intermediates.noindex/RxDataSources.build/Debug-xros/Differentiator-t.build/DerivedSources-normal/arm64 -Xcc -I/Users/admin/builder/spi-builder-workspace/.derivedData/Build/Intermediates.noindex/RxDataSources.build/Debug-xros/Differentiator-t.build/DerivedSources/arm64 -Xcc -I/Users/admin/builder/spi-builder-workspace/.derivedData/Build/Intermediates.noindex/RxDataSources.build/Debug-xros/Differentiator-t.build/DerivedSources -Xcc -DSWIFT_PACKAGE -Xcc -DDEBUG\=1 -emit-objc-header -emit-objc-header-path /Users/admin/builder/spi-builder-workspace/.derivedData/Build/Intermediates.noindex/RxDataSources.build/Debug-xros/Differentiator-t.build/Objects-normal/arm64/Differentiator-Swift.h -working-directory /Users/admin/builder/spi-builder-workspace/.swiftpm/xcode -experimental-emit-module-separately -disable-cmo
Ld /Users/admin/builder/spi-builder-workspace/.derivedData/Build/Products/Debug-xros/WeakMapTable.o normal (in target 'WeakMapTable' from project 'WeakMapTable')
cd /Users/admin/builder/spi-builder-workspace/.dependencies/checkouts/WeakMapTable
/Applications/Xcode-27.0.0-Release.Candidate.app/Contents/Developer/Toolchains/XcodeDefault.xctoolchain/usr/bin/clang -Xlinker -reproducible -target arm64-apple-xros1.0 -r -isysroot /Applications/Xcode-27.0.0-Release.Candidate.app/Contents/Developer/Platforms/XROS.platform/Developer/SDKs/XROS27.0.sdk -O0 -w -Xlinker -no_warn_duplicate_libraries -F/Users/admin/builder/spi-builder-workspace/.derivedData/Build/Intermediates.noindex/EagerLinkingTBDs/Debug-xros -F/Users/admin/builder/spi-builder-workspace/.derivedData/Build/Products/Debug-xros -iframework /Applications/Xcode-27.0.0-Release.Candidate.app/Contents/Developer/Platforms/XROS.platform/Developer/Library/Frameworks -iframework /Applications/Xcode-27.0.0-Release.Candidate.app/Contents/Developer/Platforms/XROS.platform/Developer/SDKs/XROS27.0.sdk/Developer/Library/Frameworks -filelist /Users/admin/builder/spi-builder-workspace/.derivedData/Build/Intermediates.noindex/WeakMapTable.build/Debug-xros/WeakMapTable-t.build/Objects-normal/arm64/WeakMapTable.LinkFileList -nostdlib -Xlinker -object_path_lto -Xlinker /Users/admin/builder/spi-builder-workspace/.derivedData/Build/Intermediates.noindex/WeakMapTable.build/Debug-xros/WeakMapTable-t.build/Objects-normal/arm64/WeakMapTable_lto.o -Xlinker -no_deduplicate -Xlinker -debug_variant -Xlinker -dependency_info -Xlinker /Users/admin/builder/spi-builder-workspace/.derivedData/Build/Intermediates.noindex/WeakMapTable.build/Debug-xros/WeakMapTable-t.build/Objects-normal/arm64/WeakMapTable_dependency_info.dat -fobjc-link-runtime -L/Applications/Xcode-27.0.0-Release.Candidate.app/Contents/Developer/Toolchains/XcodeDefault.xctoolchain/usr/lib/swift/xros -L/usr/lib/swift -Xlinker -add_ast_path -Xlinker /Users/admin/builder/spi-builder-workspace/.derivedData/Build/Intermediates.noindex/WeakMapTable.build/Debug-xros/WeakMapTable-t.build/Objects-normal/arm64/WeakMapTable.swiftmodule -o /Users/admin/builder/spi-builder-workspace/.derivedData/Build/Products/Debug-xros/WeakMapTable.o
SwiftDriver RxRelay normal arm64 com.apple.xcode.tools.swift.compiler (in target 'RxRelay' from project 'RxSwift')
cd /Users/admin/builder/spi-builder-workspace/.swiftpm/xcode
builtin-SwiftDriver -- /Applications/Xcode-27.0.0-Release.Candidate.app/Contents/Developer/Toolchains/XcodeDefault.xctoolchain/usr/bin/swiftc -parse-as-library -module-name RxRelay -Onone @/Users/admin/builder/spi-builder-workspace/.derivedData/Build/Intermediates.noindex/RxSwift.build/Debug-xros/RxRelay-t.build/Objects-normal/arm64/RxRelay.SwiftFileList -DSWIFT_PACKAGE -DDEBUG -DSWIFT_MODULE_RESOURCE_BUNDLE_UNAVAILABLE -DXcode -plugin-path /Applications/Xcode-27.0.0-Release.Candidate.app/Contents/Developer/Toolchains/XcodeDefault.xctoolchain/usr/lib/swift/host/plugins/testing -enable-experimental-feature DebugDescriptionMacro -sdk /Applications/Xcode-27.0.0-Release.Candidate.app/Contents/Developer/Platforms/XROS.platform/Developer/SDKs/XROS27.0.sdk -target arm64-apple-xros1.0 -g -module-cache-path /Users/admin/builder/spi-builder-workspace/.derivedData/ModuleCache.noindex -Xfrontend -serialize-debugging-options -profile-coverage-mapping -profile-generate -enable-testing -suppress-warnings -index-store-path /Users/admin/builder/spi-builder-workspace/.derivedData/Index.noindex/DataStore -Xcc -D_LIBCPP_HARDENING_MODE\=_LIBCPP_HARDENING_MODE_DEBUG -swift-version 5 -I /Users/admin/builder/spi-builder-workspace/.derivedData/Build/Products/Debug-xros -Isystem /Applications/Xcode-27.0.0-Release.Candidate.app/Contents/Developer/Platforms/XROS.platform/Developer/usr/lib -F /Users/admin/builder/spi-builder-workspace/.derivedData/Build/Products/Debug-xros/PackageFrameworks -F /Users/admin/builder/spi-builder-workspace/.derivedData/Build/Products/Debug-xros -F /Applications/Xcode-27.0.0-Release.Candidate.app/Contents/Developer/Platforms/XROS.platform/Developer/Library/Frameworks -F /Applications/Xcode-27.0.0-Release.Candidate.app/Contents/Developer/Platforms/XROS.platform/Developer/SDKs/XROS27.0.sdk/Developer/Library/Frameworks -c -j10 -enable-batch-mode -incremental -Xcc -ivfsstatcache -Xcc /Users/admin/builder/spi-builder-workspace/.derivedData/SDKStatCaches.noindex/xros27.0-24M361-e829b21a6f8c9b70876ba0858053c044735bd543db762f57723cac368afd1ce4.sdkstatcache -output-file-map /Users/admin/builder/spi-builder-workspace/.derivedData/Build/Intermediates.noindex/RxSwift.build/Debug-xros/RxRelay-t.build/Objects-normal/arm64/RxRelay-OutputFileMap.json -save-temps -no-color-diagnostics -explicit-module-build -module-cache-path /Users/admin/builder/spi-builder-workspace/.derivedData/Build/Intermediates.noindex/SwiftExplicitPrecompiledModules -clang-scanner-module-cache-path /Users/admin/builder/spi-builder-workspace/.derivedData/ModuleCache.noindex -sdk-module-cache-path /Users/admin/builder/spi-builder-workspace/.derivedData/SDKExplicitPrecompiledModules -emit-dependencies -emit-module -emit-module-path /Users/admin/builder/spi-builder-workspace/.derivedData/Build/Intermediates.noindex/RxSwift.build/Debug-xros/RxRelay-t.build/Objects-normal/arm64/RxRelay.swiftmodule -serialize-diagnostics -dependency-scan-serialize-diagnostics-path /Users/admin/builder/spi-builder-workspace/.derivedData/Build/Intermediates.noindex/RxSwift.build/Debug-xros/RxRelay-t.build/Objects-normal/arm64/RxRelay-dependency-scan.dia -validate-clang-modules-once -clang-build-session-file /Users/admin/builder/spi-builder-workspace/.derivedData/ModuleCache.noindex/Session.modulevalidation -Xcc -fmodules-prune-interval\=86400 -Xcc -fmodules-prune-after\=345600 -emit-const-values -const-gather-protocols-list /Users/admin/builder/spi-builder-workspace/.derivedData/Build/Intermediates.noindex/RxSwift.build/Debug-xros/RxRelay-t.build/Objects-normal/arm64/RxRelay_const_extract_protocols.json -Xcc -I/Users/admin/builder/spi-builder-workspace/.derivedData/Build/Products/Debug-xros/include -Xcc -I/Users/admin/builder/spi-builder-workspace/.derivedData/Build/Intermediates.noindex/RxSwift.build/Debug-xros/RxRelay-t.build/DerivedSources-normal/arm64 -Xcc -I/Users/admin/builder/spi-builder-workspace/.derivedData/Build/Intermediates.noindex/RxSwift.build/Debug-xros/RxRelay-t.build/DerivedSources/arm64 -Xcc -I/Users/admin/builder/spi-builder-workspace/.derivedData/Build/Intermediates.noindex/RxSwift.build/Debug-xros/RxRelay-t.build/DerivedSources -Xcc -DSWIFT_PACKAGE -Xcc -DDEBUG\=1 -emit-objc-header -emit-objc-header-path /Users/admin/builder/spi-builder-workspace/.derivedData/Build/Intermediates.noindex/RxSwift.build/Debug-xros/RxRelay-t.build/Objects-normal/arm64/RxRelay-Swift.h -working-directory /Users/admin/builder/spi-builder-workspace/.swiftpm/xcode -experimental-emit-module-separately -disable-cmo
ScanDependencies /Users/admin/builder/spi-builder-workspace/.derivedData/Build/Intermediates.noindex/RxSwift.build/Debug-xros/RxCocoaRuntime-t.build/Objects-normal/arm64/_RXObjCRuntime.o /Users/admin/builder/spi-builder-workspace/.dependencies/checkouts/RxSwift/Sources/RxCocoaRuntime/_RXObjCRuntime.m normal arm64 objective-c com.apple.compilers.llvm.clang.1_0.compiler (in target 'RxCocoaRuntime' from project 'RxSwift')
cd /Users/admin/builder/spi-builder-workspace/.swiftpm/xcode
Using response file: /Users/admin/builder/spi-builder-workspace/.derivedData/Build/Intermediates.noindex/RxSwift.build/Debug-xros/RxCocoaRuntime-t.build/Objects-normal/arm64/e6072d4f65d7061329687fe24e3d63a7-common-args.resp
builtin-ScanDependencies -o /Users/admin/builder/spi-builder-workspace/.derivedData/Build/Intermediates.noindex/RxSwift.build/Debug-xros/RxCocoaRuntime-t.build/Objects-normal/arm64/_RXObjCRuntime.o.scan -- /Applications/Xcode-27.0.0-Release.Candidate.app/Contents/Developer/Toolchains/XcodeDefault.xctoolchain/usr/bin/clang -x objective-c -ivfsstatcache /Users/admin/builder/spi-builder-workspace/.derivedData/SDKStatCaches.noindex/xros27.0-24M361-e829b21a6f8c9b70876ba0858053c044735bd543db762f57723cac368afd1ce4.sdkstatcache -target arm64-apple-xros1.0 -fmessage-length\=0 -fdiagnostics-show-note-include-stack -fmacro-backtrace-limit\=0 -fno-color-diagnostics -fmodules-prune-interval\=86400 -fmodules-prune-after\=345600 -fbuild-session-file\=/Users/admin/builder/spi-builder-workspace/.derivedData/ModuleCache.noindex/Session.modulevalidation -fmodules-validate-once-per-build-session -Wnon-modular-include-in-framework-module -Werror\=non-modular-include-in-framework-module -Wno-trigraphs -Wno-missing-field-initializers -Wno-missing-prototypes -Wno-return-type -Wno-implicit-atomic-properties -Wno-objc-interface-ivars -Wno-arc-repeated-use-of-weak -Wno-missing-braces -Wparentheses -Wswitch -Wno-unused-function -Wno-unused-label -Wno-unused-parameter -Wno-unused-variable -Wunused-value -Wno-empty-body -Wno-uninitialized -Wno-unknown-pragmas -w -Wno-shadow -Wno-four-char-constants -Wno-conversion -Wno-constant-conversion -Wno-int-conversion -Wno-bool-conversion -Wno-enum-conversion -Wno-float-conversion -Wno-non-literal-null-conversion -Wno-objc-literal-conversion -Wshorten-64-to-32 -Wpointer-sign -Wno-newline-eof -Wno-selector -Wno-strict-selector-match -Wno-undeclared-selector -Wno-deprecated-implementations -Wno-implicit-fallthrough -isysroot /Applications/Xcode-27.0.0-Release.Candidate.app/Contents/Developer/Platforms/XROS.platform/Developer/SDKs/XROS27.0.sdk -fstrict-aliasing -Wprotocol -Wdeprecated-declarations -Wno-sign-conversion -Wno-infinite-recursion -Wno-comma -Wno-block-capture-autoreleasing -Wno-strict-prototypes -Wno-semicolon-before-method-body -index-store-path /Users/admin/builder/spi-builder-workspace/.derivedData/Index.noindex/DataStore @/Users/admin/builder/spi-builder-workspace/.derivedData/Build/Intermediates.noindex/RxSwift.build/Debug-xros/RxCocoaRuntime-t.build/Objects-normal/arm64/e6072d4f65d7061329687fe24e3d63a7-common-args.resp -MMD -MT dependencies -MF /Users/admin/builder/spi-builder-workspace/.derivedData/Build/Intermediates.noindex/RxSwift.build/Debug-xros/RxCocoaRuntime-t.build/Objects-normal/arm64/_RXObjCRuntime.d --serialize-diagnostics /Users/admin/builder/spi-builder-workspace/.derivedData/Build/Intermediates.noindex/RxSwift.build/Debug-xros/RxCocoaRuntime-t.build/Objects-normal/arm64/_RXObjCRuntime.dia -c /Users/admin/builder/spi-builder-workspace/.dependencies/checkouts/RxSwift/Sources/RxCocoaRuntime/_RXObjCRuntime.m -o /Users/admin/builder/spi-builder-workspace/.derivedData/Build/Intermediates.noindex/RxSwift.build/Debug-xros/RxCocoaRuntime-t.build/Objects-normal/arm64/_RXObjCRuntime.o -index-unit-output-path /RxSwift.build/Debug-xros/RxCocoaRuntime-t.build/Objects-normal/arm64/_RXObjCRuntime.o
ScanDependencies /Users/admin/builder/spi-builder-workspace/.derivedData/Build/Intermediates.noindex/RxSwift.build/Debug-xros/RxCocoaRuntime-t.build/Objects-normal/arm64/_RXKVOObserver.o /Users/admin/builder/spi-builder-workspace/.dependencies/checkouts/RxSwift/Sources/RxCocoaRuntime/_RXKVOObserver.m normal arm64 objective-c com.apple.compilers.llvm.clang.1_0.compiler (in target 'RxCocoaRuntime' from project 'RxSwift')
cd /Users/admin/builder/spi-builder-workspace/.swiftpm/xcode
Using response file: /Users/admin/builder/spi-builder-workspace/.derivedData/Build/Intermediates.noindex/RxSwift.build/Debug-xros/RxCocoaRuntime-t.build/Objects-normal/arm64/e6072d4f65d7061329687fe24e3d63a7-common-args.resp
builtin-ScanDependencies -o /Users/admin/builder/spi-builder-workspace/.derivedData/Build/Intermediates.noindex/RxSwift.build/Debug-xros/RxCocoaRuntime-t.build/Objects-normal/arm64/_RXKVOObserver.o.scan -- /Applications/Xcode-27.0.0-Release.Candidate.app/Contents/Developer/Toolchains/XcodeDefault.xctoolchain/usr/bin/clang -x objective-c -ivfsstatcache /Users/admin/builder/spi-builder-workspace/.derivedData/SDKStatCaches.noindex/xros27.0-24M361-e829b21a6f8c9b70876ba0858053c044735bd543db762f57723cac368afd1ce4.sdkstatcache -target arm64-apple-xros1.0 -fmessage-length\=0 -fdiagnostics-show-note-include-stack -fmacro-backtrace-limit\=0 -fno-color-diagnostics -fmodules-prune-interval\=86400 -fmodules-prune-after\=345600 -fbuild-session-file\=/Users/admin/builder/spi-builder-workspace/.derivedData/ModuleCache.noindex/Session.modulevalidation -fmodules-validate-once-per-build-session -Wnon-modular-include-in-framework-module -Werror\=non-modular-include-in-framework-module -Wno-trigraphs -Wno-missing-field-initializers -Wno-missing-prototypes -Wno-return-type -Wno-implicit-atomic-properties -Wno-objc-interface-ivars -Wno-arc-repeated-use-of-weak -Wno-missing-braces -Wparentheses -Wswitch -Wno-unused-function -Wno-unused-label -Wno-unused-parameter -Wno-unused-variable -Wunused-value -Wno-empty-body -Wno-uninitialized -Wno-unknown-pragmas -w -Wno-shadow -Wno-four-char-constants -Wno-conversion -Wno-constant-conversion -Wno-int-conversion -Wno-bool-conversion -Wno-enum-conversion -Wno-float-conversion -Wno-non-literal-null-conversion -Wno-objc-literal-conversion -Wshorten-64-to-32 -Wpointer-sign -Wno-newline-eof -Wno-selector -Wno-strict-selector-match -Wno-undeclared-selector -Wno-deprecated-implementations -Wno-implicit-fallthrough -isysroot /Applications/Xcode-27.0.0-Release.Candidate.app/Contents/Developer/Platforms/XROS.platform/Developer/SDKs/XROS27.0.sdk -fstrict-aliasing -Wprotocol -Wdeprecated-declarations -Wno-sign-conversion -Wno-infinite-recursion -Wno-comma -Wno-block-capture-autoreleasing -Wno-strict-prototypes -Wno-semicolon-before-method-body -index-store-path /Users/admin/builder/spi-builder-workspace/.derivedData/Index.noindex/DataStore @/Users/admin/builder/spi-builder-workspace/.derivedData/Build/Intermediates.noindex/RxSwift.build/Debug-xros/RxCocoaRuntime-t.build/Objects-normal/arm64/e6072d4f65d7061329687fe24e3d63a7-common-args.resp -MMD -MT dependencies -MF /Users/admin/builder/spi-builder-workspace/.derivedData/Build/Intermediates.noindex/RxSwift.build/Debug-xros/RxCocoaRuntime-t.build/Objects-normal/arm64/_RXKVOObserver.d --serialize-diagnostics /Users/admin/builder/spi-builder-workspace/.derivedData/Build/Intermediates.noindex/RxSwift.build/Debug-xros/RxCocoaRuntime-t.build/Objects-normal/arm64/_RXKVOObserver.dia -c /Users/admin/builder/spi-builder-workspace/.dependencies/checkouts/RxSwift/Sources/RxCocoaRuntime/_RXKVOObserver.m -o /Users/admin/builder/spi-builder-workspace/.derivedData/Build/Intermediates.noindex/RxSwift.build/Debug-xros/RxCocoaRuntime-t.build/Objects-normal/arm64/_RXKVOObserver.o -index-unit-output-path /RxSwift.build/Debug-xros/RxCocoaRuntime-t.build/Objects-normal/arm64/_RXKVOObserver.o
ScanDependencies /Users/admin/builder/spi-builder-workspace/.derivedData/Build/Intermediates.noindex/RxSwift.build/Debug-xros/RxCocoaRuntime-t.build/Objects-normal/arm64/_RXDelegateProxy.o /Users/admin/builder/spi-builder-workspace/.dependencies/checkouts/RxSwift/Sources/RxCocoaRuntime/_RXDelegateProxy.m normal arm64 objective-c com.apple.compilers.llvm.clang.1_0.compiler (in target 'RxCocoaRuntime' from project 'RxSwift')
cd /Users/admin/builder/spi-builder-workspace/.swiftpm/xcode
Using response file: /Users/admin/builder/spi-builder-workspace/.derivedData/Build/Intermediates.noindex/RxSwift.build/Debug-xros/RxCocoaRuntime-t.build/Objects-normal/arm64/e6072d4f65d7061329687fe24e3d63a7-common-args.resp
builtin-ScanDependencies -o /Users/admin/builder/spi-builder-workspace/.derivedData/Build/Intermediates.noindex/RxSwift.build/Debug-xros/RxCocoaRuntime-t.build/Objects-normal/arm64/_RXDelegateProxy.o.scan -- /Applications/Xcode-27.0.0-Release.Candidate.app/Contents/Developer/Toolchains/XcodeDefault.xctoolchain/usr/bin/clang -x objective-c -ivfsstatcache /Users/admin/builder/spi-builder-workspace/.derivedData/SDKStatCaches.noindex/xros27.0-24M361-e829b21a6f8c9b70876ba0858053c044735bd543db762f57723cac368afd1ce4.sdkstatcache -target arm64-apple-xros1.0 -fmessage-length\=0 -fdiagnostics-show-note-include-stack -fmacro-backtrace-limit\=0 -fno-color-diagnostics -fmodules-prune-interval\=86400 -fmodules-prune-after\=345600 -fbuild-session-file\=/Users/admin/builder/spi-builder-workspace/.derivedData/ModuleCache.noindex/Session.modulevalidation -fmodules-validate-once-per-build-session -Wnon-modular-include-in-framework-module -Werror\=non-modular-include-in-framework-module -Wno-trigraphs -Wno-missing-field-initializers -Wno-missing-prototypes -Wno-return-type -Wno-implicit-atomic-properties -Wno-objc-interface-ivars -Wno-arc-repeated-use-of-weak -Wno-missing-braces -Wparentheses -Wswitch -Wno-unused-function -Wno-unused-label -Wno-unused-parameter -Wno-unused-variable -Wunused-value -Wno-empty-body -Wno-uninitialized -Wno-unknown-pragmas -w -Wno-shadow -Wno-four-char-constants -Wno-conversion -Wno-constant-conversion -Wno-int-conversion -Wno-bool-conversion -Wno-enum-conversion -Wno-float-conversion -Wno-non-literal-null-conversion -Wno-objc-literal-conversion -Wshorten-64-to-32 -Wpointer-sign -Wno-newline-eof -Wno-selector -Wno-strict-selector-match -Wno-undeclared-selector -Wno-deprecated-implementations -Wno-implicit-fallthrough -isysroot /Applications/Xcode-27.0.0-Release.Candidate.app/Contents/Developer/Platforms/XROS.platform/Developer/SDKs/XROS27.0.sdk -fstrict-aliasing -Wprotocol -Wdeprecated-declarations -Wno-sign-conversion -Wno-infinite-recursion -Wno-comma -Wno-block-capture-autoreleasing -Wno-strict-prototypes -Wno-semicolon-before-method-body -index-store-path /Users/admin/builder/spi-builder-workspace/.derivedData/Index.noindex/DataStore @/Users/admin/builder/spi-builder-workspace/.derivedData/Build/Intermediates.noindex/RxSwift.build/Debug-xros/RxCocoaRuntime-t.build/Objects-normal/arm64/e6072d4f65d7061329687fe24e3d63a7-common-args.resp -MMD -MT dependencies -MF /Users/admin/builder/spi-builder-workspace/.derivedData/Build/Intermediates.noindex/RxSwift.build/Debug-xros/RxCocoaRuntime-t.build/Objects-normal/arm64/_RXDelegateProxy.d --serialize-diagnostics /Users/admin/builder/spi-builder-workspace/.derivedData/Build/Intermediates.noindex/RxSwift.build/Debug-xros/RxCocoaRuntime-t.build/Objects-normal/arm64/_RXDelegateProxy.dia -c /Users/admin/builder/spi-builder-workspace/.dependencies/checkouts/RxSwift/Sources/RxCocoaRuntime/_RXDelegateProxy.m -o /Users/admin/builder/spi-builder-workspace/.derivedData/Build/Intermediates.noindex/RxSwift.build/Debug-xros/RxCocoaRuntime-t.build/Objects-normal/arm64/_RXDelegateProxy.o -index-unit-output-path /RxSwift.build/Debug-xros/RxCocoaRuntime-t.build/Objects-normal/arm64/_RXDelegateProxy.o
ScanDependencies /Users/admin/builder/spi-builder-workspace/.derivedData/Build/Intermediates.noindex/RxSwift.build/Debug-xros/RxCocoaRuntime-t.build/Objects-normal/arm64/_RX.o /Users/admin/builder/spi-builder-workspace/.dependencies/checkouts/RxSwift/Sources/RxCocoaRuntime/_RX.m normal arm64 objective-c com.apple.compilers.llvm.clang.1_0.compiler (in target 'RxCocoaRuntime' from project 'RxSwift')
cd /Users/admin/builder/spi-builder-workspace/.swiftpm/xcode
Using response file: /Users/admin/builder/spi-builder-workspace/.derivedData/Build/Intermediates.noindex/RxSwift.build/Debug-xros/RxCocoaRuntime-t.build/Objects-normal/arm64/e6072d4f65d7061329687fe24e3d63a7-common-args.resp
builtin-ScanDependencies -o /Users/admin/builder/spi-builder-workspace/.derivedData/Build/Intermediates.noindex/RxSwift.build/Debug-xros/RxCocoaRuntime-t.build/Objects-normal/arm64/_RX.o.scan -- /Applications/Xcode-27.0.0-Release.Candidate.app/Contents/Developer/Toolchains/XcodeDefault.xctoolchain/usr/bin/clang -x objective-c -ivfsstatcache /Users/admin/builder/spi-builder-workspace/.derivedData/SDKStatCaches.noindex/xros27.0-24M361-e829b21a6f8c9b70876ba0858053c044735bd543db762f57723cac368afd1ce4.sdkstatcache -target arm64-apple-xros1.0 -fmessage-length\=0 -fdiagnostics-show-note-include-stack -fmacro-backtrace-limit\=0 -fno-color-diagnostics -fmodules-prune-interval\=86400 -fmodules-prune-after\=345600 -fbuild-session-file\=/Users/admin/builder/spi-builder-workspace/.derivedData/ModuleCache.noindex/Session.modulevalidation -fmodules-validate-once-per-build-session -Wnon-modular-include-in-framework-module -Werror\=non-modular-include-in-framework-module -Wno-trigraphs -Wno-missing-field-initializers -Wno-missing-prototypes -Wno-return-type -Wno-implicit-atomic-properties -Wno-objc-interface-ivars -Wno-arc-repeated-use-of-weak -Wno-missing-braces -Wparentheses -Wswitch -Wno-unused-function -Wno-unused-label -Wno-unused-parameter -Wno-unused-variable -Wunused-value -Wno-empty-body -Wno-uninitialized -Wno-unknown-pragmas -w -Wno-shadow -Wno-four-char-constants -Wno-conversion -Wno-constant-conversion -Wno-int-conversion -Wno-bool-conversion -Wno-enum-conversion -Wno-float-conversion -Wno-non-literal-null-conversion -Wno-objc-literal-conversion -Wshorten-64-to-32 -Wpointer-sign -Wno-newline-eof -Wno-selector -Wno-strict-selector-match -Wno-undeclared-selector -Wno-deprecated-implementations -Wno-implicit-fallthrough -isysroot /Applications/Xcode-27.0.0-Release.Candidate.app/Contents/Developer/Platforms/XROS.platform/Developer/SDKs/XROS27.0.sdk -fstrict-aliasing -Wprotocol -Wdeprecated-declarations -Wno-sign-conversion -Wno-infinite-recursion -Wno-comma -Wno-block-capture-autoreleasing -Wno-strict-prototypes -Wno-semicolon-before-method-body -index-store-path /Users/admin/builder/spi-builder-workspace/.derivedData/Index.noindex/DataStore @/Users/admin/builder/spi-builder-workspace/.derivedData/Build/Intermediates.noindex/RxSwift.build/Debug-xros/RxCocoaRuntime-t.build/Objects-normal/arm64/e6072d4f65d7061329687fe24e3d63a7-common-args.resp -MMD -MT dependencies -MF /Users/admin/builder/spi-builder-workspace/.derivedData/Build/Intermediates.noindex/RxSwift.build/Debug-xros/RxCocoaRuntime-t.build/Objects-normal/arm64/_RX.d --serialize-diagnostics /Users/admin/builder/spi-builder-workspace/.derivedData/Build/Intermediates.noindex/RxSwift.build/Debug-xros/RxCocoaRuntime-t.build/Objects-normal/arm64/_RX.dia -c /Users/admin/builder/spi-builder-workspace/.dependencies/checkouts/RxSwift/Sources/RxCocoaRuntime/_RX.m -o /Users/admin/builder/spi-builder-workspace/.derivedData/Build/Intermediates.noindex/RxSwift.build/Debug-xros/RxCocoaRuntime-t.build/Objects-normal/arm64/_RX.o -index-unit-output-path /RxSwift.build/Debug-xros/RxCocoaRuntime-t.build/Objects-normal/arm64/_RX.o
SwiftDriver ReactorKit normal arm64 com.apple.xcode.tools.swift.compiler (in target 'ReactorKit' from project 'ReactorKit')
cd /Users/admin/builder/spi-builder-workspace/.swiftpm/xcode
builtin-SwiftDriver -- /Applications/Xcode-27.0.0-Release.Candidate.app/Contents/Developer/Toolchains/XcodeDefault.xctoolchain/usr/bin/swiftc -parse-as-library -module-name ReactorKit -Onone @/Users/admin/builder/spi-builder-workspace/.derivedData/Build/Intermediates.noindex/ReactorKit.build/Debug-xros/ReactorKit-t.build/Objects-normal/arm64/ReactorKit.SwiftFileList -DSWIFT_PACKAGE -DDEBUG -DSWIFT_MODULE_RESOURCE_BUNDLE_UNAVAILABLE -Xcc -fmodule-map-file\=/Users/admin/builder/spi-builder-workspace/.derivedData/Build/Intermediates.noindex/GeneratedModuleMaps-xros/ReactorKitRuntime.modulemap -DXcode -plugin-path /Applications/Xcode-27.0.0-Release.Candidate.app/Contents/Developer/Toolchains/XcodeDefault.xctoolchain/usr/lib/swift/host/plugins/testing -enable-experimental-feature DebugDescriptionMacro -sdk /Applications/Xcode-27.0.0-Release.Candidate.app/Contents/Developer/Platforms/XROS.platform/Developer/SDKs/XROS27.0.sdk -target arm64-apple-xros1.0 -g -module-cache-path /Users/admin/builder/spi-builder-workspace/.derivedData/ModuleCache.noindex -Xfrontend -serialize-debugging-options -profile-coverage-mapping -profile-generate -enable-testing -suppress-warnings -index-store-path /Users/admin/builder/spi-builder-workspace/.derivedData/Index.noindex/DataStore -Xcc -D_LIBCPP_HARDENING_MODE\=_LIBCPP_HARDENING_MODE_DEBUG -swift-version 5 -I /Users/admin/builder/spi-builder-workspace/.derivedData/Build/Products/Debug-xros -Isystem /Applications/Xcode-27.0.0-Release.Candidate.app/Contents/Developer/Platforms/XROS.platform/Developer/usr/lib -F /Users/admin/builder/spi-builder-workspace/.derivedData/Build/Products/Debug-xros/PackageFrameworks -F /Users/admin/builder/spi-builder-workspace/.derivedData/Build/Products/Debug-xros -F /Applications/Xcode-27.0.0-Release.Candidate.app/Contents/Developer/Platforms/XROS.platform/Developer/Library/Frameworks -F /Applications/Xcode-27.0.0-Release.Candidate.app/Contents/Developer/Platforms/XROS.platform/Developer/SDKs/XROS27.0.sdk/Developer/Library/Frameworks -c -j10 -enable-batch-mode -incremental -Xcc -ivfsstatcache -Xcc /Users/admin/builder/spi-builder-workspace/.derivedData/SDKStatCaches.noindex/xros27.0-24M361-e829b21a6f8c9b70876ba0858053c044735bd543db762f57723cac368afd1ce4.sdkstatcache -output-file-map /Users/admin/builder/spi-builder-workspace/.derivedData/Build/Intermediates.noindex/ReactorKit.build/Debug-xros/ReactorKit-t.build/Objects-normal/arm64/ReactorKit-OutputFileMap.json -save-temps -no-color-diagnostics -explicit-module-build -module-cache-path /Users/admin/builder/spi-builder-workspace/.derivedData/Build/Intermediates.noindex/SwiftExplicitPrecompiledModules -clang-scanner-module-cache-path /Users/admin/builder/spi-builder-workspace/.derivedData/ModuleCache.noindex -sdk-module-cache-path /Users/admin/builder/spi-builder-workspace/.derivedData/SDKExplicitPrecompiledModules -emit-dependencies -emit-module -emit-module-path /Users/admin/builder/spi-builder-workspace/.derivedData/Build/Intermediates.noindex/ReactorKit.build/Debug-xros/ReactorKit-t.build/Objects-normal/arm64/ReactorKit.swiftmodule -serialize-diagnostics -dependency-scan-serialize-diagnostics-path /Users/admin/builder/spi-builder-workspace/.derivedData/Build/Intermediates.noindex/ReactorKit.build/Debug-xros/ReactorKit-t.build/Objects-normal/arm64/ReactorKit-dependency-scan.dia -validate-clang-modules-once -clang-build-session-file /Users/admin/builder/spi-builder-workspace/.derivedData/ModuleCache.noindex/Session.modulevalidation -Xcc -fmodules-prune-interval\=86400 -Xcc -fmodules-prune-after\=345600 -emit-const-values -const-gather-protocols-list /Users/admin/builder/spi-builder-workspace/.derivedData/Build/Intermediates.noindex/ReactorKit.build/Debug-xros/ReactorKit-t.build/Objects-normal/arm64/ReactorKit_const_extract_protocols.json -Xcc -I/Users/admin/builder/spi-builder-workspace/.dependencies/checkouts/ReactorKit/Sources/ReactorKitRuntime/include -Xcc -I/Users/admin/builder/spi-builder-workspace/.derivedData/Build/Products/Debug-xros/include -Xcc -I/Users/admin/builder/spi-builder-workspace/.derivedData/Build/Intermediates.noindex/ReactorKit.build/Debug-xros/ReactorKit-t.build/DerivedSources-normal/arm64 -Xcc -I/Users/admin/builder/spi-builder-workspace/.derivedData/Build/Intermediates.noindex/ReactorKit.build/Debug-xros/ReactorKit-t.build/DerivedSources/arm64 -Xcc -I/Users/admin/builder/spi-builder-workspace/.derivedData/Build/Intermediates.noindex/ReactorKit.build/Debug-xros/ReactorKit-t.build/DerivedSources -Xcc -DSWIFT_PACKAGE -Xcc -DDEBUG\=1 -emit-objc-header -emit-objc-header-path /Users/admin/builder/spi-builder-workspace/.derivedData/Build/Intermediates.noindex/ReactorKit.build/Debug-xros/ReactorKit-t.build/Objects-normal/arm64/ReactorKit-Swift.h -working-directory /Users/admin/builder/spi-builder-workspace/.swiftpm/xcode -experimental-emit-module-separately -disable-cmo
ExtractAppIntentsMetadata (in target 'WeakMapTable' from project 'WeakMapTable')
cd /Users/admin/builder/spi-builder-workspace/.dependencies/checkouts/WeakMapTable
/Applications/Xcode-27.0.0-Release.Candidate.app/Contents/Developer/Toolchains/XcodeDefault.xctoolchain/usr/bin/appintentsmetadataprocessor --toolchain-dir /var/run/com.apple.security.cryptexd/mnt/com.apple.MobileAsset.MetalToolchain-v27.1.266.1.IOVY5p/Metal.xctoolchain --module-name WeakMapTable --sdk-root /Applications/Xcode-27.0.0-Release.Candidate.app/Contents/Developer/Platforms/XROS.platform/Developer/SDKs/XROS27.0.sdk --xcode-version 27A266a --platform-family xrOS --deployment-target 1.0 --bundle-identifier weakmaptable.WeakMapTable --output /Users/admin/builder/spi-builder-workspace/.derivedData/Build/Products/Debug-xros/WeakMapTable.appintents --target-triple arm64-apple-xros1.0 --binary-file /Users/admin/builder/spi-builder-workspace/.derivedData/Build/Products/Debug-xros/WeakMapTable.o --dependency-file /Users/admin/builder/spi-builder-workspace/.derivedData/Build/Intermediates.noindex/WeakMapTable.build/Debug-xros/WeakMapTable-t.build/Objects-normal/arm64/WeakMapTable_dependency_info.dat --stringsdata-file /Users/admin/builder/spi-builder-workspace/.derivedData/Build/Intermediates.noindex/WeakMapTable.build/Debug-xros/WeakMapTable-t.build/Objects-normal/arm64/ExtractedAppShortcutsMetadata.stringsdata --source-file-list /Users/admin/builder/spi-builder-workspace/.derivedData/Build/Intermediates.noindex/WeakMapTable.build/Debug-xros/WeakMapTable-t.build/Objects-normal/arm64/WeakMapTable.SwiftFileList --metadata-file-list /Users/admin/builder/spi-builder-workspace/.derivedData/Build/Intermediates.noindex/WeakMapTable.build/Debug-xros/WeakMapTable-t.build/WeakMapTable.DependencyMetadataFileList --static-metadata-file-list /Users/admin/builder/spi-builder-workspace/.derivedData/Build/Intermediates.noindex/WeakMapTable.build/Debug-xros/WeakMapTable-t.build/WeakMapTable.DependencyStaticMetadataFileList --swift-const-vals-list /Users/admin/builder/spi-builder-workspace/.derivedData/Build/Intermediates.noindex/WeakMapTable.build/Debug-xros/WeakMapTable-t.build/Objects-normal/arm64/WeakMapTable.SwiftConstValuesFileList --force --compile-time-extraction --deployment-aware-processing --no-app-shortcuts-localization
2026-09-15 17:06:22.097 appintentsmetadataprocessor[1036:6026] Starting appintentsmetadataprocessor export
2026-09-15 17:06:22.283 appintentsmetadataprocessor[1036:6026] Extracted no relevant App Intents symbols, skipping writing output
SwiftCompile normal arm64 Compiling\ IdentifiableType.swift /Users/admin/builder/spi-builder-workspace/.dependencies/checkouts/RxDataSources/Sources/Differentiator/IdentifiableType.swift (in target 'Differentiator' from project 'RxDataSources')
SwiftCompile normal arm64 /Users/admin/builder/spi-builder-workspace/.dependencies/checkouts/RxDataSources/Sources/Differentiator/IdentifiableType.swift (in target 'Differentiator' from project 'RxDataSources')
cd /Users/admin/builder/spi-builder-workspace/.swiftpm/xcode
builtin-SwiftPerFileCompile IdentifiableType.swift
SwiftEmitModule normal arm64 Emitting\ module\ for\ Differentiator (in target 'Differentiator' from project 'RxDataSources')
SwiftCompile normal arm64 (in target 'Differentiator' from project 'RxDataSources')
cd /Users/admin/builder/spi-builder-workspace/.swiftpm/xcode
SwiftCompile normal arm64 Compiling\ Utilities.swift /Users/admin/builder/spi-builder-workspace/.dependencies/checkouts/RxDataSources/Sources/Differentiator/Utilities.swift (in target 'Differentiator' from project 'RxDataSources')
SwiftCompile normal arm64 /Users/admin/builder/spi-builder-workspace/.dependencies/checkouts/RxDataSources/Sources/Differentiator/Utilities.swift (in target 'Differentiator' from project 'RxDataSources')
cd /Users/admin/builder/spi-builder-workspace/.swiftpm/xcode
builtin-SwiftPerFileCompile Utilities.swift
SwiftCompile normal arm64 Compiling\ SectionModel.swift /Users/admin/builder/spi-builder-workspace/.dependencies/checkouts/RxDataSources/Sources/Differentiator/SectionModel.swift (in target 'Differentiator' from project 'RxDataSources')
SwiftCompile normal arm64 /Users/admin/builder/spi-builder-workspace/.dependencies/checkouts/RxDataSources/Sources/Differentiator/SectionModel.swift (in target 'Differentiator' from project 'RxDataSources')
cd /Users/admin/builder/spi-builder-workspace/.swiftpm/xcode
builtin-SwiftPerFileCompile SectionModel.swift
SwiftDriverJobDiscovery normal arm64 Compiling IdentifiableType.swift (in target 'Differentiator' from project 'RxDataSources')
SwiftCompile normal arm64 Compiling\ Optional+Extensions.swift /Users/admin/builder/spi-builder-workspace/.dependencies/checkouts/RxDataSources/Sources/Differentiator/Optional+Extensions.swift (in target 'Differentiator' from project 'RxDataSources')
SwiftCompile normal arm64 /Users/admin/builder/spi-builder-workspace/.dependencies/checkouts/RxDataSources/Sources/Differentiator/Optional+Extensions.swift (in target 'Differentiator' from project 'RxDataSources')
cd /Users/admin/builder/spi-builder-workspace/.swiftpm/xcode
builtin-SwiftPerFileCompile Optional+Extensions.swift
SwiftEmitModule normal arm64 Emitting\ module\ for\ RxSwift (in target 'RxSwift' from project 'RxSwift')
SwiftCompile normal arm64 (in target 'RxSwift' from project 'RxSwift')
cd /Users/admin/builder/spi-builder-workspace/.swiftpm/xcode
SwiftDriverJobDiscovery normal arm64 Compiling Utilities.swift (in target 'Differentiator' from project 'RxDataSources')
SwiftCompile normal arm64 Compiling\ Disposable.swift,\ Disposables.swift,\ DisposeBag.swift,\ HistoricalSchedulerTimeConverter.swift,\ ImmediateSchedulerType.swift,\ InfiniteSequence.swift,\ InvocableScheduledItem.swift,\ InvocableType.swift,\ Just.swift,\ Lock.swift,\ LockOwnerType.swift,\ MainScheduler.swift,\ Map.swift,\ Materialize.swift /Users/admin/builder/spi-builder-workspace/.dependencies/checkouts/RxSwift/Sources/RxSwift/Disposable.swift /Users/admin/builder/spi-builder-workspace/.dependencies/checkouts/RxSwift/Sources/RxSwift/Disposables.swift /Users/admin/builder/spi-builder-workspace/.dependencies/checkouts/RxSwift/Sources/RxSwift/DisposeBag.swift /Users/admin/builder/spi-builder-workspace/.dependencies/checkouts/RxSwift/Sources/RxSwift/HistoricalSchedulerTimeConverter.swift /Users/admin/builder/spi-builder-workspace/.dependencies/checkouts/RxSwift/Sources/RxSwift/ImmediateSchedulerType.swift /Users/admin/builder/spi-builder-workspace/.dependencies/checkouts/RxSwift/Sources/RxSwift/InfiniteSequence.swift /Users/admin/builder/spi-builder-workspace/.dependencies/checkouts/RxSwift/Sources/RxSwift/InvocableScheduledItem.swift /Users/admin/builder/spi-builder-workspace/.dependencies/checkouts/RxSwift/Sources/RxSwift/InvocableType.swift /Users/admin/builder/spi-builder-workspace/.dependencies/checkouts/RxSwift/Sources/RxSwift/Just.swift /Users/admin/builder/spi-builder-workspace/.dependencies/checkouts/RxSwift/Sources/RxSwift/Lock.swift /Users/admin/builder/spi-builder-workspace/.dependencies/checkouts/RxSwift/Sources/RxSwift/LockOwnerType.swift /Users/admin/builder/spi-builder-workspace/.dependencies/checkouts/RxSwift/Sources/RxSwift/MainScheduler.swift /Users/admin/builder/spi-builder-workspace/.dependencies/checkouts/RxSwift/Sources/RxSwift/Map.swift /Users/admin/builder/spi-builder-workspace/.dependencies/checkouts/RxSwift/Sources/RxSwift/Materialize.swift (in target 'RxSwift' from project 'RxSwift')
SwiftCompile normal arm64 /Users/admin/builder/spi-builder-workspace/.dependencies/checkouts/RxSwift/Sources/RxSwift/Disposable.swift (in target 'RxSwift' from project 'RxSwift')
cd /Users/admin/builder/spi-builder-workspace/.swiftpm/xcode
builtin-SwiftPerFileCompile Disposable.swift
SwiftCompile normal arm64 /Users/admin/builder/spi-builder-workspace/.dependencies/checkouts/RxSwift/Sources/RxSwift/Disposables.swift (in target 'RxSwift' from project 'RxSwift')
cd /Users/admin/builder/spi-builder-workspace/.swiftpm/xcode
builtin-SwiftPerFileCompile Disposables.swift
SwiftCompile normal arm64 /Users/admin/builder/spi-builder-workspace/.dependencies/checkouts/RxSwift/Sources/RxSwift/DisposeBag.swift (in target 'RxSwift' from project 'RxSwift')
cd /Users/admin/builder/spi-builder-workspace/.swiftpm/xcode
builtin-SwiftPerFileCompile DisposeBag.swift
SwiftCompile normal arm64 /Users/admin/builder/spi-builder-workspace/.dependencies/checkouts/RxSwift/Sources/RxSwift/HistoricalSchedulerTimeConverter.swift (in target 'RxSwift' from project 'RxSwift')
cd /Users/admin/builder/spi-builder-workspace/.swiftpm/xcode
builtin-SwiftPerFileCompile HistoricalSchedulerTimeConverter.swift
SwiftCompile normal arm64 /Users/admin/builder/spi-builder-workspace/.dependencies/checkouts/RxSwift/Sources/RxSwift/ImmediateSchedulerType.swift (in target 'RxSwift' from project 'RxSwift')
cd /Users/admin/builder/spi-builder-workspace/.swiftpm/xcode
builtin-SwiftPerFileCompile ImmediateSchedulerType.swift
SwiftCompile normal arm64 /Users/admin/builder/spi-builder-workspace/.dependencies/checkouts/RxSwift/Sources/RxSwift/InfiniteSequence.swift (in target 'RxSwift' from project 'RxSwift')
cd /Users/admin/builder/spi-builder-workspace/.swiftpm/xcode
builtin-SwiftPerFileCompile InfiniteSequence.swift
SwiftCompile normal arm64 /Users/admin/builder/spi-builder-workspace/.dependencies/checkouts/RxSwift/Sources/RxSwift/InvocableScheduledItem.swift (in target 'RxSwift' from project 'RxSwift')
cd /Users/admin/builder/spi-builder-workspace/.swiftpm/xcode
builtin-SwiftPerFileCompile InvocableScheduledItem.swift
SwiftCompile normal arm64 /Users/admin/builder/spi-builder-workspace/.dependencies/checkouts/RxSwift/Sources/RxSwift/InvocableType.swift (in target 'RxSwift' from project 'RxSwift')
cd /Users/admin/builder/spi-builder-workspace/.swiftpm/xcode
builtin-SwiftPerFileCompile InvocableType.swift
SwiftCompile normal arm64 /Users/admin/builder/spi-builder-workspace/.dependencies/checkouts/RxSwift/Sources/RxSwift/Just.swift (in target 'RxSwift' from project 'RxSwift')
cd /Users/admin/builder/spi-builder-workspace/.swiftpm/xcode
builtin-SwiftPerFileCompile Just.swift
SwiftCompile normal arm64 /Users/admin/builder/spi-builder-workspace/.dependencies/checkouts/RxSwift/Sources/RxSwift/Lock.swift (in target 'RxSwift' from project 'RxSwift')
cd /Users/admin/builder/spi-builder-workspace/.swiftpm/xcode
builtin-SwiftPerFileCompile Lock.swift
SwiftCompile normal arm64 /Users/admin/builder/spi-builder-workspace/.dependencies/checkouts/RxSwift/Sources/RxSwift/LockOwnerType.swift (in target 'RxSwift' from project 'RxSwift')
cd /Users/admin/builder/spi-builder-workspace/.swiftpm/xcode
builtin-SwiftPerFileCompile LockOwnerType.swift
SwiftCompile normal arm64 /Users/admin/builder/spi-builder-workspace/.dependencies/checkouts/RxSwift/Sources/RxSwift/MainScheduler.swift (in target 'RxSwift' from project 'RxSwift')
cd /Users/admin/builder/spi-builder-workspace/.swiftpm/xcode
builtin-SwiftPerFileCompile MainScheduler.swift
SwiftCompile normal arm64 /Users/admin/builder/spi-builder-workspace/.dependencies/checkouts/RxSwift/Sources/RxSwift/Map.swift (in target 'RxSwift' from project 'RxSwift')
cd /Users/admin/builder/spi-builder-workspace/.swiftpm/xcode
builtin-SwiftPerFileCompile Map.swift
SwiftCompile normal arm64 /Users/admin/builder/spi-builder-workspace/.dependencies/checkouts/RxSwift/Sources/RxSwift/Materialize.swift (in target 'RxSwift' from project 'RxSwift')
cd /Users/admin/builder/spi-builder-workspace/.swiftpm/xcode
builtin-SwiftPerFileCompile Materialize.swift
SwiftCompile normal arm64 Compiling\ ConnectableObservableType.swift,\ Create.swift,\ CurrentThreadScheduler.swift,\ Date+Dispatch.swift,\ Debounce.swift,\ Debug.swift,\ DefaultIfEmpty.swift,\ Deferred.swift,\ Delay.swift,\ DelaySubscription.swift,\ Dematerialize.swift,\ Deprecated.swift,\ DispatchQueue+Extensions.swift,\ DispatchQueueConfiguration.swift /Users/admin/builder/spi-builder-workspace/.dependencies/checkouts/RxSwift/Sources/RxSwift/ConnectableObservableType.swift /Users/admin/builder/spi-builder-workspace/.dependencies/checkouts/RxSwift/Sources/RxSwift/Create.swift /Users/admin/builder/spi-builder-workspace/.dependencies/checkouts/RxSwift/Sources/RxSwift/CurrentThreadScheduler.swift /Users/admin/builder/spi-builder-workspace/.dependencies/checkouts/RxSwift/Sources/RxSwift/Date+Dispatch.swift /Users/admin/builder/spi-builder-workspace/.dependencies/checkouts/RxSwift/Sources/RxSwift/Debounce.swift /Users/admin/builder/spi-builder-workspace/.dependencies/checkouts/RxSwift/Sources/RxSwift/Debug.swift /Users/admin/builder/spi-builder-workspace/.dependencies/checkouts/RxSwift/Sources/RxSwift/DefaultIfEmpty.swift /Users/admin/builder/spi-builder-workspace/.dependencies/checkouts/RxSwift/Sources/RxSwift/Deferred.swift /Users/admin/builder/spi-builder-workspace/.dependencies/checkouts/RxSwift/Sources/RxSwift/Delay.swift /Users/admin/builder/spi-builder-workspace/.dependencies/checkouts/RxSwift/Sources/RxSwift/DelaySubscription.swift /Users/admin/builder/spi-builder-workspace/.dependencies/checkouts/RxSwift/Sources/RxSwift/Dematerialize.swift /Users/admin/builder/spi-builder-workspace/.dependencies/checkouts/RxSwift/Sources/RxSwift/Deprecated.swift /Users/admin/builder/spi-builder-workspace/.dependencies/checkouts/RxSwift/Sources/RxSwift/DispatchQueue+Extensions.swift /Users/admin/builder/spi-builder-workspace/.dependencies/checkouts/RxSwift/Sources/RxSwift/DispatchQueueConfiguration.swift (in target 'RxSwift' from project 'RxSwift')
/Users/admin/builder/spi-builder-workspace/.dependencies/checkouts/RxSwift/Sources/RxSwift/CurrentThreadScheduler.swift:68:27: error: type 'Thread' has no member 'getThreadLocalStorageValueForKey'
66 | static var queue : ScheduleQueue? {
67 | get {
68 | return Thread.getThreadLocalStorageValueForKey(CurrentThreadSchedulerQueueKey.instance)
| `- error: type 'Thread' has no member 'getThreadLocalStorageValueForKey'
69 | }
70 | set {
SwiftCompile normal arm64 /Users/admin/builder/spi-builder-workspace/.dependencies/checkouts/RxSwift/Sources/RxSwift/ConnectableObservableType.swift (in target 'RxSwift' from project 'RxSwift')
cd /Users/admin/builder/spi-builder-workspace/.swiftpm/xcode
builtin-SwiftPerFileCompile ConnectableObservableType.swift
SwiftCompile normal arm64 /Users/admin/builder/spi-builder-workspace/.dependencies/checkouts/RxSwift/Sources/RxSwift/Create.swift (in target 'RxSwift' from project 'RxSwift')
cd /Users/admin/builder/spi-builder-workspace/.swiftpm/xcode
builtin-SwiftPerFileCompile Create.swift
SwiftCompile normal arm64 /Users/admin/builder/spi-builder-workspace/.dependencies/checkouts/RxSwift/Sources/RxSwift/CurrentThreadScheduler.swift (in target 'RxSwift' from project 'RxSwift')
cd /Users/admin/builder/spi-builder-workspace/.swiftpm/xcode
builtin-SwiftPerFileCompile CurrentThreadScheduler.swift
SwiftCompile normal arm64 /Users/admin/builder/spi-builder-workspace/.dependencies/checkouts/RxSwift/Sources/RxSwift/Date+Dispatch.swift (in target 'RxSwift' from project 'RxSwift')
cd /Users/admin/builder/spi-builder-workspace/.swiftpm/xcode
builtin-SwiftPerFileCompile Date+Dispatch.swift
SwiftCompile normal arm64 /Users/admin/builder/spi-builder-workspace/.dependencies/checkouts/RxSwift/Sources/RxSwift/Debounce.swift (in target 'RxSwift' from project 'RxSwift')
cd /Users/admin/builder/spi-builder-workspace/.swiftpm/xcode
builtin-SwiftPerFileCompile Debounce.swift
SwiftCompile normal arm64 /Users/admin/builder/spi-builder-workspace/.dependencies/checkouts/RxSwift/Sources/RxSwift/Debug.swift (in target 'RxSwift' from project 'RxSwift')
cd /Users/admin/builder/spi-builder-workspace/.swiftpm/xcode
builtin-SwiftPerFileCompile Debug.swift
SwiftCompile normal arm64 /Users/admin/builder/spi-builder-workspace/.dependencies/checkouts/RxSwift/Sources/RxSwift/DefaultIfEmpty.swift (in target 'RxSwift' from project 'RxSwift')
cd /Users/admin/builder/spi-builder-workspace/.swiftpm/xcode
builtin-SwiftPerFileCompile DefaultIfEmpty.swift
SwiftCompile normal arm64 /Users/admin/builder/spi-builder-workspace/.dependencies/checkouts/RxSwift/Sources/RxSwift/Deferred.swift (in target 'RxSwift' from project 'RxSwift')
cd /Users/admin/builder/spi-builder-workspace/.swiftpm/xcode
builtin-SwiftPerFileCompile Deferred.swift
SwiftCompile normal arm64 /Users/admin/builder/spi-builder-workspace/.dependencies/checkouts/RxSwift/Sources/RxSwift/Delay.swift (in target 'RxSwift' from project 'RxSwift')
cd /Users/admin/builder/spi-builder-workspace/.swiftpm/xcode
builtin-SwiftPerFileCompile Delay.swift
SwiftCompile normal arm64 /Users/admin/builder/spi-builder-workspace/.dependencies/checkouts/RxSwift/Sources/RxSwift/DelaySubscription.swift (in target 'RxSwift' from project 'RxSwift')
cd /Users/admin/builder/spi-builder-workspace/.swiftpm/xcode
builtin-SwiftPerFileCompile DelaySubscription.swift
SwiftCompile normal arm64 /Users/admin/builder/spi-builder-workspace/.dependencies/checkouts/RxSwift/Sources/RxSwift/Dematerialize.swift (in target 'RxSwift' from project 'RxSwift')
cd /Users/admin/builder/spi-builder-workspace/.swiftpm/xcode
builtin-SwiftPerFileCompile Dematerialize.swift
SwiftCompile normal arm64 /Users/admin/builder/spi-builder-workspace/.dependencies/checkouts/RxSwift/Sources/RxSwift/Deprecated.swift (in target 'RxSwift' from project 'RxSwift')
cd /Users/admin/builder/spi-builder-workspace/.swiftpm/xcode
builtin-SwiftPerFileCompile Deprecated.swift
SwiftCompile normal arm64 /Users/admin/builder/spi-builder-workspace/.dependencies/checkouts/RxSwift/Sources/RxSwift/DispatchQueue+Extensions.swift (in target 'RxSwift' from project 'RxSwift')
cd /Users/admin/builder/spi-builder-workspace/.swiftpm/xcode
builtin-SwiftPerFileCompile DispatchQueue+Extensions.swift
SwiftCompile normal arm64 /Users/admin/builder/spi-builder-workspace/.dependencies/checkouts/RxSwift/Sources/RxSwift/DispatchQueueConfiguration.swift (in target 'RxSwift' from project 'RxSwift')
cd /Users/admin/builder/spi-builder-workspace/.swiftpm/xcode
builtin-SwiftPerFileCompile DispatchQueueConfiguration.swift
SwiftCompile normal arm64 Compiling\ SchedulerType.swift,\ Sequence.swift,\ SerialDispatchQueueScheduler.swift,\ SerialDisposable.swift,\ ShareReplayScope.swift,\ Single.swift,\ SingleAssignmentDisposable.swift,\ SingleAsync.swift,\ Sink.swift,\ Skip.swift,\ SkipUntil.swift,\ SkipWhile.swift,\ StartWith.swift /Users/admin/builder/spi-builder-workspace/.dependencies/checkouts/RxSwift/Sources/RxSwift/SchedulerType.swift /Users/admin/builder/spi-builder-workspace/.dependencies/checkouts/RxSwift/Sources/RxSwift/Sequence.swift /Users/admin/builder/spi-builder-workspace/.dependencies/checkouts/RxSwift/Sources/RxSwift/SerialDispatchQueueScheduler.swift /Users/admin/builder/spi-builder-workspace/.dependencies/checkouts/RxSwift/Sources/RxSwift/SerialDisposable.swift /Users/admin/builder/spi-builder-workspace/.dependencies/checkouts/RxSwift/Sources/RxSwift/ShareReplayScope.swift /Users/admin/builder/spi-builder-workspace/.dependencies/checkouts/RxSwift/Sources/RxSwift/Single.swift /Users/admin/builder/spi-builder-workspace/.dependencies/checkouts/RxSwift/Sources/RxSwift/SingleAssignmentDisposable.swift /Users/admin/builder/spi-builder-workspace/.dependencies/checkouts/RxSwift/Sources/RxSwift/SingleAsync.swift /Users/admin/builder/spi-builder-workspace/.dependencies/checkouts/RxSwift/Sources/RxSwift/Sink.swift /Users/admin/builder/spi-builder-workspace/.dependencies/checkouts/RxSwift/Sources/RxSwift/Skip.swift /Users/admin/builder/spi-builder-workspace/.dependencies/checkouts/RxSwift/Sources/RxSwift/SkipUntil.swift /Users/admin/builder/spi-builder-workspace/.dependencies/checkouts/RxSwift/Sources/RxSwift/SkipWhile.swift /Users/admin/builder/spi-builder-workspace/.dependencies/checkouts/RxSwift/Sources/RxSwift/StartWith.swift (in target 'RxSwift' from project 'RxSwift')
SwiftCompile normal arm64 /Users/admin/builder/spi-builder-workspace/.dependencies/checkouts/RxSwift/Sources/RxSwift/SchedulerType.swift (in target 'RxSwift' from project 'RxSwift')
cd /Users/admin/builder/spi-builder-workspace/.swiftpm/xcode
builtin-SwiftPerFileCompile SchedulerType.swift
SwiftCompile normal arm64 /Users/admin/builder/spi-builder-workspace/.dependencies/checkouts/RxSwift/Sources/RxSwift/Sequence.swift (in target 'RxSwift' from project 'RxSwift')
cd /Users/admin/builder/spi-builder-workspace/.swiftpm/xcode
builtin-SwiftPerFileCompile Sequence.swift
SwiftCompile normal arm64 /Users/admin/builder/spi-builder-workspace/.dependencies/checkouts/RxSwift/Sources/RxSwift/SerialDispatchQueueScheduler.swift (in target 'RxSwift' from project 'RxSwift')
cd /Users/admin/builder/spi-builder-workspace/.swiftpm/xcode
builtin-SwiftPerFileCompile SerialDispatchQueueScheduler.swift
SwiftCompile normal arm64 /Users/admin/builder/spi-builder-workspace/.dependencies/checkouts/RxSwift/Sources/RxSwift/SerialDisposable.swift (in target 'RxSwift' from project 'RxSwift')
cd /Users/admin/builder/spi-builder-workspace/.swiftpm/xcode
builtin-SwiftPerFileCompile SerialDisposable.swift
SwiftCompile normal arm64 /Users/admin/builder/spi-builder-workspace/.dependencies/checkouts/RxSwift/Sources/RxSwift/ShareReplayScope.swift (in target 'RxSwift' from project 'RxSwift')
cd /Users/admin/builder/spi-builder-workspace/.swiftpm/xcode
builtin-SwiftPerFileCompile ShareReplayScope.swift
SwiftCompile normal arm64 /Users/admin/builder/spi-builder-workspace/.dependencies/checkouts/RxSwift/Sources/RxSwift/Single.swift (in target 'RxSwift' from project 'RxSwift')
cd /Users/admin/builder/spi-builder-workspace/.swiftpm/xcode
builtin-SwiftPerFileCompile Single.swift
SwiftCompile normal arm64 /Users/admin/builder/spi-builder-workspace/.dependencies/checkouts/RxSwift/Sources/RxSwift/SingleAssignmentDisposable.swift (in target 'RxSwift' from project 'RxSwift')
cd /Users/admin/builder/spi-builder-workspace/.swiftpm/xcode
builtin-SwiftPerFileCompile SingleAssignmentDisposable.swift
SwiftCompile normal arm64 /Users/admin/builder/spi-builder-workspace/.dependencies/checkouts/RxSwift/Sources/RxSwift/SingleAsync.swift (in target 'RxSwift' from project 'RxSwift')
cd /Users/admin/builder/spi-builder-workspace/.swiftpm/xcode
builtin-SwiftPerFileCompile SingleAsync.swift
SwiftCompile normal arm64 /Users/admin/builder/spi-builder-workspace/.dependencies/checkouts/RxSwift/Sources/RxSwift/Sink.swift (in target 'RxSwift' from project 'RxSwift')
cd /Users/admin/builder/spi-builder-workspace/.swiftpm/xcode
builtin-SwiftPerFileCompile Sink.swift
SwiftCompile normal arm64 /Users/admin/builder/spi-builder-workspace/.dependencies/checkouts/RxSwift/Sources/RxSwift/Skip.swift (in target 'RxSwift' from project 'RxSwift')
cd /Users/admin/builder/spi-builder-workspace/.swiftpm/xcode
builtin-SwiftPerFileCompile Skip.swift
SwiftCompile normal arm64 /Users/admin/builder/spi-builder-workspace/.dependencies/checkouts/RxSwift/Sources/RxSwift/SkipUntil.swift (in target 'RxSwift' from project 'RxSwift')
cd /Users/admin/builder/spi-builder-workspace/.swiftpm/xcode
builtin-SwiftPerFileCompile SkipUntil.swift
SwiftCompile normal arm64 /Users/admin/builder/spi-builder-workspace/.dependencies/checkouts/RxSwift/Sources/RxSwift/SkipWhile.swift (in target 'RxSwift' from project 'RxSwift')
cd /Users/admin/builder/spi-builder-workspace/.swiftpm/xcode
builtin-SwiftPerFileCompile SkipWhile.swift
SwiftCompile normal arm64 /Users/admin/builder/spi-builder-workspace/.dependencies/checkouts/RxSwift/Sources/RxSwift/StartWith.swift (in target 'RxSwift' from project 'RxSwift')
cd /Users/admin/builder/spi-builder-workspace/.swiftpm/xcode
builtin-SwiftPerFileCompile StartWith.swift
SwiftCompile normal arm64 Compiling\ TakeWhile.swift,\ Throttle.swift,\ Timeout.swift,\ Timer.swift,\ ToArray.swift,\ Using.swift,\ VirtualTimeConverterType.swift,\ VirtualTimeScheduler.swift,\ Window.swift,\ WithLatestFrom.swift,\ Zip+Collection.swift,\ Zip+arity.swift,\ Zip.swift /Users/admin/builder/spi-builder-workspace/.dependencies/checkouts/RxSwift/Sources/RxSwift/TakeWhile.swift /Users/admin/builder/spi-builder-workspace/.dependencies/checkouts/RxSwift/Sources/RxSwift/Throttle.swift /Users/admin/builder/spi-builder-workspace/.dependencies/checkouts/RxSwift/Sources/RxSwift/Timeout.swift /Users/admin/builder/spi-builder-workspace/.dependencies/checkouts/RxSwift/Sources/RxSwift/Timer.swift /Users/admin/builder/spi-builder-workspace/.dependencies/checkouts/RxSwift/Sources/RxSwift/ToArray.swift /Users/admin/builder/spi-builder-workspace/.dependencies/checkouts/RxSwift/Sources/RxSwift/Using.swift /Users/admin/builder/spi-builder-workspace/.dependencies/checkouts/RxSwift/Sources/RxSwift/VirtualTimeConverterType.swift /Users/admin/builder/spi-builder-workspace/.dependencies/checkouts/RxSwift/Sources/RxSwift/VirtualTimeScheduler.swift /Users/admin/builder/spi-builder-workspace/.dependencies/checkouts/RxSwift/Sources/RxSwift/Window.swift /Users/admin/builder/spi-builder-workspace/.dependencies/checkouts/RxSwift/Sources/RxSwift/WithLatestFrom.swift /Users/admin/builder/spi-builder-workspace/.dependencies/checkouts/RxSwift/Sources/RxSwift/Zip+Collection.swift /Users/admin/builder/spi-builder-workspace/.dependencies/checkouts/RxSwift/Sources/RxSwift/Zip+arity.swift /Users/admin/builder/spi-builder-workspace/.dependencies/checkouts/RxSwift/Sources/RxSwift/Zip.swift (in target 'RxSwift' from project 'RxSwift')
SwiftCompile normal arm64 /Users/admin/builder/spi-builder-workspace/.dependencies/checkouts/RxSwift/Sources/RxSwift/TakeWhile.swift (in target 'RxSwift' from project 'RxSwift')
cd /Users/admin/builder/spi-builder-workspace/.swiftpm/xcode
builtin-SwiftPerFileCompile TakeWhile.swift
SwiftCompile normal arm64 /Users/admin/builder/spi-builder-workspace/.dependencies/checkouts/RxSwift/Sources/RxSwift/Throttle.swift (in target 'RxSwift' from project 'RxSwift')
cd /Users/admin/builder/spi-builder-workspace/.swiftpm/xcode
builtin-SwiftPerFileCompile Throttle.swift
SwiftCompile normal arm64 /Users/admin/builder/spi-builder-workspace/.dependencies/checkouts/RxSwift/Sources/RxSwift/Timeout.swift (in target 'RxSwift' from project 'RxSwift')
cd /Users/admin/builder/spi-builder-workspace/.swiftpm/xcode
builtin-SwiftPerFileCompile Timeout.swift
SwiftCompile normal arm64 /Users/admin/builder/spi-builder-workspace/.dependencies/checkouts/RxSwift/Sources/RxSwift/Timer.swift (in target 'RxSwift' from project 'RxSwift')
cd /Users/admin/builder/spi-builder-workspace/.swiftpm/xcode
builtin-SwiftPerFileCompile Timer.swift
SwiftCompile normal arm64 /Users/admin/builder/spi-builder-workspace/.dependencies/checkouts/RxSwift/Sources/RxSwift/ToArray.swift (in target 'RxSwift' from project 'RxSwift')
cd /Users/admin/builder/spi-builder-workspace/.swiftpm/xcode
builtin-SwiftPerFileCompile ToArray.swift
SwiftCompile normal arm64 /Users/admin/builder/spi-builder-workspace/.dependencies/checkouts/RxSwift/Sources/RxSwift/Using.swift (in target 'RxSwift' from project 'RxSwift')
cd /Users/admin/builder/spi-builder-workspace/.swiftpm/xcode
builtin-SwiftPerFileCompile Using.swift
SwiftCompile normal arm64 /Users/admin/builder/spi-builder-workspace/.dependencies/checkouts/RxSwift/Sources/RxSwift/VirtualTimeConverterType.swift (in target 'RxSwift' from project 'RxSwift')
cd /Users/admin/builder/spi-builder-workspace/.swiftpm/xcode
builtin-SwiftPerFileCompile VirtualTimeConverterType.swift
SwiftCompile normal arm64 /Users/admin/builder/spi-builder-workspace/.dependencies/checkouts/RxSwift/Sources/RxSwift/VirtualTimeScheduler.swift (in target 'RxSwift' from project 'RxSwift')
cd /Users/admin/builder/spi-builder-workspace/.swiftpm/xcode
builtin-SwiftPerFileCompile VirtualTimeScheduler.swift
SwiftCompile normal arm64 /Users/admin/builder/spi-builder-workspace/.dependencies/checkouts/RxSwift/Sources/RxSwift/Window.swift (in target 'RxSwift' from project 'RxSwift')
cd /Users/admin/builder/spi-builder-workspace/.swiftpm/xcode
builtin-SwiftPerFileCompile Window.swift
SwiftCompile normal arm64 /Users/admin/builder/spi-builder-workspace/.dependencies/checkouts/RxSwift/Sources/RxSwift/WithLatestFrom.swift (in target 'RxSwift' from project 'RxSwift')
cd /Users/admin/builder/spi-builder-workspace/.swiftpm/xcode
builtin-SwiftPerFileCompile WithLatestFrom.swift
SwiftCompile normal arm64 /Users/admin/builder/spi-builder-workspace/.dependencies/checkouts/RxSwift/Sources/RxSwift/Zip+Collection.swift (in target 'RxSwift' from project 'RxSwift')
cd /Users/admin/builder/spi-builder-workspace/.swiftpm/xcode
builtin-SwiftPerFileCompile Zip+Collection.swift
SwiftCompile normal arm64 /Users/admin/builder/spi-builder-workspace/.dependencies/checkouts/RxSwift/Sources/RxSwift/Zip+arity.swift (in target 'RxSwift' from project 'RxSwift')
cd /Users/admin/builder/spi-builder-workspace/.swiftpm/xcode
builtin-SwiftPerFileCompile Zip+arity.swift
SwiftCompile normal arm64 /Users/admin/builder/spi-builder-workspace/.dependencies/checkouts/RxSwift/Sources/RxSwift/Zip.swift (in target 'RxSwift' from project 'RxSwift')
cd /Users/admin/builder/spi-builder-workspace/.swiftpm/xcode
builtin-SwiftPerFileCompile Zip.swift
CompileC /Users/admin/builder/spi-builder-workspace/.derivedData/Build/Intermediates.noindex/RxSwift.build/Debug-xros/RxCocoaRuntime-t.build/Objects-normal/arm64/_RXKVOObserver.o /Users/admin/builder/spi-builder-workspace/.dependencies/checkouts/RxSwift/Sources/RxCocoaRuntime/_RXKVOObserver.m normal arm64 objective-c com.apple.compilers.llvm.clang.1_0.compiler (in target 'RxCocoaRuntime' from project 'RxSwift')
cd /Users/admin/builder/spi-builder-workspace/.swiftpm/xcode
Using response file: /Users/admin/builder/spi-builder-workspace/.derivedData/Build/Intermediates.noindex/RxSwift.build/Debug-xros/RxCocoaRuntime-t.build/Objects-normal/arm64/e6072d4f65d7061329687fe24e3d63a7-common-args.resp
/Applications/Xcode-27.0.0-Release.Candidate.app/Contents/Developer/Toolchains/XcodeDefault.xctoolchain/usr/bin/clang -x objective-c -ivfsstatcache /Users/admin/builder/spi-builder-workspace/.derivedData/SDKStatCaches.noindex/xros27.0-24M361-e829b21a6f8c9b70876ba0858053c044735bd543db762f57723cac368afd1ce4.sdkstatcache -target arm64-apple-xros1.0 -fmessage-length\=0 -fdiagnostics-show-note-include-stack -fmacro-backtrace-limit\=0 -fno-color-diagnostics -fmodules-prune-interval\=86400 -fmodules-prune-after\=345600 -fbuild-session-file\=/Users/admin/builder/spi-builder-workspace/.derivedData/ModuleCache.noindex/Session.modulevalidation -fmodules-validate-once-per-build-session -Wnon-modular-include-in-framework-module -Werror\=non-modular-include-in-framework-module -Wno-trigraphs -Wno-missing-field-initializers -Wno-missing-prototypes -Wno-return-type -Wno-implicit-atomic-properties -Wno-objc-interface-ivars -Wno-arc-repeated-use-of-weak -Wno-missing-braces -Wparentheses -Wswitch -Wno-unused-function -Wno-unused-label -Wno-unused-parameter -Wno-unused-variable -Wunused-value -Wno-empty-body -Wno-uninitialized -Wno-unknown-pragmas -w -Wno-shadow -Wno-four-char-constants -Wno-conversion -Wno-constant-conversion -Wno-int-conversion -Wno-bool-conversion -Wno-enum-conversion -Wno-float-conversion -Wno-non-literal-null-conversion -Wno-objc-literal-conversion -Wshorten-64-to-32 -Wpointer-sign -Wno-newline-eof -Wno-selector -Wno-strict-selector-match -Wno-undeclared-selector -Wno-deprecated-implementations -Wno-implicit-fallthrough -isysroot /Applications/Xcode-27.0.0-Release.Candidate.app/Contents/Developer/Platforms/XROS.platform/Developer/SDKs/XROS27.0.sdk -fstrict-aliasing -Wprotocol -Wdeprecated-declarations -Wno-sign-conversion -Wno-infinite-recursion -Wno-comma -Wno-block-capture-autoreleasing -Wno-strict-prototypes -Wno-semicolon-before-method-body -index-store-path /Users/admin/builder/spi-builder-workspace/.derivedData/Index.noindex/DataStore @/Users/admin/builder/spi-builder-workspace/.derivedData/Build/Intermediates.noindex/RxSwift.build/Debug-xros/RxCocoaRuntime-t.build/Objects-normal/arm64/e6072d4f65d7061329687fe24e3d63a7-common-args.resp -MMD -MT dependencies -MF /Users/admin/builder/spi-builder-workspace/.derivedData/Build/Intermediates.noindex/RxSwift.build/Debug-xros/RxCocoaRuntime-t.build/Objects-normal/arm64/_RXKVOObserver.d --serialize-diagnostics /Users/admin/builder/spi-builder-workspace/.derivedData/Build/Intermediates.noindex/RxSwift.build/Debug-xros/RxCocoaRuntime-t.build/Objects-normal/arm64/_RXKVOObserver.dia -c /Users/admin/builder/spi-builder-workspace/.dependencies/checkouts/RxSwift/Sources/RxCocoaRuntime/_RXKVOObserver.m -o /Users/admin/builder/spi-builder-workspace/.derivedData/Build/Intermediates.noindex/RxSwift.build/Debug-xros/RxCocoaRuntime-t.build/Objects-normal/arm64/_RXKVOObserver.o -index-unit-output-path /RxSwift.build/Debug-xros/RxCocoaRuntime-t.build/Objects-normal/arm64/_RXKVOObserver.o
SwiftDriverJobDiscovery normal arm64 Compiling Optional+Extensions.swift (in target 'Differentiator' from project 'RxDataSources')
CompileC /Users/admin/builder/spi-builder-workspace/.derivedData/Build/Intermediates.noindex/RxSwift.build/Debug-xros/RxCocoaRuntime-t.build/Objects-normal/arm64/_RXDelegateProxy.o /Users/admin/builder/spi-builder-workspace/.dependencies/checkouts/RxSwift/Sources/RxCocoaRuntime/_RXDelegateProxy.m normal arm64 objective-c com.apple.compilers.llvm.clang.1_0.compiler (in target 'RxCocoaRuntime' from project 'RxSwift')
cd /Users/admin/builder/spi-builder-workspace/.swiftpm/xcode
Using response file: /Users/admin/builder/spi-builder-workspace/.derivedData/Build/Intermediates.noindex/RxSwift.build/Debug-xros/RxCocoaRuntime-t.build/Objects-normal/arm64/e6072d4f65d7061329687fe24e3d63a7-common-args.resp
/Applications/Xcode-27.0.0-Release.Candidate.app/Contents/Developer/Toolchains/XcodeDefault.xctoolchain/usr/bin/clang -x objective-c -ivfsstatcache /Users/admin/builder/spi-builder-workspace/.derivedData/SDKStatCaches.noindex/xros27.0-24M361-e829b21a6f8c9b70876ba0858053c044735bd543db762f57723cac368afd1ce4.sdkstatcache -target arm64-apple-xros1.0 -fmessage-length\=0 -fdiagnostics-show-note-include-stack -fmacro-backtrace-limit\=0 -fno-color-diagnostics -fmodules-prune-interval\=86400 -fmodules-prune-after\=345600 -fbuild-session-file\=/Users/admin/builder/spi-builder-workspace/.derivedData/ModuleCache.noindex/Session.modulevalidation -fmodules-validate-once-per-build-session -Wnon-modular-include-in-framework-module -Werror\=non-modular-include-in-framework-module -Wno-trigraphs -Wno-missing-field-initializers -Wno-missing-prototypes -Wno-return-type -Wno-implicit-atomic-properties -Wno-objc-interface-ivars -Wno-arc-repeated-use-of-weak -Wno-missing-braces -Wparentheses -Wswitch -Wno-unused-function -Wno-unused-label -Wno-unused-parameter -Wno-unused-variable -Wunused-value -Wno-empty-body -Wno-uninitialized -Wno-unknown-pragmas -w -Wno-shadow -Wno-four-char-constants -Wno-conversion -Wno-constant-conversion -Wno-int-conversion -Wno-bool-conversion -Wno-enum-conversion -Wno-float-conversion -Wno-non-literal-null-conversion -Wno-objc-literal-conversion -Wshorten-64-to-32 -Wpointer-sign -Wno-newline-eof -Wno-selector -Wno-strict-selector-match -Wno-undeclared-selector -Wno-deprecated-implementations -Wno-implicit-fallthrough -isysroot /Applications/Xcode-27.0.0-Release.Candidate.app/Contents/Developer/Platforms/XROS.platform/Developer/SDKs/XROS27.0.sdk -fstrict-aliasing -Wprotocol -Wdeprecated-declarations -Wno-sign-conversion -Wno-infinite-recursion -Wno-comma -Wno-block-capture-autoreleasing -Wno-strict-prototypes -Wno-semicolon-before-method-body -index-store-path /Users/admin/builder/spi-builder-workspace/.derivedData/Index.noindex/DataStore @/Users/admin/builder/spi-builder-workspace/.derivedData/Build/Intermediates.noindex/RxSwift.build/Debug-xros/RxCocoaRuntime-t.build/Objects-normal/arm64/e6072d4f65d7061329687fe24e3d63a7-common-args.resp -MMD -MT dependencies -MF /Users/admin/builder/spi-builder-workspace/.derivedData/Build/Intermediates.noindex/RxSwift.build/Debug-xros/RxCocoaRuntime-t.build/Objects-normal/arm64/_RXDelegateProxy.d --serialize-diagnostics /Users/admin/builder/spi-builder-workspace/.derivedData/Build/Intermediates.noindex/RxSwift.build/Debug-xros/RxCocoaRuntime-t.build/Objects-normal/arm64/_RXDelegateProxy.dia -c /Users/admin/builder/spi-builder-workspace/.dependencies/checkouts/RxSwift/Sources/RxCocoaRuntime/_RXDelegateProxy.m -o /Users/admin/builder/spi-builder-workspace/.derivedData/Build/Intermediates.noindex/RxSwift.build/Debug-xros/RxCocoaRuntime-t.build/Objects-normal/arm64/_RXDelegateProxy.o -index-unit-output-path /RxSwift.build/Debug-xros/RxCocoaRuntime-t.build/Objects-normal/arm64/_RXDelegateProxy.o
CompileC /Users/admin/builder/spi-builder-workspace/.derivedData/Build/Intermediates.noindex/RxSwift.build/Debug-xros/RxCocoaRuntime-t.build/Objects-normal/arm64/_RX.o /Users/admin/builder/spi-builder-workspace/.dependencies/checkouts/RxSwift/Sources/RxCocoaRuntime/_RX.m normal arm64 objective-c com.apple.compilers.llvm.clang.1_0.compiler (in target 'RxCocoaRuntime' from project 'RxSwift')
cd /Users/admin/builder/spi-builder-workspace/.swiftpm/xcode
Using response file: /Users/admin/builder/spi-builder-workspace/.derivedData/Build/Intermediates.noindex/RxSwift.build/Debug-xros/RxCocoaRuntime-t.build/Objects-normal/arm64/e6072d4f65d7061329687fe24e3d63a7-common-args.resp
/Applications/Xcode-27.0.0-Release.Candidate.app/Contents/Developer/Toolchains/XcodeDefault.xctoolchain/usr/bin/clang -x objective-c -ivfsstatcache /Users/admin/builder/spi-builder-workspace/.derivedData/SDKStatCaches.noindex/xros27.0-24M361-e829b21a6f8c9b70876ba0858053c044735bd543db762f57723cac368afd1ce4.sdkstatcache -target arm64-apple-xros1.0 -fmessage-length\=0 -fdiagnostics-show-note-include-stack -fmacro-backtrace-limit\=0 -fno-color-diagnostics -fmodules-prune-interval\=86400 -fmodules-prune-after\=345600 -fbuild-session-file\=/Users/admin/builder/spi-builder-workspace/.derivedData/ModuleCache.noindex/Session.modulevalidation -fmodules-validate-once-per-build-session -Wnon-modular-include-in-framework-module -Werror\=non-modular-include-in-framework-module -Wno-trigraphs -Wno-missing-field-initializers -Wno-missing-prototypes -Wno-return-type -Wno-implicit-atomic-properties -Wno-objc-interface-ivars -Wno-arc-repeated-use-of-weak -Wno-missing-braces -Wparentheses -Wswitch -Wno-unused-function -Wno-unused-label -Wno-unused-parameter -Wno-unused-variable -Wunused-value -Wno-empty-body -Wno-uninitialized -Wno-unknown-pragmas -w -Wno-shadow -Wno-four-char-constants -Wno-conversion -Wno-constant-conversion -Wno-int-conversion -Wno-bool-conversion -Wno-enum-conversion -Wno-float-conversion -Wno-non-literal-null-conversion -Wno-objc-literal-conversion -Wshorten-64-to-32 -Wpointer-sign -Wno-newline-eof -Wno-selector -Wno-strict-selector-match -Wno-undeclared-selector -Wno-deprecated-implementations -Wno-implicit-fallthrough -isysroot /Applications/Xcode-27.0.0-Release.Candidate.app/Contents/Developer/Platforms/XROS.platform/Developer/SDKs/XROS27.0.sdk -fstrict-aliasing -Wprotocol -Wdeprecated-declarations -Wno-sign-conversion -Wno-infinite-recursion -Wno-comma -Wno-block-capture-autoreleasing -Wno-strict-prototypes -Wno-semicolon-before-method-body -index-store-path /Users/admin/builder/spi-builder-workspace/.derivedData/Index.noindex/DataStore @/Users/admin/builder/spi-builder-workspace/.derivedData/Build/Intermediates.noindex/RxSwift.build/Debug-xros/RxCocoaRuntime-t.build/Objects-normal/arm64/e6072d4f65d7061329687fe24e3d63a7-common-args.resp -MMD -MT dependencies -MF /Users/admin/builder/spi-builder-workspace/.derivedData/Build/Intermediates.noindex/RxSwift.build/Debug-xros/RxCocoaRuntime-t.build/Objects-normal/arm64/_RX.d --serialize-diagnostics /Users/admin/builder/spi-builder-workspace/.derivedData/Build/Intermediates.noindex/RxSwift.build/Debug-xros/RxCocoaRuntime-t.build/Objects-normal/arm64/_RX.dia -c /Users/admin/builder/spi-builder-workspace/.dependencies/checkouts/RxSwift/Sources/RxCocoaRuntime/_RX.m -o /Users/admin/builder/spi-builder-workspace/.derivedData/Build/Intermediates.noindex/RxSwift.build/Debug-xros/RxCocoaRuntime-t.build/Objects-normal/arm64/_RX.o -index-unit-output-path /RxSwift.build/Debug-xros/RxCocoaRuntime-t.build/Objects-normal/arm64/_RX.o
PrecompileModule /Users/admin/builder/spi-builder-workspace/.derivedData/Build/Intermediates.noindex/ExplicitPrecompiledModules/_Builtin_stdatomic-7C2OVVV5PY29VT78GX2SE40FY.scan
cd /
builtin-precompileModule /Users/admin/builder/spi-builder-workspace/.derivedData/Build/Intermediates.noindex/ExplicitPrecompiledModules/_Builtin_stdatomic-7C2OVVV5PY29VT78GX2SE40FY.scan
SwiftEmitModule normal arm64 Emitting\ module\ for\ RxRelay (in target 'RxRelay' from project 'RxSwift')
SwiftCompile normal arm64 (in target 'RxRelay' from project 'RxSwift')
cd /Users/admin/builder/spi-builder-workspace/.swiftpm/xcode
SwiftDriverJobDiscovery normal arm64 Compiling SectionModel.swift (in target 'Differentiator' from project 'RxDataSources')
SwiftEmitModule normal arm64 Emitting\ module\ for\ ReactorKit (in target 'ReactorKit' from project 'ReactorKit')
/Users/admin/builder/spi-builder-workspace/.dependencies/checkouts/ReactorKit/Sources/ReactorKit/StoryboardView.swift:61:11: error: cannot find type 'OSViewController' in scope
59 |
60 | #if !os(watchOS)
61 | extension OSViewController {
| `- error: cannot find type 'OSViewController' in scope
62 | @objc func _reactorkit_performBinding() {
63 | (self as? _ObjCStoryboardView)?.performBinding()
Failed frontend command:
/Applications/Xcode-27.0.0-Release.Candidate.app/Contents/Developer/Toolchains/XcodeDefault.xctoolchain/usr/bin/swift-frontend -frontend -emit-module -experimental-skip-non-inlinable-function-bodies-without-types /Users/admin/builder/spi-builder-workspace/.dependencies/checkouts/ReactorKit/Sources/ReactorKit/ActionSubject.swift /Users/admin/builder/spi-builder-workspace/.dependencies/checkouts/ReactorKit/Sources/ReactorKit/Exports.swift /Users/admin/builder/spi-builder-workspace/.dependencies/checkouts/ReactorKit/Sources/ReactorKit/IdentityEquatable.swift /Users/admin/builder/spi-builder-workspace/.dependencies/checkouts/ReactorKit/Sources/ReactorKit/IdentityHashable.swift /Users/admin/builder/spi-builder-workspace/.dependencies/checkouts/ReactorKit/Sources/ReactorKit/Reactor.swift /Users/admin/builder/spi-builder-workspace/.dependencies/checkouts/ReactorKit/Sources/ReactorKit/StateRelay.swift /Users/admin/builder/spi-builder-workspace/.dependencies/checkouts/ReactorKit/Sources/ReactorKit/StoryboardView.swift /Users/admin/builder/spi-builder-workspace/.dependencies/checkouts/ReactorKit/Sources/ReactorKit/Stub.swift /Users/admin/builder/spi-builder-workspace/.dependencies/checkouts/ReactorKit/Sources/ReactorKit/View.swift -target arm64-apple-xros1.0 -disable-cross-import-overlay-search -load-resolved-plugin /Applications/Xcode-27.0.0-Release.Candidate.app/Contents/Developer/Platforms/XROS.platform/Developer/usr/lib/swift/host/plugins/libFoundationMacros.dylib\#/Applications/Xcode-27.0.0-Release.Candidate.app/Contents/Developer/Platforms/XROS.platform/Developer/usr/bin/swift-plugin-server\#FoundationMacros -load-resolved-plugin /Applications/Xcode-27.0.0-Release.Candidate.app/Contents/Developer/Platforms/XROS.platform/Developer/usr/lib/swift/host/plugins/libObservationMacros.dylib\#/Applications/Xcode-27.0.0-Release.Candidate.app/Contents/Developer/Platforms/XROS.platform/Developer/usr/bin/swift-plugin-server\#ObservationMacros -load-resolved-plugin /Applications/Xcode-27.0.0-Release.Candidate.app/Contents/Developer/Platforms/XROS.platform/Developer/usr/lib/swift/host/plugins/libSwiftMacros.dylib\#/Applications/Xcode-27.0.0-Release.Candidate.app/Contents/Developer/Platforms/XROS.platform/Developer/usr/bin/swift-plugin-server\#SwiftMacros -disable-implicit-swift-modules -Xcc -fno-implicit-modules -Xcc -fno-implicit-module-maps -explicit-swift-module-map-file /Users/admin/builder/spi-builder-workspace/.derivedData/Build/Intermediates.noindex/ReactorKit.build/Debug-xros/ReactorKit-t.build/Objects-normal/arm64/ReactorKit-dependencies-1.json -Xllvm -aarch64-use-tbi -enable-objc-interop -stack-check -sdk /Applications/Xcode-27.0.0-Release.Candidate.app/Contents/Developer/Platforms/XROS.platform/Developer/SDKs/XROS27.0.sdk -I /Users/admin/builder/spi-builder-workspace/.derivedData/Build/Products/Debug-xros -Isystem /Applications/Xcode-27.0.0-Release.Candidate.app/Contents/Developer/Platforms/XROS.platform/Developer/usr/lib -F /Users/admin/builder/spi-builder-workspace/.derivedData/Build/Products/Debug-xros/PackageFrameworks -F /Users/admin/builder/spi-builder-workspace/.derivedData/Build/Products/Debug-xros -F /Applications/Xcode-27.0.0-Release.Candidate.app/Contents/Developer/Platforms/XROS.platform/Developer/Library/Frameworks -F /Applications/Xcode-27.0.0-Release.Candidate.app/Contents/Developer/Platforms/XROS.platform/Developer/SDKs/XROS27.0.sdk/Developer/Library/Frameworks -module-cache-path /Users/admin/builder/spi-builder-workspace/.derivedData/Build/Intermediates.noindex/SwiftExplicitPrecompiledModules -no-color-diagnostics -Xcc -fno-color-diagnostics -enable-testing -g -debug-info-format\=dwarf -dwarf-version\=4 -suppress-warnings -profile-generate -profile-coverage-mapping -swift-version 5 -Onone -D SWIFT_PACKAGE -D DEBUG -D SWIFT_MODULE_RESOURCE_BUNDLE_UNAVAILABLE -D Xcode -serialize-debugging-options -enable-experimental-feature DebugDescriptionMacro -empty-abi-descriptor -validate-clang-modules-once -clang-build-session-file /Users/admin/builder/spi-builder-workspace/.derivedData/ModuleCache.noindex/Session.modulevalidation -Xcc -working-directory -Xcc /Users/admin/builder/spi-builder-workspace/.swiftpm/xcode -enable-anonymous-context-mangled-names -file-compilation-dir /Users/admin/builder/spi-builder-workspace/.swiftpm/xcode -Xcc -fmodule-map-file\=/Users/admin/builder/spi-builder-workspace/.derivedData/Build/Intermediates.noindex/GeneratedModuleMaps-xros/ReactorKitRuntime.modulemap -Xcc -D_LIBCPP_HARDENING_MODE\=_LIBCPP_HARDENING_MODE_DEBUG -Xcc -ivfsstatcache -Xcc /Users/admin/builder/spi-builder-workspace/.derivedData/SDKStatCaches.noindex/xros27.0-24M361-e829b21a6f8c9b70876ba0858053c044735bd543db762f57723cac368afd1ce4.sdkstatcache -Xcc -fmodules-prune-interval\=86400 -Xcc -fmodules-prune-after\=345600 -Xcc -I/Users/admin/builder/spi-builder-workspace/.dependencies/checkouts/ReactorKit/Sources/ReactorKitRuntime/include -Xcc -I/Users/admin/builder/spi-builder-workspace/.derivedData/Build/Products/Debug-xros/include -Xcc -I/Users/admin/builder/spi-builder-workspace/.derivedData/Build/Intermediates.noindex/ReactorKit.build/Debug-xros/ReactorKit-t.build/DerivedSources-normal/arm64 -Xcc -I/Users/admin/builder/spi-builder-workspace/.derivedData/Build/Intermediates.noindex/ReactorKit.build/Debug-xros/ReactorKit-t.build/DerivedSources/arm64 -Xcc -I/Users/admin/builder/spi-builder-workspace/.derivedData/Build/Intermediates.noindex/ReactorKit.build/Debug-xros/ReactorKit-t.build/DerivedSources -Xcc -DSWIFT_PACKAGE -Xcc -DDEBUG\=1 -no-auto-bridging-header-chaining -module-name ReactorKit -const-gather-protocols-file /Users/admin/builder/spi-builder-workspace/.derivedData/Build/Intermediates.noindex/ReactorKit.build/Debug-xros/ReactorKit-t.build/Objects-normal/arm64/ReactorKit_const_extract_protocols.json -disable-clang-spi -clang-target arm64-apple-xros27.0 -target-sdk-version 27.0 -target-sdk-name xros27.0 -in-process-plugin-server-path /Applications/Xcode-27.0.0-Release.Candidate.app/Contents/Developer/Toolchains/XcodeDefault.xctoolchain/usr/lib/swift/host/libSwiftInProcPluginServer.dylib -emit-module-doc-path /Users/admin/builder/spi-builder-workspace/.derivedData/Build/Intermediates.noindex/ReactorKit.build/Debug-xros/ReactorKit-t.build/Objects-normal/arm64/ReactorKit.swiftdoc -emit-module-source-info-path /Users/admin/builder/spi-builder-workspace/.derivedData/Build/Intermediates.noindex/ReactorKit.build/Debug-xros/ReactorKit-t.build/Objects-normal/arm64/ReactorKit.swiftsourceinfo -emit-objc-header-path /Users/admin/builder/spi-builder-workspace/.derivedData/Build/Intermediates.noindex/ReactorKit.build/Debug-xros/ReactorKit-t.build/Objects-normal/arm64/ReactorKit-Swift.h -serialize-diagnostics-path /Users/admin/builder/spi-builder-workspace/.derivedData/Build/Intermediates.noindex/ReactorKit.build/Debug-xros/ReactorKit-t.build/Objects-normal/arm64/ReactorKit-primary-emit-module.dia -emit-dependencies-path /Users/admin/builder/spi-builder-workspace/.derivedData/Build/Intermediates.noindex/ReactorKit.build/Debug-xros/ReactorKit-t.build/Objects-normal/arm64/ReactorKit-primary-emit-module.d -parse-as-library -o /Users/admin/builder/spi-builder-workspace/.derivedData/Build/Intermediates.noindex/ReactorKit.build/Debug-xros/ReactorKit-t.build/Objects-normal/arm64/ReactorKit.swiftmodule -emit-abi-descriptor-path /Users/admin/builder/spi-builder-workspace/.derivedData/Build/Intermediates.noindex/ReactorKit.build/Debug-xros/ReactorKit-t.build/Objects-normal/arm64/ReactorKit.abi.json
SwiftCompile normal arm64 (in target 'ReactorKit' from project 'ReactorKit')
cd /Users/admin/builder/spi-builder-workspace/.swiftpm/xcode
SwiftCompile normal arm64 Compiling\ Reduce.swift,\ RefCountDisposable.swift,\ Repeat.swift,\ ReplaySubject.swift,\ RetryWhen.swift,\ Rx.swift,\ RxMutableBox.swift,\ Sample.swift,\ Scan.swift,\ ScheduledDisposable.swift,\ ScheduledItem.swift,\ ScheduledItemType.swift,\ SchedulerServices+Emulation.swift /Users/admin/builder/spi-builder-workspace/.dependencies/checkouts/RxSwift/Sources/RxSwift/Reduce.swift /Users/admin/builder/spi-builder-workspace/.dependencies/checkouts/RxSwift/Sources/RxSwift/RefCountDisposable.swift /Users/admin/builder/spi-builder-workspace/.dependencies/checkouts/RxSwift/Sources/RxSwift/Repeat.swift /Users/admin/builder/spi-builder-workspace/.dependencies/checkouts/RxSwift/Sources/RxSwift/ReplaySubject.swift /Users/admin/builder/spi-builder-workspace/.dependencies/checkouts/RxSwift/Sources/RxSwift/RetryWhen.swift /Users/admin/builder/spi-builder-workspace/.dependencies/checkouts/RxSwift/Sources/RxSwift/Rx.swift /Users/admin/builder/spi-builder-workspace/.dependencies/checkouts/RxSwift/Sources/RxSwift/RxMutableBox.swift /Users/admin/builder/spi-builder-workspace/.dependencies/checkouts/RxSwift/Sources/RxSwift/Sample.swift /Users/admin/builder/spi-builder-workspace/.dependencies/checkouts/RxSwift/Sources/RxSwift/Scan.swift /Users/admin/builder/spi-builder-workspace/.dependencies/checkouts/RxSwift/Sources/RxSwift/ScheduledDisposable.swift /Users/admin/builder/spi-builder-workspace/.dependencies/checkouts/RxSwift/Sources/RxSwift/ScheduledItem.swift /Users/admin/builder/spi-builder-workspace/.dependencies/checkouts/RxSwift/Sources/RxSwift/ScheduledItemType.swift /Users/admin/builder/spi-builder-workspace/.dependencies/checkouts/RxSwift/Sources/RxSwift/SchedulerServices+Emulation.swift (in target 'RxSwift' from project 'RxSwift')
SwiftCompile normal arm64 /Users/admin/builder/spi-builder-workspace/.dependencies/checkouts/RxSwift/Sources/RxSwift/Reduce.swift (in target 'RxSwift' from project 'RxSwift')
cd /Users/admin/builder/spi-builder-workspace/.swiftpm/xcode
builtin-SwiftPerFileCompile Reduce.swift
SwiftCompile normal arm64 /Users/admin/builder/spi-builder-workspace/.dependencies/checkouts/RxSwift/Sources/RxSwift/RefCountDisposable.swift (in target 'RxSwift' from project 'RxSwift')
cd /Users/admin/builder/spi-builder-workspace/.swiftpm/xcode
builtin-SwiftPerFileCompile RefCountDisposable.swift
SwiftCompile normal arm64 /Users/admin/builder/spi-builder-workspace/.dependencies/checkouts/RxSwift/Sources/RxSwift/Repeat.swift (in target 'RxSwift' from project 'RxSwift')
cd /Users/admin/builder/spi-builder-workspace/.swiftpm/xcode
builtin-SwiftPerFileCompile Repeat.swift
SwiftCompile normal arm64 /Users/admin/builder/spi-builder-workspace/.dependencies/checkouts/RxSwift/Sources/RxSwift/ReplaySubject.swift (in target 'RxSwift' from project 'RxSwift')
cd /Users/admin/builder/spi-builder-workspace/.swiftpm/xcode
builtin-SwiftPerFileCompile ReplaySubject.swift
SwiftCompile normal arm64 /Users/admin/builder/spi-builder-workspace/.dependencies/checkouts/RxSwift/Sources/RxSwift/RetryWhen.swift (in target 'RxSwift' from project 'RxSwift')
cd /Users/admin/builder/spi-builder-workspace/.swiftpm/xcode
builtin-SwiftPerFileCompile RetryWhen.swift
SwiftCompile normal arm64 /Users/admin/builder/spi-builder-workspace/.dependencies/checkouts/RxSwift/Sources/RxSwift/Rx.swift (in target 'RxSwift' from project 'RxSwift')
cd /Users/admin/builder/spi-builder-workspace/.swiftpm/xcode
builtin-SwiftPerFileCompile Rx.swift
SwiftCompile normal arm64 /Users/admin/builder/spi-builder-workspace/.dependencies/checkouts/RxSwift/Sources/RxSwift/RxMutableBox.swift (in target 'RxSwift' from project 'RxSwift')
cd /Users/admin/builder/spi-builder-workspace/.swiftpm/xcode
builtin-SwiftPerFileCompile RxMutableBox.swift
SwiftCompile normal arm64 /Users/admin/builder/spi-builder-workspace/.dependencies/checkouts/RxSwift/Sources/RxSwift/Sample.swift (in target 'RxSwift' from project 'RxSwift')
cd /Users/admin/builder/spi-builder-workspace/.swiftpm/xcode
builtin-SwiftPerFileCompile Sample.swift
SwiftCompile normal arm64 /Users/admin/builder/spi-builder-workspace/.dependencies/checkouts/RxSwift/Sources/RxSwift/Scan.swift (in target 'RxSwift' from project 'RxSwift')
cd /Users/admin/builder/spi-builder-workspace/.swiftpm/xcode
builtin-SwiftPerFileCompile Scan.swift
SwiftCompile normal arm64 /Users/admin/builder/spi-builder-workspace/.dependencies/checkouts/RxSwift/Sources/RxSwift/ScheduledDisposable.swift (in target 'RxSwift' from project 'RxSwift')
cd /Users/admin/builder/spi-builder-workspace/.swiftpm/xcode
builtin-SwiftPerFileCompile ScheduledDisposable.swift
SwiftCompile normal arm64 /Users/admin/builder/spi-builder-workspace/.dependencies/checkouts/RxSwift/Sources/RxSwift/ScheduledItem.swift (in target 'RxSwift' from project 'RxSwift')
cd /Users/admin/builder/spi-builder-workspace/.swiftpm/xcode
builtin-SwiftPerFileCompile ScheduledItem.swift
SwiftCompile normal arm64 /Users/admin/builder/spi-builder-workspace/.dependencies/checkouts/RxSwift/Sources/RxSwift/ScheduledItemType.swift (in target 'RxSwift' from project 'RxSwift')
cd /Users/admin/builder/spi-builder-workspace/.swiftpm/xcode
builtin-SwiftPerFileCompile ScheduledItemType.swift
SwiftCompile normal arm64 /Users/admin/builder/spi-builder-workspace/.dependencies/checkouts/RxSwift/Sources/RxSwift/SchedulerServices+Emulation.swift (in target 'RxSwift' from project 'RxSwift')
cd /Users/admin/builder/spi-builder-workspace/.swiftpm/xcode
builtin-SwiftPerFileCompile SchedulerServices+Emulation.swift
SwiftCompile normal arm64 Compiling\ Maybe.swift,\ Merge.swift,\ Multicast.swift,\ Never.swift,\ NopDisposable.swift,\ Observable.swift,\ ObservableConvertibleType.swift,\ ObservableType+Extensions.swift,\ ObservableType+PrimitiveSequence.swift,\ ObservableType.swift,\ ObserveOn.swift,\ ObserverBase.swift,\ ObserverType.swift,\ OperationQueueScheduler.swift /Users/admin/builder/spi-builder-workspace/.dependencies/checkouts/RxSwift/Sources/RxSwift/Maybe.swift /Users/admin/builder/spi-builder-workspace/.dependencies/checkouts/RxSwift/Sources/RxSwift/Merge.swift /Users/admin/builder/spi-builder-workspace/.dependencies/checkouts/RxSwift/Sources/RxSwift/Multicast.swift /Users/admin/builder/spi-builder-workspace/.dependencies/checkouts/RxSwift/Sources/RxSwift/Never.swift /Users/admin/builder/spi-builder-workspace/.dependencies/checkouts/RxSwift/Sources/RxSwift/NopDisposable.swift /Users/admin/builder/spi-builder-workspace/.dependencies/checkouts/RxSwift/Sources/RxSwift/Observable.swift /Users/admin/builder/spi-builder-workspace/.dependencies/checkouts/RxSwift/Sources/RxSwift/ObservableConvertibleType.swift /Users/admin/builder/spi-builder-workspace/.dependencies/checkouts/RxSwift/Sources/RxSwift/ObservableType+Extensions.swift /Users/admin/builder/spi-builder-workspace/.dependencies/checkouts/RxSwift/Sources/RxSwift/ObservableType+PrimitiveSequence.swift /Users/admin/builder/spi-builder-workspace/.dependencies/checkouts/RxSwift/Sources/RxSwift/ObservableType.swift /Users/admin/builder/spi-builder-workspace/.dependencies/checkouts/RxSwift/Sources/RxSwift/ObserveOn.swift /Users/admin/builder/spi-builder-workspace/.dependencies/checkouts/RxSwift/Sources/RxSwift/ObserverBase.swift /Users/admin/builder/spi-builder-workspace/.dependencies/checkouts/RxSwift/Sources/RxSwift/ObserverType.swift /Users/admin/builder/spi-builder-workspace/.dependencies/checkouts/RxSwift/Sources/RxSwift/OperationQueueScheduler.swift (in target 'RxSwift' from project 'RxSwift')
SwiftCompile normal arm64 /Users/admin/builder/spi-builder-workspace/.dependencies/checkouts/RxSwift/Sources/RxSwift/Maybe.swift (in target 'RxSwift' from project 'RxSwift')
cd /Users/admin/builder/spi-builder-workspace/.swiftpm/xcode
builtin-SwiftPerFileCompile Maybe.swift
SwiftCompile normal arm64 /Users/admin/builder/spi-builder-workspace/.dependencies/checkouts/RxSwift/Sources/RxSwift/Merge.swift (in target 'RxSwift' from project 'RxSwift')
cd /Users/admin/builder/spi-builder-workspace/.swiftpm/xcode
builtin-SwiftPerFileCompile Merge.swift
SwiftCompile normal arm64 /Users/admin/builder/spi-builder-workspace/.dependencies/checkouts/RxSwift/Sources/RxSwift/Multicast.swift (in target 'RxSwift' from project 'RxSwift')
cd /Users/admin/builder/spi-builder-workspace/.swiftpm/xcode
builtin-SwiftPerFileCompile Multicast.swift
SwiftCompile normal arm64 /Users/admin/builder/spi-builder-workspace/.dependencies/checkouts/RxSwift/Sources/RxSwift/Never.swift (in target 'RxSwift' from project 'RxSwift')
cd /Users/admin/builder/spi-builder-workspace/.swiftpm/xcode
builtin-SwiftPerFileCompile Never.swift
SwiftCompile normal arm64 /Users/admin/builder/spi-builder-workspace/.dependencies/checkouts/RxSwift/Sources/RxSwift/NopDisposable.swift (in target 'RxSwift' from project 'RxSwift')
cd /Users/admin/builder/spi-builder-workspace/.swiftpm/xcode
builtin-SwiftPerFileCompile NopDisposable.swift
SwiftCompile normal arm64 /Users/admin/builder/spi-builder-workspace/.dependencies/checkouts/RxSwift/Sources/RxSwift/Observable.swift (in target 'RxSwift' from project 'RxSwift')
cd /Users/admin/builder/spi-builder-workspace/.swiftpm/xcode
builtin-SwiftPerFileCompile Observable.swift
SwiftCompile normal arm64 /Users/admin/builder/spi-builder-workspace/.dependencies/checkouts/RxSwift/Sources/RxSwift/ObservableConvertibleType.swift (in target 'RxSwift' from project 'RxSwift')
cd /Users/admin/builder/spi-builder-workspace/.swiftpm/xcode
builtin-SwiftPerFileCompile ObservableConvertibleType.swift
SwiftCompile normal arm64 /Users/admin/builder/spi-builder-workspace/.dependencies/checkouts/RxSwift/Sources/RxSwift/ObservableType+Extensions.swift (in target 'RxSwift' from project 'RxSwift')
cd /Users/admin/builder/spi-builder-workspace/.swiftpm/xcode
builtin-SwiftPerFileCompile ObservableType+Extensions.swift
SwiftCompile normal arm64 /Users/admin/builder/spi-builder-workspace/.dependencies/checkouts/RxSwift/Sources/RxSwift/ObservableType+PrimitiveSequence.swift (in target 'RxSwift' from project 'RxSwift')
cd /Users/admin/builder/spi-builder-workspace/.swiftpm/xcode
builtin-SwiftPerFileCompile ObservableType+PrimitiveSequence.swift
SwiftCompile normal arm64 /Users/admin/builder/spi-builder-workspace/.dependencies/checkouts/RxSwift/Sources/RxSwift/ObservableType.swift (in target 'RxSwift' from project 'RxSwift')
cd /Users/admin/builder/spi-builder-workspace/.swiftpm/xcode
builtin-SwiftPerFileCompile ObservableType.swift
SwiftCompile normal arm64 /Users/admin/builder/spi-builder-workspace/.dependencies/checkouts/RxSwift/Sources/RxSwift/ObserveOn.swift (in target 'RxSwift' from project 'RxSwift')
cd /Users/admin/builder/spi-builder-workspace/.swiftpm/xcode
builtin-SwiftPerFileCompile ObserveOn.swift
SwiftCompile normal arm64 /Users/admin/builder/spi-builder-workspace/.dependencies/checkouts/RxSwift/Sources/RxSwift/ObserverBase.swift (in target 'RxSwift' from project 'RxSwift')
cd /Users/admin/builder/spi-builder-workspace/.swiftpm/xcode
builtin-SwiftPerFileCompile ObserverBase.swift
SwiftCompile normal arm64 /Users/admin/builder/spi-builder-workspace/.dependencies/checkouts/RxSwift/Sources/RxSwift/ObserverType.swift (in target 'RxSwift' from project 'RxSwift')
cd /Users/admin/builder/spi-builder-workspace/.swiftpm/xcode
builtin-SwiftPerFileCompile ObserverType.swift
SwiftCompile normal arm64 /Users/admin/builder/spi-builder-workspace/.dependencies/checkouts/RxSwift/Sources/RxSwift/OperationQueueScheduler.swift (in target 'RxSwift' from project 'RxSwift')
cd /Users/admin/builder/spi-builder-workspace/.swiftpm/xcode
builtin-SwiftPerFileCompile OperationQueueScheduler.swift
SwiftCompile normal arm64 Compiling\ Optional.swift,\ Platform.Darwin.swift,\ Platform.Linux.swift,\ PrimitiveSequence+Zip+arity.swift,\ PrimitiveSequence.swift,\ PriorityQueue.swift,\ Producer.swift,\ PublishSubject.swift,\ Queue.swift,\ Range.swift,\ Reactive.swift,\ RecursiveLock.swift,\ RecursiveScheduler.swift /Users/admin/builder/spi-builder-workspace/.dependencies/checkouts/RxSwift/Sources/RxSwift/Optional.swift /Users/admin/builder/spi-builder-workspace/.dependencies/checkouts/RxSwift/Sources/RxSwift/Platform.Darwin.swift /Users/admin/builder/spi-builder-workspace/.dependencies/checkouts/RxSwift/Sources/RxSwift/Platform.Linux.swift /Users/admin/builder/spi-builder-workspace/.dependencies/checkouts/RxSwift/Sources/RxSwift/PrimitiveSequence+Zip+arity.swift /Users/admin/builder/spi-builder-workspace/.dependencies/checkouts/RxSwift/Sources/RxSwift/PrimitiveSequence.swift /Users/admin/builder/spi-builder-workspace/.dependencies/checkouts/RxSwift/Sources/RxSwift/PriorityQueue.swift /Users/admin/builder/spi-builder-workspace/.dependencies/checkouts/RxSwift/Sources/RxSwift/Producer.swift /Users/admin/builder/spi-builder-workspace/.dependencies/checkouts/RxSwift/Sources/RxSwift/PublishSubject.swift /Users/admin/builder/spi-builder-workspace/.dependencies/checkouts/RxSwift/Sources/RxSwift/Queue.swift /Users/admin/builder/spi-builder-workspace/.dependencies/checkouts/RxSwift/Sources/RxSwift/Range.swift /Users/admin/builder/spi-builder-workspace/.dependencies/checkouts/RxSwift/Sources/RxSwift/Reactive.swift /Users/admin/builder/spi-builder-workspace/.dependencies/checkouts/RxSwift/Sources/RxSwift/RecursiveLock.swift /Users/admin/builder/spi-builder-workspace/.dependencies/checkouts/RxSwift/Sources/RxSwift/RecursiveScheduler.swift (in target 'RxSwift' from project 'RxSwift')
SwiftCompile normal arm64 /Users/admin/builder/spi-builder-workspace/.dependencies/checkouts/RxSwift/Sources/RxSwift/Optional.swift (in target 'RxSwift' from project 'RxSwift')
cd /Users/admin/builder/spi-builder-workspace/.swiftpm/xcode
builtin-SwiftPerFileCompile Optional.swift
SwiftCompile normal arm64 /Users/admin/builder/spi-builder-workspace/.dependencies/checkouts/RxSwift/Sources/RxSwift/Platform.Darwin.swift (in target 'RxSwift' from project 'RxSwift')
cd /Users/admin/builder/spi-builder-workspace/.swiftpm/xcode
builtin-SwiftPerFileCompile Platform.Darwin.swift
SwiftCompile normal arm64 /Users/admin/builder/spi-builder-workspace/.dependencies/checkouts/RxSwift/Sources/RxSwift/Platform.Linux.swift (in target 'RxSwift' from project 'RxSwift')
cd /Users/admin/builder/spi-builder-workspace/.swiftpm/xcode
builtin-SwiftPerFileCompile Platform.Linux.swift
SwiftCompile normal arm64 /Users/admin/builder/spi-builder-workspace/.dependencies/checkouts/RxSwift/Sources/RxSwift/PrimitiveSequence+Zip+arity.swift (in target 'RxSwift' from project 'RxSwift')
cd /Users/admin/builder/spi-builder-workspace/.swiftpm/xcode
builtin-SwiftPerFileCompile PrimitiveSequence+Zip+arity.swift
SwiftCompile normal arm64 /Users/admin/builder/spi-builder-workspace/.dependencies/checkouts/RxSwift/Sources/RxSwift/PrimitiveSequence.swift (in target 'RxSwift' from project 'RxSwift')
cd /Users/admin/builder/spi-builder-workspace/.swiftpm/xcode
builtin-SwiftPerFileCompile PrimitiveSequence.swift
SwiftCompile normal arm64 /Users/admin/builder/spi-builder-workspace/.dependencies/checkouts/RxSwift/Sources/RxSwift/PriorityQueue.swift (in target 'RxSwift' from project 'RxSwift')
cd /Users/admin/builder/spi-builder-workspace/.swiftpm/xcode
builtin-SwiftPerFileCompile PriorityQueue.swift
SwiftCompile normal arm64 /Users/admin/builder/spi-builder-workspace/.dependencies/checkouts/RxSwift/Sources/RxSwift/Producer.swift (in target 'RxSwift' from project 'RxSwift')
cd /Users/admin/builder/spi-builder-workspace/.swiftpm/xcode
builtin-SwiftPerFileCompile Producer.swift
SwiftCompile normal arm64 /Users/admin/builder/spi-builder-workspace/.dependencies/checkouts/RxSwift/Sources/RxSwift/PublishSubject.swift (in target 'RxSwift' from project 'RxSwift')
cd /Users/admin/builder/spi-builder-workspace/.swiftpm/xcode
builtin-SwiftPerFileCompile PublishSubject.swift
SwiftCompile normal arm64 /Users/admin/builder/spi-builder-workspace/.dependencies/checkouts/RxSwift/Sources/RxSwift/Queue.swift (in target 'RxSwift' from project 'RxSwift')
cd /Users/admin/builder/spi-builder-workspace/.swiftpm/xcode
builtin-SwiftPerFileCompile Queue.swift
SwiftCompile normal arm64 /Users/admin/builder/spi-builder-workspace/.dependencies/checkouts/RxSwift/Sources/RxSwift/Range.swift (in target 'RxSwift' from project 'RxSwift')
cd /Users/admin/builder/spi-builder-workspace/.swiftpm/xcode
builtin-SwiftPerFileCompile Range.swift
SwiftCompile normal arm64 /Users/admin/builder/spi-builder-workspace/.dependencies/checkouts/RxSwift/Sources/RxSwift/Reactive.swift (in target 'RxSwift' from project 'RxSwift')
cd /Users/admin/builder/spi-builder-workspace/.swiftpm/xcode
builtin-SwiftPerFileCompile Reactive.swift
SwiftCompile normal arm64 /Users/admin/builder/spi-builder-workspace/.dependencies/checkouts/RxSwift/Sources/RxSwift/RecursiveLock.swift (in target 'RxSwift' from project 'RxSwift')
cd /Users/admin/builder/spi-builder-workspace/.swiftpm/xcode
builtin-SwiftPerFileCompile RecursiveLock.swift
SwiftCompile normal arm64 /Users/admin/builder/spi-builder-workspace/.dependencies/checkouts/RxSwift/Sources/RxSwift/RecursiveScheduler.swift (in target 'RxSwift' from project 'RxSwift')
cd /Users/admin/builder/spi-builder-workspace/.swiftpm/xcode
builtin-SwiftPerFileCompile RecursiveScheduler.swift
CompileC /Users/admin/builder/spi-builder-workspace/.derivedData/Build/Intermediates.noindex/RxSwift.build/Debug-xros/RxCocoaRuntime-t.build/Objects-normal/arm64/_RXObjCRuntime.o /Users/admin/builder/spi-builder-workspace/.dependencies/checkouts/RxSwift/Sources/RxCocoaRuntime/_RXObjCRuntime.m normal arm64 objective-c com.apple.compilers.llvm.clang.1_0.compiler (in target 'RxCocoaRuntime' from project 'RxSwift')
cd /Users/admin/builder/spi-builder-workspace/.swiftpm/xcode
Using response file: /Users/admin/builder/spi-builder-workspace/.derivedData/Build/Intermediates.noindex/RxSwift.build/Debug-xros/RxCocoaRuntime-t.build/Objects-normal/arm64/e6072d4f65d7061329687fe24e3d63a7-common-args.resp
/Applications/Xcode-27.0.0-Release.Candidate.app/Contents/Developer/Toolchains/XcodeDefault.xctoolchain/usr/bin/clang -x objective-c -ivfsstatcache /Users/admin/builder/spi-builder-workspace/.derivedData/SDKStatCaches.noindex/xros27.0-24M361-e829b21a6f8c9b70876ba0858053c044735bd543db762f57723cac368afd1ce4.sdkstatcache -target arm64-apple-xros1.0 -fmessage-length\=0 -fdiagnostics-show-note-include-stack -fmacro-backtrace-limit\=0 -fno-color-diagnostics -fmodules-prune-interval\=86400 -fmodules-prune-after\=345600 -fbuild-session-file\=/Users/admin/builder/spi-builder-workspace/.derivedData/ModuleCache.noindex/Session.modulevalidation -fmodules-validate-once-per-build-session -Wnon-modular-include-in-framework-module -Werror\=non-modular-include-in-framework-module -Wno-trigraphs -Wno-missing-field-initializers -Wno-missing-prototypes -Wno-return-type -Wno-implicit-atomic-properties -Wno-objc-interface-ivars -Wno-arc-repeated-use-of-weak -Wno-missing-braces -Wparentheses -Wswitch -Wno-unused-function -Wno-unused-label -Wno-unused-parameter -Wno-unused-variable -Wunused-value -Wno-empty-body -Wno-uninitialized -Wno-unknown-pragmas -w -Wno-shadow -Wno-four-char-constants -Wno-conversion -Wno-constant-conversion -Wno-int-conversion -Wno-bool-conversion -Wno-enum-conversion -Wno-float-conversion -Wno-non-literal-null-conversion -Wno-objc-literal-conversion -Wshorten-64-to-32 -Wpointer-sign -Wno-newline-eof -Wno-selector -Wno-strict-selector-match -Wno-undeclared-selector -Wno-deprecated-implementations -Wno-implicit-fallthrough -isysroot /Applications/Xcode-27.0.0-Release.Candidate.app/Contents/Developer/Platforms/XROS.platform/Developer/SDKs/XROS27.0.sdk -fstrict-aliasing -Wprotocol -Wdeprecated-declarations -Wno-sign-conversion -Wno-infinite-recursion -Wno-comma -Wno-block-capture-autoreleasing -Wno-strict-prototypes -Wno-semicolon-before-method-body -index-store-path /Users/admin/builder/spi-builder-workspace/.derivedData/Index.noindex/DataStore @/Users/admin/builder/spi-builder-workspace/.derivedData/Build/Intermediates.noindex/RxSwift.build/Debug-xros/RxCocoaRuntime-t.build/Objects-normal/arm64/e6072d4f65d7061329687fe24e3d63a7-common-args.resp -MMD -MT dependencies -MF /Users/admin/builder/spi-builder-workspace/.derivedData/Build/Intermediates.noindex/RxSwift.build/Debug-xros/RxCocoaRuntime-t.build/Objects-normal/arm64/_RXObjCRuntime.d --serialize-diagnostics /Users/admin/builder/spi-builder-workspace/.derivedData/Build/Intermediates.noindex/RxSwift.build/Debug-xros/RxCocoaRuntime-t.build/Objects-normal/arm64/_RXObjCRuntime.dia -c /Users/admin/builder/spi-builder-workspace/.dependencies/checkouts/RxSwift/Sources/RxCocoaRuntime/_RXObjCRuntime.m -o /Users/admin/builder/spi-builder-workspace/.derivedData/Build/Intermediates.noindex/RxSwift.build/Debug-xros/RxCocoaRuntime-t.build/Objects-normal/arm64/_RXObjCRuntime.o -index-unit-output-path /RxSwift.build/Debug-xros/RxCocoaRuntime-t.build/Objects-normal/arm64/_RXObjCRuntime.o
Failed frontend command:
/Applications/Xcode-27.0.0-Release.Candidate.app/Contents/Developer/Toolchains/XcodeDefault.xctoolchain/usr/bin/clang -cc1 -Wundef-prefix\=TARGET_OS_ -fdiagnostics-show-note-include-stack -fmacro-backtrace-limit\=0 -w -ferror-limit 19 -serialize-diagnostic-file /Users/admin/builder/spi-builder-workspace/.derivedData/Build/Intermediates.noindex/RxSwift.build/Debug-xros/RxCocoaRuntime-t.build/Objects-normal/arm64/_RXObjCRuntime.dia -Wdeprecated-objc-isa-usage -Werror\=deprecated-objc-isa-usage -Werror\=implicit-function-declaration -Wnon-modular-include-in-framework-module -Werror\=non-modular-include-in-framework-module -Wno-trigraphs -Wno-missing-field-initializers -Wno-missing-prototypes -Wno-return-type -Wno-implicit-atomic-properties -Wno-objc-interface-ivars -Wno-arc-repeated-use-of-weak -Wno-missing-braces -Wparentheses -Wswitch -Wno-unused-function -Wno-unused-label -Wno-unused-parameter -Wno-unused-variable -Wunused-value -Wno-empty-body -Wno-uninitialized -Wno-unknown-pragmas -Wno-shadow -Wno-four-char-constants -Wno-conversion -Wno-constant-conversion -Wno-int-conversion -Wno-bool-conversion -Wno-enum-conversion -Wno-float-conversion -Wno-non-literal-null-conversion -Wno-objc-literal-conversion -Wshorten-64-to-32 -Wpointer-sign -Wno-newline-eof -Wno-selector -Wno-strict-selector-match -Wno-undeclared-selector -Wno-deprecated-implementations -Wno-implicit-fallthrough -Wprotocol -Wdeprecated-declarations -Wno-sign-conversion -Wno-infinite-recursion -Wno-comma -Wno-block-capture-autoreleasing -Wno-strict-prototypes -Wno-semicolon-before-method-body -Wno-elaborated-enum-base -Wno-error\=allocator-wrappers -index-store-path /Users/admin/builder/spi-builder-workspace/.derivedData/Index.noindex/DataStore -index-unit-output-path /RxSwift.build/Debug-xros/RxCocoaRuntime-t.build/Objects-normal/arm64/_RXObjCRuntime.o -fmodule-map-file\=/Users/admin/builder/spi-builder-workspace/.derivedData/Build/Intermediates.noindex/GeneratedModuleMaps-xros/RxSwift.modulemap -fmodule-map-file\=/Applications/Xcode-27.0.0-Release.Candidate.app/Contents/Developer/Platforms/XROS.platform/Developer/SDKs/XROS.sdk/usr/include/DarwinFoundation3.modulemap -fmodule-map-file\=/Applications/Xcode-27.0.0-Release.Candidate.app/Contents/Developer/Platforms/XROS.platform/Developer/SDKs/XROS.sdk/usr/include/Darwin.modulemap -fmodule-map-file\=/Applications/Xcode-27.0.0-Release.Candidate.app/Contents/Developer/Platforms/XROS.platform/Developer/SDKs/XROS.sdk/usr/include/ObjectiveC.modulemap -fmodule-map-file\=/Applications/Xcode-27.0.0-Release.Candidate.app/Contents/Developer/Platforms/XROS.platform/Developer/SDKs/XROS.sdk/System/Library/Frameworks/Foundation.framework/Modules/module.modulemap -fmodule-map-file\=/Applications/Xcode-27.0.0-Release.Candidate.app/Contents/Developer/Toolchains/XcodeDefault.xctoolchain/usr/lib/clang/21/include/module.modulemap -o /Users/admin/builder/spi-builder-workspace/.derivedData/Build/Intermediates.noindex/RxSwift.build/Debug-xros/RxCocoaRuntime-t.build/Objects-normal/arm64/_RXObjCRuntime.o -disable-free -emit-obj -x objective-c /Users/admin/builder/spi-builder-workspace/.dependencies/checkouts/RxSwift/Sources/RxCocoaRuntime/_RXObjCRuntime.m -target-abi darwinpcs -target-cpu apple-a12 -target-feature +v8.3a -target-feature +aes -target-feature +complxnum -target-feature +crc -target-feature +fp-armv8 -target-feature +fullfp16 -target-feature +jsconv -target-feature +lse -target-feature +neon -target-feature +pauth -target-feature +perfmon -target-feature +ras -target-feature +rcpc -target-feature +rdm -target-feature +sha2 -triple arm64-apple-xros1.0.0 -target-linker-version 1166.2 -target-sdk-version\=27.0 -fmodules-validate-system-headers -fno-modulemap-allow-subdirectory-search -isysroot /Applications/Xcode-27.0.0-Release.Candidate.app/Contents/Developer/Platforms/XROS.platform/Developer/SDKs/XROS27.0.sdk -resource-dir /Applications/Xcode-27.0.0-Release.Candidate.app/Contents/Developer/Toolchains/XcodeDefault.xctoolchain/usr/lib/clang/21 -fmodule-format\=obj -fmodule-file\=Darwin\=/Users/admin/builder/spi-builder-workspace/.derivedData/Build/Intermediates.noindex/ExplicitPrecompiledModules/Darwin-CVT6OSBZ7G6UHAUS0E1563NJJ.pcm -fmodule-file\=Foundation\=/Users/admin/builder/spi-builder-workspace/.derivedData/Build/Intermediates.noindex/ExplicitPrecompiledModules/Foundation-CLEWEJFY69I49U8GA1ST52YVB.pcm -fmodule-file\=ObjectiveC\=/Users/admin/builder/spi-builder-workspace/.derivedData/Build/Intermediates.noindex/ExplicitPrecompiledModules/ObjectiveC-12F1L55F4HLMTZOTHU0HSMJCJ.pcm -fmodule-file\=_Builtin_stdatomic\=/Users/admin/builder/spi-builder-workspace/.derivedData/Build/Intermediates.noindex/ExplicitPrecompiledModules/_Builtin_stdatomic-7C2OVVV5PY29VT78GX2SE40FY.pcm -fmodule-file\=_DarwinFoundation3\=/Users/admin/builder/spi-builder-workspace/.derivedData/Build/Intermediates.noindex/ExplicitPrecompiledModules/_DarwinFoundation3-DSNXO0NDRYA54A0CFKNRM8PJ7.pcm -I /Users/admin/builder/spi-builder-workspace/.derivedData/Build/Products/Debug-xros/include -I /Users/admin/builder/spi-builder-workspace/.dependencies/checkouts/RxSwift/Sources/RxCocoaRuntime/include -I /Users/admin/builder/spi-builder-workspace/.derivedData/Build/Intermediates.noindex/RxSwift.build/Debug-xros/RxCocoaRuntime-t.build/DerivedSources-normal/arm64 -I /Users/admin/builder/spi-builder-workspace/.derivedData/Build/Intermediates.noindex/RxSwift.build/Debug-xros/RxCocoaRuntime-t.build/DerivedSources/arm64 -I /Users/admin/builder/spi-builder-workspace/.derivedData/Build/Intermediates.noindex/RxSwift.build/Debug-xros/RxCocoaRuntime-t.build/DerivedSources -F /Users/admin/builder/spi-builder-workspace/.derivedData/Build/Products/Debug-xros/PackageFrameworks -F /Users/admin/builder/spi-builder-workspace/.derivedData/Build/Products/Debug-xros -iframework /Applications/Xcode-27.0.0-Release.Candidate.app/Contents/Developer/Platforms/XROS.platform/Developer/Library/Frameworks -iframework /Applications/Xcode-27.0.0-Release.Candidate.app/Contents/Developer/Platforms/XROS.platform/Developer/SDKs/XROS27.0.sdk/Developer/Library/Frameworks -internal-isystem /Applications/Xcode-27.0.0-Release.Candidate.app/Contents/Developer/Platforms/XROS.platform/Developer/SDKs/XROS27.0.sdk/usr/local/include -internal-isystem /Applications/Xcode-27.0.0-Release.Candidate.app/Contents/Developer/Toolchains/XcodeDefault.xctoolchain/usr/lib/clang/21/include -internal-externc-isystem /Applications/Xcode-27.0.0-Release.Candidate.app/Contents/Developer/Platforms/XROS.platform/Developer/SDKs/XROS27.0.sdk/usr/include -internal-externc-isystem /Applications/Xcode-27.0.0-Release.Candidate.app/Contents/Developer/Toolchains/XcodeDefault.xctoolchain/usr/include -internal-iframework /Applications/Xcode-27.0.0-Release.Candidate.app/Contents/Developer/Platforms/XROS.platform/Developer/SDKs/XROS27.0.sdk/System/Library/Frameworks -internal-iframework /Applications/Xcode-27.0.0-Release.Candidate.app/Contents/Developer/Platforms/XROS.platform/Developer/SDKs/XROS27.0.sdk/System/Library/SubFrameworks -internal-iframework /Applications/Xcode-27.0.0-Release.Candidate.app/Contents/Developer/Platforms/XROS.platform/Developer/SDKs/XROS27.0.sdk/Library/Frameworks -ivfsstatcache /Users/admin/builder/spi-builder-workspace/.derivedData/SDKStatCaches.noindex/xros27.0-24M361-e829b21a6f8c9b70876ba0858053c044735bd543db762f57723cac368afd1ce4.sdkstatcache -std\=gnu11 -fexceptions -fskip-odr-check-in-gmf -fmodules -fmodule-name\=RxCocoaRuntime -fno-implicit-modules -fobjc-exceptions -fmax-type-align\=16 -fpascal-strings -fstack-check -ftrivial-auto-var-init\=zero -fvisibility-inlines-hidden-static-local-var -mdarwin-stkchk-strong-link -fno-odr-hash-protocols -pic-level 2 -fencode-extended-block-signature -stack-protector 1 -fcompatibility-qualified-id-block-type-checking -fobjc-runtime\=ios-17.0.0 -fobjc-arc -fobjc-runtime-has-weak -fobjc-weak -fgnuc-version\=4.2.1 -fblocks -fno-convergent-functions -ffp-contract\=on -fclang-abi-compat\=4.0 -fno-experimental-relative-c++-abi-vtables -fno-file-reproducible -clang-vendor-feature\=+disableNonDependentMemberExprInCurrentInstantiation -clang-vendor-feature\=+enableAggressiveVLAFolding -clang-vendor-feature\=+revert09abecef7bbf -clang-vendor-feature\=+thisNoAlignAttr -clang-vendor-feature\=+thisNoNullAttr -clang-vendor-feature\=+disableAtImportPrivateFrameworkInImplementationError -O0 -fno-assume-unique-vtables -fdebug-compilation-dir\=/Users/admin/builder/spi-builder-workspace/.swiftpm/xcode -fcoverage-compilation-dir\=/Users/admin/builder/spi-builder-workspace/.swiftpm/xcode -fcoverage-mapping -fcommon -fdwarf2-cfi-asm -fobjc-msgsend-selector-stubs -fregister-global-dtors-with-atexit -fno-strict-return -dwarf-version\=4 -debugger-tuning\=lldb -disable-llvm-verifier -dwarf-ext-refs -funwind-tables\=1 -fprofile-instrument\=clang -enable-tlsdesc -clear-ast-before-backend -discard-value-names -main-file-name _RXObjCRuntime.m -mframe-pointer\=non-leaf -debug-info-kind\=standalone -fno-loop-interchange -fdiagnostics-hotness-threshold\=0 -fdiagnostics-misexpect-tolerance\=0 -D DEBUG\=1 -D OBJC_OLD_DISPATCH_PROTOTYPES\=1 -D SWIFT_PACKAGE -D Xcode -fdefine-target-os-macros -MT dependencies -dependency-file /Users/admin/builder/spi-builder-workspace/.derivedData/Build/Intermediates.noindex/RxSwift.build/Debug-xros/RxCocoaRuntime-t.build/Objects-normal/arm64/_RXObjCRuntime.d -skip-unused-modulemap-deps -module-file-deps\=direct -fdepfile-entry\=/Applications/Xcode-27.0.0-Release.Candidate.app/Contents/Developer/Platforms/XROS.platform/Developer/SDKs/XROS27.0.sdk/SDKSettings.json
SwiftDriverJobDiscovery normal arm64 Emitting module for RxRelay (in target 'RxRelay' from project 'RxSwift')
SwiftDriver\ Compilation\ Requirements RxRelay normal arm64 com.apple.xcode.tools.swift.compiler (in target 'RxRelay' from project 'RxSwift')
cd /Users/admin/builder/spi-builder-workspace/.swiftpm/xcode
builtin-Swift-Compilation-Requirements -- /Applications/Xcode-27.0.0-Release.Candidate.app/Contents/Developer/Toolchains/XcodeDefault.xctoolchain/usr/bin/swiftc -parse-as-library -module-name RxRelay -Onone @/Users/admin/builder/spi-builder-workspace/.derivedData/Build/Intermediates.noindex/RxSwift.build/Debug-xros/RxRelay-t.build/Objects-normal/arm64/RxRelay.SwiftFileList -DSWIFT_PACKAGE -DDEBUG -DSWIFT_MODULE_RESOURCE_BUNDLE_UNAVAILABLE -DXcode -plugin-path /Applications/Xcode-27.0.0-Release.Candidate.app/Contents/Developer/Toolchains/XcodeDefault.xctoolchain/usr/lib/swift/host/plugins/testing -enable-experimental-feature DebugDescriptionMacro -sdk /Applications/Xcode-27.0.0-Release.Candidate.app/Contents/Developer/Platforms/XROS.platform/Developer/SDKs/XROS27.0.sdk -target arm64-apple-xros1.0 -g -module-cache-path /Users/admin/builder/spi-builder-workspace/.derivedData/ModuleCache.noindex -Xfrontend -serialize-debugging-options -profile-coverage-mapping -profile-generate -enable-testing -suppress-warnings -index-store-path /Users/admin/builder/spi-builder-workspace/.derivedData/Index.noindex/DataStore -Xcc -D_LIBCPP_HARDENING_MODE\=_LIBCPP_HARDENING_MODE_DEBUG -swift-version 5 -I /Users/admin/builder/spi-builder-workspace/.derivedData/Build/Products/Debug-xros -Isystem /Applications/Xcode-27.0.0-Release.Candidate.app/Contents/Developer/Platforms/XROS.platform/Developer/usr/lib -F /Users/admin/builder/spi-builder-workspace/.derivedData/Build/Products/Debug-xros/PackageFrameworks -F /Users/admin/builder/spi-builder-workspace/.derivedData/Build/Products/Debug-xros -F /Applications/Xcode-27.0.0-Release.Candidate.app/Contents/Developer/Platforms/XROS.platform/Developer/Library/Frameworks -F /Applications/Xcode-27.0.0-Release.Candidate.app/Contents/Developer/Platforms/XROS.platform/Developer/SDKs/XROS27.0.sdk/Developer/Library/Frameworks -c -j10 -enable-batch-mode -incremental -Xcc -ivfsstatcache -Xcc /Users/admin/builder/spi-builder-workspace/.derivedData/SDKStatCaches.noindex/xros27.0-24M361-e829b21a6f8c9b70876ba0858053c044735bd543db762f57723cac368afd1ce4.sdkstatcache -output-file-map /Users/admin/builder/spi-builder-workspace/.derivedData/Build/Intermediates.noindex/RxSwift.build/Debug-xros/RxRelay-t.build/Objects-normal/arm64/RxRelay-OutputFileMap.json -save-temps -no-color-diagnostics -explicit-module-build -module-cache-path /Users/admin/builder/spi-builder-workspace/.derivedData/Build/Intermediates.noindex/SwiftExplicitPrecompiledModules -clang-scanner-module-cache-path /Users/admin/builder/spi-builder-workspace/.derivedData/ModuleCache.noindex -sdk-module-cache-path /Users/admin/builder/spi-builder-workspace/.derivedData/SDKExplicitPrecompiledModules -emit-dependencies -emit-module -emit-module-path /Users/admin/builder/spi-builder-workspace/.derivedData/Build/Intermediates.noindex/RxSwift.build/Debug-xros/RxRelay-t.build/Objects-normal/arm64/RxRelay.swiftmodule -serialize-diagnostics -dependency-scan-serialize-diagnostics-path /Users/admin/builder/spi-builder-workspace/.derivedData/Build/Intermediates.noindex/RxSwift.build/Debug-xros/RxRelay-t.build/Objects-normal/arm64/RxRelay-dependency-scan.dia -validate-clang-modules-once -clang-build-session-file /Users/admin/builder/spi-builder-workspace/.derivedData/ModuleCache.noindex/Session.modulevalidation -Xcc -fmodules-prune-interval\=86400 -Xcc -fmodules-prune-after\=345600 -emit-const-values -const-gather-protocols-list /Users/admin/builder/spi-builder-workspace/.derivedData/Build/Intermediates.noindex/RxSwift.build/Debug-xros/RxRelay-t.build/Objects-normal/arm64/RxRelay_const_extract_protocols.json -Xcc -I/Users/admin/builder/spi-builder-workspace/.derivedData/Build/Products/Debug-xros/include -Xcc -I/Users/admin/builder/spi-builder-workspace/.derivedData/Build/Intermediates.noindex/RxSwift.build/Debug-xros/RxRelay-t.build/DerivedSources-normal/arm64 -Xcc -I/Users/admin/builder/spi-builder-workspace/.derivedData/Build/Intermediates.noindex/RxSwift.build/Debug-xros/RxRelay-t.build/DerivedSources/arm64 -Xcc -I/Users/admin/builder/spi-builder-workspace/.derivedData/Build/Intermediates.noindex/RxSwift.build/Debug-xros/RxRelay-t.build/DerivedSources -Xcc -DSWIFT_PACKAGE -Xcc -DDEBUG\=1 -emit-objc-header -emit-objc-header-path /Users/admin/builder/spi-builder-workspace/.derivedData/Build/Intermediates.noindex/RxSwift.build/Debug-xros/RxRelay-t.build/Objects-normal/arm64/RxRelay-Swift.h -working-directory /Users/admin/builder/spi-builder-workspace/.swiftpm/xcode -experimental-emit-module-separately -disable-cmo
PruneExplicitPrecompiledModules /Users/admin/builder/spi-builder-workspace/.derivedData/Build/Intermediates.noindex/ExplicitPrecompiledModules
PruneExplicitPrecompiledModules /Users/admin/builder/spi-builder-workspace/.derivedData/Build/Intermediates.noindex/SwiftExplicitPrecompiledModules
PruneExplicitPrecompiledModules /Users/admin/builder/spi-builder-workspace/.derivedData/SDKExplicitPrecompiledModules
2026-09-15 17:06:21.030 xcodebuild[1031:5967] [MT] IDERunDestination: Supported platforms for the buildables in the current scheme is empty.
** BUILD FAILED **
The following build commands failed:
SwiftEmitModule normal arm64 Emitting\ module\ for\ ReactorKit (in target 'ReactorKit' from project 'ReactorKit')
SwiftCompile normal arm64 (in target 'ReactorKit' from project 'ReactorKit')
Building workspace SectionReactor with scheme SectionReactor
(3 failures)
BUILD FAILURE 6.4 visionOS