Build Information
Failed to build swift-memory-allocation, reference main (5a1524), with Swift 6.3 for tvOS using Xcode 26.4 on 1 Nov 2026 05:26:10 UTC.
Build Command
No build command. This typically means the build failed at an early stage where we determine the build command.Build Log
========================================
RunAll
========================================
Builder version: 5.1.4
Interrupt handler set up.
========================================
Checkout
========================================
Clone URL: https://github.com/swift-molecules/swift-memory-allocation.git
Reference: main
Initialized empty Git repository in /Users/admin/builder/spi-builder-workspace/.git/
From https://github.com/swift-molecules/swift-memory-allocation
* branch main -> FETCH_HEAD
* [new branch] main -> origin/main
HEAD is now at 5a15247 Stop interpolating caught errors into the pool's precondition messages
Cloned https://github.com/swift-molecules/swift-memory-allocation.git
Revision (git rev-parse @):
5a15247f5ee1a26e5738d536b78ff37f1eb5be9c
SPI manifest file found: $PWD/.spi.yml
SUCCESS checkout https://github.com/swift-molecules/swift-memory-allocation.git at main
========================================
Build
========================================
Selected platform: tvOS
Swift version: 6.3
Building package at path: $PWD
https://github.com/swift-molecules/swift-memory-allocation.git
Command line invocation:
/Applications/Xcode-26.5.0.app/Contents/Developer/usr/bin/xcodebuild -IDEClonedSourcePackagesDirPathOverride=/Users/admin/builder/spi-builder-workspace/.dependencies -resolvePackageDependencies
Resolve Package Graph
package 'spi-builder-workspace' is using Swift tools version 6.4.0 but the installed version is 6.3.2
Resolved source packages:
spi-builder-workspace: (null)
2026-11-01 01:26:08.589 xcodebuild[542:3120] Writing error result bundle to /var/folders/xq/y_g06wb113726d38xsyx71_h0000gn/T/ResultBundle_2026-01-11_01-26-0008.xcresult
xcodebuild: error: Could not resolve package dependencies:
package 'spi-builder-workspace' is using Swift tools version 6.4.0 but the installed version is 6.3.2
Command line invocation:
/Applications/Xcode-26.5.0.app/Contents/Developer/usr/bin/xcodebuild -IDEClonedSourcePackagesDirPathOverride=/Users/admin/builder/spi-builder-workspace/.dependencies -resolvePackageDependencies
Resolve Package Graph
package 'spi-builder-workspace' is using Swift tools version 6.4.0 but the installed version is 6.3.2
Resolved source packages:
spi-builder-workspace: (null)
2026-11-01 01:26:10.098 xcodebuild[610:3631] Writing error result bundle to /var/folders/xq/y_g06wb113726d38xsyx71_h0000gn/T/ResultBundle_2026-01-11_01-26-0010.xcresult
xcodebuild: error: Could not resolve package dependencies:
package 'spi-builder-workspace' is using Swift tools version 6.4.0 but the installed version is 6.3.2
BUILD FAILURE 6.3 tvOS