The Swift Package Index logo.Swift Package Index

Build Information

Failed to build RVS_Checkbox, reference main (c0b495), with Swift 6.2 for macOS (SPM) on 15 Sep 2026 02:08:54 UTC.

Build Command

env DEVELOPER_DIR=/Applications/Xcode-26.3.0.app xcrun swift build --arch arm64

Build Log

========================================
RunAll
========================================
Builder version: 5.0.2
Interrupt handler set up.
========================================
Checkout
========================================
Clone URL: https://github.com/RiftValleySoftware/RVS_Checkbox.git
Reference: main
Initialized empty Git repository in /Users/admin/builder/spi-builder-workspace/.git/
From https://github.com/RiftValleySoftware/RVS_Checkbox
 * branch            main       -> FETCH_HEAD
 * [new branch]      main       -> origin/main
HEAD is now at c0b4952 LLM fixed some issues. Updated to latest tools.
Cloned https://github.com/RiftValleySoftware/RVS_Checkbox.git
Revision (git rev-parse @):
c0b4952ce858ae0a515634c6aee7dfdcb6294d25
SUCCESS checkout https://github.com/RiftValleySoftware/RVS_Checkbox.git at main
========================================
Build
========================================
Selected platform:         macosSpm
Swift version:             6.2
Building package at path:  $PWD
https://github.com/RiftValleySoftware/RVS_Checkbox.git
Running build ...
env DEVELOPER_DIR=/Applications/Xcode-26.3.0.app xcrun swift build --arch arm64
Building for debugging...
[0/3] Write sources
[1/3] Copying PrivacyInfo.xcprivacy
[2/3] Write swift-version--3CB7CFEC50E0D141.txt
error: emit-module command failed with exit code 1 (use -v to see invocation)
[4/6] Emitting module RVS_Checkbox
/Users/admin/builder/spi-builder-workspace/Sources/RVS_Checkbox/RVS_Checkbox.swift:25:8: error: no such module 'UIKit'
 23 | */
 24 |
 25 | import UIKit
    |        `- error: no such module 'UIKit'
 26 |
 27 | #if os(iOS)
[5/6] Compiling RVS_Checkbox RVS_Checkbox.swift
/Users/admin/builder/spi-builder-workspace/Sources/RVS_Checkbox/RVS_Checkbox.swift:25:8: error: no such module 'UIKit'
 23 | */
 24 |
 25 | import UIKit
    |        `- error: no such module 'UIKit'
 26 |
 27 | #if os(iOS)
[6/6] Compiling RVS_Checkbox resource_bundle_accessor.swift
/Users/admin/builder/spi-builder-workspace/Sources/RVS_Checkbox/RVS_Checkbox.swift:25:8: error: no such module 'UIKit'
 23 | */
 24 |
 25 | import UIKit
    |        `- error: no such module 'UIKit'
 26 |
 27 | #if os(iOS)
BUILD FAILURE 6.2 macosSpm