The Swift Package Index logo.Swift Package Index

Build Information

Failed to build Lux, reference 0.5.0 (ec1cb6), with Swift 6.4 for watchOS using Xcode 27.0 on 17 Sep 2026 14:17:04 UTC.

Build Command

env DEVELOPER_DIR=/Applications/Xcode-27.0.0-Release.Candidate.app xcrun xcodebuild -IDEClonedSourcePackagesDirPathOverride=$PWD/.dependencies -skipMacroValidation -skipPackagePluginValidation -derivedDataPath $PWD/.derivedData build -scheme Lux-Package -destination generic/platform=watchOS

Build Log

    cd /Users/admin/builder/spi-builder-workspace/.dependencies/checkouts/swift-argument-parser
    builtin-copy -exclude .DS_Store -exclude CVS -exclude .svn -exclude .git -exclude .hg -resolve-src-symlinks -rename /Users/admin/builder/spi-builder-workspace/.derivedData/Build/Intermediates.noindex/swift-argument-parser.build/Debug-watchos/ArgumentParserToolInfo-t.build/Objects-normal/arm64/ArgumentParserToolInfo.swiftdoc /Users/admin/builder/spi-builder-workspace/.derivedData/Build/Products/Debug-watchos/ArgumentParserToolInfo.swiftmodule/arm64-apple-watchos.swiftdoc
Copy /Users/admin/builder/spi-builder-workspace/.derivedData/Build/Products/Debug-watchos/ArgumentParserToolInfo.swiftmodule/arm64-apple-watchos.abi.json /Users/admin/builder/spi-builder-workspace/.derivedData/Build/Intermediates.noindex/swift-argument-parser.build/Debug-watchos/ArgumentParserToolInfo-t.build/Objects-normal/arm64/ArgumentParserToolInfo.abi.json (in target 'ArgumentParserToolInfo' from project 'swift-argument-parser')
    cd /Users/admin/builder/spi-builder-workspace/.dependencies/checkouts/swift-argument-parser
    builtin-copy -exclude .DS_Store -exclude CVS -exclude .svn -exclude .git -exclude .hg -resolve-src-symlinks -rename /Users/admin/builder/spi-builder-workspace/.derivedData/Build/Intermediates.noindex/swift-argument-parser.build/Debug-watchos/ArgumentParserToolInfo-t.build/Objects-normal/arm64/ArgumentParserToolInfo.abi.json /Users/admin/builder/spi-builder-workspace/.derivedData/Build/Products/Debug-watchos/ArgumentParserToolInfo.swiftmodule/arm64-apple-watchos.abi.json
Copy /Users/admin/builder/spi-builder-workspace/.derivedData/Build/Products/Debug-watchos/ArgumentParserToolInfo.swiftmodule/Project/arm64-apple-watchos.swiftsourceinfo /Users/admin/builder/spi-builder-workspace/.derivedData/Build/Intermediates.noindex/swift-argument-parser.build/Debug-watchos/ArgumentParserToolInfo-t.build/Objects-normal/arm64/ArgumentParserToolInfo.swiftsourceinfo (in target 'ArgumentParserToolInfo' from project 'swift-argument-parser')
    cd /Users/admin/builder/spi-builder-workspace/.dependencies/checkouts/swift-argument-parser
    builtin-copy -exclude .DS_Store -exclude CVS -exclude .svn -exclude .git -exclude .hg -resolve-src-symlinks -rename /Users/admin/builder/spi-builder-workspace/.derivedData/Build/Intermediates.noindex/swift-argument-parser.build/Debug-watchos/ArgumentParserToolInfo-t.build/Objects-normal/arm64/ArgumentParserToolInfo.swiftsourceinfo /Users/admin/builder/spi-builder-workspace/.derivedData/Build/Products/Debug-watchos/ArgumentParserToolInfo.swiftmodule/Project/arm64-apple-watchos.swiftsourceinfo
SwiftExplicitDependencyGeneratePcm arm64 /Users/admin/builder/spi-builder-workspace/.derivedData/SDKExplicitPrecompiledModules/ptrcheck-AIF0NDOYZ8ORBNHQAQR5NNB8M.pcm
SwiftExplicitDependencyGeneratePcm arm64_32 /Users/admin/builder/spi-builder-workspace/.derivedData/SDKExplicitPrecompiledModules/SwiftShims-9CQQGWTSNTN9EB5NSHDWUJICH.pcm
SwiftExplicitDependencyGeneratePcm arm64 /Users/admin/builder/spi-builder-workspace/.derivedData/SDKExplicitPrecompiledModules/_DarwinFoundation1-7SPX3MD0HMP55E4OLNCPNDQ53.pcm
SwiftExplicitDependencyGeneratePcm arm64_32 /Users/admin/builder/spi-builder-workspace/.derivedData/SDKExplicitPrecompiledModules/_Builtin_stdint-1HMXWI3V0V4TXHRWZOMZGZ80Y.pcm
SwiftEmitModule normal arm64_32 Emitting\ module\ for\ ArgumentParserToolInfo (in target 'ArgumentParserToolInfo' from project 'swift-argument-parser')
SwiftCompile normal arm64_32 (in target 'ArgumentParserToolInfo' from project 'swift-argument-parser')
    cd /Users/admin/builder/spi-builder-workspace/.swiftpm/xcode

SwiftExplicitDependencyGeneratePcm arm64 /Users/admin/builder/spi-builder-workspace/.derivedData/SDKExplicitPrecompiledModules/_DarwinFoundation2-D0XAPJU49S5E9XMKYOFGSTB1Q.pcm
SwiftExplicitDependencyGeneratePcm arm64_32 /Users/admin/builder/spi-builder-workspace/.derivedData/SDKExplicitPrecompiledModules/_DarwinFoundation3-3DUTYQDQSD9HUAAVY947NMWOI.pcm
SwiftDriverJobDiscovery normal arm64_32 Emitting module for ArgumentParserToolInfo (in target 'ArgumentParserToolInfo' from project 'swift-argument-parser')
SwiftDriver\ Compilation\ Requirements ArgumentParserToolInfo normal arm64_32 com.apple.xcode.tools.swift.compiler (in target 'ArgumentParserToolInfo' from project 'swift-argument-parser')
    cd /Users/admin/builder/spi-builder-workspace/.swiftpm/xcode
    builtin-Swift-Compilation-Requirements -- /Applications/Xcode-27.0.0-Release.Candidate.app/Contents/Developer/Toolchains/XcodeDefault.xctoolchain/usr/bin/swiftc -parse-as-library -module-name ArgumentParserToolInfo -Onone @/Users/admin/builder/spi-builder-workspace/.derivedData/Build/Intermediates.noindex/swift-argument-parser.build/Debug-watchos/ArgumentParserToolInfo-t.build/Objects-normal/arm64_32/ArgumentParserToolInfo.SwiftFileList -DSWIFT_PACKAGE -DDEBUG -DSWIFT_MODULE_RESOURCE_BUNDLE_UNAVAILABLE -DXcode -plugin-path /Applications/Xcode-27.0.0-Release.Candidate.app/Contents/Developer/Toolchains/XcodeDefault.xctoolchain/usr/lib/swift/host/plugins/testing -enable-experimental-feature DebugDescriptionMacro -sdk /Applications/Xcode-27.0.0-Release.Candidate.app/Contents/Developer/Platforms/WatchOS.platform/Developer/SDKs/WatchOS27.0.sdk -target arm64_32-apple-watchos9.0 -g -module-cache-path /Users/admin/builder/spi-builder-workspace/.derivedData/ModuleCache.noindex -Xfrontend -serialize-debugging-options -enable-testing -suppress-warnings -index-store-path /Users/admin/builder/spi-builder-workspace/.derivedData/Index.noindex/DataStore -Xcc -D_LIBCPP_HARDENING_MODE\=_LIBCPP_HARDENING_MODE_DEBUG -swift-version 5 -I /Users/admin/builder/spi-builder-workspace/.derivedData/Build/Products/Debug-watchos -Isystem /Applications/Xcode-27.0.0-Release.Candidate.app/Contents/Developer/Platforms/WatchOS.platform/Developer/usr/lib -F /Users/admin/builder/spi-builder-workspace/.derivedData/Build/Products/Debug-watchos -F /Applications/Xcode-27.0.0-Release.Candidate.app/Contents/Developer/Platforms/WatchOS.platform/Developer/Library/Frameworks -F /Applications/Xcode-27.0.0-Release.Candidate.app/Contents/Developer/Platforms/WatchOS.platform/Developer/SDKs/WatchOS27.0.sdk/Developer/Library/Frameworks -c -j10 -enable-batch-mode -incremental -Xcc -ivfsstatcache -Xcc /Users/admin/builder/spi-builder-workspace/.derivedData/SDKStatCaches.noindex/watchos27.0-24R360-e829b21a6f8c9b70876ba0858053c04477534ef55a1706bf4c1112bbb242f0a2.sdkstatcache -output-file-map /Users/admin/builder/spi-builder-workspace/.derivedData/Build/Intermediates.noindex/swift-argument-parser.build/Debug-watchos/ArgumentParserToolInfo-t.build/Objects-normal/arm64_32/ArgumentParserToolInfo-OutputFileMap.json -save-temps -no-color-diagnostics -explicit-module-build -module-cache-path /Users/admin/builder/spi-builder-workspace/.derivedData/Build/Intermediates.noindex/SwiftExplicitPrecompiledModules -clang-scanner-module-cache-path /Users/admin/builder/spi-builder-workspace/.derivedData/ModuleCache.noindex -sdk-module-cache-path /Users/admin/builder/spi-builder-workspace/.derivedData/SDKExplicitPrecompiledModules -emit-dependencies -emit-module -emit-module-path /Users/admin/builder/spi-builder-workspace/.derivedData/Build/Intermediates.noindex/swift-argument-parser.build/Debug-watchos/ArgumentParserToolInfo-t.build/Objects-normal/arm64_32/ArgumentParserToolInfo.swiftmodule -serialize-diagnostics -dependency-scan-serialize-diagnostics-path /Users/admin/builder/spi-builder-workspace/.derivedData/Build/Intermediates.noindex/swift-argument-parser.build/Debug-watchos/ArgumentParserToolInfo-t.build/Objects-normal/arm64_32/ArgumentParserToolInfo-dependency-scan.dia -validate-clang-modules-once -clang-build-session-file /Users/admin/builder/spi-builder-workspace/.derivedData/ModuleCache.noindex/Session.modulevalidation -Xcc -fmodules-prune-interval\=86400 -Xcc -fmodules-prune-after\=345600 -emit-const-values -const-gather-protocols-list /Users/admin/builder/spi-builder-workspace/.derivedData/Build/Intermediates.noindex/swift-argument-parser.build/Debug-watchos/ArgumentParserToolInfo-t.build/Objects-normal/arm64_32/ArgumentParserToolInfo_const_extract_protocols.json -Xcc -I/Users/admin/builder/spi-builder-workspace/.derivedData/Build/Products/Debug-watchos/include -Xcc -I/Users/admin/builder/spi-builder-workspace/.derivedData/Build/Intermediates.noindex/swift-argument-parser.build/Debug-watchos/ArgumentParserToolInfo-t.build/DerivedSources-normal/arm64_32 -Xcc -I/Users/admin/builder/spi-builder-workspace/.derivedData/Build/Intermediates.noindex/swift-argument-parser.build/Debug-watchos/ArgumentParserToolInfo-t.build/DerivedSources/arm64_32 -Xcc -I/Users/admin/builder/spi-builder-workspace/.derivedData/Build/Intermediates.noindex/swift-argument-parser.build/Debug-watchos/ArgumentParserToolInfo-t.build/DerivedSources -Xcc -DSWIFT_PACKAGE -Xcc -DDEBUG\=1 -emit-objc-header -emit-objc-header-path /Users/admin/builder/spi-builder-workspace/.derivedData/Build/Intermediates.noindex/swift-argument-parser.build/Debug-watchos/ArgumentParserToolInfo-t.build/Objects-normal/arm64_32/ArgumentParserToolInfo-Swift.h -working-directory /Users/admin/builder/spi-builder-workspace/.swiftpm/xcode -experimental-emit-module-separately -disable-cmo
SwiftExplicitDependencyGeneratePcm arm64 /Users/admin/builder/spi-builder-workspace/.derivedData/SDKExplicitPrecompiledModules/_Builtin_stdint-8XMILLJZEGRN2XG7XZUXZ5RLX.pcm
SwiftMergeGeneratedHeaders /Users/admin/builder/spi-builder-workspace/.derivedData/Build/Intermediates.noindex/GeneratedModuleMaps-watchos/ArgumentParserToolInfo-Swift.h /Users/admin/builder/spi-builder-workspace/.derivedData/Build/Intermediates.noindex/swift-argument-parser.build/Debug-watchos/ArgumentParserToolInfo-t.build/Objects-normal/arm64/ArgumentParserToolInfo-Swift.h /Users/admin/builder/spi-builder-workspace/.derivedData/Build/Intermediates.noindex/swift-argument-parser.build/Debug-watchos/ArgumentParserToolInfo-t.build/Objects-normal/arm64_32/ArgumentParserToolInfo-Swift.h (in target 'ArgumentParserToolInfo' from project 'swift-argument-parser')
    cd /Users/admin/builder/spi-builder-workspace/.dependencies/checkouts/swift-argument-parser
    builtin-swiftHeaderTool -arch arm64 /Users/admin/builder/spi-builder-workspace/.derivedData/Build/Intermediates.noindex/swift-argument-parser.build/Debug-watchos/ArgumentParserToolInfo-t.build/Objects-normal/arm64/ArgumentParserToolInfo-Swift.h -arch arm64_32 /Users/admin/builder/spi-builder-workspace/.derivedData/Build/Intermediates.noindex/swift-argument-parser.build/Debug-watchos/ArgumentParserToolInfo-t.build/Objects-normal/arm64_32/ArgumentParserToolInfo-Swift.h -o /Users/admin/builder/spi-builder-workspace/.derivedData/Build/Intermediates.noindex/GeneratedModuleMaps-watchos/ArgumentParserToolInfo-Swift.h
Copy /Users/admin/builder/spi-builder-workspace/.derivedData/Build/Products/Debug-watchos/ArgumentParserToolInfo.swiftmodule/arm64_32-apple-watchos.swiftmodule /Users/admin/builder/spi-builder-workspace/.derivedData/Build/Intermediates.noindex/swift-argument-parser.build/Debug-watchos/ArgumentParserToolInfo-t.build/Objects-normal/arm64_32/ArgumentParserToolInfo.swiftmodule (in target 'ArgumentParserToolInfo' from project 'swift-argument-parser')
    cd /Users/admin/builder/spi-builder-workspace/.dependencies/checkouts/swift-argument-parser
    builtin-copy -exclude .DS_Store -exclude CVS -exclude .svn -exclude .git -exclude .hg -resolve-src-symlinks -rename /Users/admin/builder/spi-builder-workspace/.derivedData/Build/Intermediates.noindex/swift-argument-parser.build/Debug-watchos/ArgumentParserToolInfo-t.build/Objects-normal/arm64_32/ArgumentParserToolInfo.swiftmodule /Users/admin/builder/spi-builder-workspace/.derivedData/Build/Products/Debug-watchos/ArgumentParserToolInfo.swiftmodule/arm64_32-apple-watchos.swiftmodule
Copy /Users/admin/builder/spi-builder-workspace/.derivedData/Build/Products/Debug-watchos/ArgumentParserToolInfo.swiftmodule/arm64_32-apple-watchos.swiftdoc /Users/admin/builder/spi-builder-workspace/.derivedData/Build/Intermediates.noindex/swift-argument-parser.build/Debug-watchos/ArgumentParserToolInfo-t.build/Objects-normal/arm64_32/ArgumentParserToolInfo.swiftdoc (in target 'ArgumentParserToolInfo' from project 'swift-argument-parser')
    cd /Users/admin/builder/spi-builder-workspace/.dependencies/checkouts/swift-argument-parser
    builtin-copy -exclude .DS_Store -exclude CVS -exclude .svn -exclude .git -exclude .hg -resolve-src-symlinks -rename /Users/admin/builder/spi-builder-workspace/.derivedData/Build/Intermediates.noindex/swift-argument-parser.build/Debug-watchos/ArgumentParserToolInfo-t.build/Objects-normal/arm64_32/ArgumentParserToolInfo.swiftdoc /Users/admin/builder/spi-builder-workspace/.derivedData/Build/Products/Debug-watchos/ArgumentParserToolInfo.swiftmodule/arm64_32-apple-watchos.swiftdoc
Copy /Users/admin/builder/spi-builder-workspace/.derivedData/Build/Products/Debug-watchos/ArgumentParserToolInfo.swiftmodule/arm64_32-apple-watchos.abi.json /Users/admin/builder/spi-builder-workspace/.derivedData/Build/Intermediates.noindex/swift-argument-parser.build/Debug-watchos/ArgumentParserToolInfo-t.build/Objects-normal/arm64_32/ArgumentParserToolInfo.abi.json (in target 'ArgumentParserToolInfo' from project 'swift-argument-parser')
    cd /Users/admin/builder/spi-builder-workspace/.dependencies/checkouts/swift-argument-parser
    builtin-copy -exclude .DS_Store -exclude CVS -exclude .svn -exclude .git -exclude .hg -resolve-src-symlinks -rename /Users/admin/builder/spi-builder-workspace/.derivedData/Build/Intermediates.noindex/swift-argument-parser.build/Debug-watchos/ArgumentParserToolInfo-t.build/Objects-normal/arm64_32/ArgumentParserToolInfo.abi.json /Users/admin/builder/spi-builder-workspace/.derivedData/Build/Products/Debug-watchos/ArgumentParserToolInfo.swiftmodule/arm64_32-apple-watchos.abi.json
Copy /Users/admin/builder/spi-builder-workspace/.derivedData/Build/Products/Debug-watchos/ArgumentParserToolInfo.swiftmodule/Project/arm64_32-apple-watchos.swiftsourceinfo /Users/admin/builder/spi-builder-workspace/.derivedData/Build/Intermediates.noindex/swift-argument-parser.build/Debug-watchos/ArgumentParserToolInfo-t.build/Objects-normal/arm64_32/ArgumentParserToolInfo.swiftsourceinfo (in target 'ArgumentParserToolInfo' from project 'swift-argument-parser')
    cd /Users/admin/builder/spi-builder-workspace/.dependencies/checkouts/swift-argument-parser
    builtin-copy -exclude .DS_Store -exclude CVS -exclude .svn -exclude .git -exclude .hg -resolve-src-symlinks -rename /Users/admin/builder/spi-builder-workspace/.derivedData/Build/Intermediates.noindex/swift-argument-parser.build/Debug-watchos/ArgumentParserToolInfo-t.build/Objects-normal/arm64_32/ArgumentParserToolInfo.swiftsourceinfo /Users/admin/builder/spi-builder-workspace/.derivedData/Build/Products/Debug-watchos/ArgumentParserToolInfo.swiftmodule/Project/arm64_32-apple-watchos.swiftsourceinfo
SwiftExplicitDependencyGeneratePcm arm64 /Users/admin/builder/spi-builder-workspace/.derivedData/SDKExplicitPrecompiledModules/sys_types-2KXQLI78OUCDP779AE68GZJ2.pcm
SwiftExplicitDependencyGeneratePcm arm64_32 /Users/admin/builder/spi-builder-workspace/.derivedData/SDKExplicitPrecompiledModules/string_h-BFVLUQUSBZWYMLCU9QI7VZALW.pcm
SwiftExplicitDependencyGeneratePcm arm64 /Users/admin/builder/spi-builder-workspace/.derivedData/SDKExplicitPrecompiledModules/_Builtin_limits-9GWPA2B0H20DYUNYHYCWKABJG.pcm
SwiftExplicitDependencyGeneratePcm arm64_32 /Users/admin/builder/spi-builder-workspace/.derivedData/SDKExplicitPrecompiledModules/_Builtin_inttypes-D2KPCR4PEX9AQA33NGLUT5SBR.pcm
SwiftDriverJobDiscovery normal arm64_32 Emitting module for SwiftSoup (in target 'SwiftSoup' from project 'SwiftSoup')
SwiftDriver\ Compilation\ Requirements SwiftSoup normal arm64_32 com.apple.xcode.tools.swift.compiler (in target 'SwiftSoup' from project 'SwiftSoup')
    cd /Users/admin/builder/spi-builder-workspace/.swiftpm/xcode
    builtin-Swift-Compilation-Requirements -- /Applications/Xcode-27.0.0-Release.Candidate.app/Contents/Developer/Toolchains/XcodeDefault.xctoolchain/usr/bin/swiftc -parse-as-library -module-name SwiftSoup -Onone @/Users/admin/builder/spi-builder-workspace/.derivedData/Build/Intermediates.noindex/SwiftSoup.build/Debug-watchos/SwiftSoup-t.build/Objects-normal/arm64_32/SwiftSoup.SwiftFileList -DSWIFT_PACKAGE -DDEBUG -DSWIFT_MODULE_RESOURCE_BUNDLE_UNAVAILABLE -DXcode -plugin-path /Applications/Xcode-27.0.0-Release.Candidate.app/Contents/Developer/Toolchains/XcodeDefault.xctoolchain/usr/lib/swift/host/plugins/testing -enable-experimental-feature DebugDescriptionMacro -sdk /Applications/Xcode-27.0.0-Release.Candidate.app/Contents/Developer/Platforms/WatchOS.platform/Developer/SDKs/WatchOS27.0.sdk -target arm64_32-apple-watchos9.0 -g -module-cache-path /Users/admin/builder/spi-builder-workspace/.derivedData/ModuleCache.noindex -Xfrontend -serialize-debugging-options -enable-testing -suppress-warnings -index-store-path /Users/admin/builder/spi-builder-workspace/.derivedData/Index.noindex/DataStore -Xcc -D_LIBCPP_HARDENING_MODE\=_LIBCPP_HARDENING_MODE_DEBUG -swift-version 4 -I /Users/admin/builder/spi-builder-workspace/.derivedData/Build/Products/Debug-watchos -Isystem /Applications/Xcode-27.0.0-Release.Candidate.app/Contents/Developer/Platforms/WatchOS.platform/Developer/usr/lib -F /Users/admin/builder/spi-builder-workspace/.derivedData/Build/Products/Debug-watchos -F /Applications/Xcode-27.0.0-Release.Candidate.app/Contents/Developer/Platforms/WatchOS.platform/Developer/Library/Frameworks -F /Applications/Xcode-27.0.0-Release.Candidate.app/Contents/Developer/Platforms/WatchOS.platform/Developer/SDKs/WatchOS27.0.sdk/Developer/Library/Frameworks -c -j10 -enable-batch-mode -incremental -Xcc -ivfsstatcache -Xcc /Users/admin/builder/spi-builder-workspace/.derivedData/SDKStatCaches.noindex/watchos27.0-24R360-e829b21a6f8c9b70876ba0858053c04477534ef55a1706bf4c1112bbb242f0a2.sdkstatcache -output-file-map /Users/admin/builder/spi-builder-workspace/.derivedData/Build/Intermediates.noindex/SwiftSoup.build/Debug-watchos/SwiftSoup-t.build/Objects-normal/arm64_32/SwiftSoup-OutputFileMap.json -save-temps -no-color-diagnostics -emit-dependencies -emit-module -emit-module-path /Users/admin/builder/spi-builder-workspace/.derivedData/Build/Intermediates.noindex/SwiftSoup.build/Debug-watchos/SwiftSoup-t.build/Objects-normal/arm64_32/SwiftSoup.swiftmodule -serialize-diagnostics -validate-clang-modules-once -clang-build-session-file /Users/admin/builder/spi-builder-workspace/.derivedData/ModuleCache.noindex/Session.modulevalidation -Xcc -fmodules-prune-interval\=86400 -Xcc -fmodules-prune-after\=345600 -emit-const-values -const-gather-protocols-list /Users/admin/builder/spi-builder-workspace/.derivedData/Build/Intermediates.noindex/SwiftSoup.build/Debug-watchos/SwiftSoup-t.build/Objects-normal/arm64_32/SwiftSoup_const_extract_protocols.json -Xcc -I/Users/admin/builder/spi-builder-workspace/.derivedData/Build/Products/Debug-watchos/include -Xcc -I/Users/admin/builder/spi-builder-workspace/.derivedData/Build/Intermediates.noindex/SwiftSoup.build/Debug-watchos/SwiftSoup-t.build/DerivedSources-normal/arm64_32 -Xcc -I/Users/admin/builder/spi-builder-workspace/.derivedData/Build/Intermediates.noindex/SwiftSoup.build/Debug-watchos/SwiftSoup-t.build/DerivedSources/arm64_32 -Xcc -I/Users/admin/builder/spi-builder-workspace/.derivedData/Build/Intermediates.noindex/SwiftSoup.build/Debug-watchos/SwiftSoup-t.build/DerivedSources -Xcc -DSWIFT_PACKAGE -Xcc -DDEBUG\=1 -emit-objc-header -emit-objc-header-path /Users/admin/builder/spi-builder-workspace/.derivedData/Build/Intermediates.noindex/SwiftSoup.build/Debug-watchos/SwiftSoup-t.build/Objects-normal/arm64_32/SwiftSoup-Swift.h -working-directory /Users/admin/builder/spi-builder-workspace/.swiftpm/xcode -experimental-emit-module-separately -disable-cmo
SwiftExplicitDependencyGeneratePcm arm64_32 /Users/admin/builder/spi-builder-workspace/.derivedData/SDKExplicitPrecompiledModules/sys_types-8TLLMW08ZJWDGIIPKOYFGHHZW.pcm
Copy /Users/admin/builder/spi-builder-workspace/.derivedData/Build/Products/Debug-watchos/SwiftSoup.swiftmodule/arm64_32-apple-watchos.swiftmodule /Users/admin/builder/spi-builder-workspace/.derivedData/Build/Intermediates.noindex/SwiftSoup.build/Debug-watchos/SwiftSoup-t.build/Objects-normal/arm64_32/SwiftSoup.swiftmodule (in target 'SwiftSoup' from project 'SwiftSoup')
    cd /Users/admin/builder/spi-builder-workspace/.dependencies/checkouts/SwiftSoup
    builtin-copy -exclude .DS_Store -exclude CVS -exclude .svn -exclude .git -exclude .hg -resolve-src-symlinks -rename /Users/admin/builder/spi-builder-workspace/.derivedData/Build/Intermediates.noindex/SwiftSoup.build/Debug-watchos/SwiftSoup-t.build/Objects-normal/arm64_32/SwiftSoup.swiftmodule /Users/admin/builder/spi-builder-workspace/.derivedData/Build/Products/Debug-watchos/SwiftSoup.swiftmodule/arm64_32-apple-watchos.swiftmodule
Copy /Users/admin/builder/spi-builder-workspace/.derivedData/Build/Products/Debug-watchos/SwiftSoup.swiftmodule/arm64_32-apple-watchos.swiftdoc /Users/admin/builder/spi-builder-workspace/.derivedData/Build/Intermediates.noindex/SwiftSoup.build/Debug-watchos/SwiftSoup-t.build/Objects-normal/arm64_32/SwiftSoup.swiftdoc (in target 'SwiftSoup' from project 'SwiftSoup')
    cd /Users/admin/builder/spi-builder-workspace/.dependencies/checkouts/SwiftSoup
    builtin-copy -exclude .DS_Store -exclude CVS -exclude .svn -exclude .git -exclude .hg -resolve-src-symlinks -rename /Users/admin/builder/spi-builder-workspace/.derivedData/Build/Intermediates.noindex/SwiftSoup.build/Debug-watchos/SwiftSoup-t.build/Objects-normal/arm64_32/SwiftSoup.swiftdoc /Users/admin/builder/spi-builder-workspace/.derivedData/Build/Products/Debug-watchos/SwiftSoup.swiftmodule/arm64_32-apple-watchos.swiftdoc
Copy /Users/admin/builder/spi-builder-workspace/.derivedData/Build/Products/Debug-watchos/SwiftSoup.swiftmodule/arm64_32-apple-watchos.abi.json /Users/admin/builder/spi-builder-workspace/.derivedData/Build/Intermediates.noindex/SwiftSoup.build/Debug-watchos/SwiftSoup-t.build/Objects-normal/arm64_32/SwiftSoup.abi.json (in target 'SwiftSoup' from project 'SwiftSoup')
    cd /Users/admin/builder/spi-builder-workspace/.dependencies/checkouts/SwiftSoup
    builtin-copy -exclude .DS_Store -exclude CVS -exclude .svn -exclude .git -exclude .hg -resolve-src-symlinks -rename /Users/admin/builder/spi-builder-workspace/.derivedData/Build/Intermediates.noindex/SwiftSoup.build/Debug-watchos/SwiftSoup-t.build/Objects-normal/arm64_32/SwiftSoup.abi.json /Users/admin/builder/spi-builder-workspace/.derivedData/Build/Products/Debug-watchos/SwiftSoup.swiftmodule/arm64_32-apple-watchos.abi.json
Copy /Users/admin/builder/spi-builder-workspace/.derivedData/Build/Products/Debug-watchos/SwiftSoup.swiftmodule/Project/arm64_32-apple-watchos.swiftsourceinfo /Users/admin/builder/spi-builder-workspace/.derivedData/Build/Intermediates.noindex/SwiftSoup.build/Debug-watchos/SwiftSoup-t.build/Objects-normal/arm64_32/SwiftSoup.swiftsourceinfo (in target 'SwiftSoup' from project 'SwiftSoup')
    cd /Users/admin/builder/spi-builder-workspace/.dependencies/checkouts/SwiftSoup
    builtin-copy -exclude .DS_Store -exclude CVS -exclude .svn -exclude .git -exclude .hg -resolve-src-symlinks -rename /Users/admin/builder/spi-builder-workspace/.derivedData/Build/Intermediates.noindex/SwiftSoup.build/Debug-watchos/SwiftSoup-t.build/Objects-normal/arm64_32/SwiftSoup.swiftsourceinfo /Users/admin/builder/spi-builder-workspace/.derivedData/Build/Products/Debug-watchos/SwiftSoup.swiftmodule/Project/arm64_32-apple-watchos.swiftsourceinfo
SwiftExplicitDependencyGeneratePcm arm64_32 /Users/admin/builder/spi-builder-workspace/.derivedData/SDKExplicitPrecompiledModules/Darwin-3FVT1SKLN2ZQ5RVOABMTQBB34.pcm
SwiftExplicitDependencyGeneratePcm arm64 /Users/admin/builder/spi-builder-workspace/.derivedData/SDKExplicitPrecompiledModules/string_h-E6PRXK75PHIPCZFWOFCQ3QBMK.pcm
SwiftExplicitDependencyGeneratePcm arm64 /Users/admin/builder/spi-builder-workspace/.derivedData/SDKExplicitPrecompiledModules/_DarwinFoundation3-B97LRG0E9GON2NUE65TVG81HU.pcm
SwiftCompile normal arm64 Compiling\ SerializationException.swift,\ SimpleDictionary.swift,\ StreamReader.swift,\ String.swift,\ StringBuilder.swift /Users/admin/builder/spi-builder-workspace/.dependencies/checkouts/SwiftSoup/Sources/SerializationException.swift /Users/admin/builder/spi-builder-workspace/.dependencies/checkouts/SwiftSoup/Sources/SimpleDictionary.swift /Users/admin/builder/spi-builder-workspace/.dependencies/checkouts/SwiftSoup/Sources/StreamReader.swift /Users/admin/builder/spi-builder-workspace/.dependencies/checkouts/SwiftSoup/Sources/String.swift /Users/admin/builder/spi-builder-workspace/.dependencies/checkouts/SwiftSoup/Sources/StringBuilder.swift (in target 'SwiftSoup' from project 'SwiftSoup')
SwiftCompile normal arm64 /Users/admin/builder/spi-builder-workspace/.dependencies/checkouts/SwiftSoup/Sources/SerializationException.swift (in target 'SwiftSoup' from project 'SwiftSoup')
    cd /Users/admin/builder/spi-builder-workspace/.swiftpm/xcode
    builtin-SwiftPerFileCompile SerializationException.swift
SwiftCompile normal arm64 /Users/admin/builder/spi-builder-workspace/.dependencies/checkouts/SwiftSoup/Sources/SimpleDictionary.swift (in target 'SwiftSoup' from project 'SwiftSoup')
    cd /Users/admin/builder/spi-builder-workspace/.swiftpm/xcode
    builtin-SwiftPerFileCompile SimpleDictionary.swift
SwiftCompile normal arm64 /Users/admin/builder/spi-builder-workspace/.dependencies/checkouts/SwiftSoup/Sources/StreamReader.swift (in target 'SwiftSoup' from project 'SwiftSoup')
    cd /Users/admin/builder/spi-builder-workspace/.swiftpm/xcode
    builtin-SwiftPerFileCompile StreamReader.swift
SwiftCompile normal arm64 /Users/admin/builder/spi-builder-workspace/.dependencies/checkouts/SwiftSoup/Sources/String.swift (in target 'SwiftSoup' from project 'SwiftSoup')
    cd /Users/admin/builder/spi-builder-workspace/.swiftpm/xcode
    builtin-SwiftPerFileCompile String.swift
SwiftCompile normal arm64 /Users/admin/builder/spi-builder-workspace/.dependencies/checkouts/SwiftSoup/Sources/StringBuilder.swift (in target 'SwiftSoup' from project 'SwiftSoup')
    cd /Users/admin/builder/spi-builder-workspace/.swiftpm/xcode
    builtin-SwiftPerFileCompile StringBuilder.swift
SwiftDriverJobDiscovery normal arm64 Emitting module for SwiftSoup (in target 'SwiftSoup' from project 'SwiftSoup')
SwiftDriver\ Compilation\ Requirements SwiftSoup normal arm64 com.apple.xcode.tools.swift.compiler (in target 'SwiftSoup' from project 'SwiftSoup')
    cd /Users/admin/builder/spi-builder-workspace/.swiftpm/xcode
    builtin-Swift-Compilation-Requirements -- /Applications/Xcode-27.0.0-Release.Candidate.app/Contents/Developer/Toolchains/XcodeDefault.xctoolchain/usr/bin/swiftc -parse-as-library -module-name SwiftSoup -Onone @/Users/admin/builder/spi-builder-workspace/.derivedData/Build/Intermediates.noindex/SwiftSoup.build/Debug-watchos/SwiftSoup-t.build/Objects-normal/arm64/SwiftSoup.SwiftFileList -DSWIFT_PACKAGE -DDEBUG -DSWIFT_MODULE_RESOURCE_BUNDLE_UNAVAILABLE -DXcode -plugin-path /Applications/Xcode-27.0.0-Release.Candidate.app/Contents/Developer/Toolchains/XcodeDefault.xctoolchain/usr/lib/swift/host/plugins/testing -enable-experimental-feature DebugDescriptionMacro -sdk /Applications/Xcode-27.0.0-Release.Candidate.app/Contents/Developer/Platforms/WatchOS.platform/Developer/SDKs/WatchOS27.0.sdk -target arm64-apple-watchos9.0 -g -module-cache-path /Users/admin/builder/spi-builder-workspace/.derivedData/ModuleCache.noindex -Xfrontend -serialize-debugging-options -enable-testing -suppress-warnings -index-store-path /Users/admin/builder/spi-builder-workspace/.derivedData/Index.noindex/DataStore -Xcc -D_LIBCPP_HARDENING_MODE\=_LIBCPP_HARDENING_MODE_DEBUG -swift-version 4 -I /Users/admin/builder/spi-builder-workspace/.derivedData/Build/Products/Debug-watchos -Isystem /Applications/Xcode-27.0.0-Release.Candidate.app/Contents/Developer/Platforms/WatchOS.platform/Developer/usr/lib -F /Users/admin/builder/spi-builder-workspace/.derivedData/Build/Products/Debug-watchos -F /Applications/Xcode-27.0.0-Release.Candidate.app/Contents/Developer/Platforms/WatchOS.platform/Developer/Library/Frameworks -F /Applications/Xcode-27.0.0-Release.Candidate.app/Contents/Developer/Platforms/WatchOS.platform/Developer/SDKs/WatchOS27.0.sdk/Developer/Library/Frameworks -c -j10 -enable-batch-mode -incremental -Xcc -ivfsstatcache -Xcc /Users/admin/builder/spi-builder-workspace/.derivedData/SDKStatCaches.noindex/watchos27.0-24R360-e829b21a6f8c9b70876ba0858053c04477534ef55a1706bf4c1112bbb242f0a2.sdkstatcache -output-file-map /Users/admin/builder/spi-builder-workspace/.derivedData/Build/Intermediates.noindex/SwiftSoup.build/Debug-watchos/SwiftSoup-t.build/Objects-normal/arm64/SwiftSoup-OutputFileMap.json -save-temps -no-color-diagnostics -emit-dependencies -emit-module -emit-module-path /Users/admin/builder/spi-builder-workspace/.derivedData/Build/Intermediates.noindex/SwiftSoup.build/Debug-watchos/SwiftSoup-t.build/Objects-normal/arm64/SwiftSoup.swiftmodule -serialize-diagnostics -validate-clang-modules-once -clang-build-session-file /Users/admin/builder/spi-builder-workspace/.derivedData/ModuleCache.noindex/Session.modulevalidation -Xcc -fmodules-prune-interval\=86400 -Xcc -fmodules-prune-after\=345600 -emit-const-values -const-gather-protocols-list /Users/admin/builder/spi-builder-workspace/.derivedData/Build/Intermediates.noindex/SwiftSoup.build/Debug-watchos/SwiftSoup-t.build/Objects-normal/arm64/SwiftSoup_const_extract_protocols.json -Xcc -I/Users/admin/builder/spi-builder-workspace/.derivedData/Build/Products/Debug-watchos/include -Xcc -I/Users/admin/builder/spi-builder-workspace/.derivedData/Build/Intermediates.noindex/SwiftSoup.build/Debug-watchos/SwiftSoup-t.build/DerivedSources-normal/arm64 -Xcc -I/Users/admin/builder/spi-builder-workspace/.derivedData/Build/Intermediates.noindex/SwiftSoup.build/Debug-watchos/SwiftSoup-t.build/DerivedSources/arm64 -Xcc -I/Users/admin/builder/spi-builder-workspace/.derivedData/Build/Intermediates.noindex/SwiftSoup.build/Debug-watchos/SwiftSoup-t.build/DerivedSources -Xcc -DSWIFT_PACKAGE -Xcc -DDEBUG\=1 -emit-objc-header -emit-objc-header-path /Users/admin/builder/spi-builder-workspace/.derivedData/Build/Intermediates.noindex/SwiftSoup.build/Debug-watchos/SwiftSoup-t.build/Objects-normal/arm64/SwiftSoup-Swift.h -working-directory /Users/admin/builder/spi-builder-workspace/.swiftpm/xcode -experimental-emit-module-separately -disable-cmo
SwiftCompile normal arm64 Compiling\ UnicodeScalar.swift,\ Validate.swift,\ Whitelist.swift,\ XmlDeclaration.swift,\ XmlTreeBuilder.swift /Users/admin/builder/spi-builder-workspace/.dependencies/checkouts/SwiftSoup/Sources/UnicodeScalar.swift /Users/admin/builder/spi-builder-workspace/.dependencies/checkouts/SwiftSoup/Sources/Validate.swift /Users/admin/builder/spi-builder-workspace/.dependencies/checkouts/SwiftSoup/Sources/Whitelist.swift /Users/admin/builder/spi-builder-workspace/.dependencies/checkouts/SwiftSoup/Sources/XmlDeclaration.swift /Users/admin/builder/spi-builder-workspace/.dependencies/checkouts/SwiftSoup/Sources/XmlTreeBuilder.swift (in target 'SwiftSoup' from project 'SwiftSoup')
SwiftCompile normal arm64 /Users/admin/builder/spi-builder-workspace/.dependencies/checkouts/SwiftSoup/Sources/UnicodeScalar.swift (in target 'SwiftSoup' from project 'SwiftSoup')
    cd /Users/admin/builder/spi-builder-workspace/.swiftpm/xcode
    builtin-SwiftPerFileCompile UnicodeScalar.swift
SwiftCompile normal arm64 /Users/admin/builder/spi-builder-workspace/.dependencies/checkouts/SwiftSoup/Sources/Validate.swift (in target 'SwiftSoup' from project 'SwiftSoup')
    cd /Users/admin/builder/spi-builder-workspace/.swiftpm/xcode
    builtin-SwiftPerFileCompile Validate.swift
SwiftCompile normal arm64 /Users/admin/builder/spi-builder-workspace/.dependencies/checkouts/SwiftSoup/Sources/Whitelist.swift (in target 'SwiftSoup' from project 'SwiftSoup')
    cd /Users/admin/builder/spi-builder-workspace/.swiftpm/xcode
    builtin-SwiftPerFileCompile Whitelist.swift
SwiftCompile normal arm64 /Users/admin/builder/spi-builder-workspace/.dependencies/checkouts/SwiftSoup/Sources/XmlDeclaration.swift (in target 'SwiftSoup' from project 'SwiftSoup')
    cd /Users/admin/builder/spi-builder-workspace/.swiftpm/xcode
    builtin-SwiftPerFileCompile XmlDeclaration.swift
SwiftCompile normal arm64 /Users/admin/builder/spi-builder-workspace/.dependencies/checkouts/SwiftSoup/Sources/XmlTreeBuilder.swift (in target 'SwiftSoup' from project 'SwiftSoup')
    cd /Users/admin/builder/spi-builder-workspace/.swiftpm/xcode
    builtin-SwiftPerFileCompile XmlTreeBuilder.swift
SwiftMergeGeneratedHeaders /Users/admin/builder/spi-builder-workspace/.derivedData/Build/Intermediates.noindex/GeneratedModuleMaps-watchos/SwiftSoup-Swift.h /Users/admin/builder/spi-builder-workspace/.derivedData/Build/Intermediates.noindex/SwiftSoup.build/Debug-watchos/SwiftSoup-t.build/Objects-normal/arm64/SwiftSoup-Swift.h /Users/admin/builder/spi-builder-workspace/.derivedData/Build/Intermediates.noindex/SwiftSoup.build/Debug-watchos/SwiftSoup-t.build/Objects-normal/arm64_32/SwiftSoup-Swift.h (in target 'SwiftSoup' from project 'SwiftSoup')
    cd /Users/admin/builder/spi-builder-workspace/.dependencies/checkouts/SwiftSoup
    builtin-swiftHeaderTool -arch arm64 /Users/admin/builder/spi-builder-workspace/.derivedData/Build/Intermediates.noindex/SwiftSoup.build/Debug-watchos/SwiftSoup-t.build/Objects-normal/arm64/SwiftSoup-Swift.h -arch arm64_32 /Users/admin/builder/spi-builder-workspace/.derivedData/Build/Intermediates.noindex/SwiftSoup.build/Debug-watchos/SwiftSoup-t.build/Objects-normal/arm64_32/SwiftSoup-Swift.h -o /Users/admin/builder/spi-builder-workspace/.derivedData/Build/Intermediates.noindex/GeneratedModuleMaps-watchos/SwiftSoup-Swift.h
Copy /Users/admin/builder/spi-builder-workspace/.derivedData/Build/Products/Debug-watchos/SwiftSoup.swiftmodule/arm64-apple-watchos.swiftmodule /Users/admin/builder/spi-builder-workspace/.derivedData/Build/Intermediates.noindex/SwiftSoup.build/Debug-watchos/SwiftSoup-t.build/Objects-normal/arm64/SwiftSoup.swiftmodule (in target 'SwiftSoup' from project 'SwiftSoup')
    cd /Users/admin/builder/spi-builder-workspace/.dependencies/checkouts/SwiftSoup
    builtin-copy -exclude .DS_Store -exclude CVS -exclude .svn -exclude .git -exclude .hg -resolve-src-symlinks -rename /Users/admin/builder/spi-builder-workspace/.derivedData/Build/Intermediates.noindex/SwiftSoup.build/Debug-watchos/SwiftSoup-t.build/Objects-normal/arm64/SwiftSoup.swiftmodule /Users/admin/builder/spi-builder-workspace/.derivedData/Build/Products/Debug-watchos/SwiftSoup.swiftmodule/arm64-apple-watchos.swiftmodule
Copy /Users/admin/builder/spi-builder-workspace/.derivedData/Build/Products/Debug-watchos/SwiftSoup.swiftmodule/arm64-apple-watchos.swiftdoc /Users/admin/builder/spi-builder-workspace/.derivedData/Build/Intermediates.noindex/SwiftSoup.build/Debug-watchos/SwiftSoup-t.build/Objects-normal/arm64/SwiftSoup.swiftdoc (in target 'SwiftSoup' from project 'SwiftSoup')
    cd /Users/admin/builder/spi-builder-workspace/.dependencies/checkouts/SwiftSoup
    builtin-copy -exclude .DS_Store -exclude CVS -exclude .svn -exclude .git -exclude .hg -resolve-src-symlinks -rename /Users/admin/builder/spi-builder-workspace/.derivedData/Build/Intermediates.noindex/SwiftSoup.build/Debug-watchos/SwiftSoup-t.build/Objects-normal/arm64/SwiftSoup.swiftdoc /Users/admin/builder/spi-builder-workspace/.derivedData/Build/Products/Debug-watchos/SwiftSoup.swiftmodule/arm64-apple-watchos.swiftdoc
Copy /Users/admin/builder/spi-builder-workspace/.derivedData/Build/Products/Debug-watchos/SwiftSoup.swiftmodule/arm64-apple-watchos.abi.json /Users/admin/builder/spi-builder-workspace/.derivedData/Build/Intermediates.noindex/SwiftSoup.build/Debug-watchos/SwiftSoup-t.build/Objects-normal/arm64/SwiftSoup.abi.json (in target 'SwiftSoup' from project 'SwiftSoup')
    cd /Users/admin/builder/spi-builder-workspace/.dependencies/checkouts/SwiftSoup
    builtin-copy -exclude .DS_Store -exclude CVS -exclude .svn -exclude .git -exclude .hg -resolve-src-symlinks -rename /Users/admin/builder/spi-builder-workspace/.derivedData/Build/Intermediates.noindex/SwiftSoup.build/Debug-watchos/SwiftSoup-t.build/Objects-normal/arm64/SwiftSoup.abi.json /Users/admin/builder/spi-builder-workspace/.derivedData/Build/Products/Debug-watchos/SwiftSoup.swiftmodule/arm64-apple-watchos.abi.json
Copy /Users/admin/builder/spi-builder-workspace/.derivedData/Build/Products/Debug-watchos/SwiftSoup.swiftmodule/Project/arm64-apple-watchos.swiftsourceinfo /Users/admin/builder/spi-builder-workspace/.derivedData/Build/Intermediates.noindex/SwiftSoup.build/Debug-watchos/SwiftSoup-t.build/Objects-normal/arm64/SwiftSoup.swiftsourceinfo (in target 'SwiftSoup' from project 'SwiftSoup')
    cd /Users/admin/builder/spi-builder-workspace/.dependencies/checkouts/SwiftSoup
    builtin-copy -exclude .DS_Store -exclude CVS -exclude .svn -exclude .git -exclude .hg -resolve-src-symlinks -rename /Users/admin/builder/spi-builder-workspace/.derivedData/Build/Intermediates.noindex/SwiftSoup.build/Debug-watchos/SwiftSoup-t.build/Objects-normal/arm64/SwiftSoup.swiftsourceinfo /Users/admin/builder/spi-builder-workspace/.derivedData/Build/Products/Debug-watchos/SwiftSoup.swiftmodule/Project/arm64-apple-watchos.swiftsourceinfo
SwiftExplicitDependencyGeneratePcm arm64 /Users/admin/builder/spi-builder-workspace/.derivedData/SDKExplicitPrecompiledModules/_Builtin_inttypes-3UQSCM7WNM9EK4HZML8TY5J3D.pcm
SwiftExplicitDependencyGeneratePcm arm64 /Users/admin/builder/spi-builder-workspace/.derivedData/SDKExplicitPrecompiledModules/Darwin-3984OXKFNSPE77NT743WK8SEX.pcm
SwiftExplicitDependencyGeneratePcm arm64_32 /Users/admin/builder/spi-builder-workspace/.derivedData/SDKExplicitPrecompiledModules/ObjectiveC-6IJNELR2E80E7LUKESVCP2KET.pcm
SwiftExplicitDependencyGeneratePcm arm64_32 /Users/admin/builder/spi-builder-workspace/.derivedData/SDKExplicitPrecompiledModules/os_object-5YWTC6L4756IWSTPGXS5NM0D0.pcm
SwiftExplicitDependencyGeneratePcm arm64_32 /Users/admin/builder/spi-builder-workspace/.derivedData/SDKExplicitPrecompiledModules/os_workgroup-5JHTPDMNBUNHLJI8LPHKQK1JK.pcm
SwiftExplicitDependencyGeneratePcm arm64 /Users/admin/builder/spi-builder-workspace/.derivedData/SDKExplicitPrecompiledModules/ObjectiveC-72IVD3VS2RS8Q28D9PIMY0KQP.pcm
SwiftExplicitDependencyGeneratePcm arm64_32 /Users/admin/builder/spi-builder-workspace/.derivedData/SDKExplicitPrecompiledModules/Dispatch-2P62F1T4XV63S4P99TUDTOK2Q.pcm
SwiftExplicitDependencyGeneratePcm arm64 /Users/admin/builder/spi-builder-workspace/.derivedData/SDKExplicitPrecompiledModules/os_object-3SDKD7F87FTZ26OON37DRYT6O.pcm
SwiftCompile normal arm64_32 Compiling\ Node.swift,\ NodeTraversor.swift,\ NodeVisitor.swift,\ OrderedDictionary.swift,\ OrderedSet.swift,\ ParseError.swift /Users/admin/builder/spi-builder-workspace/.dependencies/checkouts/SwiftSoup/Sources/Node.swift /Users/admin/builder/spi-builder-workspace/.dependencies/checkouts/SwiftSoup/Sources/NodeTraversor.swift /Users/admin/builder/spi-builder-workspace/.dependencies/checkouts/SwiftSoup/Sources/NodeVisitor.swift /Users/admin/builder/spi-builder-workspace/.dependencies/checkouts/SwiftSoup/Sources/OrderedDictionary.swift /Users/admin/builder/spi-builder-workspace/.dependencies/checkouts/SwiftSoup/Sources/OrderedSet.swift /Users/admin/builder/spi-builder-workspace/.dependencies/checkouts/SwiftSoup/Sources/ParseError.swift (in target 'SwiftSoup' from project 'SwiftSoup')
SwiftCompile normal arm64_32 /Users/admin/builder/spi-builder-workspace/.dependencies/checkouts/SwiftSoup/Sources/Node.swift (in target 'SwiftSoup' from project 'SwiftSoup')
    cd /Users/admin/builder/spi-builder-workspace/.swiftpm/xcode
    builtin-SwiftPerFileCompile Node.swift
SwiftCompile normal arm64_32 /Users/admin/builder/spi-builder-workspace/.dependencies/checkouts/SwiftSoup/Sources/NodeTraversor.swift (in target 'SwiftSoup' from project 'SwiftSoup')
    cd /Users/admin/builder/spi-builder-workspace/.swiftpm/xcode
    builtin-SwiftPerFileCompile NodeTraversor.swift
SwiftCompile normal arm64_32 /Users/admin/builder/spi-builder-workspace/.dependencies/checkouts/SwiftSoup/Sources/NodeVisitor.swift (in target 'SwiftSoup' from project 'SwiftSoup')
    cd /Users/admin/builder/spi-builder-workspace/.swiftpm/xcode
    builtin-SwiftPerFileCompile NodeVisitor.swift
SwiftCompile normal arm64_32 /Users/admin/builder/spi-builder-workspace/.dependencies/checkouts/SwiftSoup/Sources/OrderedDictionary.swift (in target 'SwiftSoup' from project 'SwiftSoup')
    cd /Users/admin/builder/spi-builder-workspace/.swiftpm/xcode
    builtin-SwiftPerFileCompile OrderedDictionary.swift
SwiftCompile normal arm64_32 /Users/admin/builder/spi-builder-workspace/.dependencies/checkouts/SwiftSoup/Sources/OrderedSet.swift (in target 'SwiftSoup' from project 'SwiftSoup')
    cd /Users/admin/builder/spi-builder-workspace/.swiftpm/xcode
    builtin-SwiftPerFileCompile OrderedSet.swift
SwiftCompile normal arm64_32 /Users/admin/builder/spi-builder-workspace/.dependencies/checkouts/SwiftSoup/Sources/ParseError.swift (in target 'SwiftSoup' from project 'SwiftSoup')
    cd /Users/admin/builder/spi-builder-workspace/.swiftpm/xcode
    builtin-SwiftPerFileCompile ParseError.swift
SwiftExplicitDependencyGeneratePcm arm64_32 /Users/admin/builder/spi-builder-workspace/.derivedData/SDKExplicitPrecompiledModules/XPC-81Y45QFY96XYYFCW2GT6FY8S4.pcm
SwiftExplicitDependencyGeneratePcm arm64_32 /Users/admin/builder/spi-builder-workspace/.derivedData/SDKExplicitPrecompiledModules/CoreFoundation-8E6Y4BA3EXYKUGJ24GT9LGV3N.pcm
SwiftExplicitDependencyGeneratePcm arm64 /Users/admin/builder/spi-builder-workspace/.derivedData/SDKExplicitPrecompiledModules/os_workgroup-89GG5G7YC2D0ZTK6AZXXQ20DH.pcm
SwiftExplicitDependencyGeneratePcm arm64_32 /Users/admin/builder/spi-builder-workspace/.derivedData/SDKExplicitPrecompiledModules/Security-D7TOWF88VWF67TB9HAFP5UWB1.pcm
SwiftExplicitDependencyGeneratePcm arm64 /Users/admin/builder/spi-builder-workspace/.derivedData/SDKExplicitPrecompiledModules/Dispatch-1NLJOVAK60XP0DUB05XA59EIM.pcm
SwiftExplicitDependencyGeneratePcm arm64_32 /Users/admin/builder/spi-builder-workspace/.derivedData/SDKExplicitPrecompiledModules/Foundation-BJ2VQGI3OGR34500MEQ1VKHPH.pcm
SwiftExplicitDependencyGeneratePcm arm64 /Users/admin/builder/spi-builder-workspace/.derivedData/SDKExplicitPrecompiledModules/CoreFoundation-8T2L24YC5NU7WO6WQJWRY7W08.pcm
SwiftDriverJobDiscovery normal arm64_32 Compiling Cleaner.swift, Collector.swift, CombiningEvaluator.swift, Comment.swift, Connection.swift, DataNode.swift (in target 'SwiftSoup' from project 'SwiftSoup')
SwiftExplicitDependencyGeneratePcm arm64 /Users/admin/builder/spi-builder-workspace/.derivedData/SDKExplicitPrecompiledModules/XPC-40DR0X1DHKGCV4J1IOLFS8MOU.pcm
SwiftDriverJobDiscovery normal arm64_32 Compiling ParseErrorList.swift, ParseSettings.swift, Parser.swift, Pattern.swift, QueryParser.swift, Selector.swift (in target 'SwiftSoup' from project 'SwiftSoup')
SwiftCompile normal arm64 Compiling\ Token.swift,\ TokenQueue.swift,\ Tokeniser.swift,\ TokeniserState.swift,\ TreeBuilder.swift /Users/admin/builder/spi-builder-workspace/.dependencies/checkouts/SwiftSoup/Sources/Token.swift /Users/admin/builder/spi-builder-workspace/.dependencies/checkouts/SwiftSoup/Sources/TokenQueue.swift /Users/admin/builder/spi-builder-workspace/.dependencies/checkouts/SwiftSoup/Sources/Tokeniser.swift /Users/admin/builder/spi-builder-workspace/.dependencies/checkouts/SwiftSoup/Sources/TokeniserState.swift /Users/admin/builder/spi-builder-workspace/.dependencies/checkouts/SwiftSoup/Sources/TreeBuilder.swift (in target 'SwiftSoup' from project 'SwiftSoup')
SwiftCompile normal arm64 /Users/admin/builder/spi-builder-workspace/.dependencies/checkouts/SwiftSoup/Sources/Token.swift (in target 'SwiftSoup' from project 'SwiftSoup')
    cd /Users/admin/builder/spi-builder-workspace/.swiftpm/xcode
    builtin-SwiftPerFileCompile Token.swift
SwiftCompile normal arm64 /Users/admin/builder/spi-builder-workspace/.dependencies/checkouts/SwiftSoup/Sources/TokenQueue.swift (in target 'SwiftSoup' from project 'SwiftSoup')
    cd /Users/admin/builder/spi-builder-workspace/.swiftpm/xcode
    builtin-SwiftPerFileCompile TokenQueue.swift
SwiftCompile normal arm64 /Users/admin/builder/spi-builder-workspace/.dependencies/checkouts/SwiftSoup/Sources/Tokeniser.swift (in target 'SwiftSoup' from project 'SwiftSoup')
    cd /Users/admin/builder/spi-builder-workspace/.swiftpm/xcode
    builtin-SwiftPerFileCompile Tokeniser.swift
SwiftCompile normal arm64 /Users/admin/builder/spi-builder-workspace/.dependencies/checkouts/SwiftSoup/Sources/TokeniserState.swift (in target 'SwiftSoup' from project 'SwiftSoup')
    cd /Users/admin/builder/spi-builder-workspace/.swiftpm/xcode
    builtin-SwiftPerFileCompile TokeniserState.swift
SwiftCompile normal arm64 /Users/admin/builder/spi-builder-workspace/.dependencies/checkouts/SwiftSoup/Sources/TreeBuilder.swift (in target 'SwiftSoup' from project 'SwiftSoup')
    cd /Users/admin/builder/spi-builder-workspace/.swiftpm/xcode
    builtin-SwiftPerFileCompile TreeBuilder.swift
SwiftCompile normal arm64_32 Compiling\ Evaluator.swift,\ Exception.swift,\ FormElement.swift,\ HtmlTreeBuilder.swift,\ HtmlTreeBuilderState.swift,\ HttpStatusException.swift /Users/admin/builder/spi-builder-workspace/.dependencies/checkouts/SwiftSoup/Sources/Evaluator.swift /Users/admin/builder/spi-builder-workspace/.dependencies/checkouts/SwiftSoup/Sources/Exception.swift /Users/admin/builder/spi-builder-workspace/.dependencies/checkouts/SwiftSoup/Sources/FormElement.swift /Users/admin/builder/spi-builder-workspace/.dependencies/checkouts/SwiftSoup/Sources/HtmlTreeBuilder.swift /Users/admin/builder/spi-builder-workspace/.dependencies/checkouts/SwiftSoup/Sources/HtmlTreeBuilderState.swift /Users/admin/builder/spi-builder-workspace/.dependencies/checkouts/SwiftSoup/Sources/HttpStatusException.swift (in target 'SwiftSoup' from project 'SwiftSoup')
SwiftCompile normal arm64_32 /Users/admin/builder/spi-builder-workspace/.dependencies/checkouts/SwiftSoup/Sources/Evaluator.swift (in target 'SwiftSoup' from project 'SwiftSoup')
    cd /Users/admin/builder/spi-builder-workspace/.swiftpm/xcode
    builtin-SwiftPerFileCompile Evaluator.swift
SwiftCompile normal arm64_32 /Users/admin/builder/spi-builder-workspace/.dependencies/checkouts/SwiftSoup/Sources/Exception.swift (in target 'SwiftSoup' from project 'SwiftSoup')
    cd /Users/admin/builder/spi-builder-workspace/.swiftpm/xcode
    builtin-SwiftPerFileCompile Exception.swift
SwiftCompile normal arm64_32 /Users/admin/builder/spi-builder-workspace/.dependencies/checkouts/SwiftSoup/Sources/FormElement.swift (in target 'SwiftSoup' from project 'SwiftSoup')
    cd /Users/admin/builder/spi-builder-workspace/.swiftpm/xcode
    builtin-SwiftPerFileCompile FormElement.swift
SwiftCompile normal arm64_32 /Users/admin/builder/spi-builder-workspace/.dependencies/checkouts/SwiftSoup/Sources/HtmlTreeBuilder.swift (in target 'SwiftSoup' from project 'SwiftSoup')
    cd /Users/admin/builder/spi-builder-workspace/.swiftpm/xcode
    builtin-SwiftPerFileCompile HtmlTreeBuilder.swift
SwiftCompile normal arm64_32 /Users/admin/builder/spi-builder-workspace/.dependencies/checkouts/SwiftSoup/Sources/HtmlTreeBuilderState.swift (in target 'SwiftSoup' from project 'SwiftSoup')
    cd /Users/admin/builder/spi-builder-workspace/.swiftpm/xcode
    builtin-SwiftPerFileCompile HtmlTreeBuilderState.swift
SwiftCompile normal arm64_32 /Users/admin/builder/spi-builder-workspace/.dependencies/checkouts/SwiftSoup/Sources/HttpStatusException.swift (in target 'SwiftSoup' from project 'SwiftSoup')
    cd /Users/admin/builder/spi-builder-workspace/.swiftpm/xcode
    builtin-SwiftPerFileCompile HttpStatusException.swift
SwiftDriverJobDiscovery normal arm64_32 Compiling Token.swift, TokenQueue.swift, Tokeniser.swift, TokeniserState.swift, TreeBuilder.swift (in target 'SwiftSoup' from project 'SwiftSoup')
SwiftCompile normal arm64 Compiling\ ParseErrorList.swift,\ ParseSettings.swift,\ Parser.swift,\ Pattern.swift,\ QueryParser.swift,\ Selector.swift /Users/admin/builder/spi-builder-workspace/.dependencies/checkouts/SwiftSoup/Sources/ParseErrorList.swift /Users/admin/builder/spi-builder-workspace/.dependencies/checkouts/SwiftSoup/Sources/ParseSettings.swift /Users/admin/builder/spi-builder-workspace/.dependencies/checkouts/SwiftSoup/Sources/Parser.swift /Users/admin/builder/spi-builder-workspace/.dependencies/checkouts/SwiftSoup/Sources/Pattern.swift /Users/admin/builder/spi-builder-workspace/.dependencies/checkouts/SwiftSoup/Sources/QueryParser.swift /Users/admin/builder/spi-builder-workspace/.dependencies/checkouts/SwiftSoup/Sources/Selector.swift (in target 'SwiftSoup' from project 'SwiftSoup')
SwiftCompile normal arm64 /Users/admin/builder/spi-builder-workspace/.dependencies/checkouts/SwiftSoup/Sources/ParseErrorList.swift (in target 'SwiftSoup' from project 'SwiftSoup')
    cd /Users/admin/builder/spi-builder-workspace/.swiftpm/xcode
    builtin-SwiftPerFileCompile ParseErrorList.swift
SwiftCompile normal arm64 /Users/admin/builder/spi-builder-workspace/.dependencies/checkouts/SwiftSoup/Sources/ParseSettings.swift (in target 'SwiftSoup' from project 'SwiftSoup')
    cd /Users/admin/builder/spi-builder-workspace/.swiftpm/xcode
    builtin-SwiftPerFileCompile ParseSettings.swift
SwiftCompile normal arm64 /Users/admin/builder/spi-builder-workspace/.dependencies/checkouts/SwiftSoup/Sources/Parser.swift (in target 'SwiftSoup' from project 'SwiftSoup')
    cd /Users/admin/builder/spi-builder-workspace/.swiftpm/xcode
    builtin-SwiftPerFileCompile Parser.swift
SwiftCompile normal arm64 /Users/admin/builder/spi-builder-workspace/.dependencies/checkouts/SwiftSoup/Sources/Pattern.swift (in target 'SwiftSoup' from project 'SwiftSoup')
    cd /Users/admin/builder/spi-builder-workspace/.swiftpm/xcode
    builtin-SwiftPerFileCompile Pattern.swift
SwiftCompile normal arm64 /Users/admin/builder/spi-builder-workspace/.dependencies/checkouts/SwiftSoup/Sources/QueryParser.swift (in target 'SwiftSoup' from project 'SwiftSoup')
    cd /Users/admin/builder/spi-builder-workspace/.swiftpm/xcode
    builtin-SwiftPerFileCompile QueryParser.swift
SwiftCompile normal arm64 /Users/admin/builder/spi-builder-workspace/.dependencies/checkouts/SwiftSoup/Sources/Selector.swift (in target 'SwiftSoup' from project 'SwiftSoup')
    cd /Users/admin/builder/spi-builder-workspace/.swiftpm/xcode
    builtin-SwiftPerFileCompile Selector.swift
SwiftDriverJobDiscovery normal arm64_32 Compiling ArrayExt.swift, Attribute.swift, Attributes.swift, BooleanAttribute.swift, CharacterExt.swift, CharacterReader.swift (in target 'SwiftSoup' from project 'SwiftSoup')
SwiftDriverJobDiscovery normal arm64_32 Compiling DataUtil.swift, Document.swift, DocumentType.swift, Element.swift, Elements.swift, Entities.swift (in target 'SwiftSoup' from project 'SwiftSoup')
SwiftCompile normal arm64 Compiling\ StringUtil.swift,\ StructuralEvaluator.swift,\ SwiftSoup.swift,\ Tag.swift,\ TextNode.swift /Users/admin/builder/spi-builder-workspace/.dependencies/checkouts/SwiftSoup/Sources/StringUtil.swift /Users/admin/builder/spi-builder-workspace/.dependencies/checkouts/SwiftSoup/Sources/StructuralEvaluator.swift /Users/admin/builder/spi-builder-workspace/.dependencies/checkouts/SwiftSoup/Sources/SwiftSoup.swift /Users/admin/builder/spi-builder-workspace/.dependencies/checkouts/SwiftSoup/Sources/Tag.swift /Users/admin/builder/spi-builder-workspace/.dependencies/checkouts/SwiftSoup/Sources/TextNode.swift (in target 'SwiftSoup' from project 'SwiftSoup')
SwiftCompile normal arm64 /Users/admin/builder/spi-builder-workspace/.dependencies/checkouts/SwiftSoup/Sources/StringUtil.swift (in target 'SwiftSoup' from project 'SwiftSoup')
    cd /Users/admin/builder/spi-builder-workspace/.swiftpm/xcode
    builtin-SwiftPerFileCompile StringUtil.swift
SwiftCompile normal arm64 /Users/admin/builder/spi-builder-workspace/.dependencies/checkouts/SwiftSoup/Sources/StructuralEvaluator.swift (in target 'SwiftSoup' from project 'SwiftSoup')
    cd /Users/admin/builder/spi-builder-workspace/.swiftpm/xcode
    builtin-SwiftPerFileCompile StructuralEvaluator.swift
SwiftCompile normal arm64 /Users/admin/builder/spi-builder-workspace/.dependencies/checkouts/SwiftSoup/Sources/SwiftSoup.swift (in target 'SwiftSoup' from project 'SwiftSoup')
    cd /Users/admin/builder/spi-builder-workspace/.swiftpm/xcode
    builtin-SwiftPerFileCompile SwiftSoup.swift
SwiftCompile normal arm64 /Users/admin/builder/spi-builder-workspace/.dependencies/checkouts/SwiftSoup/Sources/Tag.swift (in target 'SwiftSoup' from project 'SwiftSoup')
    cd /Users/admin/builder/spi-builder-workspace/.swiftpm/xcode
    builtin-SwiftPerFileCompile Tag.swift
SwiftCompile normal arm64 /Users/admin/builder/spi-builder-workspace/.dependencies/checkouts/SwiftSoup/Sources/TextNode.swift (in target 'SwiftSoup' from project 'SwiftSoup')
    cd /Users/admin/builder/spi-builder-workspace/.swiftpm/xcode
    builtin-SwiftPerFileCompile TextNode.swift
SwiftDriverJobDiscovery normal arm64_32 Compiling Node.swift, NodeTraversor.swift, NodeVisitor.swift, OrderedDictionary.swift, OrderedSet.swift, ParseError.swift (in target 'SwiftSoup' from project 'SwiftSoup')
SwiftCompile normal arm64_32 Compiling\ UnicodeScalar.swift,\ Validate.swift,\ Whitelist.swift,\ XmlDeclaration.swift,\ XmlTreeBuilder.swift /Users/admin/builder/spi-builder-workspace/.dependencies/checkouts/SwiftSoup/Sources/UnicodeScalar.swift /Users/admin/builder/spi-builder-workspace/.dependencies/checkouts/SwiftSoup/Sources/Validate.swift /Users/admin/builder/spi-builder-workspace/.dependencies/checkouts/SwiftSoup/Sources/Whitelist.swift /Users/admin/builder/spi-builder-workspace/.dependencies/checkouts/SwiftSoup/Sources/XmlDeclaration.swift /Users/admin/builder/spi-builder-workspace/.dependencies/checkouts/SwiftSoup/Sources/XmlTreeBuilder.swift (in target 'SwiftSoup' from project 'SwiftSoup')
SwiftCompile normal arm64_32 /Users/admin/builder/spi-builder-workspace/.dependencies/checkouts/SwiftSoup/Sources/UnicodeScalar.swift (in target 'SwiftSoup' from project 'SwiftSoup')
    cd /Users/admin/builder/spi-builder-workspace/.swiftpm/xcode
    builtin-SwiftPerFileCompile UnicodeScalar.swift
SwiftCompile normal arm64_32 /Users/admin/builder/spi-builder-workspace/.dependencies/checkouts/SwiftSoup/Sources/Validate.swift (in target 'SwiftSoup' from project 'SwiftSoup')
    cd /Users/admin/builder/spi-builder-workspace/.swiftpm/xcode
    builtin-SwiftPerFileCompile Validate.swift
SwiftCompile normal arm64_32 /Users/admin/builder/spi-builder-workspace/.dependencies/checkouts/SwiftSoup/Sources/Whitelist.swift (in target 'SwiftSoup' from project 'SwiftSoup')
    cd /Users/admin/builder/spi-builder-workspace/.swiftpm/xcode
    builtin-SwiftPerFileCompile Whitelist.swift
SwiftCompile normal arm64_32 /Users/admin/builder/spi-builder-workspace/.dependencies/checkouts/SwiftSoup/Sources/XmlDeclaration.swift (in target 'SwiftSoup' from project 'SwiftSoup')
    cd /Users/admin/builder/spi-builder-workspace/.swiftpm/xcode
    builtin-SwiftPerFileCompile XmlDeclaration.swift
SwiftCompile normal arm64_32 /Users/admin/builder/spi-builder-workspace/.dependencies/checkouts/SwiftSoup/Sources/XmlTreeBuilder.swift (in target 'SwiftSoup' from project 'SwiftSoup')
    cd /Users/admin/builder/spi-builder-workspace/.swiftpm/xcode
    builtin-SwiftPerFileCompile XmlTreeBuilder.swift
SwiftDriverJobDiscovery normal arm64 Compiling SerializationException.swift, SimpleDictionary.swift, StreamReader.swift, String.swift, StringBuilder.swift (in target 'SwiftSoup' from project 'SwiftSoup')
SwiftCompile normal arm64 Compiling\ ArrayExt.swift,\ Attribute.swift,\ Attributes.swift,\ BooleanAttribute.swift,\ CharacterExt.swift,\ CharacterReader.swift /Users/admin/builder/spi-builder-workspace/.dependencies/checkouts/SwiftSoup/Sources/ArrayExt.swift /Users/admin/builder/spi-builder-workspace/.dependencies/checkouts/SwiftSoup/Sources/Attribute.swift /Users/admin/builder/spi-builder-workspace/.dependencies/checkouts/SwiftSoup/Sources/Attributes.swift /Users/admin/builder/spi-builder-workspace/.dependencies/checkouts/SwiftSoup/Sources/BooleanAttribute.swift /Users/admin/builder/spi-builder-workspace/.dependencies/checkouts/SwiftSoup/Sources/CharacterExt.swift /Users/admin/builder/spi-builder-workspace/.dependencies/checkouts/SwiftSoup/Sources/CharacterReader.swift (in target 'SwiftSoup' from project 'SwiftSoup')
SwiftCompile normal arm64 /Users/admin/builder/spi-builder-workspace/.dependencies/checkouts/SwiftSoup/Sources/ArrayExt.swift (in target 'SwiftSoup' from project 'SwiftSoup')
    cd /Users/admin/builder/spi-builder-workspace/.swiftpm/xcode
    builtin-SwiftPerFileCompile ArrayExt.swift
SwiftCompile normal arm64 /Users/admin/builder/spi-builder-workspace/.dependencies/checkouts/SwiftSoup/Sources/Attribute.swift (in target 'SwiftSoup' from project 'SwiftSoup')
    cd /Users/admin/builder/spi-builder-workspace/.swiftpm/xcode
    builtin-SwiftPerFileCompile Attribute.swift
SwiftCompile normal arm64 /Users/admin/builder/spi-builder-workspace/.dependencies/checkouts/SwiftSoup/Sources/Attributes.swift (in target 'SwiftSoup' from project 'SwiftSoup')
    cd /Users/admin/builder/spi-builder-workspace/.swiftpm/xcode
    builtin-SwiftPerFileCompile Attributes.swift
SwiftCompile normal arm64 /Users/admin/builder/spi-builder-workspace/.dependencies/checkouts/SwiftSoup/Sources/BooleanAttribute.swift (in target 'SwiftSoup' from project 'SwiftSoup')
    cd /Users/admin/builder/spi-builder-workspace/.swiftpm/xcode
    builtin-SwiftPerFileCompile BooleanAttribute.swift
SwiftCompile normal arm64 /Users/admin/builder/spi-builder-workspace/.dependencies/checkouts/SwiftSoup/Sources/CharacterExt.swift (in target 'SwiftSoup' from project 'SwiftSoup')
    cd /Users/admin/builder/spi-builder-workspace/.swiftpm/xcode
    builtin-SwiftPerFileCompile CharacterExt.swift
SwiftCompile normal arm64 /Users/admin/builder/spi-builder-workspace/.dependencies/checkouts/SwiftSoup/Sources/CharacterReader.swift (in target 'SwiftSoup' from project 'SwiftSoup')
    cd /Users/admin/builder/spi-builder-workspace/.swiftpm/xcode
    builtin-SwiftPerFileCompile CharacterReader.swift
SwiftDriverJobDiscovery normal arm64 Compiling UnicodeScalar.swift, Validate.swift, Whitelist.swift, XmlDeclaration.swift, XmlTreeBuilder.swift (in target 'SwiftSoup' from project 'SwiftSoup')
SwiftCompile normal arm64_32 Compiling\ StringUtil.swift,\ StructuralEvaluator.swift,\ SwiftSoup.swift,\ Tag.swift,\ TextNode.swift /Users/admin/builder/spi-builder-workspace/.dependencies/checkouts/SwiftSoup/Sources/StringUtil.swift /Users/admin/builder/spi-builder-workspace/.dependencies/checkouts/SwiftSoup/Sources/StructuralEvaluator.swift /Users/admin/builder/spi-builder-workspace/.dependencies/checkouts/SwiftSoup/Sources/SwiftSoup.swift /Users/admin/builder/spi-builder-workspace/.dependencies/checkouts/SwiftSoup/Sources/Tag.swift /Users/admin/builder/spi-builder-workspace/.dependencies/checkouts/SwiftSoup/Sources/TextNode.swift (in target 'SwiftSoup' from project 'SwiftSoup')
SwiftCompile normal arm64_32 /Users/admin/builder/spi-builder-workspace/.dependencies/checkouts/SwiftSoup/Sources/StringUtil.swift (in target 'SwiftSoup' from project 'SwiftSoup')
    cd /Users/admin/builder/spi-builder-workspace/.swiftpm/xcode
    builtin-SwiftPerFileCompile StringUtil.swift
SwiftCompile normal arm64_32 /Users/admin/builder/spi-builder-workspace/.dependencies/checkouts/SwiftSoup/Sources/StructuralEvaluator.swift (in target 'SwiftSoup' from project 'SwiftSoup')
    cd /Users/admin/builder/spi-builder-workspace/.swiftpm/xcode
    builtin-SwiftPerFileCompile StructuralEvaluator.swift
SwiftCompile normal arm64_32 /Users/admin/builder/spi-builder-workspace/.dependencies/checkouts/SwiftSoup/Sources/SwiftSoup.swift (in target 'SwiftSoup' from project 'SwiftSoup')
    cd /Users/admin/builder/spi-builder-workspace/.swiftpm/xcode
    builtin-SwiftPerFileCompile SwiftSoup.swift
SwiftCompile normal arm64_32 /Users/admin/builder/spi-builder-workspace/.dependencies/checkouts/SwiftSoup/Sources/Tag.swift (in target 'SwiftSoup' from project 'SwiftSoup')
    cd /Users/admin/builder/spi-builder-workspace/.swiftpm/xcode
    builtin-SwiftPerFileCompile Tag.swift
SwiftCompile normal arm64_32 /Users/admin/builder/spi-builder-workspace/.dependencies/checkouts/SwiftSoup/Sources/TextNode.swift (in target 'SwiftSoup' from project 'SwiftSoup')
    cd /Users/admin/builder/spi-builder-workspace/.swiftpm/xcode
    builtin-SwiftPerFileCompile TextNode.swift
SwiftCompile normal arm64 Compiling\ Evaluator.swift,\ Exception.swift,\ FormElement.swift,\ HtmlTreeBuilder.swift,\ HtmlTreeBuilderState.swift,\ HttpStatusException.swift /Users/admin/builder/spi-builder-workspace/.dependencies/checkouts/SwiftSoup/Sources/Evaluator.swift /Users/admin/builder/spi-builder-workspace/.dependencies/checkouts/SwiftSoup/Sources/Exception.swift /Users/admin/builder/spi-builder-workspace/.dependencies/checkouts/SwiftSoup/Sources/FormElement.swift /Users/admin/builder/spi-builder-workspace/.dependencies/checkouts/SwiftSoup/Sources/HtmlTreeBuilder.swift /Users/admin/builder/spi-builder-workspace/.dependencies/checkouts/SwiftSoup/Sources/HtmlTreeBuilderState.swift /Users/admin/builder/spi-builder-workspace/.dependencies/checkouts/SwiftSoup/Sources/HttpStatusException.swift (in target 'SwiftSoup' from project 'SwiftSoup')
SwiftCompile normal arm64 /Users/admin/builder/spi-builder-workspace/.dependencies/checkouts/SwiftSoup/Sources/Evaluator.swift (in target 'SwiftSoup' from project 'SwiftSoup')
    cd /Users/admin/builder/spi-builder-workspace/.swiftpm/xcode
    builtin-SwiftPerFileCompile Evaluator.swift
SwiftCompile normal arm64 /Users/admin/builder/spi-builder-workspace/.dependencies/checkouts/SwiftSoup/Sources/Exception.swift (in target 'SwiftSoup' from project 'SwiftSoup')
    cd /Users/admin/builder/spi-builder-workspace/.swiftpm/xcode
    builtin-SwiftPerFileCompile Exception.swift
SwiftCompile normal arm64 /Users/admin/builder/spi-builder-workspace/.dependencies/checkouts/SwiftSoup/Sources/FormElement.swift (in target 'SwiftSoup' from project 'SwiftSoup')
    cd /Users/admin/builder/spi-builder-workspace/.swiftpm/xcode
    builtin-SwiftPerFileCompile FormElement.swift
SwiftCompile normal arm64 /Users/admin/builder/spi-builder-workspace/.dependencies/checkouts/SwiftSoup/Sources/HtmlTreeBuilder.swift (in target 'SwiftSoup' from project 'SwiftSoup')
    cd /Users/admin/builder/spi-builder-workspace/.swiftpm/xcode
    builtin-SwiftPerFileCompile HtmlTreeBuilder.swift
SwiftCompile normal arm64 /Users/admin/builder/spi-builder-workspace/.dependencies/checkouts/SwiftSoup/Sources/HtmlTreeBuilderState.swift (in target 'SwiftSoup' from project 'SwiftSoup')
    cd /Users/admin/builder/spi-builder-workspace/.swiftpm/xcode
    builtin-SwiftPerFileCompile HtmlTreeBuilderState.swift
SwiftCompile normal arm64 /Users/admin/builder/spi-builder-workspace/.dependencies/checkouts/SwiftSoup/Sources/HttpStatusException.swift (in target 'SwiftSoup' from project 'SwiftSoup')
    cd /Users/admin/builder/spi-builder-workspace/.swiftpm/xcode
    builtin-SwiftPerFileCompile HttpStatusException.swift
SwiftDriverJobDiscovery normal arm64 Compiling DataUtil.swift, Document.swift, DocumentType.swift, Element.swift, Elements.swift, Entities.swift (in target 'SwiftSoup' from project 'SwiftSoup')
SwiftCompile normal arm64 Compiling\ Cleaner.swift,\ Collector.swift,\ CombiningEvaluator.swift,\ Comment.swift,\ Connection.swift,\ DataNode.swift /Users/admin/builder/spi-builder-workspace/.dependencies/checkouts/SwiftSoup/Sources/Cleaner.swift /Users/admin/builder/spi-builder-workspace/.dependencies/checkouts/SwiftSoup/Sources/Collector.swift /Users/admin/builder/spi-builder-workspace/.dependencies/checkouts/SwiftSoup/Sources/CombiningEvaluator.swift /Users/admin/builder/spi-builder-workspace/.dependencies/checkouts/SwiftSoup/Sources/Comment.swift /Users/admin/builder/spi-builder-workspace/.dependencies/checkouts/SwiftSoup/Sources/Connection.swift /Users/admin/builder/spi-builder-workspace/.dependencies/checkouts/SwiftSoup/Sources/DataNode.swift (in target 'SwiftSoup' from project 'SwiftSoup')
SwiftCompile normal arm64 /Users/admin/builder/spi-builder-workspace/.dependencies/checkouts/SwiftSoup/Sources/Cleaner.swift (in target 'SwiftSoup' from project 'SwiftSoup')
    cd /Users/admin/builder/spi-builder-workspace/.swiftpm/xcode
    builtin-SwiftPerFileCompile Cleaner.swift
SwiftCompile normal arm64 /Users/admin/builder/spi-builder-workspace/.dependencies/checkouts/SwiftSoup/Sources/Collector.swift (in target 'SwiftSoup' from project 'SwiftSoup')
    cd /Users/admin/builder/spi-builder-workspace/.swiftpm/xcode
    builtin-SwiftPerFileCompile Collector.swift
SwiftCompile normal arm64 /Users/admin/builder/spi-builder-workspace/.dependencies/checkouts/SwiftSoup/Sources/CombiningEvaluator.swift (in target 'SwiftSoup' from project 'SwiftSoup')
    cd /Users/admin/builder/spi-builder-workspace/.swiftpm/xcode
    builtin-SwiftPerFileCompile CombiningEvaluator.swift
SwiftCompile normal arm64 /Users/admin/builder/spi-builder-workspace/.dependencies/checkouts/SwiftSoup/Sources/Comment.swift (in target 'SwiftSoup' from project 'SwiftSoup')
    cd /Users/admin/builder/spi-builder-workspace/.swiftpm/xcode
    builtin-SwiftPerFileCompile Comment.swift
SwiftCompile normal arm64 /Users/admin/builder/spi-builder-workspace/.dependencies/checkouts/SwiftSoup/Sources/Connection.swift (in target 'SwiftSoup' from project 'SwiftSoup')
    cd /Users/admin/builder/spi-builder-workspace/.swiftpm/xcode
    builtin-SwiftPerFileCompile Connection.swift
SwiftCompile normal arm64 /Users/admin/builder/spi-builder-workspace/.dependencies/checkouts/SwiftSoup/Sources/DataNode.swift (in target 'SwiftSoup' from project 'SwiftSoup')
    cd /Users/admin/builder/spi-builder-workspace/.swiftpm/xcode
    builtin-SwiftPerFileCompile DataNode.swift
SwiftExplicitDependencyGeneratePcm arm64 /Users/admin/builder/spi-builder-workspace/.derivedData/SDKExplicitPrecompiledModules/Security-6RZ6YBRU8WCUHRFFRVUK5WKMM.pcm
SwiftEmitModule normal arm64_32 Emitting\ module\ for\ Splash (in target 'Splash' from project 'Splash')
/Users/admin/builder/spi-builder-workspace/.dependencies/checkouts/Splash/Sources/Splash/Theming/Theme.swift:18:32: error: cannot find type 'Color' in scope
16 |     public var font: Font
17 |     /// What color to use for plain text (no highlighting)
18 |     public var plainTextColor: Color
   |                                `- error: cannot find type 'Color' in scope
19 |     /// What color to use for the background
20 |     public var backgroundColor: Color
/Users/admin/builder/spi-builder-workspace/.dependencies/checkouts/Splash/Sources/Splash/Theming/Theme.swift:20:33: error: cannot find type 'Color' in scope
18 |     public var plainTextColor: Color
19 |     /// What color to use for the background
20 |     public var backgroundColor: Color
   |                                 `- error: cannot find type 'Color' in scope
21 |     /// What color to use for the text's highlighted tokens
22 |     public var tokenColors: [TokenType: Color]
/Users/admin/builder/spi-builder-workspace/.dependencies/checkouts/Splash/Sources/Splash/Theming/Theme.swift:22:41: error: cannot find type 'Color' in scope
20 |     public var backgroundColor: Color
21 |     /// What color to use for the text's highlighted tokens
22 |     public var tokenColors: [TokenType: Color]
   |                                         `- error: cannot find type 'Color' in scope
23 |
24 |     public init(font: Font,
/Users/admin/builder/spi-builder-workspace/.dependencies/checkouts/Splash/Sources/Splash/Theming/Font.swift:42:24: error: cannot find type 'Loaded' in scope
 40 |         case system
 41 |         /// Use a pre-loaded font
 42 |         case preloaded(Loaded)
    |                        `- error: cannot find type 'Loaded' in scope
 43 |         /// Load a font file from a given file system path
 44 |         case path(String)
/Users/admin/builder/spi-builder-workspace/.dependencies/checkouts/Splash/Sources/Splash/Theming/Font.swift:49:20: error: cannot find type 'Loaded' in scope
 47 |
 48 | internal extension Font {
 49 |     func load() -> Loaded {
    |                    `- error: cannot find type 'Loaded' in scope
 50 |         switch resource {
 51 |         case .system:
/Users/admin/builder/spi-builder-workspace/.dependencies/checkouts/Splash/Sources/Splash/Output/AttributedStringOutputFormat.swift:57:46: error: 'Loaded' is not a member type of struct 'Splash.Font'
55 |
56 | private extension NSMutableAttributedString {
57 |     func append(_ string: String, font: Font.Loaded, color: Color) {
   |                                              `- error: 'Loaded' is not a member type of struct 'Splash.Font'
58 |         let attributedString = NSAttributedString(string: string, attributes: [
59 |             .foregroundColor: color,
/Users/admin/builder/spi-builder-workspace/.dependencies/checkouts/Splash/Sources/Splash/Theming/Font.swift:15:15: note: 'Font' declared here
 13 | /// simplified font representation rather than `NSFont`
 14 | /// or `UIFont`.
 15 | public struct Font {
    |               `- note: 'Font' declared here
 16 |     /// The underlying resource used to load the font
 17 |     public var resource: Resource
/Users/admin/builder/spi-builder-workspace/.dependencies/checkouts/Splash/Sources/Splash/Output/AttributedStringOutputFormat.swift:57:61: error: cannot find type 'Color' in scope
55 |
56 | private extension NSMutableAttributedString {
57 |     func append(_ string: String, font: Font.Loaded, color: Color) {
   |                                                             `- error: cannot find type 'Color' in scope
58 |         let attributedString = NSAttributedString(string: string, attributes: [
59 |             .foregroundColor: color,
/Users/admin/builder/spi-builder-workspace/.dependencies/checkouts/Splash/Sources/Splash/Theming/Color.swift:16:20: error: cannot find type 'Color' in scope
14 |
15 | #if !os(Linux)
16 | internal extension Color {
   |                    `- error: cannot find type 'Color' in scope
17 |     convenience init(red: CGFloat, green: CGFloat, blue: CGFloat) {
18 |         self.init(red: red, green: green, blue: blue, alpha: 1)
/Users/admin/builder/spi-builder-workspace/.dependencies/checkouts/Splash/Sources/Splash/Theming/Font.swift:60:39: error: cannot find type 'Loaded' in scope
 58 |     }
 59 |
 60 |     private func loadDefaultFont() -> Loaded {
    |                                       `- error: cannot find type 'Loaded' in scope
 61 |         let font: Loaded?
 62 |
/Users/admin/builder/spi-builder-workspace/.dependencies/checkouts/Splash/Sources/Splash/Theming/Font.swift:72:49: error: cannot find type 'Loaded' in scope
 70 |     }
 71 |
 72 |     private func load(fromPath path: String) -> Loaded? {
    |                                                 `- error: cannot find type 'Loaded' in scope
 73 |         guard
 74 |             let url = CFURLCreateWithFileSystemPath(kCFAllocatorDefault, path as CFString, .cfurlposixPathStyle, false),
/Users/admin/builder/spi-builder-workspace/.dependencies/checkouts/Splash/Sources/Splash/Theming/Theme.swift:25:33: error: cannot find type 'Color' in scope
23 |
24 |     public init(font: Font,
25 |                 plainTextColor: Color,
   |                                 `- error: cannot find type 'Color' in scope
26 |                 tokenColors: [TokenType: Color],
27 |                 backgroundColor: Color = Color(white: 0.12, alpha: 1)) {
/Users/admin/builder/spi-builder-workspace/.dependencies/checkouts/Splash/Sources/Splash/Theming/Theme.swift:26:42: error: cannot find type 'Color' in scope
24 |     public init(font: Font,
25 |                 plainTextColor: Color,
26 |                 tokenColors: [TokenType: Color],
   |                                          `- error: cannot find type 'Color' in scope
27 |                 backgroundColor: Color = Color(white: 0.12, alpha: 1)) {
28 |         self.font = font
/Users/admin/builder/spi-builder-workspace/.dependencies/checkouts/Splash/Sources/Splash/Theming/Theme.swift:27:34: error: cannot find type 'Color' in scope
25 |                 plainTextColor: Color,
26 |                 tokenColors: [TokenType: Color],
27 |                 backgroundColor: Color = Color(white: 0.12, alpha: 1)) {
   |                                  `- error: cannot find type 'Color' in scope
28 |         self.font = font
29 |         self.plainTextColor = plainTextColor
Failed frontend command:
/Applications/Xcode-27.0.0-Release.Candidate.app/Contents/Developer/Toolchains/XcodeDefault.xctoolchain/usr/bin/swift-frontend -frontend -emit-module -experimental-skip-non-inlinable-function-bodies-without-types /Users/admin/builder/spi-builder-workspace/.dependencies/checkouts/Splash/Sources/Splash/Extensions/CharacterSet/CharacterSet+Contains.swift /Users/admin/builder/spi-builder-workspace/.dependencies/checkouts/Splash/Sources/Splash/Extensions/Equatable/Equatable+AnyOf.swift /Users/admin/builder/spi-builder-workspace/.dependencies/checkouts/Splash/Sources/Splash/Extensions/Int/Int+IsOdd.swift /Users/admin/builder/spi-builder-workspace/.dependencies/checkouts/Splash/Sources/Splash/Extensions/Sequence/Sequence+AnyOf.swift /Users/admin/builder/spi-builder-workspace/.dependencies/checkouts/Splash/Sources/Splash/Extensions/Sequence/Sequence+Occurrences.swift /Users/admin/builder/spi-builder-workspace/.dependencies/checkouts/Splash/Sources/Splash/Extensions/Strings/String+HTMLEntities.swift /Users/admin/builder/spi-builder-workspace/.dependencies/checkouts/Splash/Sources/Splash/Extensions/Strings/String+IsNumber.swift /Users/admin/builder/spi-builder-workspace/.dependencies/checkouts/Splash/Sources/Splash/Extensions/Strings/String+PrefixChecking.swift /Users/admin/builder/spi-builder-workspace/.dependencies/checkouts/Splash/Sources/Splash/Extensions/Strings/String+Removing.swift /Users/admin/builder/spi-builder-workspace/.dependencies/checkouts/Splash/Sources/Splash/Extensions/Strings/Substring+HasSuffix.swift /Users/admin/builder/spi-builder-workspace/.dependencies/checkouts/Splash/Sources/Splash/Grammar/Grammar.swift /Users/admin/builder/spi-builder-workspace/.dependencies/checkouts/Splash/Sources/Splash/Grammar/SwiftGrammar.swift /Users/admin/builder/spi-builder-workspace/.dependencies/checkouts/Splash/Sources/Splash/Output/AttributedStringOutputFormat.swift /Users/admin/builder/spi-builder-workspace/.dependencies/checkouts/Splash/Sources/Splash/Output/HTMLOutputFormat.swift /Users/admin/builder/spi-builder-workspace/.dependencies/checkouts/Splash/Sources/Splash/Output/MarkdownDecorator.swift /Users/admin/builder/spi-builder-workspace/.dependencies/checkouts/Splash/Sources/Splash/Output/OutputBuilder.swift /Users/admin/builder/spi-builder-workspace/.dependencies/checkouts/Splash/Sources/Splash/Output/OutputFormat.swift /Users/admin/builder/spi-builder-workspace/.dependencies/checkouts/Splash/Sources/Splash/Syntax/SyntaxHighlighter.swift /Users/admin/builder/spi-builder-workspace/.dependencies/checkouts/Splash/Sources/Splash/Syntax/SyntaxRule.swift /Users/admin/builder/spi-builder-workspace/.dependencies/checkouts/Splash/Sources/Splash/Theming/Color.swift /Users/admin/builder/spi-builder-workspace/.dependencies/checkouts/Splash/Sources/Splash/Theming/Font.swift /Users/admin/builder/spi-builder-workspace/.dependencies/checkouts/Splash/Sources/Splash/Theming/Theme+Defaults.swift /Users/admin/builder/spi-builder-workspace/.dependencies/checkouts/Splash/Sources/Splash/Theming/Theme.swift /Users/admin/builder/spi-builder-workspace/.dependencies/checkouts/Splash/Sources/Splash/Tokenizing/Segment.swift /Users/admin/builder/spi-builder-workspace/.dependencies/checkouts/Splash/Sources/Splash/Tokenizing/TokenType.swift /Users/admin/builder/spi-builder-workspace/.dependencies/checkouts/Splash/Sources/Splash/Tokenizing/Tokenizer.swift -target arm64_32-apple-watchos9.0 -disable-cross-import-overlay-search -load-resolved-plugin /Applications/Xcode-27.0.0-Release.Candidate.app/Contents/Developer/Platforms/WatchOS.platform/Developer/usr/lib/swift/host/plugins/libFoundationMacros.dylib\#/Applications/Xcode-27.0.0-Release.Candidate.app/Contents/Developer/Platforms/WatchOS.platform/Developer/usr/bin/swift-plugin-server\#FoundationMacros -load-resolved-plugin /Applications/Xcode-27.0.0-Release.Candidate.app/Contents/Developer/Platforms/WatchOS.platform/Developer/usr/lib/swift/host/plugins/libObservationMacros.dylib\#/Applications/Xcode-27.0.0-Release.Candidate.app/Contents/Developer/Platforms/WatchOS.platform/Developer/usr/bin/swift-plugin-server\#ObservationMacros -load-resolved-plugin /Applications/Xcode-27.0.0-Release.Candidate.app/Contents/Developer/Platforms/WatchOS.platform/Developer/usr/lib/swift/host/plugins/libSwiftMacros.dylib\#/Applications/Xcode-27.0.0-Release.Candidate.app/Contents/Developer/Platforms/WatchOS.platform/Developer/usr/bin/swift-plugin-server\#SwiftMacros -disable-implicit-swift-modules -Xcc -fno-implicit-modules -Xcc -fno-implicit-module-maps -explicit-swift-module-map-file /Users/admin/builder/spi-builder-workspace/.derivedData/Build/Intermediates.noindex/Splash.build/Debug-watchos/Splash-t.build/Objects-normal/arm64_32/Splash-dependencies-1.json -enable-objc-interop -sdk /Applications/Xcode-27.0.0-Release.Candidate.app/Contents/Developer/Platforms/WatchOS.platform/Developer/SDKs/WatchOS27.0.sdk -I /Users/admin/builder/spi-builder-workspace/.derivedData/Build/Products/Debug-watchos -Isystem /Applications/Xcode-27.0.0-Release.Candidate.app/Contents/Developer/Platforms/WatchOS.platform/Developer/usr/lib -F /Users/admin/builder/spi-builder-workspace/.derivedData/Build/Products/Debug-watchos -F /Applications/Xcode-27.0.0-Release.Candidate.app/Contents/Developer/Platforms/WatchOS.platform/Developer/Library/Frameworks -F /Applications/Xcode-27.0.0-Release.Candidate.app/Contents/Developer/Platforms/WatchOS.platform/Developer/SDKs/WatchOS27.0.sdk/Developer/Library/Frameworks -module-cache-path /Users/admin/builder/spi-builder-workspace/.derivedData/Build/Intermediates.noindex/SwiftExplicitPrecompiledModules -no-color-diagnostics -Xcc -fno-color-diagnostics -enable-testing -g -debug-info-format\=dwarf -dwarf-version\=4 -suppress-warnings -swift-version 5 -Onone -D SWIFT_PACKAGE -D DEBUG -D SWIFT_MODULE_RESOURCE_BUNDLE_UNAVAILABLE -D Xcode -serialize-debugging-options -enable-experimental-feature DebugDescriptionMacro -empty-abi-descriptor -validate-clang-modules-once -clang-build-session-file /Users/admin/builder/spi-builder-workspace/.derivedData/ModuleCache.noindex/Session.modulevalidation -Xcc -working-directory -Xcc /Users/admin/builder/spi-builder-workspace/.swiftpm/xcode -enable-anonymous-context-mangled-names -file-compilation-dir /Users/admin/builder/spi-builder-workspace/.swiftpm/xcode -Xcc -D_LIBCPP_HARDENING_MODE\=_LIBCPP_HARDENING_MODE_DEBUG -Xcc -ivfsstatcache -Xcc /Users/admin/builder/spi-builder-workspace/.derivedData/SDKStatCaches.noindex/watchos27.0-24R360-e829b21a6f8c9b70876ba0858053c04477534ef55a1706bf4c1112bbb242f0a2.sdkstatcache -Xcc -fmodules-prune-interval\=86400 -Xcc -fmodules-prune-after\=345600 -Xcc -I/Users/admin/builder/spi-builder-workspace/.derivedData/Build/Products/Debug-watchos/include -Xcc -I/Users/admin/builder/spi-builder-workspace/.derivedData/Build/Intermediates.noindex/Splash.build/Debug-watchos/Splash-t.build/DerivedSources-normal/arm64_32 -Xcc -I/Users/admin/builder/spi-builder-workspace/.derivedData/Build/Intermediates.noindex/Splash.build/Debug-watchos/Splash-t.build/DerivedSources/arm64_32 -Xcc -I/Users/admin/builder/spi-builder-workspace/.derivedData/Build/Intermediates.noindex/Splash.build/Debug-watchos/Splash-t.build/DerivedSources -Xcc -DSWIFT_PACKAGE -Xcc -DDEBUG\=1 -no-auto-bridging-header-chaining -module-name Splash -const-gather-protocols-file /Users/admin/builder/spi-builder-workspace/.derivedData/Build/Intermediates.noindex/Splash.build/Debug-watchos/Splash-t.build/Objects-normal/arm64_32/Splash_const_extract_protocols.json -disable-clang-spi -clang-target arm64_32-apple-watchos27.0 -target-sdk-version 27.0 -target-sdk-name watchos27.0 -in-process-plugin-server-path /Applications/Xcode-27.0.0-Release.Candidate.app/Contents/Developer/Toolchains/XcodeDefault.xctoolchain/usr/lib/swift/host/libSwiftInProcPluginServer.dylib -emit-module-doc-path /Users/admin/builder/spi-builder-workspace/.derivedData/Build/Intermediates.noindex/Splash.build/Debug-watchos/Splash-t.build/Objects-normal/arm64_32/Splash.swiftdoc -emit-module-source-info-path /Users/admin/builder/spi-builder-workspace/.derivedData/Build/Intermediates.noindex/Splash.build/Debug-watchos/Splash-t.build/Objects-normal/arm64_32/Splash.swiftsourceinfo -emit-objc-header-path /Users/admin/builder/spi-builder-workspace/.derivedData/Build/Intermediates.noindex/Splash.build/Debug-watchos/Splash-t.build/Objects-normal/arm64_32/Splash-Swift.h -serialize-diagnostics-path /Users/admin/builder/spi-builder-workspace/.derivedData/Build/Intermediates.noindex/Splash.build/Debug-watchos/Splash-t.build/Objects-normal/arm64_32/Splash-primary-emit-module.dia -emit-dependencies-path /Users/admin/builder/spi-builder-workspace/.derivedData/Build/Intermediates.noindex/Splash.build/Debug-watchos/Splash-t.build/Objects-normal/arm64_32/Splash-primary-emit-module.d -parse-as-library -o /Users/admin/builder/spi-builder-workspace/.derivedData/Build/Intermediates.noindex/Splash.build/Debug-watchos/Splash-t.build/Objects-normal/arm64_32/Splash.swiftmodule -emit-abi-descriptor-path /Users/admin/builder/spi-builder-workspace/.derivedData/Build/Intermediates.noindex/Splash.build/Debug-watchos/Splash-t.build/Objects-normal/arm64_32/Splash.abi.json
SwiftCompile normal arm64_32 (in target 'Splash' from project 'Splash')
    cd /Users/admin/builder/spi-builder-workspace/.swiftpm/xcode

SwiftExplicitDependencyGeneratePcm arm64 /Users/admin/builder/spi-builder-workspace/.derivedData/SDKExplicitPrecompiledModules/Foundation-DLBKUSGXN8QHAT8W0OARR9S8A.pcm
PruneExplicitPrecompiledModules /Users/admin/builder/spi-builder-workspace/.derivedData/Build/Intermediates.noindex/SwiftExplicitPrecompiledModules
PruneExplicitPrecompiledModules /Users/admin/builder/spi-builder-workspace/.derivedData/Build/Intermediates.noindex/ExplicitPrecompiledModules
PruneExplicitPrecompiledModules /Users/admin/builder/spi-builder-workspace/.derivedData/SDKExplicitPrecompiledModules
2026-09-17 10:16:51.206 xcodebuild[776:4809] [MT] IDERunDestination: Supported platforms for the buildables in the current scheme is empty.
2026-09-17 10:16:51.309 xcodebuild[776:4809] [MT] IDERunDestination: Supported platforms for the buildables in the current scheme is empty.
** BUILD FAILED **
The following build commands failed:
	SwiftEmitModule normal arm64_32 Emitting\ module\ for\ Splash (in target 'Splash' from project 'Splash')
	SwiftCompile normal arm64_32 (in target 'Splash' from project 'Splash')
	Building workspace Lux with scheme Lux-Package
(3 failures)
Command line invocation:
    /Applications/Xcode-27.0.0-Release.Candidate.app/Contents/Developer/usr/bin/xcodebuild -IDEClonedSourcePackagesDirPathOverride=/Users/admin/builder/spi-builder-workspace/.dependencies -resolvePackageDependencies
Resolve Package Graph
Resolved source packages:
  swift-argument-parser: https://github.com/apple/swift-argument-parser @ 0.5.0
  Splash: https://github.com/JohnSundell/Splash @ 0.16.0
  Lux: /Users/admin/builder/spi-builder-workspace
  SwiftSoup: https://github.com/scinfu/SwiftSoup.git @ 1.7.5
resolved source packages: swift-argument-parser, Splash, Lux, SwiftSoup
2026-09-17 10:16:59.687 xcodebuild[889:5427] [MT] IDERunDestination: Supported platforms for the buildables in the current scheme is empty.
2026-09-17 10:16:59.789 xcodebuild[889:5427] [MT] IDERunDestination: Supported platforms for the buildables in the current scheme is empty.
{
  "dependencies" : [
    {
      "identity" : "swift-argument-parser",
      "requirement" : {
        "range" : [
          {
            "lower_bound" : "0.0.1",
            "upper_bound" : "1.0.0"
          }
        ]
      },
      "type" : "sourceControl",
      "url" : "https://github.com/apple/swift-argument-parser"
    },
    {
      "identity" : "swiftsoup",
      "requirement" : {
        "range" : [
          {
            "lower_bound" : "1.7.4",
            "upper_bound" : "2.0.0"
          }
        ]
      },
      "type" : "sourceControl",
      "url" : "https://github.com/scinfu/SwiftSoup.git"
    },
    {
      "identity" : "splash",
      "requirement" : {
        "range" : [
          {
            "lower_bound" : "0.15.0",
            "upper_bound" : "1.0.0"
          }
        ]
      },
      "type" : "sourceControl",
      "url" : "https://github.com/JohnSundell/Splash"
    }
  ],
  "manifest_display_name" : "Lux",
  "name" : "Lux",
  "path" : "/Users/admin/builder/spi-builder-workspace",
  "platforms" : [
    {
      "name" : "macos",
      "version" : "10.13"
    },
    {
      "name" : "ios",
      "version" : "10.0"
    }
  ],
  "products" : [
    {
      "name" : "Lux",
      "targets" : [
        "Lux"
      ],
      "type" : {
        "library" : [
          "automatic"
        ]
      }
    },
    {
      "name" : "LuxCLT",
      "targets" : [
        "LuxCLT"
      ],
      "type" : {
        "executable" : null
      }
    }
  ],
  "targets" : [
    {
      "c99name" : "LuxTests",
      "module_type" : "SwiftTarget",
      "name" : "LuxTests",
      "path" : "Tests/LuxTests",
      "sources" : [
        "Extensions/StringProtocol+Extensions.swift",
        "Extensions/URL+Extensions.swift",
        "Extensions/XCTestCase+Extensions.swift",
        "FileInjectionTest.swift",
        "Formats/JsonInjectorTests.swift",
        "Formats/PlistInjectorTests.swift",
        "Formats/XMLEnhancedInjectorTests.swift",
        "Formats/XmlInjectorTests.swift",
        "Formats/ZshInjectorTests.swift",
        "Formats/ZshTestDelegate.swift",
        "InjectorTests.swift",
        "XCTestManifests.swift"
      ],
      "target_dependencies" : [
        "Lux"
      ],
      "type" : "test"
    },
    {
      "c99name" : "LuxCLT",
      "module_type" : "SwiftTarget",
      "name" : "LuxCLT",
      "path" : "Sources/LuxCLT",
      "product_dependencies" : [
        "ArgumentParser"
      ],
      "product_memberships" : [
        "LuxCLT"
      ],
      "sources" : [
        "CSSCommand.swift",
        "Extensions/ColorTheme+Extensions.swift",
        "Extensions/String+Extensions.swift",
        "Extensions/TypeText+Extensions.swift",
        "Format.swift",
        "InjectCommand.swift",
        "RuntimeError.swift",
        "VersionCommand.swift",
        "main.swift"
      ],
      "target_dependencies" : [
        "Lux"
      ],
      "type" : "executable"
    },
    {
      "c99name" : "Lux",
      "module_type" : "SwiftTarget",
      "name" : "Lux",
      "path" : "Sources/Lux",
      "product_dependencies" : [
        "Splash",
        "SwiftSoup"
      ],
      "product_memberships" : [
        "Lux",
        "LuxCLT"
      ],
      "sources" : [
        "Constants/DataFormat.swift",
        "Constants/Version.swift",
        "Extensions/Bool+KeyPath.swift",
        "Extensions/NSRegularExpression+Extensions.swift",
        "Extensions/String+Extensions.swift",
        "Extensions/StringProtocol+Extensions.swift",
        "Injection/AttributedInjector.swift",
        "Injection/BaseInjector.swift",
        "Injection/FileInjectionService.swift",
        "Injection/InjectionService.swift",
        "Injection/InjectorDelegate.swift",
        "Injection/TextInjector.swift",
        "InjectorImplementations/Json/JSONCategory.swift",
        "InjectorImplementations/Json/JSONDelegate.swift",
        "InjectorImplementations/Json/JSONInjector.swift",
        "InjectorImplementations/Plist/PlistCategory.swift",
        "InjectorImplementations/Plist/PlistDelegate.swift",
        "InjectorImplementations/Plist/PlistInjector.swift",
        "InjectorImplementations/Swift/HTMLCustomCSSOutputFormat.swift",
        "InjectorImplementations/Swift/SwiftCategory.swift",
        "InjectorImplementations/Swift/SwiftDelegate.swift",
        "InjectorImplementations/Swift/SwiftInjector.swift",
        "InjectorImplementations/Swift/TerminalOutputFormat.swift",
        "InjectorImplementations/Swift/TokenType+SwiftCategory.swift",
        "InjectorImplementations/XMLEnhanced/XMLEnhancedCategory.swift",
        "InjectorImplementations/XMLEnhanced/XMLEnhancedDelegate.swift",
        "InjectorImplementations/XMLEnhanced/XMLEnhancedInjector.swift",
        "InjectorImplementations/Xml/XMLCategory.swift",
        "InjectorImplementations/Xml/XMLDelegate.swift",
        "InjectorImplementations/Xml/XMLInjector.swift",
        "InjectorImplementations/Yaml/YAMLCategory.swift",
        "InjectorImplementations/Yaml/YAMLDelegate.swift",
        "InjectorImplementations/Yaml/YAMLInjector.swift",
        "InjectorImplementations/Zsh/ZshCategory.swift",
        "InjectorImplementations/Zsh/ZshDelegate.swift",
        "InjectorImplementations/Zsh/ZshInjector.swift",
        "Models/Appendable.swift",
        "Models/AttributedString.swift",
        "Models/CSSClass.swift",
        "Models/Category.swift",
        "Models/Color.swift",
        "Models/InjectionType.swift",
        "Models/InjectorType.swift",
        "Models/RegexPattern.swift",
        "Models/TerminalModifier.swift",
        "Models/TextType.swift",
        "Themes/ColorTheme.swift",
        "Themes/Dracula/DraculaPalette.swift",
        "Themes/Dracula/DraculaThemeInjectorDelegate.swift",
        "Themes/Dracula/JSONDracula.swift",
        "Themes/Dracula/PlistDracula.swift",
        "Themes/Dracula/SwiftDracula.swift",
        "Themes/Dracula/XMLEnhancedDracula.swift",
        "Themes/Dracula/XmlDracula.swift",
        "Themes/Dracula/YAMLDracula.swift",
        "Themes/Dracula/ZshDracula.swift",
        "Themes/ThemeInjectorDelegate.swift",
        "Themes/Xcode Dark/JSONXcodeDarkDelegate.swift",
        "Themes/Xcode Dark/PlistXcodeDarkDelegate.swift",
        "Themes/Xcode Dark/SwiftXcodeDarkDelegate.swift",
        "Themes/Xcode Dark/XMLEnhancedXcodeDarkDelegate.swift",
        "Themes/Xcode Dark/XcodeDarkPalette.swift",
        "Themes/Xcode Dark/XcodeDarkThemeInjectorDelegate.swift",
        "Themes/Xcode Dark/XmlXcodeDarkDelegate.swift",
        "Themes/Xcode Dark/YAMLXcodeDarkDelegate.swift",
        "Themes/Xcode Dark/ZshXcodeDarkDelegate.swift",
        "Themes/Xcode Light/JSONXcodeDefaultDelegate.swift",
        "Themes/Xcode Light/PlistXcodeDefaultDelegate.swift",
        "Themes/Xcode Light/SwiftXcodeDefaultDelegate.swift",
        "Themes/Xcode Light/XcodeLightPalette.swift",
        "Themes/Xcode Light/XcodeLightThemeInjectorDelegate.swift",
        "Themes/Xcode Light/XmlEnhancedXcodeDefaultDelegate.swift",
        "Themes/Xcode Light/XmlXcodeDefaultDelegate.swift",
        "Themes/Xcode Light/YAMLXcodeDefaultLightDelegate.swift",
        "Themes/Xcode Light/ZshXcodeLightDelegate.swift"
      ],
      "type" : "library"
    }
  ],
  "tools_version" : "5.1"
}
{
  "workspace" : {
    "name" : "Lux",
    "schemes" : [
      "Lux",
      "Lux-Package",
      "LuxCLT"
    ]
  }
}
2026-09-17 10:17:01.168 xcodebuild[897:5505] [MT] IDERunDestination: Supported platforms for the buildables in the current scheme is empty.
2026-09-17 10:17:01.268 xcodebuild[897:5505] [MT] IDERunDestination: Supported platforms for the buildables in the current scheme is empty.
Running build ...
env DEVELOPER_DIR=/Applications/Xcode-27.0.0-Release.Candidate.app xcrun xcodebuild -IDEClonedSourcePackagesDirPathOverride=$PWD/.dependencies -skipMacroValidation -skipPackagePluginValidation -derivedDataPath $PWD/.derivedData build -scheme Lux-Package -destination generic/platform=watchOS
Command line invocation:
    /Applications/Xcode-27.0.0-Release.Candidate.app/Contents/Developer/usr/bin/xcodebuild -IDEClonedSourcePackagesDirPathOverride=/Users/admin/builder/spi-builder-workspace/.dependencies -skipMacroValidation -skipPackagePluginValidation -derivedDataPath /Users/admin/builder/spi-builder-workspace/.derivedData build -scheme Lux-Package -destination generic/platform=watchOS
Resolve Package Graph
Resolved source packages:
  Lux: /Users/admin/builder/spi-builder-workspace
  swift-argument-parser: https://github.com/apple/swift-argument-parser @ 0.5.0
  Splash: https://github.com/JohnSundell/Splash @ 0.16.0
  SwiftSoup: https://github.com/scinfu/SwiftSoup.git @ 1.7.5
ComputePackagePrebuildTargetDependencyGraph
Prepare packages
CreateBuildRequest
SendProjectDescription
CreateBuildOperation
ComputeTargetDependencyGraph
note: Building targets in dependency order
note: Target dependency graph (11 targets)
    Target 'LuxTests-product' in project 'Lux'
        ➜ Explicit dependency on target 'Lux' in project 'Lux'
        ➜ Explicit dependency on target 'Splash-product' in project 'Splash'
        ➜ Explicit dependency on target 'SwiftSoup-product' in project 'SwiftSoup'
    Target 'LuxCLT-product' in project 'Lux'
        ➜ Explicit dependency on target 'Lux' in project 'Lux'
        ➜ Explicit dependency on target 'Splash-product' in project 'Splash'
        ➜ Explicit dependency on target 'SwiftSoup-product' in project 'SwiftSoup'
        ➜ Explicit dependency on target 'ArgumentParser-product' in project 'swift-argument-parser'
    Target 'ArgumentParser-product' in project 'swift-argument-parser'
        ➜ Explicit dependency on target 'ArgumentParser' in project 'swift-argument-parser'
        ➜ Explicit dependency on target 'ArgumentParserToolInfo' in project 'swift-argument-parser'
    Target 'ArgumentParser' in project 'swift-argument-parser'
        ➜ Explicit dependency on target 'ArgumentParserToolInfo' in project 'swift-argument-parser'
    Target 'ArgumentParserToolInfo' in project 'swift-argument-parser' (no dependencies)
    Target 'Lux-product' in project 'Lux'
        ➜ Explicit dependency on target 'Lux' in project 'Lux'
        ➜ Explicit dependency on target 'Splash-product' in project 'Splash'
        ➜ Explicit dependency on target 'SwiftSoup-product' in project 'SwiftSoup'
    Target 'Lux' in project 'Lux'
        ➜ Explicit dependency on target 'Splash-product' in project 'Splash'
        ➜ Explicit dependency on target 'SwiftSoup-product' in project 'SwiftSoup'
    Target 'SwiftSoup-product' in project 'SwiftSoup'
        ➜ Explicit dependency on target 'SwiftSoup' in project 'SwiftSoup'
    Target 'SwiftSoup' in project 'SwiftSoup' (no dependencies)
    Target 'Splash-product' in project 'Splash'
        ➜ Explicit dependency on target 'Splash' in project 'Splash'
    Target 'Splash' in project 'Splash' (no dependencies)
GatherProvisioningInputs
CreateBuildDescription
ClangStatCache /Applications/Xcode-27.0.0-Release.Candidate.app/Contents/Developer/Toolchains/XcodeDefault.xctoolchain/usr/bin/clang-stat-cache /Applications/Xcode-27.0.0-Release.Candidate.app/Contents/Developer/Platforms/WatchOS.platform/Developer/SDKs/WatchOS27.0.sdk /Users/admin/builder/spi-builder-workspace/.derivedData/SDKStatCaches.noindex/watchos27.0-24R360-e829b21a6f8c9b70876ba0858053c04477534ef55a1706bf4c1112bbb242f0a2.sdkstatcache
    cd /Users/admin/builder/spi-builder-workspace/.swiftpm/xcode
    /Applications/Xcode-27.0.0-Release.Candidate.app/Contents/Developer/Toolchains/XcodeDefault.xctoolchain/usr/bin/clang-stat-cache /Applications/Xcode-27.0.0-Release.Candidate.app/Contents/Developer/Platforms/WatchOS.platform/Developer/SDKs/WatchOS27.0.sdk -o /Users/admin/builder/spi-builder-workspace/.derivedData/SDKStatCaches.noindex/watchos27.0-24R360-e829b21a6f8c9b70876ba0858053c04477534ef55a1706bf4c1112bbb242f0a2.sdkstatcache
SwiftDriver ArgumentParserToolInfo normal arm64_32 com.apple.xcode.tools.swift.compiler (in target 'ArgumentParserToolInfo' from project 'swift-argument-parser')
    cd /Users/admin/builder/spi-builder-workspace/.swiftpm/xcode
    builtin-SwiftDriver -- /Applications/Xcode-27.0.0-Release.Candidate.app/Contents/Developer/Toolchains/XcodeDefault.xctoolchain/usr/bin/swiftc -parse-as-library -module-name ArgumentParserToolInfo -Onone @/Users/admin/builder/spi-builder-workspace/.derivedData/Build/Intermediates.noindex/swift-argument-parser.build/Debug-watchos/ArgumentParserToolInfo-t.build/Objects-normal/arm64_32/ArgumentParserToolInfo.SwiftFileList -DSWIFT_PACKAGE -DDEBUG -DSWIFT_MODULE_RESOURCE_BUNDLE_UNAVAILABLE -DXcode -plugin-path /Applications/Xcode-27.0.0-Release.Candidate.app/Contents/Developer/Toolchains/XcodeDefault.xctoolchain/usr/lib/swift/host/plugins/testing -enable-experimental-feature DebugDescriptionMacro -sdk /Applications/Xcode-27.0.0-Release.Candidate.app/Contents/Developer/Platforms/WatchOS.platform/Developer/SDKs/WatchOS27.0.sdk -target arm64_32-apple-watchos9.0 -g -module-cache-path /Users/admin/builder/spi-builder-workspace/.derivedData/ModuleCache.noindex -Xfrontend -serialize-debugging-options -enable-testing -suppress-warnings -index-store-path /Users/admin/builder/spi-builder-workspace/.derivedData/Index.noindex/DataStore -Xcc -D_LIBCPP_HARDENING_MODE\=_LIBCPP_HARDENING_MODE_DEBUG -swift-version 5 -I /Users/admin/builder/spi-builder-workspace/.derivedData/Build/Products/Debug-watchos -Isystem /Applications/Xcode-27.0.0-Release.Candidate.app/Contents/Developer/Platforms/WatchOS.platform/Developer/usr/lib -F /Users/admin/builder/spi-builder-workspace/.derivedData/Build/Products/Debug-watchos -F /Applications/Xcode-27.0.0-Release.Candidate.app/Contents/Developer/Platforms/WatchOS.platform/Developer/Library/Frameworks -F /Applications/Xcode-27.0.0-Release.Candidate.app/Contents/Developer/Platforms/WatchOS.platform/Developer/SDKs/WatchOS27.0.sdk/Developer/Library/Frameworks -c -j10 -enable-batch-mode -incremental -Xcc -ivfsstatcache -Xcc /Users/admin/builder/spi-builder-workspace/.derivedData/SDKStatCaches.noindex/watchos27.0-24R360-e829b21a6f8c9b70876ba0858053c04477534ef55a1706bf4c1112bbb242f0a2.sdkstatcache -output-file-map /Users/admin/builder/spi-builder-workspace/.derivedData/Build/Intermediates.noindex/swift-argument-parser.build/Debug-watchos/ArgumentParserToolInfo-t.build/Objects-normal/arm64_32/ArgumentParserToolInfo-OutputFileMap.json -save-temps -no-color-diagnostics -explicit-module-build -module-cache-path /Users/admin/builder/spi-builder-workspace/.derivedData/Build/Intermediates.noindex/SwiftExplicitPrecompiledModules -clang-scanner-module-cache-path /Users/admin/builder/spi-builder-workspace/.derivedData/ModuleCache.noindex -sdk-module-cache-path /Users/admin/builder/spi-builder-workspace/.derivedData/SDKExplicitPrecompiledModules -emit-dependencies -emit-module -emit-module-path /Users/admin/builder/spi-builder-workspace/.derivedData/Build/Intermediates.noindex/swift-argument-parser.build/Debug-watchos/ArgumentParserToolInfo-t.build/Objects-normal/arm64_32/ArgumentParserToolInfo.swiftmodule -serialize-diagnostics -dependency-scan-serialize-diagnostics-path /Users/admin/builder/spi-builder-workspace/.derivedData/Build/Intermediates.noindex/swift-argument-parser.build/Debug-watchos/ArgumentParserToolInfo-t.build/Objects-normal/arm64_32/ArgumentParserToolInfo-dependency-scan.dia -validate-clang-modules-once -clang-build-session-file /Users/admin/builder/spi-builder-workspace/.derivedData/ModuleCache.noindex/Session.modulevalidation -Xcc -fmodules-prune-interval\=86400 -Xcc -fmodules-prune-after\=345600 -emit-const-values -const-gather-protocols-list /Users/admin/builder/spi-builder-workspace/.derivedData/Build/Intermediates.noindex/swift-argument-parser.build/Debug-watchos/ArgumentParserToolInfo-t.build/Objects-normal/arm64_32/ArgumentParserToolInfo_const_extract_protocols.json -Xcc -I/Users/admin/builder/spi-builder-workspace/.derivedData/Build/Products/Debug-watchos/include -Xcc -I/Users/admin/builder/spi-builder-workspace/.derivedData/Build/Intermediates.noindex/swift-argument-parser.build/Debug-watchos/ArgumentParserToolInfo-t.build/DerivedSources-normal/arm64_32 -Xcc -I/Users/admin/builder/spi-builder-workspace/.derivedData/Build/Intermediates.noindex/swift-argument-parser.build/Debug-watchos/ArgumentParserToolInfo-t.build/DerivedSources/arm64_32 -Xcc -I/Users/admin/builder/spi-builder-workspace/.derivedData/Build/Intermediates.noindex/swift-argument-parser.build/Debug-watchos/ArgumentParserToolInfo-t.build/DerivedSources -Xcc -DSWIFT_PACKAGE -Xcc -DDEBUG\=1 -emit-objc-header -emit-objc-header-path /Users/admin/builder/spi-builder-workspace/.derivedData/Build/Intermediates.noindex/swift-argument-parser.build/Debug-watchos/ArgumentParserToolInfo-t.build/Objects-normal/arm64_32/ArgumentParserToolInfo-Swift.h -working-directory /Users/admin/builder/spi-builder-workspace/.swiftpm/xcode -experimental-emit-module-separately -disable-cmo
SwiftDriver SwiftSoup normal arm64_32 com.apple.xcode.tools.swift.compiler (in target 'SwiftSoup' from project 'SwiftSoup')
    cd /Users/admin/builder/spi-builder-workspace/.swiftpm/xcode
    builtin-SwiftDriver -- /Applications/Xcode-27.0.0-Release.Candidate.app/Contents/Developer/Toolchains/XcodeDefault.xctoolchain/usr/bin/swiftc -parse-as-library -module-name SwiftSoup -Onone @/Users/admin/builder/spi-builder-workspace/.derivedData/Build/Intermediates.noindex/SwiftSoup.build/Debug-watchos/SwiftSoup-t.build/Objects-normal/arm64_32/SwiftSoup.SwiftFileList -DSWIFT_PACKAGE -DDEBUG -DSWIFT_MODULE_RESOURCE_BUNDLE_UNAVAILABLE -DXcode -plugin-path /Applications/Xcode-27.0.0-Release.Candidate.app/Contents/Developer/Toolchains/XcodeDefault.xctoolchain/usr/lib/swift/host/plugins/testing -enable-experimental-feature DebugDescriptionMacro -sdk /Applications/Xcode-27.0.0-Release.Candidate.app/Contents/Developer/Platforms/WatchOS.platform/Developer/SDKs/WatchOS27.0.sdk -target arm64_32-apple-watchos9.0 -g -module-cache-path /Users/admin/builder/spi-builder-workspace/.derivedData/ModuleCache.noindex -Xfrontend -serialize-debugging-options -enable-testing -suppress-warnings -index-store-path /Users/admin/builder/spi-builder-workspace/.derivedData/Index.noindex/DataStore -Xcc -D_LIBCPP_HARDENING_MODE\=_LIBCPP_HARDENING_MODE_DEBUG -swift-version 4 -I /Users/admin/builder/spi-builder-workspace/.derivedData/Build/Products/Debug-watchos -Isystem /Applications/Xcode-27.0.0-Release.Candidate.app/Contents/Developer/Platforms/WatchOS.platform/Developer/usr/lib -F /Users/admin/builder/spi-builder-workspace/.derivedData/Build/Products/Debug-watchos -F /Applications/Xcode-27.0.0-Release.Candidate.app/Contents/Developer/Platforms/WatchOS.platform/Developer/Library/Frameworks -F /Applications/Xcode-27.0.0-Release.Candidate.app/Contents/Developer/Platforms/WatchOS.platform/Developer/SDKs/WatchOS27.0.sdk/Developer/Library/Frameworks -c -j10 -enable-batch-mode -incremental -Xcc -ivfsstatcache -Xcc /Users/admin/builder/spi-builder-workspace/.derivedData/SDKStatCaches.noindex/watchos27.0-24R360-e829b21a6f8c9b70876ba0858053c04477534ef55a1706bf4c1112bbb242f0a2.sdkstatcache -output-file-map /Users/admin/builder/spi-builder-workspace/.derivedData/Build/Intermediates.noindex/SwiftSoup.build/Debug-watchos/SwiftSoup-t.build/Objects-normal/arm64_32/SwiftSoup-OutputFileMap.json -save-temps -no-color-diagnostics -emit-dependencies -emit-module -emit-module-path /Users/admin/builder/spi-builder-workspace/.derivedData/Build/Intermediates.noindex/SwiftSoup.build/Debug-watchos/SwiftSoup-t.build/Objects-normal/arm64_32/SwiftSoup.swiftmodule -serialize-diagnostics -validate-clang-modules-once -clang-build-session-file /Users/admin/builder/spi-builder-workspace/.derivedData/ModuleCache.noindex/Session.modulevalidation -Xcc -fmodules-prune-interval\=86400 -Xcc -fmodules-prune-after\=345600 -emit-const-values -const-gather-protocols-list /Users/admin/builder/spi-builder-workspace/.derivedData/Build/Intermediates.noindex/SwiftSoup.build/Debug-watchos/SwiftSoup-t.build/Objects-normal/arm64_32/SwiftSoup_const_extract_protocols.json -Xcc -I/Users/admin/builder/spi-builder-workspace/.derivedData/Build/Products/Debug-watchos/include -Xcc -I/Users/admin/builder/spi-builder-workspace/.derivedData/Build/Intermediates.noindex/SwiftSoup.build/Debug-watchos/SwiftSoup-t.build/DerivedSources-normal/arm64_32 -Xcc -I/Users/admin/builder/spi-builder-workspace/.derivedData/Build/Intermediates.noindex/SwiftSoup.build/Debug-watchos/SwiftSoup-t.build/DerivedSources/arm64_32 -Xcc -I/Users/admin/builder/spi-builder-workspace/.derivedData/Build/Intermediates.noindex/SwiftSoup.build/Debug-watchos/SwiftSoup-t.build/DerivedSources -Xcc -DSWIFT_PACKAGE -Xcc -DDEBUG\=1 -emit-objc-header -emit-objc-header-path /Users/admin/builder/spi-builder-workspace/.derivedData/Build/Intermediates.noindex/SwiftSoup.build/Debug-watchos/SwiftSoup-t.build/Objects-normal/arm64_32/SwiftSoup-Swift.h -working-directory /Users/admin/builder/spi-builder-workspace/.swiftpm/xcode -experimental-emit-module-separately -disable-cmo
SwiftDriver Splash normal arm64_32 com.apple.xcode.tools.swift.compiler (in target 'Splash' from project 'Splash')
    cd /Users/admin/builder/spi-builder-workspace/.swiftpm/xcode
    builtin-SwiftDriver -- /Applications/Xcode-27.0.0-Release.Candidate.app/Contents/Developer/Toolchains/XcodeDefault.xctoolchain/usr/bin/swiftc -parse-as-library -module-name Splash -Onone @/Users/admin/builder/spi-builder-workspace/.derivedData/Build/Intermediates.noindex/Splash.build/Debug-watchos/Splash-t.build/Objects-normal/arm64_32/Splash.SwiftFileList -DSWIFT_PACKAGE -DDEBUG -DSWIFT_MODULE_RESOURCE_BUNDLE_UNAVAILABLE -DXcode -plugin-path /Applications/Xcode-27.0.0-Release.Candidate.app/Contents/Developer/Toolchains/XcodeDefault.xctoolchain/usr/lib/swift/host/plugins/testing -enable-experimental-feature DebugDescriptionMacro -sdk /Applications/Xcode-27.0.0-Release.Candidate.app/Contents/Developer/Platforms/WatchOS.platform/Developer/SDKs/WatchOS27.0.sdk -target arm64_32-apple-watchos9.0 -g -module-cache-path /Users/admin/builder/spi-builder-workspace/.derivedData/ModuleCache.noindex -Xfrontend -serialize-debugging-options -enable-testing -suppress-warnings -index-store-path /Users/admin/builder/spi-builder-workspace/.derivedData/Index.noindex/DataStore -Xcc -D_LIBCPP_HARDENING_MODE\=_LIBCPP_HARDENING_MODE_DEBUG -swift-version 5 -I /Users/admin/builder/spi-builder-workspace/.derivedData/Build/Products/Debug-watchos -Isystem /Applications/Xcode-27.0.0-Release.Candidate.app/Contents/Developer/Platforms/WatchOS.platform/Developer/usr/lib -F /Users/admin/builder/spi-builder-workspace/.derivedData/Build/Products/Debug-watchos -F /Applications/Xcode-27.0.0-Release.Candidate.app/Contents/Developer/Platforms/WatchOS.platform/Developer/Library/Frameworks -F /Applications/Xcode-27.0.0-Release.Candidate.app/Contents/Developer/Platforms/WatchOS.platform/Developer/SDKs/WatchOS27.0.sdk/Developer/Library/Frameworks -c -j10 -enable-batch-mode -incremental -Xcc -ivfsstatcache -Xcc /Users/admin/builder/spi-builder-workspace/.derivedData/SDKStatCaches.noindex/watchos27.0-24R360-e829b21a6f8c9b70876ba0858053c04477534ef55a1706bf4c1112bbb242f0a2.sdkstatcache -output-file-map /Users/admin/builder/spi-builder-workspace/.derivedData/Build/Intermediates.noindex/Splash.build/Debug-watchos/Splash-t.build/Objects-normal/arm64_32/Splash-OutputFileMap.json -save-temps -no-color-diagnostics -explicit-module-build -module-cache-path /Users/admin/builder/spi-builder-workspace/.derivedData/Build/Intermediates.noindex/SwiftExplicitPrecompiledModules -clang-scanner-module-cache-path /Users/admin/builder/spi-builder-workspace/.derivedData/ModuleCache.noindex -sdk-module-cache-path /Users/admin/builder/spi-builder-workspace/.derivedData/SDKExplicitPrecompiledModules -emit-dependencies -emit-module -emit-module-path /Users/admin/builder/spi-builder-workspace/.derivedData/Build/Intermediates.noindex/Splash.build/Debug-watchos/Splash-t.build/Objects-normal/arm64_32/Splash.swiftmodule -serialize-diagnostics -dependency-scan-serialize-diagnostics-path /Users/admin/builder/spi-builder-workspace/.derivedData/Build/Intermediates.noindex/Splash.build/Debug-watchos/Splash-t.build/Objects-normal/arm64_32/Splash-dependency-scan.dia -validate-clang-modules-once -clang-build-session-file /Users/admin/builder/spi-builder-workspace/.derivedData/ModuleCache.noindex/Session.modulevalidation -Xcc -fmodules-prune-interval\=86400 -Xcc -fmodules-prune-after\=345600 -emit-const-values -const-gather-protocols-list /Users/admin/builder/spi-builder-workspace/.derivedData/Build/Intermediates.noindex/Splash.build/Debug-watchos/Splash-t.build/Objects-normal/arm64_32/Splash_const_extract_protocols.json -Xcc -I/Users/admin/builder/spi-builder-workspace/.derivedData/Build/Products/Debug-watchos/include -Xcc -I/Users/admin/builder/spi-builder-workspace/.derivedData/Build/Intermediates.noindex/Splash.build/Debug-watchos/Splash-t.build/DerivedSources-normal/arm64_32 -Xcc -I/Users/admin/builder/spi-builder-workspace/.derivedData/Build/Intermediates.noindex/Splash.build/Debug-watchos/Splash-t.build/DerivedSources/arm64_32 -Xcc -I/Users/admin/builder/spi-builder-workspace/.derivedData/Build/Intermediates.noindex/Splash.build/Debug-watchos/Splash-t.build/DerivedSources -Xcc -DSWIFT_PACKAGE -Xcc -DDEBUG\=1 -emit-objc-header -emit-objc-header-path /Users/admin/builder/spi-builder-workspace/.derivedData/Build/Intermediates.noindex/Splash.build/Debug-watchos/Splash-t.build/Objects-normal/arm64_32/Splash-Swift.h -working-directory /Users/admin/builder/spi-builder-workspace/.swiftpm/xcode -experimental-emit-module-separately -disable-cmo
SwiftDriver Splash normal arm64 com.apple.xcode.tools.swift.compiler (in target 'Splash' from project 'Splash')
    cd /Users/admin/builder/spi-builder-workspace/.swiftpm/xcode
    builtin-SwiftDriver -- /Applications/Xcode-27.0.0-Release.Candidate.app/Contents/Developer/Toolchains/XcodeDefault.xctoolchain/usr/bin/swiftc -parse-as-library -module-name Splash -Onone @/Users/admin/builder/spi-builder-workspace/.derivedData/Build/Intermediates.noindex/Splash.build/Debug-watchos/Splash-t.build/Objects-normal/arm64/Splash.SwiftFileList -DSWIFT_PACKAGE -DDEBUG -DSWIFT_MODULE_RESOURCE_BUNDLE_UNAVAILABLE -DXcode -plugin-path /Applications/Xcode-27.0.0-Release.Candidate.app/Contents/Developer/Toolchains/XcodeDefault.xctoolchain/usr/lib/swift/host/plugins/testing -enable-experimental-feature DebugDescriptionMacro -sdk /Applications/Xcode-27.0.0-Release.Candidate.app/Contents/Developer/Platforms/WatchOS.platform/Developer/SDKs/WatchOS27.0.sdk -target arm64-apple-watchos9.0 -g -module-cache-path /Users/admin/builder/spi-builder-workspace/.derivedData/ModuleCache.noindex -Xfrontend -serialize-debugging-options -enable-testing -suppress-warnings -index-store-path /Users/admin/builder/spi-builder-workspace/.derivedData/Index.noindex/DataStore -Xcc -D_LIBCPP_HARDENING_MODE\=_LIBCPP_HARDENING_MODE_DEBUG -swift-version 5 -I /Users/admin/builder/spi-builder-workspace/.derivedData/Build/Products/Debug-watchos -Isystem /Applications/Xcode-27.0.0-Release.Candidate.app/Contents/Developer/Platforms/WatchOS.platform/Developer/usr/lib -F /Users/admin/builder/spi-builder-workspace/.derivedData/Build/Products/Debug-watchos -F /Applications/Xcode-27.0.0-Release.Candidate.app/Contents/Developer/Platforms/WatchOS.platform/Developer/Library/Frameworks -F /Applications/Xcode-27.0.0-Release.Candidate.app/Contents/Developer/Platforms/WatchOS.platform/Developer/SDKs/WatchOS27.0.sdk/Developer/Library/Frameworks -c -j10 -enable-batch-mode -incremental -Xcc -ivfsstatcache -Xcc /Users/admin/builder/spi-builder-workspace/.derivedData/SDKStatCaches.noindex/watchos27.0-24R360-e829b21a6f8c9b70876ba0858053c04477534ef55a1706bf4c1112bbb242f0a2.sdkstatcache -output-file-map /Users/admin/builder/spi-builder-workspace/.derivedData/Build/Intermediates.noindex/Splash.build/Debug-watchos/Splash-t.build/Objects-normal/arm64/Splash-OutputFileMap.json -save-temps -no-color-diagnostics -explicit-module-build -module-cache-path /Users/admin/builder/spi-builder-workspace/.derivedData/Build/Intermediates.noindex/SwiftExplicitPrecompiledModules -clang-scanner-module-cache-path /Users/admin/builder/spi-builder-workspace/.derivedData/ModuleCache.noindex -sdk-module-cache-path /Users/admin/builder/spi-builder-workspace/.derivedData/SDKExplicitPrecompiledModules -emit-dependencies -emit-module -emit-module-path /Users/admin/builder/spi-builder-workspace/.derivedData/Build/Intermediates.noindex/Splash.build/Debug-watchos/Splash-t.build/Objects-normal/arm64/Splash.swiftmodule -serialize-diagnostics -dependency-scan-serialize-diagnostics-path /Users/admin/builder/spi-builder-workspace/.derivedData/Build/Intermediates.noindex/Splash.build/Debug-watchos/Splash-t.build/Objects-normal/arm64/Splash-dependency-scan.dia -validate-clang-modules-once -clang-build-session-file /Users/admin/builder/spi-builder-workspace/.derivedData/ModuleCache.noindex/Session.modulevalidation -Xcc -fmodules-prune-interval\=86400 -Xcc -fmodules-prune-after\=345600 -emit-const-values -const-gather-protocols-list /Users/admin/builder/spi-builder-workspace/.derivedData/Build/Intermediates.noindex/Splash.build/Debug-watchos/Splash-t.build/Objects-normal/arm64/Splash_const_extract_protocols.json -Xcc -I/Users/admin/builder/spi-builder-workspace/.derivedData/Build/Products/Debug-watchos/include -Xcc -I/Users/admin/builder/spi-builder-workspace/.derivedData/Build/Intermediates.noindex/Splash.build/Debug-watchos/Splash-t.build/DerivedSources-normal/arm64 -Xcc -I/Users/admin/builder/spi-builder-workspace/.derivedData/Build/Intermediates.noindex/Splash.build/Debug-watchos/Splash-t.build/DerivedSources/arm64 -Xcc -I/Users/admin/builder/spi-builder-workspace/.derivedData/Build/Intermediates.noindex/Splash.build/Debug-watchos/Splash-t.build/DerivedSources -Xcc -DSWIFT_PACKAGE -Xcc -DDEBUG\=1 -emit-objc-header -emit-objc-header-path /Users/admin/builder/spi-builder-workspace/.derivedData/Build/Intermediates.noindex/Splash.build/Debug-watchos/Splash-t.build/Objects-normal/arm64/Splash-Swift.h -working-directory /Users/admin/builder/spi-builder-workspace/.swiftpm/xcode -experimental-emit-module-separately -disable-cmo
SwiftDriver SwiftSoup normal arm64 com.apple.xcode.tools.swift.compiler (in target 'SwiftSoup' from project 'SwiftSoup')
    cd /Users/admin/builder/spi-builder-workspace/.swiftpm/xcode
    builtin-SwiftDriver -- /Applications/Xcode-27.0.0-Release.Candidate.app/Contents/Developer/Toolchains/XcodeDefault.xctoolchain/usr/bin/swiftc -parse-as-library -module-name SwiftSoup -Onone @/Users/admin/builder/spi-builder-workspace/.derivedData/Build/Intermediates.noindex/SwiftSoup.build/Debug-watchos/SwiftSoup-t.build/Objects-normal/arm64/SwiftSoup.SwiftFileList -DSWIFT_PACKAGE -DDEBUG -DSWIFT_MODULE_RESOURCE_BUNDLE_UNAVAILABLE -DXcode -plugin-path /Applications/Xcode-27.0.0-Release.Candidate.app/Contents/Developer/Toolchains/XcodeDefault.xctoolchain/usr/lib/swift/host/plugins/testing -enable-experimental-feature DebugDescriptionMacro -sdk /Applications/Xcode-27.0.0-Release.Candidate.app/Contents/Developer/Platforms/WatchOS.platform/Developer/SDKs/WatchOS27.0.sdk -target arm64-apple-watchos9.0 -g -module-cache-path /Users/admin/builder/spi-builder-workspace/.derivedData/ModuleCache.noindex -Xfrontend -serialize-debugging-options -enable-testing -suppress-warnings -index-store-path /Users/admin/builder/spi-builder-workspace/.derivedData/Index.noindex/DataStore -Xcc -D_LIBCPP_HARDENING_MODE\=_LIBCPP_HARDENING_MODE_DEBUG -swift-version 4 -I /Users/admin/builder/spi-builder-workspace/.derivedData/Build/Products/Debug-watchos -Isystem /Applications/Xcode-27.0.0-Release.Candidate.app/Contents/Developer/Platforms/WatchOS.platform/Developer/usr/lib -F /Users/admin/builder/spi-builder-workspace/.derivedData/Build/Products/Debug-watchos -F /Applications/Xcode-27.0.0-Release.Candidate.app/Contents/Developer/Platforms/WatchOS.platform/Developer/Library/Frameworks -F /Applications/Xcode-27.0.0-Release.Candidate.app/Contents/Developer/Platforms/WatchOS.platform/Developer/SDKs/WatchOS27.0.sdk/Developer/Library/Frameworks -c -j10 -enable-batch-mode -incremental -Xcc -ivfsstatcache -Xcc /Users/admin/builder/spi-builder-workspace/.derivedData/SDKStatCaches.noindex/watchos27.0-24R360-e829b21a6f8c9b70876ba0858053c04477534ef55a1706bf4c1112bbb242f0a2.sdkstatcache -output-file-map /Users/admin/builder/spi-builder-workspace/.derivedData/Build/Intermediates.noindex/SwiftSoup.build/Debug-watchos/SwiftSoup-t.build/Objects-normal/arm64/SwiftSoup-OutputFileMap.json -save-temps -no-color-diagnostics -emit-dependencies -emit-module -emit-module-path /Users/admin/builder/spi-builder-workspace/.derivedData/Build/Intermediates.noindex/SwiftSoup.build/Debug-watchos/SwiftSoup-t.build/Objects-normal/arm64/SwiftSoup.swiftmodule -serialize-diagnostics -validate-clang-modules-once -clang-build-session-file /Users/admin/builder/spi-builder-workspace/.derivedData/ModuleCache.noindex/Session.modulevalidation -Xcc -fmodules-prune-interval\=86400 -Xcc -fmodules-prune-after\=345600 -emit-const-values -const-gather-protocols-list /Users/admin/builder/spi-builder-workspace/.derivedData/Build/Intermediates.noindex/SwiftSoup.build/Debug-watchos/SwiftSoup-t.build/Objects-normal/arm64/SwiftSoup_const_extract_protocols.json -Xcc -I/Users/admin/builder/spi-builder-workspace/.derivedData/Build/Products/Debug-watchos/include -Xcc -I/Users/admin/builder/spi-builder-workspace/.derivedData/Build/Intermediates.noindex/SwiftSoup.build/Debug-watchos/SwiftSoup-t.build/DerivedSources-normal/arm64 -Xcc -I/Users/admin/builder/spi-builder-workspace/.derivedData/Build/Intermediates.noindex/SwiftSoup.build/Debug-watchos/SwiftSoup-t.build/DerivedSources/arm64 -Xcc -I/Users/admin/builder/spi-builder-workspace/.derivedData/Build/Intermediates.noindex/SwiftSoup.build/Debug-watchos/SwiftSoup-t.build/DerivedSources -Xcc -DSWIFT_PACKAGE -Xcc -DDEBUG\=1 -emit-objc-header -emit-objc-header-path /Users/admin/builder/spi-builder-workspace/.derivedData/Build/Intermediates.noindex/SwiftSoup.build/Debug-watchos/SwiftSoup-t.build/Objects-normal/arm64/SwiftSoup-Swift.h -working-directory /Users/admin/builder/spi-builder-workspace/.swiftpm/xcode -experimental-emit-module-separately -disable-cmo
SwiftDriver ArgumentParserToolInfo normal arm64 com.apple.xcode.tools.swift.compiler (in target 'ArgumentParserToolInfo' from project 'swift-argument-parser')
    cd /Users/admin/builder/spi-builder-workspace/.swiftpm/xcode
    builtin-SwiftDriver -- /Applications/Xcode-27.0.0-Release.Candidate.app/Contents/Developer/Toolchains/XcodeDefault.xctoolchain/usr/bin/swiftc -parse-as-library -module-name ArgumentParserToolInfo -Onone @/Users/admin/builder/spi-builder-workspace/.derivedData/Build/Intermediates.noindex/swift-argument-parser.build/Debug-watchos/ArgumentParserToolInfo-t.build/Objects-normal/arm64/ArgumentParserToolInfo.SwiftFileList -DSWIFT_PACKAGE -DDEBUG -DSWIFT_MODULE_RESOURCE_BUNDLE_UNAVAILABLE -DXcode -plugin-path /Applications/Xcode-27.0.0-Release.Candidate.app/Contents/Developer/Toolchains/XcodeDefault.xctoolchain/usr/lib/swift/host/plugins/testing -enable-experimental-feature DebugDescriptionMacro -sdk /Applications/Xcode-27.0.0-Release.Candidate.app/Contents/Developer/Platforms/WatchOS.platform/Developer/SDKs/WatchOS27.0.sdk -target arm64-apple-watchos9.0 -g -module-cache-path /Users/admin/builder/spi-builder-workspace/.derivedData/ModuleCache.noindex -Xfrontend -serialize-debugging-options -enable-testing -suppress-warnings -index-store-path /Users/admin/builder/spi-builder-workspace/.derivedData/Index.noindex/DataStore -Xcc -D_LIBCPP_HARDENING_MODE\=_LIBCPP_HARDENING_MODE_DEBUG -swift-version 5 -I /Users/admin/builder/spi-builder-workspace/.derivedData/Build/Products/Debug-watchos -Isystem /Applications/Xcode-27.0.0-Release.Candidate.app/Contents/Developer/Platforms/WatchOS.platform/Developer/usr/lib -F /Users/admin/builder/spi-builder-workspace/.derivedData/Build/Products/Debug-watchos -F /Applications/Xcode-27.0.0-Release.Candidate.app/Contents/Developer/Platforms/WatchOS.platform/Developer/Library/Frameworks -F /Applications/Xcode-27.0.0-Release.Candidate.app/Contents/Developer/Platforms/WatchOS.platform/Developer/SDKs/WatchOS27.0.sdk/Developer/Library/Frameworks -c -j10 -enable-batch-mode -incremental -Xcc -ivfsstatcache -Xcc /Users/admin/builder/spi-builder-workspace/.derivedData/SDKStatCaches.noindex/watchos27.0-24R360-e829b21a6f8c9b70876ba0858053c04477534ef55a1706bf4c1112bbb242f0a2.sdkstatcache -output-file-map /Users/admin/builder/spi-builder-workspace/.derivedData/Build/Intermediates.noindex/swift-argument-parser.build/Debug-watchos/ArgumentParserToolInfo-t.build/Objects-normal/arm64/ArgumentParserToolInfo-OutputFileMap.json -save-temps -no-color-diagnostics -explicit-module-build -module-cache-path /Users/admin/builder/spi-builder-workspace/.derivedData/Build/Intermediates.noindex/SwiftExplicitPrecompiledModules -clang-scanner-module-cache-path /Users/admin/builder/spi-builder-workspace/.derivedData/ModuleCache.noindex -sdk-module-cache-path /Users/admin/builder/spi-builder-workspace/.derivedData/SDKExplicitPrecompiledModules -emit-dependencies -emit-module -emit-module-path /Users/admin/builder/spi-builder-workspace/.derivedData/Build/Intermediates.noindex/swift-argument-parser.build/Debug-watchos/ArgumentParserToolInfo-t.build/Objects-normal/arm64/ArgumentParserToolInfo.swiftmodule -serialize-diagnostics -dependency-scan-serialize-diagnostics-path /Users/admin/builder/spi-builder-workspace/.derivedData/Build/Intermediates.noindex/swift-argument-parser.build/Debug-watchos/ArgumentParserToolInfo-t.build/Objects-normal/arm64/ArgumentParserToolInfo-dependency-scan.dia -validate-clang-modules-once -clang-build-session-file /Users/admin/builder/spi-builder-workspace/.derivedData/ModuleCache.noindex/Session.modulevalidation -Xcc -fmodules-prune-interval\=86400 -Xcc -fmodules-prune-after\=345600 -emit-const-values -const-gather-protocols-list /Users/admin/builder/spi-builder-workspace/.derivedData/Build/Intermediates.noindex/swift-argument-parser.build/Debug-watchos/ArgumentParserToolInfo-t.build/Objects-normal/arm64/ArgumentParserToolInfo_const_extract_protocols.json -Xcc -I/Users/admin/builder/spi-builder-workspace/.derivedData/Build/Products/Debug-watchos/include -Xcc -I/Users/admin/builder/spi-builder-workspace/.derivedData/Build/Intermediates.noindex/swift-argument-parser.build/Debug-watchos/ArgumentParserToolInfo-t.build/DerivedSources-normal/arm64 -Xcc -I/Users/admin/builder/spi-builder-workspace/.derivedData/Build/Intermediates.noindex/swift-argument-parser.build/Debug-watchos/ArgumentParserToolInfo-t.build/DerivedSources/arm64 -Xcc -I/Users/admin/builder/spi-builder-workspace/.derivedData/Build/Intermediates.noindex/swift-argument-parser.build/Debug-watchos/ArgumentParserToolInfo-t.build/DerivedSources -Xcc -DSWIFT_PACKAGE -Xcc -DDEBUG\=1 -emit-objc-header -emit-objc-header-path /Users/admin/builder/spi-builder-workspace/.derivedData/Build/Intermediates.noindex/swift-argument-parser.build/Debug-watchos/ArgumentParserToolInfo-t.build/Objects-normal/arm64/ArgumentParserToolInfo-Swift.h -working-directory /Users/admin/builder/spi-builder-workspace/.swiftpm/xcode -experimental-emit-module-separately -disable-cmo
SwiftDriver ArgumentParser normal arm64 com.apple.xcode.tools.swift.compiler (in target 'ArgumentParser' from project 'swift-argument-parser')
    cd /Users/admin/builder/spi-builder-workspace/.swiftpm/xcode
    builtin-SwiftDriver -- /Applications/Xcode-27.0.0-Release.Candidate.app/Contents/Developer/Toolchains/XcodeDefault.xctoolchain/usr/bin/swiftc -parse-as-library -module-name ArgumentParser -Onone @/Users/admin/builder/spi-builder-workspace/.derivedData/Build/Intermediates.noindex/swift-argument-parser.build/Debug-watchos/ArgumentParser-t.build/Objects-normal/arm64/ArgumentParser.SwiftFileList -DSWIFT_PACKAGE -DDEBUG -DSWIFT_MODULE_RESOURCE_BUNDLE_UNAVAILABLE -DXcode -plugin-path /Applications/Xcode-27.0.0-Release.Candidate.app/Contents/Developer/Toolchains/XcodeDefault.xctoolchain/usr/lib/swift/host/plugins/testing -enable-experimental-feature DebugDescriptionMacro -sdk /Applications/Xcode-27.0.0-Release.Candidate.app/Contents/Developer/Platforms/WatchOS.platform/Developer/SDKs/WatchOS27.0.sdk -target arm64-apple-watchos9.0 -g -module-cache-path /Users/admin/builder/spi-builder-workspace/.derivedData/ModuleCache.noindex -Xfrontend -serialize-debugging-options -enable-testing -suppress-warnings -index-store-path /Users/admin/builder/spi-builder-workspace/.derivedData/Index.noindex/DataStore -Xcc -D_LIBCPP_HARDENING_MODE\=_LIBCPP_HARDENING_MODE_DEBUG -swift-version 5 -I /Users/admin/builder/spi-builder-workspace/.derivedData/Build/Products/Debug-watchos -Isystem /Applications/Xcode-27.0.0-Release.Candidate.app/Contents/Developer/Platforms/WatchOS.platform/Developer/usr/lib -F /Users/admin/builder/spi-builder-workspace/.derivedData/Build/Products/Debug-watchos/PackageFrameworks -F /Users/admin/builder/spi-builder-workspace/.derivedData/Build/Products/Debug-watchos -F /Applications/Xcode-27.0.0-Release.Candidate.app/Contents/Developer/Platforms/WatchOS.platform/Developer/Library/Frameworks -F /Applications/Xcode-27.0.0-Release.Candidate.app/Contents/Developer/Platforms/WatchOS.platform/Developer/SDKs/WatchOS27.0.sdk/Developer/Library/Frameworks -c -j10 -enable-batch-mode -incremental -Xcc -ivfsstatcache -Xcc /Users/admin/builder/spi-builder-workspace/.derivedData/SDKStatCaches.noindex/watchos27.0-24R360-e829b21a6f8c9b70876ba0858053c04477534ef55a1706bf4c1112bbb242f0a2.sdkstatcache -output-file-map /Users/admin/builder/spi-builder-workspace/.derivedData/Build/Intermediates.noindex/swift-argument-parser.build/Debug-watchos/ArgumentParser-t.build/Objects-normal/arm64/ArgumentParser-OutputFileMap.json -save-temps -no-color-diagnostics -explicit-module-build -module-cache-path /Users/admin/builder/spi-builder-workspace/.derivedData/Build/Intermediates.noindex/SwiftExplicitPrecompiledModules -clang-scanner-module-cache-path /Users/admin/builder/spi-builder-workspace/.derivedData/ModuleCache.noindex -sdk-module-cache-path /Users/admin/builder/spi-builder-workspace/.derivedData/SDKExplicitPrecompiledModules -emit-dependencies -emit-module -emit-module-path /Users/admin/builder/spi-builder-workspace/.derivedData/Build/Intermediates.noindex/swift-argument-parser.build/Debug-watchos/ArgumentParser-t.build/Objects-normal/arm64/ArgumentParser.swiftmodule -serialize-diagnostics -dependency-scan-serialize-diagnostics-path /Users/admin/builder/spi-builder-workspace/.derivedData/Build/Intermediates.noindex/swift-argument-parser.build/Debug-watchos/ArgumentParser-t.build/Objects-normal/arm64/ArgumentParser-dependency-scan.dia -validate-clang-modules-once -clang-build-session-file /Users/admin/builder/spi-builder-workspace/.derivedData/ModuleCache.noindex/Session.modulevalidation -Xcc -fmodules-prune-interval\=86400 -Xcc -fmodules-prune-after\=345600 -emit-const-values -const-gather-protocols-list /Users/admin/builder/spi-builder-workspace/.derivedData/Build/Intermediates.noindex/swift-argument-parser.build/Debug-watchos/ArgumentParser-t.build/Objects-normal/arm64/ArgumentParser_const_extract_protocols.json -Xcc -I/Users/admin/builder/spi-builder-workspace/.derivedData/Build/Products/Debug-watchos/include -Xcc -I/Users/admin/builder/spi-builder-workspace/.derivedData/Build/Intermediates.noindex/swift-argument-parser.build/Debug-watchos/ArgumentParser-t.build/DerivedSources-normal/arm64 -Xcc -I/Users/admin/builder/spi-builder-workspace/.derivedData/Build/Intermediates.noindex/swift-argument-parser.build/Debug-watchos/ArgumentParser-t.build/DerivedSources/arm64 -Xcc -I/Users/admin/builder/spi-builder-workspace/.derivedData/Build/Intermediates.noindex/swift-argument-parser.build/Debug-watchos/ArgumentParser-t.build/DerivedSources -Xcc -DSWIFT_PACKAGE -Xcc -DDEBUG\=1 -emit-objc-header -emit-objc-header-path /Users/admin/builder/spi-builder-workspace/.derivedData/Build/Intermediates.noindex/swift-argument-parser.build/Debug-watchos/ArgumentParser-t.build/Objects-normal/arm64/ArgumentParser-Swift.h -working-directory /Users/admin/builder/spi-builder-workspace/.swiftpm/xcode -experimental-emit-module-separately -disable-cmo
SwiftDriver ArgumentParser normal arm64_32 com.apple.xcode.tools.swift.compiler (in target 'ArgumentParser' from project 'swift-argument-parser')
    cd /Users/admin/builder/spi-builder-workspace/.swiftpm/xcode
    builtin-SwiftDriver -- /Applications/Xcode-27.0.0-Release.Candidate.app/Contents/Developer/Toolchains/XcodeDefault.xctoolchain/usr/bin/swiftc -parse-as-library -module-name ArgumentParser -Onone @/Users/admin/builder/spi-builder-workspace/.derivedData/Build/Intermediates.noindex/swift-argument-parser.build/Debug-watchos/ArgumentParser-t.build/Objects-normal/arm64_32/ArgumentParser.SwiftFileList -DSWIFT_PACKAGE -DDEBUG -DSWIFT_MODULE_RESOURCE_BUNDLE_UNAVAILABLE -DXcode -plugin-path /Applications/Xcode-27.0.0-Release.Candidate.app/Contents/Developer/Toolchains/XcodeDefault.xctoolchain/usr/lib/swift/host/plugins/testing -enable-experimental-feature DebugDescriptionMacro -sdk /Applications/Xcode-27.0.0-Release.Candidate.app/Contents/Developer/Platforms/WatchOS.platform/Developer/SDKs/WatchOS27.0.sdk -target arm64_32-apple-watchos9.0 -g -module-cache-path /Users/admin/builder/spi-builder-workspace/.derivedData/ModuleCache.noindex -Xfrontend -serialize-debugging-options -enable-testing -suppress-warnings -index-store-path /Users/admin/builder/spi-builder-workspace/.derivedData/Index.noindex/DataStore -Xcc -D_LIBCPP_HARDENING_MODE\=_LIBCPP_HARDENING_MODE_DEBUG -swift-version 5 -I /Users/admin/builder/spi-builder-workspace/.derivedData/Build/Products/Debug-watchos -Isystem /Applications/Xcode-27.0.0-Release.Candidate.app/Contents/Developer/Platforms/WatchOS.platform/Developer/usr/lib -F /Users/admin/builder/spi-builder-workspace/.derivedData/Build/Products/Debug-watchos/PackageFrameworks -F /Users/admin/builder/spi-builder-workspace/.derivedData/Build/Products/Debug-watchos -F /Applications/Xcode-27.0.0-Release.Candidate.app/Contents/Developer/Platforms/WatchOS.platform/Developer/Library/Frameworks -F /Applications/Xcode-27.0.0-Release.Candidate.app/Contents/Developer/Platforms/WatchOS.platform/Developer/SDKs/WatchOS27.0.sdk/Developer/Library/Frameworks -c -j10 -enable-batch-mode -incremental -Xcc -ivfsstatcache -Xcc /Users/admin/builder/spi-builder-workspace/.derivedData/SDKStatCaches.noindex/watchos27.0-24R360-e829b21a6f8c9b70876ba0858053c04477534ef55a1706bf4c1112bbb242f0a2.sdkstatcache -output-file-map /Users/admin/builder/spi-builder-workspace/.derivedData/Build/Intermediates.noindex/swift-argument-parser.build/Debug-watchos/ArgumentParser-t.build/Objects-normal/arm64_32/ArgumentParser-OutputFileMap.json -save-temps -no-color-diagnostics -explicit-module-build -module-cache-path /Users/admin/builder/spi-builder-workspace/.derivedData/Build/Intermediates.noindex/SwiftExplicitPrecompiledModules -clang-scanner-module-cache-path /Users/admin/builder/spi-builder-workspace/.derivedData/ModuleCache.noindex -sdk-module-cache-path /Users/admin/builder/spi-builder-workspace/.derivedData/SDKExplicitPrecompiledModules -emit-dependencies -emit-module -emit-module-path /Users/admin/builder/spi-builder-workspace/.derivedData/Build/Intermediates.noindex/swift-argument-parser.build/Debug-watchos/ArgumentParser-t.build/Objects-normal/arm64_32/ArgumentParser.swiftmodule -serialize-diagnostics -dependency-scan-serialize-diagnostics-path /Users/admin/builder/spi-builder-workspace/.derivedData/Build/Intermediates.noindex/swift-argument-parser.build/Debug-watchos/ArgumentParser-t.build/Objects-normal/arm64_32/ArgumentParser-dependency-scan.dia -validate-clang-modules-once -clang-build-session-file /Users/admin/builder/spi-builder-workspace/.derivedData/ModuleCache.noindex/Session.modulevalidation -Xcc -fmodules-prune-interval\=86400 -Xcc -fmodules-prune-after\=345600 -emit-const-values -const-gather-protocols-list /Users/admin/builder/spi-builder-workspace/.derivedData/Build/Intermediates.noindex/swift-argument-parser.build/Debug-watchos/ArgumentParser-t.build/Objects-normal/arm64_32/ArgumentParser_const_extract_protocols.json -Xcc -I/Users/admin/builder/spi-builder-workspace/.derivedData/Build/Products/Debug-watchos/include -Xcc -I/Users/admin/builder/spi-builder-workspace/.derivedData/Build/Intermediates.noindex/swift-argument-parser.build/Debug-watchos/ArgumentParser-t.build/DerivedSources-normal/arm64_32 -Xcc -I/Users/admin/builder/spi-builder-workspace/.derivedData/Build/Intermediates.noindex/swift-argument-parser.build/Debug-watchos/ArgumentParser-t.build/DerivedSources/arm64_32 -Xcc -I/Users/admin/builder/spi-builder-workspace/.derivedData/Build/Intermediates.noindex/swift-argument-parser.build/Debug-watchos/ArgumentParser-t.build/DerivedSources -Xcc -DSWIFT_PACKAGE -Xcc -DDEBUG\=1 -emit-objc-header -emit-objc-header-path /Users/admin/builder/spi-builder-workspace/.derivedData/Build/Intermediates.noindex/swift-argument-parser.build/Debug-watchos/ArgumentParser-t.build/Objects-normal/arm64_32/ArgumentParser-Swift.h -working-directory /Users/admin/builder/spi-builder-workspace/.swiftpm/xcode -experimental-emit-module-separately -disable-cmo
SwiftEmitModule normal arm64 Emitting\ module\ for\ ArgumentParserToolInfo (in target 'ArgumentParserToolInfo' from project 'swift-argument-parser')
SwiftCompile normal arm64 (in target 'ArgumentParserToolInfo' from project 'swift-argument-parser')
    cd /Users/admin/builder/spi-builder-workspace/.swiftpm/xcode

SwiftEmitModule normal arm64_32 Emitting\ module\ for\ ArgumentParserToolInfo (in target 'ArgumentParserToolInfo' from project 'swift-argument-parser')
SwiftCompile normal arm64_32 (in target 'ArgumentParserToolInfo' from project 'swift-argument-parser')
    cd /Users/admin/builder/spi-builder-workspace/.swiftpm/xcode

SwiftCompile normal arm64 Compiling\ ToolInfo.swift /Users/admin/builder/spi-builder-workspace/.dependencies/checkouts/swift-argument-parser/Sources/ArgumentParserToolInfo/ToolInfo.swift (in target 'ArgumentParserToolInfo' from project 'swift-argument-parser')
SwiftCompile normal arm64 /Users/admin/builder/spi-builder-workspace/.dependencies/checkouts/swift-argument-parser/Sources/ArgumentParserToolInfo/ToolInfo.swift (in target 'ArgumentParserToolInfo' from project 'swift-argument-parser')
    cd /Users/admin/builder/spi-builder-workspace/.swiftpm/xcode
    builtin-SwiftPerFileCompile ToolInfo.swift
SwiftCompile normal arm64_32 Compiling\ ToolInfo.swift /Users/admin/builder/spi-builder-workspace/.dependencies/checkouts/swift-argument-parser/Sources/ArgumentParserToolInfo/ToolInfo.swift (in target 'ArgumentParserToolInfo' from project 'swift-argument-parser')
SwiftCompile normal arm64_32 /Users/admin/builder/spi-builder-workspace/.dependencies/checkouts/swift-argument-parser/Sources/ArgumentParserToolInfo/ToolInfo.swift (in target 'ArgumentParserToolInfo' from project 'swift-argument-parser')
    cd /Users/admin/builder/spi-builder-workspace/.swiftpm/xcode
    builtin-SwiftPerFileCompile ToolInfo.swift
SwiftExplicitDependencyGeneratePcm arm64 /Users/admin/builder/spi-builder-workspace/.derivedData/SDKExplicitPrecompiledModules/Foundation-DLBKUSGXN8QHAT8W0OARR9S8A.pcm
SwiftCompile normal arm64_32 Compiling\ Sequence+AnyOf.swift,\ Sequence+Occurrences.swift,\ String+HTMLEntities.swift /Users/admin/builder/spi-builder-workspace/.dependencies/checkouts/Splash/Sources/Splash/Extensions/Sequence/Sequence+AnyOf.swift /Users/admin/builder/spi-builder-workspace/.dependencies/checkouts/Splash/Sources/Splash/Extensions/Sequence/Sequence+Occurrences.swift /Users/admin/builder/spi-builder-workspace/.dependencies/checkouts/Splash/Sources/Splash/Extensions/Strings/String+HTMLEntities.swift (in target 'Splash' from project 'Splash')
SwiftCompile normal arm64_32 /Users/admin/builder/spi-builder-workspace/.dependencies/checkouts/Splash/Sources/Splash/Extensions/Sequence/Sequence+AnyOf.swift (in target 'Splash' from project 'Splash')
    cd /Users/admin/builder/spi-builder-workspace/.swiftpm/xcode
    builtin-SwiftPerFileCompile Sequence+AnyOf.swift
SwiftCompile normal arm64_32 /Users/admin/builder/spi-builder-workspace/.dependencies/checkouts/Splash/Sources/Splash/Extensions/Sequence/Sequence+Occurrences.swift (in target 'Splash' from project 'Splash')
    cd /Users/admin/builder/spi-builder-workspace/.swiftpm/xcode
    builtin-SwiftPerFileCompile Sequence+Occurrences.swift
SwiftCompile normal arm64_32 /Users/admin/builder/spi-builder-workspace/.dependencies/checkouts/Splash/Sources/Splash/Extensions/Strings/String+HTMLEntities.swift (in target 'Splash' from project 'Splash')
    cd /Users/admin/builder/spi-builder-workspace/.swiftpm/xcode
    builtin-SwiftPerFileCompile String+HTMLEntities.swift
SwiftEmitModule normal arm64_32 Emitting\ module\ for\ Splash (in target 'Splash' from project 'Splash')
/Users/admin/builder/spi-builder-workspace/.dependencies/checkouts/Splash/Sources/Splash/Theming/Theme.swift:18:32: error: cannot find type 'Color' in scope
16 |     public var font: Font
17 |     /// What color to use for plain text (no highlighting)
18 |     public var plainTextColor: Color
   |                                `- error: cannot find type 'Color' in scope
19 |     /// What color to use for the background
20 |     public var backgroundColor: Color
/Users/admin/builder/spi-builder-workspace/.dependencies/checkouts/Splash/Sources/Splash/Theming/Theme.swift:20:33: error: cannot find type 'Color' in scope
18 |     public var plainTextColor: Color
19 |     /// What color to use for the background
20 |     public var backgroundColor: Color
   |                                 `- error: cannot find type 'Color' in scope
21 |     /// What color to use for the text's highlighted tokens
22 |     public var tokenColors: [TokenType: Color]
/Users/admin/builder/spi-builder-workspace/.dependencies/checkouts/Splash/Sources/Splash/Theming/Theme.swift:22:41: error: cannot find type 'Color' in scope
20 |     public var backgroundColor: Color
21 |     /// What color to use for the text's highlighted tokens
22 |     public var tokenColors: [TokenType: Color]
   |                                         `- error: cannot find type 'Color' in scope
23 |
24 |     public init(font: Font,
/Users/admin/builder/spi-builder-workspace/.dependencies/checkouts/Splash/Sources/Splash/Theming/Font.swift:42:24: error: cannot find type 'Loaded' in scope
 40 |         case system
 41 |         /// Use a pre-loaded font
 42 |         case preloaded(Loaded)
    |                        `- error: cannot find type 'Loaded' in scope
 43 |         /// Load a font file from a given file system path
 44 |         case path(String)
/Users/admin/builder/spi-builder-workspace/.dependencies/checkouts/Splash/Sources/Splash/Theming/Font.swift:49:20: error: cannot find type 'Loaded' in scope
 47 |
 48 | internal extension Font {
 49 |     func load() -> Loaded {
    |                    `- error: cannot find type 'Loaded' in scope
 50 |         switch resource {
 51 |         case .system:
/Users/admin/builder/spi-builder-workspace/.dependencies/checkouts/Splash/Sources/Splash/Output/AttributedStringOutputFormat.swift:57:46: error: 'Loaded' is not a member type of struct 'Splash.Font'
55 |
56 | private extension NSMutableAttributedString {
57 |     func append(_ string: String, font: Font.Loaded, color: Color) {
   |                                              `- error: 'Loaded' is not a member type of struct 'Splash.Font'
58 |         let attributedString = NSAttributedString(string: string, attributes: [
59 |             .foregroundColor: color,
/Users/admin/builder/spi-builder-workspace/.dependencies/checkouts/Splash/Sources/Splash/Theming/Font.swift:15:15: note: 'Font' declared here
 13 | /// simplified font representation rather than `NSFont`
 14 | /// or `UIFont`.
 15 | public struct Font {
    |               `- note: 'Font' declared here
 16 |     /// The underlying resource used to load the font
 17 |     public var resource: Resource
/Users/admin/builder/spi-builder-workspace/.dependencies/checkouts/Splash/Sources/Splash/Output/AttributedStringOutputFormat.swift:57:61: error: cannot find type 'Color' in scope
55 |
56 | private extension NSMutableAttributedString {
57 |     func append(_ string: String, font: Font.Loaded, color: Color) {
   |                                                             `- error: cannot find type 'Color' in scope
58 |         let attributedString = NSAttributedString(string: string, attributes: [
59 |             .foregroundColor: color,
/Users/admin/builder/spi-builder-workspace/.dependencies/checkouts/Splash/Sources/Splash/Theming/Color.swift:16:20: error: cannot find type 'Color' in scope
14 |
15 | #if !os(Linux)
16 | internal extension Color {
   |                    `- error: cannot find type 'Color' in scope
17 |     convenience init(red: CGFloat, green: CGFloat, blue: CGFloat) {
18 |         self.init(red: red, green: green, blue: blue, alpha: 1)
/Users/admin/builder/spi-builder-workspace/.dependencies/checkouts/Splash/Sources/Splash/Theming/Font.swift:60:39: error: cannot find type 'Loaded' in scope
 58 |     }
 59 |
 60 |     private func loadDefaultFont() -> Loaded {
    |                                       `- error: cannot find type 'Loaded' in scope
 61 |         let font: Loaded?
 62 |
/Users/admin/builder/spi-builder-workspace/.dependencies/checkouts/Splash/Sources/Splash/Theming/Font.swift:72:49: error: cannot find type 'Loaded' in scope
 70 |     }
 71 |
 72 |     private func load(fromPath path: String) -> Loaded? {
    |                                                 `- error: cannot find type 'Loaded' in scope
 73 |         guard
 74 |             let url = CFURLCreateWithFileSystemPath(kCFAllocatorDefault, path as CFString, .cfurlposixPathStyle, false),
/Users/admin/builder/spi-builder-workspace/.dependencies/checkouts/Splash/Sources/Splash/Theming/Theme.swift:25:33: error: cannot find type 'Color' in scope
23 |
24 |     public init(font: Font,
25 |                 plainTextColor: Color,
   |                                 `- error: cannot find type 'Color' in scope
26 |                 tokenColors: [TokenType: Color],
27 |                 backgroundColor: Color = Color(white: 0.12, alpha: 1)) {
/Users/admin/builder/spi-builder-workspace/.dependencies/checkouts/Splash/Sources/Splash/Theming/Theme.swift:26:42: error: cannot find type 'Color' in scope
24 |     public init(font: Font,
25 |                 plainTextColor: Color,
26 |                 tokenColors: [TokenType: Color],
   |                                          `- error: cannot find type 'Color' in scope
27 |                 backgroundColor: Color = Color(white: 0.12, alpha: 1)) {
28 |         self.font = font
SwiftCompile normal arm64_32 (in target 'Splash' from project 'Splash')
    cd /Users/admin/builder/spi-builder-workspace/.swiftpm/xcode

SwiftCompile normal arm64_32 Compiling\ Font.swift,\ Theme+Defaults.swift /Users/admin/builder/spi-builder-workspace/.dependencies/checkouts/Splash/Sources/Splash/Theming/Font.swift /Users/admin/builder/spi-builder-workspace/.dependencies/checkouts/Splash/Sources/Splash/Theming/Theme+Defaults.swift (in target 'Splash' from project 'Splash')
/Users/admin/builder/spi-builder-workspace/.dependencies/checkouts/Splash/Sources/Splash/Theming/Font.swift:42:24: error: cannot find type 'Loaded' in scope
 40 |         case system
 41 |         /// Use a pre-loaded font
 42 |         case preloaded(Loaded)
    |                        `- error: cannot find type 'Loaded' in scope
 43 |         /// Load a font file from a given file system path
 44 |         case path(String)
/Users/admin/builder/spi-builder-workspace/.dependencies/checkouts/Splash/Sources/Splash/Theming/Font.swift:49:20: error: cannot find type 'Loaded' in scope
 47 |
 48 | internal extension Font {
 49 |     func load() -> Loaded {
    |                    `- error: cannot find type 'Loaded' in scope
 50 |         switch resource {
 51 |         case .system:
/Users/admin/builder/spi-builder-workspace/.dependencies/checkouts/Splash/Sources/Splash/Theming/Font.swift:60:39: error: cannot find type 'Loaded' in scope
 58 |     }
 59 |
 60 |     private func loadDefaultFont() -> Loaded {
    |                                       `- error: cannot find type 'Loaded' in scope
 61 |         let font: Loaded?
 62 |
/Users/admin/builder/spi-builder-workspace/.dependencies/checkouts/Splash/Sources/Splash/Theming/Font.swift:72:49: error: cannot find type 'Loaded' in scope
 70 |     }
 71 |
 72 |     private func load(fromPath path: String) -> Loaded? {
    |                                                 `- error: cannot find type 'Loaded' in scope
 73 |         guard
 74 |             let url = CFURLCreateWithFileSystemPath(kCFAllocatorDefault, path as CFString, .cfurlposixPathStyle, false),
/Users/admin/builder/spi-builder-workspace/.dependencies/checkouts/Splash/Sources/Splash/Theming/Font.swift:61:19: error: cannot find type 'Loaded' in scope
 59 |
 60 |     private func loadDefaultFont() -> Loaded {
 61 |         let font: Loaded?
    |                   `- error: cannot find type 'Loaded' in scope
 62 |
 63 |         #if os(iOS)
/Users/admin/builder/spi-builder-workspace/.dependencies/checkouts/Splash/Sources/Splash/Theming/Font.swift:75:28: error: cannot find 'CGDataProvider' in scope
 73 |         guard
 74 |             let url = CFURLCreateWithFileSystemPath(kCFAllocatorDefault, path as CFString, .cfurlposixPathStyle, false),
 75 |             let provider = CGDataProvider(url: url),
    |                            `- error: cannot find 'CGDataProvider' in scope
 76 |             let font = CGFont(provider)
 77 |         else {
/Users/admin/builder/spi-builder-workspace/.dependencies/checkouts/Splash/Sources/Splash/Theming/Font.swift:76:24: error: cannot find 'CGFont' in scope
 74 |             let url = CFURLCreateWithFileSystemPath(kCFAllocatorDefault, path as CFString, .cfurlposixPathStyle, false),
 75 |             let provider = CGDataProvider(url: url),
 76 |             let font = CGFont(provider)
    |                        `- error: cannot find 'CGFont' in scope
 77 |         else {
 78 |             return nil
/Users/admin/builder/spi-builder-workspace/.dependencies/checkouts/Splash/Sources/Splash/Theming/Font.swift:81:16: error: cannot find 'CTFontCreateWithGraphicsFont' in scope
 79 |         }
 80 |
 81 |         return CTFontCreateWithGraphicsFont(font, CGFloat(size), nil, nil)
    |                `- error: cannot find 'CTFontCreateWithGraphicsFont' in scope
 82 |     }
 83 | }
/Users/admin/builder/spi-builder-workspace/.dependencies/checkouts/Splash/Sources/Splash/Theming/Theme+Defaults.swift:16:29: error: cannot find 'Color' in scope
 14 |         return Theme(
 15 |             font: font,
 16 |             plainTextColor: Color(
    |                             `- error: cannot find 'Color' in scope
 17 |                 red: 0.66,
 18 |                 green: 0.74,
/Users/admin/builder/spi-builder-workspace/.dependencies/checkouts/Splash/Sources/Splash/Theming/Theme+Defaults.swift:22:27: error: cannot find 'Color' in scope
 20 |             ),
 21 |             tokenColors: [
 22 |                 .keyword: Color(red: 0.91, green: 0.2, blue: 0.54),
    |                           `- error: cannot find 'Color' in scope
 23 |                 .string: Color(red: 0.98, green: 0.39, blue: 0.12),
 24 |                 .type: Color(red: 0.51, green: 0.51, blue: 0.79),
/Users/admin/builder/spi-builder-workspace/.dependencies/checkouts/Splash/Sources/Splash/Theming/Theme+Defaults.swift:23:26: error: cannot find 'Color' in scope
 21 |             tokenColors: [
 22 |                 .keyword: Color(red: 0.91, green: 0.2, blue: 0.54),
 23 |                 .string: Color(red: 0.98, green: 0.39, blue: 0.12),
    |                          `- error: cannot find 'Color' in scope
 24 |                 .type: Color(red: 0.51, green: 0.51, blue: 0.79),
 25 |                 .call: Color(red: 0.2, green: 0.56, blue: 0.9),
/Users/admin/builder/spi-builder-workspace/.dependencies/checkouts/Splash/Sources/Splash/Theming/Theme+Defaults.swift:24:24: error: cannot find 'Color' in scope
 22 |                 .keyword: Color(red: 0.91, green: 0.2, blue: 0.54),
 23 |                 .string: Color(red: 0.98, green: 0.39, blue: 0.12),
 24 |                 .type: Color(red: 0.51, green: 0.51, blue: 0.79),
    |                        `- error: cannot find 'Color' in scope
 25 |                 .call: Color(red: 0.2, green: 0.56, blue: 0.9),
 26 |                 .number: Color(red: 0.86, green: 0.44, blue: 0.34),
/Users/admin/builder/spi-builder-workspace/.dependencies/checkouts/Splash/Sources/Splash/Theming/Theme+Defaults.swift:25:24: error: cannot find 'Color' in scope
 23 |                 .string: Color(red: 0.98, green: 0.39, blue: 0.12),
 24 |                 .type: Color(red: 0.51, green: 0.51, blue: 0.79),
 25 |                 .call: Color(red: 0.2, green: 0.56, blue: 0.9),
    |                        `- error: cannot find 'Color' in scope
 26 |                 .number: Color(red: 0.86, green: 0.44, blue: 0.34),
 27 |                 .comment: Color(red: 0.42, green: 0.54, blue: 0.58),
/Users/admin/builder/spi-builder-workspace/.dependencies/checkouts/Splash/Sources/Splash/Theming/Theme+Defaults.swift:26:26: error: cannot find 'Color' in scope
 24 |                 .type: Color(red: 0.51, green: 0.51, blue: 0.79),
 25 |                 .call: Color(red: 0.2, green: 0.56, blue: 0.9),
 26 |                 .number: Color(red: 0.86, green: 0.44, blue: 0.34),
    |                          `- error: cannot find 'Color' in scope
 27 |                 .comment: Color(red: 0.42, green: 0.54, blue: 0.58),
 28 |                 .property: Color(red: 0.13, green: 0.67, blue: 0.62),
/Users/admin/builder/spi-builder-workspace/.dependencies/checkouts/Splash/Sources/Splash/Theming/Theme+Defaults.swift:27:27: error: cannot find 'Color' in scope
 25 |                 .call: Color(red: 0.2, green: 0.56, blue: 0.9),
 26 |                 .number: Color(red: 0.86, green: 0.44, blue: 0.34),
 27 |                 .comment: Color(red: 0.42, green: 0.54, blue: 0.58),
    |                           `- error: cannot find 'Color' in scope
 28 |                 .property: Color(red: 0.13, green: 0.67, blue: 0.62),
 29 |                 .dotAccess: Color(red: 0.57, green: 0.7, blue: 0),
/Users/admin/builder/spi-builder-workspace/.dependencies/checkouts/Splash/Sources/Splash/Theming/Theme+Defaults.swift:28:28: error: cannot find 'Color' in scope
 26 |                 .number: Color(red: 0.86, green: 0.44, blue: 0.34),
 27 |                 .comment: Color(red: 0.42, green: 0.54, blue: 0.58),
 28 |                 .property: Color(red: 0.13, green: 0.67, blue: 0.62),
    |                            `- error: cannot find 'Color' in scope
 29 |                 .dotAccess: Color(red: 0.57, green: 0.7, blue: 0),
 30 |                 .preprocessing: Color(red: 0.71, green: 0.54, blue: 0)
/Users/admin/builder/spi-builder-workspace/.dependencies/checkouts/Splash/Sources/Splash/Theming/Theme+Defaults.swift:29:29: error: cannot find 'Color' in scope
 27 |                 .comment: Color(red: 0.42, green: 0.54, blue: 0.58),
 28 |                 .property: Color(red: 0.13, green: 0.67, blue: 0.62),
 29 |                 .dotAccess: Color(red: 0.57, green: 0.7, blue: 0),
    |                             `- error: cannot find 'Color' in scope
 30 |                 .preprocessing: Color(red: 0.71, green: 0.54, blue: 0)
 31 |             ],
/Users/admin/builder/spi-builder-workspace/.dependencies/checkouts/Splash/Sources/Splash/Theming/Theme+Defaults.swift:30:33: error: cannot find 'Color' in scope
 28 |                 .property: Color(red: 0.13, green: 0.67, blue: 0.62),
 29 |                 .dotAccess: Color(red: 0.57, green: 0.7, blue: 0),
 30 |                 .preprocessing: Color(red: 0.71, green: 0.54, blue: 0)
    |                                 `- error: cannot find 'Color' in scope
 31 |             ],
 32 |             backgroundColor: Color(
/Users/admin/builder/spi-builder-workspace/.dependencies/checkouts/Splash/Sources/Splash/Theming/Theme+Defaults.swift:32:30: error: cannot find 'Color' in scope
 30 |                 .preprocessing: Color(red: 0.71, green: 0.54, blue: 0)
 31 |             ],
 32 |             backgroundColor: Color(
    |                              `- error: cannot find 'Color' in scope
 33 |                 red: 0.098,
 34 |                 green: 0.098,
/Users/admin/builder/spi-builder-workspace/.dependencies/checkouts/Splash/Sources/Splash/Theming/Theme.swift:25:33: error: cannot find type 'Color' in scope
23 |
24 |     public init(font: Font,
25 |                 plainTextColor: Color,
   |                                 `- error: cannot find type 'Color' in scope
26 |                 tokenColors: [TokenType: Color],
27 |                 backgroundColor: Color = Color(white: 0.12, alpha: 1)) {
/Users/admin/builder/spi-builder-workspace/.dependencies/checkouts/Splash/Sources/Splash/Theming/Theme.swift:26:42: error: cannot find type 'Color' in scope
24 |     public init(font: Font,
25 |                 plainTextColor: Color,
26 |                 tokenColors: [TokenType: Color],
   |                                          `- error: cannot find type 'Color' in scope
27 |                 backgroundColor: Color = Color(white: 0.12, alpha: 1)) {
28 |         self.font = font
/Users/admin/builder/spi-builder-workspace/.dependencies/checkouts/Splash/Sources/Splash/Theming/Theme.swift:27:34: error: cannot find type 'Color' in scope
25 |                 plainTextColor: Color,
26 |                 tokenColors: [TokenType: Color],
27 |                 backgroundColor: Color = Color(white: 0.12, alpha: 1)) {
   |                                  `- error: cannot find type 'Color' in scope
28 |         self.font = font
29 |         self.plainTextColor = plainTextColor
/Users/admin/builder/spi-builder-workspace/.dependencies/checkouts/Splash/Sources/Splash/Theming/Theme+Defaults.swift:44:29: error: cannot find 'Color' in scope
 42 |         return Theme(
 43 |             font: font,
 44 |             plainTextColor: Color(
    |                             `- error: cannot find 'Color' in scope
 45 |                 red: 1,
 46 |                 green: 1,
/Users/admin/builder/spi-builder-workspace/.dependencies/checkouts/Splash/Sources/Splash/Theming/Theme+Defaults.swift:50:27: error: cannot find 'Color' in scope
 48 |             ),
 49 |             tokenColors: [
 50 |                 .keyword: Color(red: 0.828, green: 0.095, blue: 0.583),
    |                           `- error: cannot find 'Color' in scope
 51 |                 .string: Color(red: 1.0, green: 0.171, blue: 0.219),
 52 |                 .type: Color(red: 0.137, green: 1.0, blue: 0.512),
/Users/admin/builder/spi-builder-workspace/.dependencies/checkouts/Splash/Sources/Splash/Theming/Theme+Defaults.swift:51:26: error: cannot find 'Color' in scope
 49 |             tokenColors: [
 50 |                 .keyword: Color(red: 0.828, green: 0.095, blue: 0.583),
 51 |                 .string: Color(red: 1.0, green: 0.171, blue: 0.219),
    |                          `- error: cannot find 'Color' in scope
 52 |                 .type: Color(red: 0.137, green: 1.0, blue: 0.512),
 53 |                 .call: Color(red: 0.137, green: 1.0, blue: 0.512),
/Users/admin/builder/spi-builder-workspace/.dependencies/checkouts/Splash/Sources/Splash/Theming/Theme+Defaults.swift:52:24: error: cannot find 'Color' in scope
 50 |                 .keyword: Color(red: 0.828, green: 0.095, blue: 0.583),
 51 |                 .string: Color(red: 1.0, green: 0.171, blue: 0.219),
 52 |                 .type: Color(red: 0.137, green: 1.0, blue: 0.512),
    |                        `- error: cannot find 'Color' in scope
 53 |                 .call: Color(red: 0.137, green: 1.0, blue: 0.512),
 54 |                 .number: Color(red: 0.469, green: 0.426, blue: 1.00),
/Users/admin/builder/spi-builder-workspace/.dependencies/checkouts/Splash/Sources/Splash/Theming/Theme+Defaults.swift:53:24: error: cannot find 'Color' in scope
 51 |                 .string: Color(red: 1.0, green: 0.171, blue: 0.219),
 52 |                 .type: Color(red: 0.137, green: 1.0, blue: 0.512),
 53 |                 .call: Color(red: 0.137, green: 1.0, blue: 0.512),
    |                        `- error: cannot find 'Color' in scope
 54 |                 .number: Color(red: 0.469, green: 0.426, blue: 1.00),
 55 |                 .comment: Color(red: 0.255, green: 0.801, blue: 0.27),
/Users/admin/builder/spi-builder-workspace/.dependencies/checkouts/Splash/Sources/Splash/Theming/Theme+Defaults.swift:54:26: error: cannot find 'Color' in scope
 52 |                 .type: Color(red: 0.137, green: 1.0, blue: 0.512),
 53 |                 .call: Color(red: 0.137, green: 1.0, blue: 0.512),
 54 |                 .number: Color(red: 0.469, green: 0.426, blue: 1.00),
    |                          `- error: cannot find 'Color' in scope
 55 |                 .comment: Color(red: 0.255, green: 0.801, blue: 0.27),
 56 |                 .property: Color(red: 0.431, green: 0.714, blue: 0.533),
/Users/admin/builder/spi-builder-workspace/.dependencies/checkouts/Splash/Sources/Splash/Theming/Theme+Defaults.swift:55:27: error: cannot find 'Color' in scope
 53 |                 .call: Color(red: 0.137, green: 1.0, blue: 0.512),
 54 |                 .number: Color(red: 0.469, green: 0.426, blue: 1.00),
 55 |                 .comment: Color(red: 0.255, green: 0.801, blue: 0.27),
    |                           `- error: cannot find 'Color' in scope
 56 |                 .property: Color(red: 0.431, green: 0.714, blue: 0.533),
 57 |                 .dotAccess: Color(red: 0.431, green: 0.714, blue: 0.533),
/Users/admin/builder/spi-builder-workspace/.dependencies/checkouts/Splash/Sources/Splash/Theming/Theme+Defaults.swift:56:28: error: cannot find 'Color' in scope
 54 |                 .number: Color(red: 0.469, green: 0.426, blue: 1.00),
 55 |                 .comment: Color(red: 0.255, green: 0.801, blue: 0.27),
 56 |                 .property: Color(red: 0.431, green: 0.714, blue: 0.533),
    |                            `- error: cannot find 'Color' in scope
 57 |                 .dotAccess: Color(red: 0.431, green: 0.714, blue: 0.533),
 58 |                 .preprocessing: Color(red: 0.896, green: 0.488, blue: 0.284)
/Users/admin/builder/spi-builder-workspace/.dependencies/checkouts/Splash/Sources/Splash/Theming/Theme+Defaults.swift:57:29: error: cannot find 'Color' in scope
 55 |                 .comment: Color(red: 0.255, green: 0.801, blue: 0.27),
 56 |                 .property: Color(red: 0.431, green: 0.714, blue: 0.533),
 57 |                 .dotAccess: Color(red: 0.431, green: 0.714, blue: 0.533),
    |                             `- error: cannot find 'Color' in scope
 58 |                 .preprocessing: Color(red: 0.896, green: 0.488, blue: 0.284)
 59 |             ],
/Users/admin/builder/spi-builder-workspace/.dependencies/checkouts/Splash/Sources/Splash/Theming/Theme+Defaults.swift:58:33: error: cannot find 'Color' in scope
 56 |                 .property: Color(red: 0.431, green: 0.714, blue: 0.533),
 57 |                 .dotAccess: Color(red: 0.431, green: 0.714, blue: 0.533),
 58 |                 .preprocessing: Color(red: 0.896, green: 0.488, blue: 0.284)
    |                                 `- error: cannot find 'Color' in scope
 59 |             ],
 60 |             backgroundColor: Color(
/Users/admin/builder/spi-builder-workspace/.dependencies/checkouts/Splash/Sources/Splash/Theming/Theme+Defaults.swift:60:30: error: cannot find 'Color' in scope
 58 |                 .preprocessing: Color(red: 0.896, green: 0.488, blue: 0.284)
 59 |             ],
 60 |             backgroundColor: Color(
    |                              `- error: cannot find 'Color' in scope
 61 |                 red: 0,
 62 |                 green: 0,
/Users/admin/builder/spi-builder-workspace/.dependencies/checkouts/Splash/Sources/Splash/Theming/Theme+Defaults.swift:72:29: error: cannot find 'Color' in scope
 70 |         return Theme(
 71 |             font: font,
 72 |             plainTextColor: Color(
    |                             `- error: cannot find 'Color' in scope
 73 |                 red: 0.84,
 74 |                 green: 0.84,
/Users/admin/builder/spi-builder-workspace/.dependencies/checkouts/Splash/Sources/Splash/Theming/Theme+Defaults.swift:78:27: error: cannot find 'Color' in scope
 76 |             ),
 77 |             tokenColors: [
 78 |                 .keyword: Color(red: 0.992, green: 0.791, blue: 0.45),
    |                           `- error: cannot find 'Color' in scope
 79 |                 .string: Color(red: 0.966, green: 0.517, blue: 0.29),
 80 |                 .type: Color(red: 0.431, green: 0.714, blue: 0.533),
/Users/admin/builder/spi-builder-workspace/.dependencies/checkouts/Splash/Sources/Splash/Theming/Theme+Defaults.swift:79:26: error: cannot find 'Color' in scope
 77 |             tokenColors: [
 78 |                 .keyword: Color(red: 0.992, green: 0.791, blue: 0.45),
 79 |                 .string: Color(red: 0.966, green: 0.517, blue: 0.29),
    |                          `- error: cannot find 'Color' in scope
 80 |                 .type: Color(red: 0.431, green: 0.714, blue: 0.533),
 81 |                 .call: Color(red: 0.431, green: 0.714, blue: 0.533),
/Users/admin/builder/spi-builder-workspace/.dependencies/checkouts/Splash/Sources/Splash/Theming/Theme+Defaults.swift:80:24: error: cannot find 'Color' in scope
 78 |                 .keyword: Color(red: 0.992, green: 0.791, blue: 0.45),
 79 |                 .string: Color(red: 0.966, green: 0.517, blue: 0.29),
 80 |                 .type: Color(red: 0.431, green: 0.714, blue: 0.533),
    |                        `- error: cannot find 'Color' in scope
 81 |                 .call: Color(red: 0.431, green: 0.714, blue: 0.533),
 82 |                 .number: Color(red: 0.559, green: 0.504, blue: 0.745),
/Users/admin/builder/spi-builder-workspace/.dependencies/checkouts/Splash/Sources/Splash/Theming/Theme+Defaults.swift:81:24: error: cannot find 'Color' in scope
 79 |                 .string: Color(red: 0.966, green: 0.517, blue: 0.29),
 80 |                 .type: Color(red: 0.431, green: 0.714, blue: 0.533),
 81 |                 .call: Color(red: 0.431, green: 0.714, blue: 0.533),
    |                        `- error: cannot find 'Color' in scope
 82 |                 .number: Color(red: 0.559, green: 0.504, blue: 0.745),
 83 |                 .comment: Color(red: 0.484, green: 0.483, blue: 0.504),
/Users/admin/builder/spi-builder-workspace/.dependencies/checkouts/Splash/Sources/Splash/Theming/Theme+Defaults.swift:82:26: error: cannot find 'Color' in scope
 80 |                 .type: Color(red: 0.431, green: 0.714, blue: 0.533),
 81 |                 .call: Color(red: 0.431, green: 0.714, blue: 0.533),
 82 |                 .number: Color(red: 0.559, green: 0.504, blue: 0.745),
    |                          `- error: cannot find 'Color' in scope
 83 |                 .comment: Color(red: 0.484, green: 0.483, blue: 0.504),
 84 |                 .property: Color(red: 0.431, green: 0.714, blue: 0.533),
/Users/admin/builder/spi-builder-workspace/.dependencies/checkouts/Splash/Sources/Splash/Theming/Theme+Defaults.swift:83:27: error: cannot find 'Color' in scope
 81 |                 .call: Color(red: 0.431, green: 0.714, blue: 0.533),
 82 |                 .number: Color(red: 0.559, green: 0.504, blue: 0.745),
 83 |                 .comment: Color(red: 0.484, green: 0.483, blue: 0.504),
    |                           `- error: cannot find 'Color' in scope
 84 |                 .property: Color(red: 0.431, green: 0.714, blue: 0.533),
 85 |                 .dotAccess: Color(red: 0.431, green: 0.714, blue: 0.533),
/Users/admin/builder/spi-builder-workspace/.dependencies/checkouts/Splash/Sources/Splash/Theming/Theme+Defaults.swift:84:28: error: cannot find 'Color' in scope
 82 |                 .number: Color(red: 0.559, green: 0.504, blue: 0.745),
 83 |                 .comment: Color(red: 0.484, green: 0.483, blue: 0.504),
 84 |                 .property: Color(red: 0.431, green: 0.714, blue: 0.533),
    |                            `- error: cannot find 'Color' in scope
 85 |                 .dotAccess: Color(red: 0.431, green: 0.714, blue: 0.533),
 86 |                 .preprocessing: Color(red: 0.992, green: 0.791, blue: 0.45)
/Users/admin/builder/spi-builder-workspace/.dependencies/checkouts/Splash/Sources/Splash/Theming/Theme+Defaults.swift:85:29: error: cannot find 'Color' in scope
 83 |                 .comment: Color(red: 0.484, green: 0.483, blue: 0.504),
 84 |                 .property: Color(red: 0.431, green: 0.714, blue: 0.533),
 85 |                 .dotAccess: Color(red: 0.431, green: 0.714, blue: 0.533),
    |                             `- error: cannot find 'Color' in scope
 86 |                 .preprocessing: Color(red: 0.992, green: 0.791, blue: 0.45)
 87 |             ],
/Users/admin/builder/spi-builder-workspace/.dependencies/checkouts/Splash/Sources/Splash/Theming/Theme+Defaults.swift:86:33: error: cannot find 'Color' in scope
 84 |                 .property: Color(red: 0.431, green: 0.714, blue: 0.533),
 85 |                 .dotAccess: Color(red: 0.431, green: 0.714, blue: 0.533),
 86 |                 .preprocessing: Color(red: 0.992, green: 0.791, blue: 0.45)
    |                                 `- error: cannot find 'Color' in scope
 87 |             ],
 88 |             backgroundColor: Color(
/Users/admin/builder/spi-builder-workspace/.dependencies/checkouts/Splash/Sources/Splash/Theming/Theme+Defaults.swift:88:30: error: cannot find 'Color' in scope
 86 |                 .preprocessing: Color(red: 0.992, green: 0.791, blue: 0.45)
 87 |             ],
 88 |             backgroundColor: Color(
    |                              `- error: cannot find 'Color' in scope
 89 |                 red: 0.18,
 90 |                 green: 0.19,
/Users/admin/builder/spi-builder-workspace/.dependencies/checkouts/Splash/Sources/Splash/Theming/Theme+Defaults.swift:100:29: error: cannot find 'Color' in scope
 98 |         return Theme(
 99 |             font: font,
100 |             plainTextColor: Color(
    |                             `- error: cannot find 'Color' in scope
101 |                 red: 1,
102 |                 green: 1,
/Users/admin/builder/spi-builder-workspace/.dependencies/checkouts/Splash/Sources/Splash/Theming/Theme+Defaults.swift:106:27: error: cannot find 'Color' in scope
104 |             ),
105 |             tokenColors: [
106 |                 .keyword: Color(red: 0.948, green: 0.140, blue: 0.547),
    |                           `- error: cannot find 'Color' in scope
107 |                 .string: Color(red: 0.988, green: 0.273, blue: 0.317),
108 |                 .type: Color(red: 0.584, green: 0.898, blue: 0.361),
/Users/admin/builder/spi-builder-workspace/.dependencies/checkouts/Splash/Sources/Splash/Theming/Theme+Defaults.swift:107:26: error: cannot find 'Color' in scope
105 |             tokenColors: [
106 |                 .keyword: Color(red: 0.948, green: 0.140, blue: 0.547),
107 |                 .string: Color(red: 0.988, green: 0.273, blue: 0.317),
    |                          `- error: cannot find 'Color' in scope
108 |                 .type: Color(red: 0.584, green: 0.898, blue: 0.361),
109 |                 .call: Color(red: 0.584, green: 0.898, blue: 0.361),
/Users/admin/builder/spi-builder-workspace/.dependencies/checkouts/Splash/Sources/Splash/Theming/Theme+Defaults.swift:108:24: error: cannot find 'Color' in scope
106 |                 .keyword: Color(red: 0.948, green: 0.140, blue: 0.547),
107 |                 .string: Color(red: 0.988, green: 0.273, blue: 0.317),
108 |                 .type: Color(red: 0.584, green: 0.898, blue: 0.361),
    |                        `- error: cannot find 'Color' in scope
109 |                 .call: Color(red: 0.584, green: 0.898, blue: 0.361),
110 |                 .number: Color(red: 0.587, green: 0.517, blue: 0.974),
/Users/admin/builder/spi-builder-workspace/.dependencies/checkouts/Splash/Sources/Splash/Theming/Theme+Defaults.swift:109:24: error: cannot find 'Color' in scope
107 |                 .string: Color(red: 0.988, green: 0.273, blue: 0.317),
108 |                 .type: Color(red: 0.584, green: 0.898, blue: 0.361),
109 |                 .call: Color(red: 0.584, green: 0.898, blue: 0.361),
    |                        `- error: cannot find 'Color' in scope
110 |                 .number: Color(red: 0.587, green: 0.517, blue: 0.974),
111 |                 .comment: Color(red: 0.424, green: 0.475, blue: 0.529),
/Users/admin/builder/spi-builder-workspace/.dependencies/checkouts/Splash/Sources/Splash/Theming/Theme+Defaults.swift:110:26: error: cannot find 'Color' in scope
108 |                 .type: Color(red: 0.584, green: 0.898, blue: 0.361),
109 |                 .call: Color(red: 0.584, green: 0.898, blue: 0.361),
110 |                 .number: Color(red: 0.587, green: 0.517, blue: 0.974),
    |                          `- error: cannot find 'Color' in scope
111 |                 .comment: Color(red: 0.424, green: 0.475, blue: 0.529),
112 |                 .property: Color(red: 0.584, green: 0.898, blue: 0.361),
/Users/admin/builder/spi-builder-workspace/.dependencies/checkouts/Splash/Sources/Splash/Theming/Theme+Defaults.swift:111:27: error: cannot find 'Color' in scope
109 |                 .call: Color(red: 0.584, green: 0.898, blue: 0.361),
110 |                 .number: Color(red: 0.587, green: 0.517, blue: 0.974),
111 |                 .comment: Color(red: 0.424, green: 0.475, blue: 0.529),
    |                           `- error: cannot find 'Color' in scope
112 |                 .property: Color(red: 0.584, green: 0.898, blue: 0.361),
113 |                 .dotAccess: Color(red: 0.584, green: 0.898, blue: 0.361),
/Users/admin/builder/spi-builder-workspace/.dependencies/checkouts/Splash/Sources/Splash/Theming/Theme+Defaults.swift:112:28: error: cannot find 'Color' in scope
110 |                 .number: Color(red: 0.587, green: 0.517, blue: 0.974),
111 |                 .comment: Color(red: 0.424, green: 0.475, blue: 0.529),
112 |                 .property: Color(red: 0.584, green: 0.898, blue: 0.361),
    |                            `- error: cannot find 'Color' in scope
113 |                 .dotAccess: Color(red: 0.584, green: 0.898, blue: 0.361),
114 |                 .preprocessing: Color(red: 0.952, green: 0.526, blue: 0.229)
/Users/admin/builder/spi-builder-workspace/.dependencies/checkouts/Splash/Sources/Splash/Theming/Theme+Defaults.swift:113:29: error: cannot find 'Color' in scope
111 |                 .comment: Color(red: 0.424, green: 0.475, blue: 0.529),
112 |                 .property: Color(red: 0.584, green: 0.898, blue: 0.361),
113 |                 .dotAccess: Color(red: 0.584, green: 0.898, blue: 0.361),
    |                             `- error: cannot find 'Color' in scope
114 |                 .preprocessing: Color(red: 0.952, green: 0.526, blue: 0.229)
115 |             ],
/Users/admin/builder/spi-builder-workspace/.dependencies/checkouts/Splash/Sources/Splash/Theming/Theme+Defaults.swift:114:33: error: cannot find 'Color' in scope
112 |                 .property: Color(red: 0.584, green: 0.898, blue: 0.361),
113 |                 .dotAccess: Color(red: 0.584, green: 0.898, blue: 0.361),
114 |                 .preprocessing: Color(red: 0.952, green: 0.526, blue: 0.229)
    |                                 `- error: cannot find 'Color' in scope
115 |             ],
116 |             backgroundColor: Color(
/Users/admin/builder/spi-builder-workspace/.dependencies/checkouts/Splash/Sources/Splash/Theming/Theme+Defaults.swift:116:30: error: cannot find 'Color' in scope
114 |                 .preprocessing: Color(red: 0.952, green: 0.526, blue: 0.229)
115 |             ],
116 |             backgroundColor: Color(
    |                              `- error: cannot find 'Color' in scope
117 |                 red: 0.163,
118 |                 green: 0.163,
/Users/admin/builder/spi-builder-workspace/.dependencies/checkouts/Splash/Sources/Splash/Theming/Theme+Defaults.swift:128:29: error: cannot find 'Color' in scope
126 |         return Theme(
127 |             font: font,
128 |             plainTextColor: Color(
    |                             `- error: cannot find 'Color' in scope
129 |                 red: 0,
130 |                 green: 0,
/Users/admin/builder/spi-builder-workspace/.dependencies/checkouts/Splash/Sources/Splash/Theming/Theme+Defaults.swift:134:27: error: cannot find 'Color' in scope
132 |             ),
133 |             tokenColors: [
134 |                 .keyword: Color(red: 0.161, green: 0.259, blue: 0.467),
    |                           `- error: cannot find 'Color' in scope
135 |                 .string: Color(red: 0.875, green: 0.027, blue: 0.0),
136 |                 .type: Color(red: 0.706, green: 0.27, blue: 0.0),
/Users/admin/builder/spi-builder-workspace/.dependencies/checkouts/Splash/Sources/Splash/Theming/Theme+Defaults.swift:135:26: error: cannot find 'Color' in scope
133 |             tokenColors: [
134 |                 .keyword: Color(red: 0.161, green: 0.259, blue: 0.467),
135 |                 .string: Color(red: 0.875, green: 0.027, blue: 0.0),
    |                          `- error: cannot find 'Color' in scope
136 |                 .type: Color(red: 0.706, green: 0.27, blue: 0.0),
137 |                 .call: Color(red: 0.278, green: 0.415, blue: 0.593),
/Users/admin/builder/spi-builder-workspace/.dependencies/checkouts/Splash/Sources/Splash/Theming/Theme+Defaults.swift:136:24: error: cannot find 'Color' in scope
134 |                 .keyword: Color(red: 0.161, green: 0.259, blue: 0.467),
135 |                 .string: Color(red: 0.875, green: 0.027, blue: 0.0),
136 |                 .type: Color(red: 0.706, green: 0.27, blue: 0.0),
    |                        `- error: cannot find 'Color' in scope
137 |                 .call: Color(red: 0.278, green: 0.415, blue: 0.593),
138 |                 .number: Color(red: 0.161, green: 0.259, blue: 0.467),
/Users/admin/builder/spi-builder-workspace/.dependencies/checkouts/Splash/Sources/Splash/Theming/Theme+Defaults.swift:137:24: error: cannot find 'Color' in scope
135 |                 .string: Color(red: 0.875, green: 0.027, blue: 0.0),
136 |                 .type: Color(red: 0.706, green: 0.27, blue: 0.0),
137 |                 .call: Color(red: 0.278, green: 0.415, blue: 0.593),
    |                        `- error: cannot find 'Color' in scope
138 |                 .number: Color(red: 0.161, green: 0.259, blue: 0.467),
139 |                 .comment: Color(red: 0.765, green: 0.455, blue: 0.11),
/Users/admin/builder/spi-builder-workspace/.dependencies/checkouts/Splash/Sources/Splash/Theming/Theme+Defaults.swift:138:26: error: cannot find 'Color' in scope
136 |                 .type: Color(red: 0.706, green: 0.27, blue: 0.0),
137 |                 .call: Color(red: 0.278, green: 0.415, blue: 0.593),
138 |                 .number: Color(red: 0.161, green: 0.259, blue: 0.467),
    |                          `- error: cannot find 'Color' in scope
139 |                 .comment: Color(red: 0.765, green: 0.455, blue: 0.11),
140 |                 .property: Color(red: 0.278, green: 0.415, blue: 0.593),
/Users/admin/builder/spi-builder-workspace/.dependencies/checkouts/Splash/Sources/Splash/Theming/Theme+Defaults.swift:139:27: error: cannot find 'Color' in scope
137 |                 .call: Color(red: 0.278, green: 0.415, blue: 0.593),
138 |                 .number: Color(red: 0.161, green: 0.259, blue: 0.467),
139 |                 .comment: Color(red: 0.765, green: 0.455, blue: 0.11),
    |                           `- error: cannot find 'Color' in scope
140 |                 .property: Color(red: 0.278, green: 0.415, blue: 0.593),
141 |                 .dotAccess: Color(red: 0.278, green: 0.415, blue: 0.593),
/Users/admin/builder/spi-builder-workspace/.dependencies/checkouts/Splash/Sources/Splash/Theming/Theme+Defaults.swift:140:28: error: cannot find 'Color' in scope
138 |                 .number: Color(red: 0.161, green: 0.259, blue: 0.467),
139 |                 .comment: Color(red: 0.765, green: 0.455, blue: 0.11),
140 |                 .property: Color(red: 0.278, green: 0.415, blue: 0.593),
    |                            `- error: cannot find 'Color' in scope
141 |                 .dotAccess: Color(red: 0.278, green: 0.415, blue: 0.593),
142 |                 .preprocessing: Color(red: 0.392, green: 0.391, blue: 0.52)
/Users/admin/builder/spi-builder-workspace/.dependencies/checkouts/Splash/Sources/Splash/Theming/Theme+Defaults.swift:141:29: error: cannot find 'Color' in scope
139 |                 .comment: Color(red: 0.765, green: 0.455, blue: 0.11),
140 |                 .property: Color(red: 0.278, green: 0.415, blue: 0.593),
141 |                 .dotAccess: Color(red: 0.278, green: 0.415, blue: 0.593),
    |                             `- error: cannot find 'Color' in scope
142 |                 .preprocessing: Color(red: 0.392, green: 0.391, blue: 0.52)
143 |             ],
/Users/admin/builder/spi-builder-workspace/.dependencies/checkouts/Splash/Sources/Splash/Theming/Theme+Defaults.swift:142:33: error: cannot find 'Color' in scope
140 |                 .property: Color(red: 0.278, green: 0.415, blue: 0.593),
141 |                 .dotAccess: Color(red: 0.278, green: 0.415, blue: 0.593),
142 |                 .preprocessing: Color(red: 0.392, green: 0.391, blue: 0.52)
    |                                 `- error: cannot find 'Color' in scope
143 |             ],
144 |             backgroundColor: Color(
/Users/admin/builder/spi-builder-workspace/.dependencies/checkouts/Splash/Sources/Splash/Theming/Theme+Defaults.swift:144:30: error: cannot find 'Color' in scope
142 |                 .preprocessing: Color(red: 0.392, green: 0.391, blue: 0.52)
143 |             ],
144 |             backgroundColor: Color(
    |                              `- error: cannot find 'Color' in scope
145 |                 red: 1,
146 |                 green: 0.99,
/Users/admin/builder/spi-builder-workspace/.dependencies/checkouts/Splash/Sources/Splash/Theming/Theme+Defaults.swift:156:29: error: cannot find 'Color' in scope
154 |         return Theme(
155 |             font: font,
156 |             plainTextColor: Color(
    |                             `- error: cannot find 'Color' in scope
157 |                 red: 0,
158 |                 green: 0,
/Users/admin/builder/spi-builder-workspace/.dependencies/checkouts/Splash/Sources/Splash/Theming/Theme+Defaults.swift:162:27: error: cannot find 'Color' in scope
160 |             ),
161 |             tokenColors: [
162 |                 .keyword: Color(red: 0.706, green: 0.0, blue: 0.384),
    |                           `- error: cannot find 'Color' in scope
163 |                 .string: Color(red: 0.729, green: 0.0, blue: 0.067),
164 |                 .type: Color(red: 0.267, green: 0.537, blue: 0.576),
/Users/admin/builder/spi-builder-workspace/.dependencies/checkouts/Splash/Sources/Splash/Theming/Theme+Defaults.swift:163:26: error: cannot find 'Color' in scope
161 |             tokenColors: [
162 |                 .keyword: Color(red: 0.706, green: 0.0, blue: 0.384),
163 |                 .string: Color(red: 0.729, green: 0.0, blue: 0.067),
    |                          `- error: cannot find 'Color' in scope
164 |                 .type: Color(red: 0.267, green: 0.537, blue: 0.576),
165 |                 .call: Color(red: 0.267, green: 0.537, blue: 0.576),
/Users/admin/builder/spi-builder-workspace/.dependencies/checkouts/Splash/Sources/Splash/Theming/Theme+Defaults.swift:164:24: error: cannot find 'Color' in scope
162 |                 .keyword: Color(red: 0.706, green: 0.0, blue: 0.384),
163 |                 .string: Color(red: 0.729, green: 0.0, blue: 0.067),
164 |                 .type: Color(red: 0.267, green: 0.537, blue: 0.576),
    |                        `- error: cannot find 'Color' in scope
165 |                 .call: Color(red: 0.267, green: 0.537, blue: 0.576),
166 |                 .number: Color(red: 0.0, green: 0.043, blue: 1.0),
/Users/admin/builder/spi-builder-workspace/.dependencies/checkouts/Splash/Sources/Splash/Theming/Theme+Defaults.swift:165:24: error: cannot find 'Color' in scope
163 |                 .string: Color(red: 0.729, green: 0.0, blue: 0.067),
164 |                 .type: Color(red: 0.267, green: 0.537, blue: 0.576),
165 |                 .call: Color(red: 0.267, green: 0.537, blue: 0.576),
    |                        `- error: cannot find 'Color' in scope
166 |                 .number: Color(red: 0.0, green: 0.043, blue: 1.0),
167 |                 .comment: Color(red: 0.336, green: 0.376, blue: 0.42),
/Users/admin/builder/spi-builder-workspace/.dependencies/checkouts/Splash/Sources/Splash/Theming/Theme+Defaults.swift:166:26: error: cannot find 'Color' in scope
164 |                 .type: Color(red: 0.267, green: 0.537, blue: 0.576),
165 |                 .call: Color(red: 0.267, green: 0.537, blue: 0.576),
166 |                 .number: Color(red: 0.0, green: 0.043, blue: 1.0),
    |                          `- error: cannot find 'Color' in scope
167 |                 .comment: Color(red: 0.336, green: 0.376, blue: 0.42),
168 |                 .property: Color(red: 0.267, green: 0.537, blue: 0.576),
/Users/admin/builder/spi-builder-workspace/.dependencies/checkouts/Splash/Sources/Splash/Theming/Theme+Defaults.swift:167:27: error: cannot find 'Color' in scope
165 |                 .call: Color(red: 0.267, green: 0.537, blue: 0.576),
166 |                 .number: Color(red: 0.0, green: 0.043, blue: 1.0),
167 |                 .comment: Color(red: 0.336, green: 0.376, blue: 0.42),
    |                           `- error: cannot find 'Color' in scope
168 |                 .property: Color(red: 0.267, green: 0.537, blue: 0.576),
169 |                 .dotAccess: Color(red: 0.267, green: 0.537, blue: 0.576),
/Users/admin/builder/spi-builder-workspace/.dependencies/checkouts/Splash/Sources/Splash/Theming/Theme+Defaults.swift:168:28: error: cannot find 'Color' in scope
166 |                 .number: Color(red: 0.0, green: 0.043, blue: 1.0),
167 |                 .comment: Color(red: 0.336, green: 0.376, blue: 0.42),
168 |                 .property: Color(red: 0.267, green: 0.537, blue: 0.576),
    |                            `- error: cannot find 'Color' in scope
169 |                 .dotAccess: Color(red: 0.267, green: 0.537, blue: 0.576),
170 |                 .preprocessing: Color(red: 0.431, green: 0.125, blue: 0.051)
/Users/admin/builder/spi-builder-workspace/.dependencies/checkouts/Splash/Sources/Splash/Theming/Theme+Defaults.swift:169:29: error: cannot find 'Color' in scope
167 |                 .comment: Color(red: 0.336, green: 0.376, blue: 0.42),
168 |                 .property: Color(red: 0.267, green: 0.537, blue: 0.576),
169 |                 .dotAccess: Color(red: 0.267, green: 0.537, blue: 0.576),
    |                             `- error: cannot find 'Color' in scope
170 |                 .preprocessing: Color(red: 0.431, green: 0.125, blue: 0.051)
171 |             ],
/Users/admin/builder/spi-builder-workspace/.dependencies/checkouts/Splash/Sources/Splash/Theming/Theme+Defaults.swift:170:33: error: cannot find 'Color' in scope
168 |                 .property: Color(red: 0.267, green: 0.537, blue: 0.576),
169 |                 .dotAccess: Color(red: 0.267, green: 0.537, blue: 0.576),
170 |                 .preprocessing: Color(red: 0.431, green: 0.125, blue: 0.051)
    |                                 `- error: cannot find 'Color' in scope
171 |             ],
172 |             backgroundColor: Color(
/Users/admin/builder/spi-builder-workspace/.dependencies/checkouts/Splash/Sources/Splash/Theming/Theme+Defaults.swift:172:30: error: cannot find 'Color' in scope
170 |                 .preprocessing: Color(red: 0.431, green: 0.125, blue: 0.051)
171 |             ],
172 |             backgroundColor: Color(
    |                              `- error: cannot find 'Color' in scope
173 |                 red: 1,
174 |                 green: 1,
Failed frontend command:
/Applications/Xcode-27.0.0-Release.Candidate.app/Contents/Developer/Toolchains/XcodeDefault.xctoolchain/usr/bin/swift-frontend -frontend -c /Users/admin/builder/spi-builder-workspace/.dependencies/checkouts/Splash/Sources/Splash/Extensions/CharacterSet/CharacterSet+Contains.swift /Users/admin/builder/spi-builder-workspace/.dependencies/checkouts/Splash/Sources/Splash/Extensions/Equatable/Equatable+AnyOf.swift /Users/admin/builder/spi-builder-workspace/.dependencies/checkouts/Splash/Sources/Splash/Extensions/Int/Int+IsOdd.swift /Users/admin/builder/spi-builder-workspace/.dependencies/checkouts/Splash/Sources/Splash/Extensions/Sequence/Sequence+AnyOf.swift /Users/admin/builder/spi-builder-workspace/.dependencies/checkouts/Splash/Sources/Splash/Extensions/Sequence/Sequence+Occurrences.swift /Users/admin/builder/spi-builder-workspace/.dependencies/checkouts/Splash/Sources/Splash/Extensions/Strings/String+HTMLEntities.swift /Users/admin/builder/spi-builder-workspace/.dependencies/checkouts/Splash/Sources/Splash/Extensions/Strings/String+IsNumber.swift /Users/admin/builder/spi-builder-workspace/.dependencies/checkouts/Splash/Sources/Splash/Extensions/Strings/String+PrefixChecking.swift /Users/admin/builder/spi-builder-workspace/.dependencies/checkouts/Splash/Sources/Splash/Extensions/Strings/String+Removing.swift /Users/admin/builder/spi-builder-workspace/.dependencies/checkouts/Splash/Sources/Splash/Extensions/Strings/Substring+HasSuffix.swift /Users/admin/builder/spi-builder-workspace/.dependencies/checkouts/Splash/Sources/Splash/Grammar/Grammar.swift /Users/admin/builder/spi-builder-workspace/.dependencies/checkouts/Splash/Sources/Splash/Grammar/SwiftGrammar.swift /Users/admin/builder/spi-builder-workspace/.dependencies/checkouts/Splash/Sources/Splash/Output/AttributedStringOutputFormat.swift /Users/admin/builder/spi-builder-workspace/.dependencies/checkouts/Splash/Sources/Splash/Output/HTMLOutputFormat.swift /Users/admin/builder/spi-builder-workspace/.dependencies/checkouts/Splash/Sources/Splash/Output/MarkdownDecorator.swift /Users/admin/builder/spi-builder-workspace/.dependencies/checkouts/Splash/Sources/Splash/Output/OutputBuilder.swift /Users/admin/builder/spi-builder-workspace/.dependencies/checkouts/Splash/Sources/Splash/Output/OutputFormat.swift /Users/admin/builder/spi-builder-workspace/.dependencies/checkouts/Splash/Sources/Splash/Syntax/SyntaxHighlighter.swift /Users/admin/builder/spi-builder-workspace/.dependencies/checkouts/Splash/Sources/Splash/Syntax/SyntaxRule.swift /Users/admin/builder/spi-builder-workspace/.dependencies/checkouts/Splash/Sources/Splash/Theming/Color.swift -primary-file /Users/admin/builder/spi-builder-workspace/.dependencies/checkouts/Splash/Sources/Splash/Theming/Font.swift -primary-file /Users/admin/builder/spi-builder-workspace/.dependencies/checkouts/Splash/Sources/Splash/Theming/Theme+Defaults.swift /Users/admin/builder/spi-builder-workspace/.dependencies/checkouts/Splash/Sources/Splash/Theming/Theme.swift /Users/admin/builder/spi-builder-workspace/.dependencies/checkouts/Splash/Sources/Splash/Tokenizing/Segment.swift /Users/admin/builder/spi-builder-workspace/.dependencies/checkouts/Splash/Sources/Splash/Tokenizing/TokenType.swift /Users/admin/builder/spi-builder-workspace/.dependencies/checkouts/Splash/Sources/Splash/Tokenizing/Tokenizer.swift -emit-dependencies-path /Users/admin/builder/spi-builder-workspace/.derivedData/Build/Intermediates.noindex/Splash.build/Debug-watchos/Splash-t.build/Objects-normal/arm64_32/Font.d -emit-const-values-path /Users/admin/builder/spi-builder-workspace/.derivedData/Build/Intermediates.noindex/Splash.build/Debug-watchos/Splash-t.build/Objects-normal/arm64_32/Font.swiftconstvalues -emit-reference-dependencies-path /Users/admin/builder/spi-builder-workspace/.derivedData/Build/Intermediates.noindex/Splash.build/Debug-watchos/Splash-t.build/Objects-normal/arm64_32/Font.swiftdeps -serialize-diagnostics-path /Users/admin/builder/spi-builder-workspace/.derivedData/Build/Intermediates.noindex/Splash.build/Debug-watchos/Splash-t.build/Objects-normal/arm64_32/Font.dia -emit-dependencies-path /Users/admin/builder/spi-builder-workspace/.derivedData/Build/Intermediates.noindex/Splash.build/Debug-watchos/Splash-t.build/Objects-normal/arm64_32/Theme+Defaults.d -emit-const-values-path /Users/admin/builder/spi-builder-workspace/.derivedData/Build/Intermediates.noindex/Splash.build/Debug-watchos/Splash-t.build/Objects-normal/arm64_32/Theme+Defaults.swiftconstvalues -emit-reference-dependencies-path /Users/admin/builder/spi-builder-workspace/.derivedData/Build/Intermediates.noindex/Splash.build/Debug-watchos/Splash-t.build/Objects-normal/arm64_32/Theme+Defaults.swiftdeps -serialize-diagnostics-path /Users/admin/builder/spi-builder-workspace/.derivedData/Build/Intermediates.noindex/Splash.build/Debug-watchos/Splash-t.build/Objects-normal/arm64_32/Theme+Defaults.dia -target arm64_32-apple-watchos9.0 -disable-cross-import-overlay-search -load-resolved-plugin /Applications/Xcode-27.0.0-Release.Candidate.app/Contents/Developer/Platforms/WatchOS.platform/Developer/usr/lib/swift/host/plugins/libFoundationMacros.dylib\#/Applications/Xcode-27.0.0-Release.Candidate.app/Contents/Developer/Platforms/WatchOS.platform/Developer/usr/bin/swift-plugin-server\#FoundationMacros -load-resolved-plugin /Applications/Xcode-27.0.0-Release.Candidate.app/Contents/Developer/Platforms/WatchOS.platform/Developer/usr/lib/swift/host/plugins/libObservationMacros.dylib\#/Applications/Xcode-27.0.0-Release.Candidate.app/Contents/Developer/Platforms/WatchOS.platform/Developer/usr/bin/swift-plugin-server\#ObservationMacros -load-resolved-plugin /Applications/Xcode-27.0.0-Release.Candidate.app/Contents/Developer/Platforms/WatchOS.platform/Developer/usr/lib/swift/host/plugins/libSwiftMacros.dylib\#/Applications/Xcode-27.0.0-Release.Candidate.app/Contents/Developer/Platforms/WatchOS.platform/Developer/usr/bin/swift-plugin-server\#SwiftMacros -disable-implicit-swift-modules -Xcc -fno-implicit-modules -Xcc -fno-implicit-module-maps -explicit-swift-module-map-file /Users/admin/builder/spi-builder-workspace/.derivedData/Build/Intermediates.noindex/Splash.build/Debug-watchos/Splash-t.build/Objects-normal/arm64_32/Splash-dependencies-1.json -enable-objc-interop -sdk /Applications/Xcode-27.0.0-Release.Candidate.app/Contents/Developer/Platforms/WatchOS.platform/Developer/SDKs/WatchOS27.0.sdk -I /Users/admin/builder/spi-builder-workspace/.derivedData/Build/Products/Debug-watchos -Isystem /Applications/Xcode-27.0.0-Release.Candidate.app/Contents/Developer/Platforms/WatchOS.platform/Developer/usr/lib -F /Users/admin/builder/spi-builder-workspace/.derivedData/Build/Products/Debug-watchos -F /Applications/Xcode-27.0.0-Release.Candidate.app/Contents/Developer/Platforms/WatchOS.platform/Developer/Library/Frameworks -F /Applications/Xcode-27.0.0-Release.Candidate.app/Contents/Developer/Platforms/WatchOS.platform/Developer/SDKs/WatchOS27.0.sdk/Developer/Library/Frameworks -module-cache-path /Users/admin/builder/spi-builder-workspace/.derivedData/Build/Intermediates.noindex/SwiftExplicitPrecompiledModules -no-color-diagnostics -Xcc -fno-color-diagnostics -enable-testing -g -debug-info-format\=dwarf -dwarf-version\=4 -suppress-warnings -swift-version 5 -Onone -D SWIFT_PACKAGE -D DEBUG -D SWIFT_MODULE_RESOURCE_BUNDLE_UNAVAILABLE -D Xcode -serialize-debugging-options -enable-experimental-feature DebugDescriptionMacro -empty-abi-descriptor -validate-clang-modules-once -clang-build-session-file /Users/admin/builder/spi-builder-workspace/.derivedData/ModuleCache.noindex/Session.modulevalidation -Xcc -working-directory -Xcc /Users/admin/builder/spi-builder-workspace/.swiftpm/xcode -enable-anonymous-context-mangled-names -file-compilation-dir /Users/admin/builder/spi-builder-workspace/.swiftpm/xcode -Xcc -D_LIBCPP_HARDENING_MODE\=_LIBCPP_HARDENING_MODE_DEBUG -Xcc -ivfsstatcache -Xcc /Users/admin/builder/spi-builder-workspace/.derivedData/SDKStatCaches.noindex/watchos27.0-24R360-e829b21a6f8c9b70876ba0858053c04477534ef55a1706bf4c1112bbb242f0a2.sdkstatcache -Xcc -fmodules-prune-interval\=86400 -Xcc -fmodules-prune-after\=345600 -Xcc -I/Users/admin/builder/spi-builder-workspace/.derivedData/Build/Products/Debug-watchos/include -Xcc -I/Users/admin/builder/spi-builder-workspace/.derivedData/Build/Intermediates.noindex/Splash.build/Debug-watchos/Splash-t.build/DerivedSources-normal/arm64_32 -Xcc -I/Users/admin/builder/spi-builder-workspace/.derivedData/Build/Intermediates.noindex/Splash.build/Debug-watchos/Splash-t.build/DerivedSources/arm64_32 -Xcc -I/Users/admin/builder/spi-builder-workspace/.derivedData/Build/Intermediates.noindex/Splash.build/Debug-watchos/Splash-t.build/DerivedSources -Xcc -DSWIFT_PACKAGE -Xcc -DDEBUG\=1 -no-auto-bridging-header-chaining -module-name Splash -const-gather-protocols-file /Users/admin/builder/spi-builder-workspace/.derivedData/Build/Intermediates.noindex/Splash.build/Debug-watchos/Splash-t.build/Objects-normal/arm64_32/Splash_const_extract_protocols.json -disable-clang-spi -clang-target arm64_32-apple-watchos27.0 -target-sdk-version 27.0 -target-sdk-name watchos27.0 -in-process-plugin-server-path /Applications/Xcode-27.0.0-Release.Candidate.app/Contents/Developer/Toolchains/XcodeDefault.xctoolchain/usr/lib/swift/host/libSwiftInProcPluginServer.dylib -parse-as-library -o /Users/admin/builder/spi-builder-workspace/.derivedData/Build/Intermediates.noindex/Splash.build/Debug-watchos/Splash-t.build/Objects-normal/arm64_32/Font.o -o /Users/admin/builder/spi-builder-workspace/.derivedData/Build/Intermediates.noindex/Splash.build/Debug-watchos/Splash-t.build/Objects-normal/arm64_32/Theme+Defaults.o -debug-module-path /Users/admin/builder/spi-builder-workspace/.derivedData/Build/Intermediates.noindex/Splash.build/Debug-watchos/Splash-t.build/Objects-normal/arm64_32/Splash.swiftmodule -index-unit-output-path /Splash.build/Debug-watchos/Splash-t.build/Objects-normal/arm64_32/Font.o -index-unit-output-path /Splash.build/Debug-watchos/Splash-t.build/Objects-normal/arm64_32/Theme+Defaults.o -index-store-path /Users/admin/builder/spi-builder-workspace/.derivedData/Index.noindex/DataStore -index-system-modules
SwiftCompile normal arm64_32 /Users/admin/builder/spi-builder-workspace/.dependencies/checkouts/Splash/Sources/Splash/Theming/Font.swift (in target 'Splash' from project 'Splash')
    cd /Users/admin/builder/spi-builder-workspace/.swiftpm/xcode
    builtin-SwiftPerFileCompile Font.swift
SwiftCompile normal arm64_32 /Users/admin/builder/spi-builder-workspace/.dependencies/checkouts/Splash/Sources/Splash/Theming/Theme+Defaults.swift (in target 'Splash' from project 'Splash')
    cd /Users/admin/builder/spi-builder-workspace/.swiftpm/xcode
    builtin-SwiftPerFileCompile Theme+Defaults.swift
SwiftCompile normal arm64_32 Compiling\ CharacterSet+Contains.swift,\ Equatable+AnyOf.swift,\ Int+IsOdd.swift /Users/admin/builder/spi-builder-workspace/.dependencies/checkouts/Splash/Sources/Splash/Extensions/CharacterSet/CharacterSet+Contains.swift /Users/admin/builder/spi-builder-workspace/.dependencies/checkouts/Splash/Sources/Splash/Extensions/Equatable/Equatable+AnyOf.swift /Users/admin/builder/spi-builder-workspace/.dependencies/checkouts/Splash/Sources/Splash/Extensions/Int/Int+IsOdd.swift (in target 'Splash' from project 'Splash')
SwiftCompile normal arm64_32 /Users/admin/builder/spi-builder-workspace/.dependencies/checkouts/Splash/Sources/Splash/Extensions/CharacterSet/CharacterSet+Contains.swift (in target 'Splash' from project 'Splash')
    cd /Users/admin/builder/spi-builder-workspace/.swiftpm/xcode
    builtin-SwiftPerFileCompile CharacterSet+Contains.swift
SwiftCompile normal arm64_32 /Users/admin/builder/spi-builder-workspace/.dependencies/checkouts/Splash/Sources/Splash/Extensions/Equatable/Equatable+AnyOf.swift (in target 'Splash' from project 'Splash')
    cd /Users/admin/builder/spi-builder-workspace/.swiftpm/xcode
    builtin-SwiftPerFileCompile Equatable+AnyOf.swift
SwiftCompile normal arm64_32 /Users/admin/builder/spi-builder-workspace/.dependencies/checkouts/Splash/Sources/Splash/Extensions/Int/Int+IsOdd.swift (in target 'Splash' from project 'Splash')
    cd /Users/admin/builder/spi-builder-workspace/.swiftpm/xcode
    builtin-SwiftPerFileCompile Int+IsOdd.swift
SwiftEmitModule normal arm64 Emitting\ module\ for\ SwiftSoup (in target 'SwiftSoup' from project 'SwiftSoup')
SwiftCompile normal arm64 (in target 'SwiftSoup' from project 'SwiftSoup')
    cd /Users/admin/builder/spi-builder-workspace/.swiftpm/xcode

SwiftEmitModule normal arm64_32 Emitting\ module\ for\ SwiftSoup (in target 'SwiftSoup' from project 'SwiftSoup')
SwiftCompile normal arm64_32 (in target 'SwiftSoup' from project 'SwiftSoup')
    cd /Users/admin/builder/spi-builder-workspace/.swiftpm/xcode

SwiftDriverJobDiscovery normal arm64 Compiling ToolInfo.swift (in target 'ArgumentParserToolInfo' from project 'swift-argument-parser')
PruneExplicitPrecompiledModules /Users/admin/builder/spi-builder-workspace/.derivedData/Build/Intermediates.noindex/ExplicitPrecompiledModules
PruneExplicitPrecompiledModules /Users/admin/builder/spi-builder-workspace/.derivedData/SDKExplicitPrecompiledModules
PruneExplicitPrecompiledModules /Users/admin/builder/spi-builder-workspace/.derivedData/Build/Intermediates.noindex/SwiftExplicitPrecompiledModules
2026-09-17 10:17:02.275 xcodebuild[898:5528] [MT] IDERunDestination: Supported platforms for the buildables in the current scheme is empty.
2026-09-17 10:17:02.378 xcodebuild[898:5528] [MT] IDERunDestination: Supported platforms for the buildables in the current scheme is empty.
** BUILD FAILED **
The following build commands failed:
	SwiftCompile normal arm64_32 Compiling\ Font.swift,\ Theme+Defaults.swift /Users/admin/builder/spi-builder-workspace/.dependencies/checkouts/Splash/Sources/Splash/Theming/Font.swift /Users/admin/builder/spi-builder-workspace/.dependencies/checkouts/Splash/Sources/Splash/Theming/Theme+Defaults.swift (in target 'Splash' from project 'Splash')
	SwiftCompile normal arm64_32 /Users/admin/builder/spi-builder-workspace/.dependencies/checkouts/Splash/Sources/Splash/Theming/Font.swift (in target 'Splash' from project 'Splash')
	SwiftCompile normal arm64_32 /Users/admin/builder/spi-builder-workspace/.dependencies/checkouts/Splash/Sources/Splash/Theming/Theme+Defaults.swift (in target 'Splash' from project 'Splash')
	Building workspace Lux with scheme Lux-Package
(4 failures)
BUILD FAILURE 6.4 watchOS