Build Information
Failed to build LSPServiceKit, reference 0.3.8 (679999), with Swift 6.4 for tvOS using Xcode 27.0 on 26 Sep 2026 11:07:37 UTC.
Build Command
env DEVELOPER_DIR=/Applications/Xcode-27.0.0-Release.Candidate.app xcrun xcodebuild -IDEClonedSourcePackagesDirPathOverride=$PWD/.dependencies -skipMacroValidation -skipPackagePluginValidation -derivedDataPath $PWD/.derivedData build -scheme LSPServiceKit -destination generic/platform=tvOSBuild Log
WriteAuxiliaryFile /Users/admin/builder/spi-builder-workspace/.derivedData/Build/Intermediates.noindex/SwiftLSP.build/Debug-appletvos/SwiftLSP-t.build/SwiftLSP.DependencyStaticMetadataFileList (in target 'SwiftLSP' from project 'SwiftLSP')
cd /Users/admin/builder/spi-builder-workspace/.dependencies/checkouts/SwiftLSP
write-file /Users/admin/builder/spi-builder-workspace/.derivedData/Build/Intermediates.noindex/SwiftLSP.build/Debug-appletvos/SwiftLSP-t.build/SwiftLSP.DependencyStaticMetadataFileList
WriteAuxiliaryFile /Users/admin/builder/spi-builder-workspace/.derivedData/Build/Intermediates.noindex/SwiftLSP.build/Debug-appletvos/SwiftLSP-t.build/SwiftLSP.DependencyMetadataFileList (in target 'SwiftLSP' from project 'SwiftLSP')
cd /Users/admin/builder/spi-builder-workspace/.dependencies/checkouts/SwiftLSP
write-file /Users/admin/builder/spi-builder-workspace/.derivedData/Build/Intermediates.noindex/SwiftLSP.build/Debug-appletvos/SwiftLSP-t.build/SwiftLSP.DependencyMetadataFileList
WriteAuxiliaryFile /Users/admin/builder/spi-builder-workspace/.derivedData/Build/Intermediates.noindex/SwiftLSP.build/Debug-appletvos/SwiftLSP-t.build/Objects-normal/arm64/SwiftLSP.SwiftFileList (in target 'SwiftLSP' from project 'SwiftLSP')
cd /Users/admin/builder/spi-builder-workspace/.dependencies/checkouts/SwiftLSP
write-file /Users/admin/builder/spi-builder-workspace/.derivedData/Build/Intermediates.noindex/SwiftLSP.build/Debug-appletvos/SwiftLSP-t.build/Objects-normal/arm64/SwiftLSP.SwiftFileList
WriteAuxiliaryFile /Users/admin/builder/spi-builder-workspace/.derivedData/Build/Intermediates.noindex/SwiftLSP.build/Debug-appletvos/SwiftLSP-t.build/Objects-normal/arm64/SwiftLSP_const_extract_protocols.json (in target 'SwiftLSP' from project 'SwiftLSP')
cd /Users/admin/builder/spi-builder-workspace/.dependencies/checkouts/SwiftLSP
write-file /Users/admin/builder/spi-builder-workspace/.derivedData/Build/Intermediates.noindex/SwiftLSP.build/Debug-appletvos/SwiftLSP-t.build/Objects-normal/arm64/SwiftLSP_const_extract_protocols.json
WriteAuxiliaryFile /Users/admin/builder/spi-builder-workspace/.derivedData/Build/Intermediates.noindex/SwiftLSP.build/Debug-appletvos/SwiftLSP-t.build/Objects-normal/arm64/SwiftLSP.SwiftConstValuesFileList (in target 'SwiftLSP' from project 'SwiftLSP')
cd /Users/admin/builder/spi-builder-workspace/.dependencies/checkouts/SwiftLSP
write-file /Users/admin/builder/spi-builder-workspace/.derivedData/Build/Intermediates.noindex/SwiftLSP.build/Debug-appletvos/SwiftLSP-t.build/Objects-normal/arm64/SwiftLSP.SwiftConstValuesFileList
WriteAuxiliaryFile /Users/admin/builder/spi-builder-workspace/.derivedData/Build/Intermediates.noindex/SwiftLSP.build/Debug-appletvos/SwiftLSP-t.build/Objects-normal/arm64/SwiftLSP.LinkFileList (in target 'SwiftLSP' from project 'SwiftLSP')
cd /Users/admin/builder/spi-builder-workspace/.dependencies/checkouts/SwiftLSP
write-file /Users/admin/builder/spi-builder-workspace/.derivedData/Build/Intermediates.noindex/SwiftLSP.build/Debug-appletvos/SwiftLSP-t.build/Objects-normal/arm64/SwiftLSP.LinkFileList
WriteAuxiliaryFile /Users/admin/builder/spi-builder-workspace/.derivedData/Build/Intermediates.noindex/SwiftLSP.build/Debug-appletvos/SwiftLSP-t.build/Objects-normal/arm64/SwiftLSP-OutputFileMap.json (in target 'SwiftLSP' from project 'SwiftLSP')
cd /Users/admin/builder/spi-builder-workspace/.dependencies/checkouts/SwiftLSP
write-file /Users/admin/builder/spi-builder-workspace/.derivedData/Build/Intermediates.noindex/SwiftLSP.build/Debug-appletvos/SwiftLSP-t.build/Objects-normal/arm64/SwiftLSP-OutputFileMap.json
Copy /Users/admin/builder/spi-builder-workspace/.derivedData/Build/Intermediates.noindex/GeneratedModuleMaps-appletvos/SwiftLSP.modulemap /Users/admin/builder/spi-builder-workspace/.derivedData/Build/Intermediates.noindex/SwiftLSP.build/Debug-appletvos/SwiftLSP-t.build/SwiftLSP.modulemap (in target 'SwiftLSP' from project 'SwiftLSP')
cd /Users/admin/builder/spi-builder-workspace/.dependencies/checkouts/SwiftLSP
builtin-copy -exclude .DS_Store -exclude CVS -exclude .svn -exclude .git -exclude .hg -resolve-src-symlinks /Users/admin/builder/spi-builder-workspace/.derivedData/Build/Intermediates.noindex/SwiftLSP.build/Debug-appletvos/SwiftLSP-t.build/SwiftLSP.modulemap /Users/admin/builder/spi-builder-workspace/.derivedData/Build/Intermediates.noindex/GeneratedModuleMaps-appletvos
WriteAuxiliaryFile /Users/admin/builder/spi-builder-workspace/.derivedData/Build/Intermediates.noindex/LSPServiceKit.build/Debug-appletvos/LSPServiceKit-t.build/Objects-normal/arm64/LSPServiceKit.SwiftConstValuesFileList (in target 'LSPServiceKit' from project 'LSPServiceKit')
cd /Users/admin/builder/spi-builder-workspace
write-file /Users/admin/builder/spi-builder-workspace/.derivedData/Build/Intermediates.noindex/LSPServiceKit.build/Debug-appletvos/LSPServiceKit-t.build/Objects-normal/arm64/LSPServiceKit.SwiftConstValuesFileList
WriteAuxiliaryFile /Users/admin/builder/spi-builder-workspace/.derivedData/Build/Intermediates.noindex/LSPServiceKit.build/Debug-appletvos/LSPServiceKit-t.build/Objects-normal/arm64/LSPServiceKit.SwiftFileList (in target 'LSPServiceKit' from project 'LSPServiceKit')
cd /Users/admin/builder/spi-builder-workspace
write-file /Users/admin/builder/spi-builder-workspace/.derivedData/Build/Intermediates.noindex/LSPServiceKit.build/Debug-appletvos/LSPServiceKit-t.build/Objects-normal/arm64/LSPServiceKit.SwiftFileList
WriteAuxiliaryFile /Users/admin/builder/spi-builder-workspace/.derivedData/Build/Intermediates.noindex/LSPServiceKit.build/Debug-appletvos/LSPServiceKit-t.build/Objects-normal/arm64/LSPServiceKit_const_extract_protocols.json (in target 'LSPServiceKit' from project 'LSPServiceKit')
cd /Users/admin/builder/spi-builder-workspace
write-file /Users/admin/builder/spi-builder-workspace/.derivedData/Build/Intermediates.noindex/LSPServiceKit.build/Debug-appletvos/LSPServiceKit-t.build/Objects-normal/arm64/LSPServiceKit_const_extract_protocols.json
WriteAuxiliaryFile /Users/admin/builder/spi-builder-workspace/.derivedData/Build/Intermediates.noindex/LSPServiceKit.build/Debug-appletvos/LSPServiceKit-t.build/Objects-normal/arm64/LSPServiceKit.LinkFileList (in target 'LSPServiceKit' from project 'LSPServiceKit')
cd /Users/admin/builder/spi-builder-workspace
write-file /Users/admin/builder/spi-builder-workspace/.derivedData/Build/Intermediates.noindex/LSPServiceKit.build/Debug-appletvos/LSPServiceKit-t.build/Objects-normal/arm64/LSPServiceKit.LinkFileList
WriteAuxiliaryFile /Users/admin/builder/spi-builder-workspace/.derivedData/Build/Intermediates.noindex/LSPServiceKit.build/Debug-appletvos/LSPServiceKit-t.build/Objects-normal/arm64/LSPServiceKit-OutputFileMap.json (in target 'LSPServiceKit' from project 'LSPServiceKit')
cd /Users/admin/builder/spi-builder-workspace
write-file /Users/admin/builder/spi-builder-workspace/.derivedData/Build/Intermediates.noindex/LSPServiceKit.build/Debug-appletvos/LSPServiceKit-t.build/Objects-normal/arm64/LSPServiceKit-OutputFileMap.json
WriteAuxiliaryFile /Users/admin/builder/spi-builder-workspace/.derivedData/Build/Intermediates.noindex/LSPServiceKit.build/Debug-appletvos/LSPServiceKit-t.build/LSPServiceKit.modulemap (in target 'LSPServiceKit' from project 'LSPServiceKit')
cd /Users/admin/builder/spi-builder-workspace
write-file /Users/admin/builder/spi-builder-workspace/.derivedData/Build/Intermediates.noindex/LSPServiceKit.build/Debug-appletvos/LSPServiceKit-t.build/LSPServiceKit.modulemap
WriteAuxiliaryFile /Users/admin/builder/spi-builder-workspace/.derivedData/Build/Intermediates.noindex/LSPServiceKit.build/Debug-appletvos/LSPServiceKit-t.build/LSPServiceKit.DependencyStaticMetadataFileList (in target 'LSPServiceKit' from project 'LSPServiceKit')
cd /Users/admin/builder/spi-builder-workspace
write-file /Users/admin/builder/spi-builder-workspace/.derivedData/Build/Intermediates.noindex/LSPServiceKit.build/Debug-appletvos/LSPServiceKit-t.build/LSPServiceKit.DependencyStaticMetadataFileList
WriteAuxiliaryFile /Users/admin/builder/spi-builder-workspace/.derivedData/Build/Intermediates.noindex/LSPServiceKit.build/Debug-appletvos/LSPServiceKit-t.build/LSPServiceKit.DependencyMetadataFileList (in target 'LSPServiceKit' from project 'LSPServiceKit')
cd /Users/admin/builder/spi-builder-workspace
write-file /Users/admin/builder/spi-builder-workspace/.derivedData/Build/Intermediates.noindex/LSPServiceKit.build/Debug-appletvos/LSPServiceKit-t.build/LSPServiceKit.DependencyMetadataFileList
WriteAuxiliaryFile /Users/admin/builder/spi-builder-workspace/.derivedData/Build/Intermediates.noindex/FoundationToolz.build/Debug-appletvos/FoundationToolz-t.build/FoundationToolz.modulemap (in target 'FoundationToolz' from project 'FoundationToolz')
cd /Users/admin/builder/spi-builder-workspace/.dependencies/checkouts/FoundationToolz
write-file /Users/admin/builder/spi-builder-workspace/.derivedData/Build/Intermediates.noindex/FoundationToolz.build/Debug-appletvos/FoundationToolz-t.build/FoundationToolz.modulemap
WriteAuxiliaryFile /Users/admin/builder/spi-builder-workspace/.derivedData/Build/Intermediates.noindex/FoundationToolz.build/Debug-appletvos/FoundationToolz-t.build/FoundationToolz.DependencyStaticMetadataFileList (in target 'FoundationToolz' from project 'FoundationToolz')
cd /Users/admin/builder/spi-builder-workspace/.dependencies/checkouts/FoundationToolz
write-file /Users/admin/builder/spi-builder-workspace/.derivedData/Build/Intermediates.noindex/FoundationToolz.build/Debug-appletvos/FoundationToolz-t.build/FoundationToolz.DependencyStaticMetadataFileList
WriteAuxiliaryFile /Users/admin/builder/spi-builder-workspace/.derivedData/Build/Intermediates.noindex/FoundationToolz.build/Debug-appletvos/FoundationToolz-t.build/FoundationToolz.DependencyMetadataFileList (in target 'FoundationToolz' from project 'FoundationToolz')
cd /Users/admin/builder/spi-builder-workspace/.dependencies/checkouts/FoundationToolz
write-file /Users/admin/builder/spi-builder-workspace/.derivedData/Build/Intermediates.noindex/FoundationToolz.build/Debug-appletvos/FoundationToolz-t.build/FoundationToolz.DependencyMetadataFileList
WriteAuxiliaryFile /Users/admin/builder/spi-builder-workspace/.derivedData/Build/Intermediates.noindex/FoundationToolz.build/Debug-appletvos/FoundationToolz-t.build/Objects-normal/arm64/FoundationToolz.LinkFileList (in target 'FoundationToolz' from project 'FoundationToolz')
cd /Users/admin/builder/spi-builder-workspace/.dependencies/checkouts/FoundationToolz
write-file /Users/admin/builder/spi-builder-workspace/.derivedData/Build/Intermediates.noindex/FoundationToolz.build/Debug-appletvos/FoundationToolz-t.build/Objects-normal/arm64/FoundationToolz.LinkFileList
WriteAuxiliaryFile /Users/admin/builder/spi-builder-workspace/.derivedData/Build/Intermediates.noindex/FoundationToolz.build/Debug-appletvos/FoundationToolz-t.build/Objects-normal/arm64/FoundationToolz.SwiftFileList (in target 'FoundationToolz' from project 'FoundationToolz')
cd /Users/admin/builder/spi-builder-workspace/.dependencies/checkouts/FoundationToolz
write-file /Users/admin/builder/spi-builder-workspace/.derivedData/Build/Intermediates.noindex/FoundationToolz.build/Debug-appletvos/FoundationToolz-t.build/Objects-normal/arm64/FoundationToolz.SwiftFileList
WriteAuxiliaryFile /Users/admin/builder/spi-builder-workspace/.derivedData/Build/Intermediates.noindex/FoundationToolz.build/Debug-appletvos/FoundationToolz-t.build/Objects-normal/arm64/FoundationToolz-OutputFileMap.json (in target 'FoundationToolz' from project 'FoundationToolz')
cd /Users/admin/builder/spi-builder-workspace/.dependencies/checkouts/FoundationToolz
write-file /Users/admin/builder/spi-builder-workspace/.derivedData/Build/Intermediates.noindex/FoundationToolz.build/Debug-appletvos/FoundationToolz-t.build/Objects-normal/arm64/FoundationToolz-OutputFileMap.json
WriteAuxiliaryFile /Users/admin/builder/spi-builder-workspace/.derivedData/Build/Intermediates.noindex/FoundationToolz.build/Debug-appletvos/FoundationToolz-t.build/Objects-normal/arm64/FoundationToolz.SwiftConstValuesFileList (in target 'FoundationToolz' from project 'FoundationToolz')
cd /Users/admin/builder/spi-builder-workspace/.dependencies/checkouts/FoundationToolz
write-file /Users/admin/builder/spi-builder-workspace/.derivedData/Build/Intermediates.noindex/FoundationToolz.build/Debug-appletvos/FoundationToolz-t.build/Objects-normal/arm64/FoundationToolz.SwiftConstValuesFileList
WriteAuxiliaryFile /Users/admin/builder/spi-builder-workspace/.derivedData/Build/Intermediates.noindex/FoundationToolz.build/Debug-appletvos/FoundationToolz-t.build/Objects-normal/arm64/FoundationToolz_const_extract_protocols.json (in target 'FoundationToolz' from project 'FoundationToolz')
cd /Users/admin/builder/spi-builder-workspace/.dependencies/checkouts/FoundationToolz
write-file /Users/admin/builder/spi-builder-workspace/.derivedData/Build/Intermediates.noindex/FoundationToolz.build/Debug-appletvos/FoundationToolz-t.build/Objects-normal/arm64/FoundationToolz_const_extract_protocols.json
Copy /Users/admin/builder/spi-builder-workspace/.derivedData/Build/Intermediates.noindex/GeneratedModuleMaps-appletvos/LSPServiceKit.modulemap /Users/admin/builder/spi-builder-workspace/.derivedData/Build/Intermediates.noindex/LSPServiceKit.build/Debug-appletvos/LSPServiceKit-t.build/LSPServiceKit.modulemap (in target 'LSPServiceKit' from project 'LSPServiceKit')
cd /Users/admin/builder/spi-builder-workspace
builtin-copy -exclude .DS_Store -exclude CVS -exclude .svn -exclude .git -exclude .hg -resolve-src-symlinks /Users/admin/builder/spi-builder-workspace/.derivedData/Build/Intermediates.noindex/LSPServiceKit.build/Debug-appletvos/LSPServiceKit-t.build/LSPServiceKit.modulemap /Users/admin/builder/spi-builder-workspace/.derivedData/Build/Intermediates.noindex/GeneratedModuleMaps-appletvos
Copy /Users/admin/builder/spi-builder-workspace/.derivedData/Build/Intermediates.noindex/GeneratedModuleMaps-appletvos/FoundationToolz.modulemap /Users/admin/builder/spi-builder-workspace/.derivedData/Build/Intermediates.noindex/FoundationToolz.build/Debug-appletvos/FoundationToolz-t.build/FoundationToolz.modulemap (in target 'FoundationToolz' from project 'FoundationToolz')
cd /Users/admin/builder/spi-builder-workspace/.dependencies/checkouts/FoundationToolz
builtin-copy -exclude .DS_Store -exclude CVS -exclude .svn -exclude .git -exclude .hg -resolve-src-symlinks /Users/admin/builder/spi-builder-workspace/.derivedData/Build/Intermediates.noindex/FoundationToolz.build/Debug-appletvos/FoundationToolz-t.build/FoundationToolz.modulemap /Users/admin/builder/spi-builder-workspace/.derivedData/Build/Intermediates.noindex/GeneratedModuleMaps-appletvos
SwiftDriver SwiftyToolz normal arm64 com.apple.xcode.tools.swift.compiler (in target 'SwiftyToolz' from project 'SwiftyToolz')
cd /Users/admin/builder/spi-builder-workspace/.swiftpm/xcode
builtin-SwiftDriver -- /Applications/Xcode-27.0.0-Release.Candidate.app/Contents/Developer/Toolchains/XcodeDefault.xctoolchain/usr/bin/swiftc -parse-as-library -module-name SwiftyToolz -Onone @/Users/admin/builder/spi-builder-workspace/.derivedData/Build/Intermediates.noindex/SwiftyToolz.build/Debug-appletvos/SwiftyToolz-t.build/Objects-normal/arm64/SwiftyToolz.SwiftFileList -DSWIFT_PACKAGE -DDEBUG -DSWIFT_MODULE_RESOURCE_BUNDLE_UNAVAILABLE -DXcode -plugin-path /Applications/Xcode-27.0.0-Release.Candidate.app/Contents/Developer/Toolchains/XcodeDefault.xctoolchain/usr/lib/swift/host/plugins/testing -enable-experimental-feature DebugDescriptionMacro -sdk /Applications/Xcode-27.0.0-Release.Candidate.app/Contents/Developer/Platforms/AppleTVOS.platform/Developer/SDKs/AppleTVOS27.0.sdk -target arm64-apple-tvos15.0 -g -module-cache-path /Users/admin/builder/spi-builder-workspace/.derivedData/ModuleCache.noindex -Xfrontend -serialize-debugging-options -profile-coverage-mapping -profile-generate -enable-testing -suppress-warnings -index-store-path /Users/admin/builder/spi-builder-workspace/.derivedData/Index.noindex/DataStore -Xcc -D_LIBCPP_HARDENING_MODE\=_LIBCPP_HARDENING_MODE_DEBUG -swift-version 6 -I /Users/admin/builder/spi-builder-workspace/.derivedData/Build/Products/Debug-appletvos -Isystem /Applications/Xcode-27.0.0-Release.Candidate.app/Contents/Developer/Platforms/AppleTVOS.platform/Developer/usr/lib -F /Users/admin/builder/spi-builder-workspace/.derivedData/Build/Products/Debug-appletvos -F /Applications/Xcode-27.0.0-Release.Candidate.app/Contents/Developer/Platforms/AppleTVOS.platform/Developer/Library/Frameworks -F /Applications/Xcode-27.0.0-Release.Candidate.app/Contents/Developer/Platforms/AppleTVOS.platform/Developer/SDKs/AppleTVOS27.0.sdk/Developer/Library/Frameworks -c -j10 -enable-batch-mode -incremental -Xcc -ivfsstatcache -Xcc /Users/admin/builder/spi-builder-workspace/.derivedData/SDKStatCaches.noindex/appletvos27.0-24J360-e829b21a6f8c9b70876ba0858053c044b32bfd8d43560033f8d89884cdb90028.sdkstatcache -output-file-map /Users/admin/builder/spi-builder-workspace/.derivedData/Build/Intermediates.noindex/SwiftyToolz.build/Debug-appletvos/SwiftyToolz-t.build/Objects-normal/arm64/SwiftyToolz-OutputFileMap.json -save-temps -no-color-diagnostics -explicit-module-build -module-cache-path /Users/admin/builder/spi-builder-workspace/.derivedData/Build/Intermediates.noindex/SwiftExplicitPrecompiledModules -clang-scanner-module-cache-path /Users/admin/builder/spi-builder-workspace/.derivedData/ModuleCache.noindex -sdk-module-cache-path /Users/admin/builder/spi-builder-workspace/.derivedData/SDKExplicitPrecompiledModules -emit-dependencies -emit-module -emit-module-path /Users/admin/builder/spi-builder-workspace/.derivedData/Build/Intermediates.noindex/SwiftyToolz.build/Debug-appletvos/SwiftyToolz-t.build/Objects-normal/arm64/SwiftyToolz.swiftmodule -serialize-diagnostics -dependency-scan-serialize-diagnostics-path /Users/admin/builder/spi-builder-workspace/.derivedData/Build/Intermediates.noindex/SwiftyToolz.build/Debug-appletvos/SwiftyToolz-t.build/Objects-normal/arm64/SwiftyToolz-dependency-scan.dia -user-module-version 0.5.8 -validate-clang-modules-once -clang-build-session-file /Users/admin/builder/spi-builder-workspace/.derivedData/ModuleCache.noindex/Session.modulevalidation -Xcc -fmodules-prune-interval\=86400 -Xcc -fmodules-prune-after\=345600 -package-name swiftytoolz -emit-const-values -const-gather-protocols-list /Users/admin/builder/spi-builder-workspace/.derivedData/Build/Intermediates.noindex/SwiftyToolz.build/Debug-appletvos/SwiftyToolz-t.build/Objects-normal/arm64/SwiftyToolz_const_extract_protocols.json -Xcc -I/Users/admin/builder/spi-builder-workspace/.derivedData/Build/Products/Debug-appletvos/include -Xcc -I/Users/admin/builder/spi-builder-workspace/.derivedData/Build/Intermediates.noindex/SwiftyToolz.build/Debug-appletvos/SwiftyToolz-t.build/DerivedSources-normal/arm64 -Xcc -I/Users/admin/builder/spi-builder-workspace/.derivedData/Build/Intermediates.noindex/SwiftyToolz.build/Debug-appletvos/SwiftyToolz-t.build/DerivedSources/arm64 -Xcc -I/Users/admin/builder/spi-builder-workspace/.derivedData/Build/Intermediates.noindex/SwiftyToolz.build/Debug-appletvos/SwiftyToolz-t.build/DerivedSources -Xcc -DSWIFT_PACKAGE -Xcc -DDEBUG\=1 -emit-objc-header -emit-objc-header-path /Users/admin/builder/spi-builder-workspace/.derivedData/Build/Intermediates.noindex/SwiftyToolz.build/Debug-appletvos/SwiftyToolz-t.build/Objects-normal/arm64/SwiftyToolz-Swift.h -working-directory /Users/admin/builder/spi-builder-workspace/.swiftpm/xcode -experimental-emit-module-separately -disable-cmo
SwiftExplicitDependencyGeneratePcm arm64 /Users/admin/builder/spi-builder-workspace/.derivedData/SDKExplicitPrecompiledModules/_Builtin_stdbool-4UUPXTY52W6RPSB0N2WGGLTJT.pcm
SwiftExplicitDependencyGeneratePcm arm64 /Users/admin/builder/spi-builder-workspace/.derivedData/SDKExplicitPrecompiledModules/ptrcheck-BA65H1NXYZJ0BLLWO9HZOAZ6Y.pcm
SwiftExplicitDependencyGeneratePcm arm64 /Users/admin/builder/spi-builder-workspace/.derivedData/SDKExplicitPrecompiledModules/_Builtin_stddef-1MAO6P3OSQFGZFQEPM31XXNSS.pcm
SwiftExplicitDependencyGeneratePcm arm64 /Users/admin/builder/spi-builder-workspace/.derivedData/SDKExplicitPrecompiledModules/_Builtin_float-3RF4B70MBHPP952AX3GNZ8W3H.pcm
SwiftExplicitDependencyGeneratePcm arm64 /Users/admin/builder/spi-builder-workspace/.derivedData/SDKExplicitPrecompiledModules/SwiftShims-73G9EXEO9PVWB6PL1BR4TAJ0B.pcm
SwiftExplicitDependencyGeneratePcm arm64 /Users/admin/builder/spi-builder-workspace/.derivedData/SDKExplicitPrecompiledModules/_SwiftConcurrencyShims-3HZGHPZQL3GY71QUHDRB0P39S.pcm
SwiftExplicitDependencyGeneratePcm arm64 /Users/admin/builder/spi-builder-workspace/.derivedData/SDKExplicitPrecompiledModules/_Builtin_stdarg-719DH4G2R3NRP3HRX5HE8WX08.pcm
SwiftExplicitDependencyGeneratePcm arm64 /Users/admin/builder/spi-builder-workspace/.derivedData/SDKExplicitPrecompiledModules/_AvailabilityInternal-99L1JVU5TYE8S0FGGB7E09QQS.pcm
SwiftExplicitDependencyGeneratePcm arm64 /Users/admin/builder/spi-builder-workspace/.derivedData/SDKExplicitPrecompiledModules/_DarwinFoundation1-90NUFDXQ765U5FR62173FT21A.pcm
SwiftExplicitDependencyGeneratePcm arm64 /Users/admin/builder/spi-builder-workspace/.derivedData/SDKExplicitPrecompiledModules/_DarwinFoundation2-EPKSYG5WMVE7WSPFQB4C0UC59.pcm
SwiftExplicitDependencyGeneratePcm arm64 /Users/admin/builder/spi-builder-workspace/.derivedData/SDKExplicitPrecompiledModules/_Builtin_limits-3JICJWOCEYXXXNXAMEJBF6UQN.pcm
SwiftExplicitDependencyGeneratePcm arm64 /Users/admin/builder/spi-builder-workspace/.derivedData/SDKExplicitPrecompiledModules/sys_types-CATSGLJDZ8UZUMKHO6M4I4PJT.pcm
SwiftExplicitDependencyGeneratePcm arm64 /Users/admin/builder/spi-builder-workspace/.derivedData/SDKExplicitPrecompiledModules/_Builtin_tgmath-320K271Z6IM134IWIB7S3LTD.pcm
SwiftExplicitDependencyGeneratePcm arm64 /Users/admin/builder/spi-builder-workspace/.derivedData/SDKExplicitPrecompiledModules/_Builtin_stdint-A8OKY0NXO26BZ4GWYKP79TKL9.pcm
SwiftExplicitDependencyGeneratePcm arm64 /Users/admin/builder/spi-builder-workspace/.derivedData/SDKExplicitPrecompiledModules/_DarwinFoundation3-63L5I5VCGX6CLI6HI7OWUXJN6.pcm
SwiftExplicitDependencyGeneratePcm arm64 /Users/admin/builder/spi-builder-workspace/.derivedData/SDKExplicitPrecompiledModules/_Builtin_intrinsics-AQDFY8KQQX9Z38C6EI15S53EQ.pcm
SwiftExplicitDependencyGeneratePcm arm64 /Users/admin/builder/spi-builder-workspace/.derivedData/SDKExplicitPrecompiledModules/_Builtin_inttypes-80RS02PM2X81SP8N0Q7X05540.pcm
SwiftExplicitDependencyGeneratePcm arm64 /Users/admin/builder/spi-builder-workspace/.derivedData/SDKExplicitPrecompiledModules/Darwin-1VTILT8KA42CNDAUB0H1FM7MC.pcm
SwiftExplicitDependencyGeneratePcm arm64 /Users/admin/builder/spi-builder-workspace/.derivedData/SDKExplicitPrecompiledModules/simd-D50CDGAQRFNF5E2BA2UWCCHLJ.pcm
SwiftEmitModule normal arm64 Emitting\ module\ for\ SwiftyToolz (in target 'SwiftyToolz' from project 'SwiftyToolz')
SwiftCompile normal arm64 (in target 'SwiftyToolz' from project 'SwiftyToolz')
cd /Users/admin/builder/spi-builder-workspace/.swiftpm/xcode
SwiftCompile normal arm64 Compiling\ ReadableError.swift,\ Array+SwiftyToolz.swift,\ Collection+Sum.swift /Users/admin/builder/spi-builder-workspace/.dependencies/checkouts/SwiftyToolz/Code/ReadableError.swift /Users/admin/builder/spi-builder-workspace/.dependencies/checkouts/SwiftyToolz/Code/Swift+SwiftyToolz/Array+SwiftyToolz.swift /Users/admin/builder/spi-builder-workspace/.dependencies/checkouts/SwiftyToolz/Code/Swift+SwiftyToolz/Collection+Sum.swift (in target 'SwiftyToolz' from project 'SwiftyToolz')
SwiftCompile normal arm64 /Users/admin/builder/spi-builder-workspace/.dependencies/checkouts/SwiftyToolz/Code/ReadableError.swift (in target 'SwiftyToolz' from project 'SwiftyToolz')
cd /Users/admin/builder/spi-builder-workspace/.swiftpm/xcode
builtin-SwiftPerFileCompile ReadableError.swift
SwiftCompile normal arm64 /Users/admin/builder/spi-builder-workspace/.dependencies/checkouts/SwiftyToolz/Code/Swift+SwiftyToolz/Array+SwiftyToolz.swift (in target 'SwiftyToolz' from project 'SwiftyToolz')
cd /Users/admin/builder/spi-builder-workspace/.swiftpm/xcode
builtin-SwiftPerFileCompile Array+SwiftyToolz.swift
SwiftCompile normal arm64 /Users/admin/builder/spi-builder-workspace/.dependencies/checkouts/SwiftyToolz/Code/Swift+SwiftyToolz/Collection+Sum.swift (in target 'SwiftyToolz' from project 'SwiftyToolz')
cd /Users/admin/builder/spi-builder-workspace/.swiftpm/xcode
builtin-SwiftPerFileCompile Collection+Sum.swift
SwiftCompile normal arm64 Compiling\ Set+SwiftyToolz.swift,\ String+SwiftyToolz.swift /Users/admin/builder/spi-builder-workspace/.dependencies/checkouts/SwiftyToolz/Code/Swift+SwiftyToolz/Set+SwiftyToolz.swift /Users/admin/builder/spi-builder-workspace/.dependencies/checkouts/SwiftyToolz/Code/Swift+SwiftyToolz/String+SwiftyToolz.swift (in target 'SwiftyToolz' from project 'SwiftyToolz')
SwiftCompile normal arm64 /Users/admin/builder/spi-builder-workspace/.dependencies/checkouts/SwiftyToolz/Code/Swift+SwiftyToolz/Set+SwiftyToolz.swift (in target 'SwiftyToolz' from project 'SwiftyToolz')
cd /Users/admin/builder/spi-builder-workspace/.swiftpm/xcode
builtin-SwiftPerFileCompile Set+SwiftyToolz.swift
SwiftCompile normal arm64 /Users/admin/builder/spi-builder-workspace/.dependencies/checkouts/SwiftyToolz/Code/Swift+SwiftyToolz/String+SwiftyToolz.swift (in target 'SwiftyToolz' from project 'SwiftyToolz')
cd /Users/admin/builder/spi-builder-workspace/.swiftpm/xcode
builtin-SwiftPerFileCompile String+SwiftyToolz.swift
SwiftCompile normal arm64 Compiling\ Timeout.swift,\ Color.swift /Users/admin/builder/spi-builder-workspace/.dependencies/checkouts/SwiftyToolz/Code/Timeout.swift /Users/admin/builder/spi-builder-workspace/.dependencies/checkouts/SwiftyToolz/Code/UI\ Model\ Elements/Color.swift (in target 'SwiftyToolz' from project 'SwiftyToolz')
SwiftCompile normal arm64 /Users/admin/builder/spi-builder-workspace/.dependencies/checkouts/SwiftyToolz/Code/Timeout.swift (in target 'SwiftyToolz' from project 'SwiftyToolz')
cd /Users/admin/builder/spi-builder-workspace/.swiftpm/xcode
builtin-SwiftPerFileCompile Timeout.swift
SwiftCompile normal arm64 /Users/admin/builder/spi-builder-workspace/.dependencies/checkouts/SwiftyToolz/Code/UI\ Model\ Elements/Color.swift (in target 'SwiftyToolz' from project 'SwiftyToolz')
cd /Users/admin/builder/spi-builder-workspace/.swiftpm/xcode
builtin-SwiftPerFileCompile Color.swift
SwiftCompile normal arm64 Compiling\ BackgroundActor.swift,\ BuildEnvironment.swift,\ Clipboard.swift /Users/admin/builder/spi-builder-workspace/.dependencies/checkouts/SwiftyToolz/Code/BackgroundActor.swift /Users/admin/builder/spi-builder-workspace/.dependencies/checkouts/SwiftyToolz/Code/BuildEnvironment.swift /Users/admin/builder/spi-builder-workspace/.dependencies/checkouts/SwiftyToolz/Code/Clipboard.swift (in target 'SwiftyToolz' from project 'SwiftyToolz')
SwiftCompile normal arm64 /Users/admin/builder/spi-builder-workspace/.dependencies/checkouts/SwiftyToolz/Code/BackgroundActor.swift (in target 'SwiftyToolz' from project 'SwiftyToolz')
cd /Users/admin/builder/spi-builder-workspace/.swiftpm/xcode
builtin-SwiftPerFileCompile BackgroundActor.swift
SwiftCompile normal arm64 /Users/admin/builder/spi-builder-workspace/.dependencies/checkouts/SwiftyToolz/Code/BuildEnvironment.swift (in target 'SwiftyToolz' from project 'SwiftyToolz')
cd /Users/admin/builder/spi-builder-workspace/.swiftpm/xcode
builtin-SwiftPerFileCompile BuildEnvironment.swift
SwiftCompile normal arm64 /Users/admin/builder/spi-builder-workspace/.dependencies/checkouts/SwiftyToolz/Code/Clipboard.swift (in target 'SwiftyToolz' from project 'SwiftyToolz')
cd /Users/admin/builder/spi-builder-workspace/.swiftpm/xcode
builtin-SwiftPerFileCompile Clipboard.swift
SwiftCompile normal arm64 Compiling\ Copyable.swift,\ JSON.swift,\ Log.swift /Users/admin/builder/spi-builder-workspace/.dependencies/checkouts/SwiftyToolz/Code/Copyable.swift /Users/admin/builder/spi-builder-workspace/.dependencies/checkouts/SwiftyToolz/Code/JSON.swift /Users/admin/builder/spi-builder-workspace/.dependencies/checkouts/SwiftyToolz/Code/Log.swift (in target 'SwiftyToolz' from project 'SwiftyToolz')
SwiftCompile normal arm64 /Users/admin/builder/spi-builder-workspace/.dependencies/checkouts/SwiftyToolz/Code/Copyable.swift (in target 'SwiftyToolz' from project 'SwiftyToolz')
cd /Users/admin/builder/spi-builder-workspace/.swiftpm/xcode
builtin-SwiftPerFileCompile Copyable.swift
SwiftCompile normal arm64 /Users/admin/builder/spi-builder-workspace/.dependencies/checkouts/SwiftyToolz/Code/JSON.swift (in target 'SwiftyToolz' from project 'SwiftyToolz')
cd /Users/admin/builder/spi-builder-workspace/.swiftpm/xcode
builtin-SwiftPerFileCompile JSON.swift
SwiftCompile normal arm64 /Users/admin/builder/spi-builder-workspace/.dependencies/checkouts/SwiftyToolz/Code/Log.swift (in target 'SwiftyToolz' from project 'SwiftyToolz')
cd /Users/admin/builder/spi-builder-workspace/.swiftpm/xcode
builtin-SwiftPerFileCompile Log.swift
SwiftCompile normal arm64 Compiling\ URLString.swift,\ WeakArray.swift /Users/admin/builder/spi-builder-workspace/.dependencies/checkouts/SwiftyToolz/Code/URLString.swift /Users/admin/builder/spi-builder-workspace/.dependencies/checkouts/SwiftyToolz/Code/WeakArray.swift (in target 'SwiftyToolz' from project 'SwiftyToolz')
SwiftCompile normal arm64 /Users/admin/builder/spi-builder-workspace/.dependencies/checkouts/SwiftyToolz/Code/URLString.swift (in target 'SwiftyToolz' from project 'SwiftyToolz')
cd /Users/admin/builder/spi-builder-workspace/.swiftpm/xcode
builtin-SwiftPerFileCompile URLString.swift
SwiftCompile normal arm64 /Users/admin/builder/spi-builder-workspace/.dependencies/checkouts/SwiftyToolz/Code/WeakArray.swift (in target 'SwiftyToolz' from project 'SwiftyToolz')
cd /Users/admin/builder/spi-builder-workspace/.swiftpm/xcode
builtin-SwiftPerFileCompile WeakArray.swift
SwiftCompile normal arm64 Compiling\ Optional+SwiftyToolz.swift,\ Sequence+Async.swift /Users/admin/builder/spi-builder-workspace/.dependencies/checkouts/SwiftyToolz/Code/Swift+SwiftyToolz/Optional+SwiftyToolz.swift /Users/admin/builder/spi-builder-workspace/.dependencies/checkouts/SwiftyToolz/Code/Swift+SwiftyToolz/Sequence+Async.swift (in target 'SwiftyToolz' from project 'SwiftyToolz')
SwiftCompile normal arm64 /Users/admin/builder/spi-builder-workspace/.dependencies/checkouts/SwiftyToolz/Code/Swift+SwiftyToolz/Optional+SwiftyToolz.swift (in target 'SwiftyToolz' from project 'SwiftyToolz')
cd /Users/admin/builder/spi-builder-workspace/.swiftpm/xcode
builtin-SwiftPerFileCompile Optional+SwiftyToolz.swift
SwiftCompile normal arm64 /Users/admin/builder/spi-builder-workspace/.dependencies/checkouts/SwiftyToolz/Code/Swift+SwiftyToolz/Sequence+Async.swift (in target 'SwiftyToolz' from project 'SwiftyToolz')
cd /Users/admin/builder/spi-builder-workspace/.swiftpm/xcode
builtin-SwiftPerFileCompile Sequence+Async.swift
SwiftCompile normal arm64 Compiling\ Task+SwiftyToolz.swift,\ SwiftHelpers.swift /Users/admin/builder/spi-builder-workspace/.dependencies/checkouts/SwiftyToolz/Code/Swift+SwiftyToolz/Task+SwiftyToolz.swift /Users/admin/builder/spi-builder-workspace/.dependencies/checkouts/SwiftyToolz/Code/SwiftHelpers.swift (in target 'SwiftyToolz' from project 'SwiftyToolz')
SwiftCompile normal arm64 /Users/admin/builder/spi-builder-workspace/.dependencies/checkouts/SwiftyToolz/Code/Swift+SwiftyToolz/Task+SwiftyToolz.swift (in target 'SwiftyToolz' from project 'SwiftyToolz')
cd /Users/admin/builder/spi-builder-workspace/.swiftpm/xcode
builtin-SwiftPerFileCompile Task+SwiftyToolz.swift
SwiftCompile normal arm64 /Users/admin/builder/spi-builder-workspace/.dependencies/checkouts/SwiftyToolz/Code/SwiftHelpers.swift (in target 'SwiftyToolz' from project 'SwiftyToolz')
cd /Users/admin/builder/spi-builder-workspace/.swiftpm/xcode
builtin-SwiftPerFileCompile SwiftHelpers.swift
SwiftCompile normal arm64 Compiling\ Dictionary+SwiftyToolz.swift,\ Int+SwiftyToolz.swift /Users/admin/builder/spi-builder-workspace/.dependencies/checkouts/SwiftyToolz/Code/Swift+SwiftyToolz/Dictionary+SwiftyToolz.swift /Users/admin/builder/spi-builder-workspace/.dependencies/checkouts/SwiftyToolz/Code/Swift+SwiftyToolz/Int+SwiftyToolz.swift (in target 'SwiftyToolz' from project 'SwiftyToolz')
SwiftCompile normal arm64 /Users/admin/builder/spi-builder-workspace/.dependencies/checkouts/SwiftyToolz/Code/Swift+SwiftyToolz/Dictionary+SwiftyToolz.swift (in target 'SwiftyToolz' from project 'SwiftyToolz')
cd /Users/admin/builder/spi-builder-workspace/.swiftpm/xcode
builtin-SwiftPerFileCompile Dictionary+SwiftyToolz.swift
SwiftCompile normal arm64 /Users/admin/builder/spi-builder-workspace/.dependencies/checkouts/SwiftyToolz/Code/Swift+SwiftyToolz/Int+SwiftyToolz.swift (in target 'SwiftyToolz' from project 'SwiftyToolz')
cd /Users/admin/builder/spi-builder-workspace/.swiftpm/xcode
builtin-SwiftPerFileCompile Int+SwiftyToolz.swift
SwiftCompile normal arm64 Compiling\ Font.swift,\ Geometry.swift /Users/admin/builder/spi-builder-workspace/.dependencies/checkouts/SwiftyToolz/Code/UI\ Model\ Elements/Font.swift /Users/admin/builder/spi-builder-workspace/.dependencies/checkouts/SwiftyToolz/Code/UI\ Model\ Elements/Geometry.swift (in target 'SwiftyToolz' from project 'SwiftyToolz')
SwiftCompile normal arm64 /Users/admin/builder/spi-builder-workspace/.dependencies/checkouts/SwiftyToolz/Code/UI\ Model\ Elements/Font.swift (in target 'SwiftyToolz' from project 'SwiftyToolz')
cd /Users/admin/builder/spi-builder-workspace/.swiftpm/xcode
builtin-SwiftPerFileCompile Font.swift
SwiftCompile normal arm64 /Users/admin/builder/spi-builder-workspace/.dependencies/checkouts/SwiftyToolz/Code/UI\ Model\ Elements/Geometry.swift (in target 'SwiftyToolz' from project 'SwiftyToolz')
cd /Users/admin/builder/spi-builder-workspace/.swiftpm/xcode
builtin-SwiftPerFileCompile Geometry.swift
SwiftDriverJobDiscovery normal arm64 Emitting module for SwiftyToolz (in target 'SwiftyToolz' from project 'SwiftyToolz')
SwiftDriver\ Compilation\ Requirements SwiftyToolz normal arm64 com.apple.xcode.tools.swift.compiler (in target 'SwiftyToolz' from project 'SwiftyToolz')
cd /Users/admin/builder/spi-builder-workspace/.swiftpm/xcode
builtin-Swift-Compilation-Requirements -- /Applications/Xcode-27.0.0-Release.Candidate.app/Contents/Developer/Toolchains/XcodeDefault.xctoolchain/usr/bin/swiftc -parse-as-library -module-name SwiftyToolz -Onone @/Users/admin/builder/spi-builder-workspace/.derivedData/Build/Intermediates.noindex/SwiftyToolz.build/Debug-appletvos/SwiftyToolz-t.build/Objects-normal/arm64/SwiftyToolz.SwiftFileList -DSWIFT_PACKAGE -DDEBUG -DSWIFT_MODULE_RESOURCE_BUNDLE_UNAVAILABLE -DXcode -plugin-path /Applications/Xcode-27.0.0-Release.Candidate.app/Contents/Developer/Toolchains/XcodeDefault.xctoolchain/usr/lib/swift/host/plugins/testing -enable-experimental-feature DebugDescriptionMacro -sdk /Applications/Xcode-27.0.0-Release.Candidate.app/Contents/Developer/Platforms/AppleTVOS.platform/Developer/SDKs/AppleTVOS27.0.sdk -target arm64-apple-tvos15.0 -g -module-cache-path /Users/admin/builder/spi-builder-workspace/.derivedData/ModuleCache.noindex -Xfrontend -serialize-debugging-options -profile-coverage-mapping -profile-generate -enable-testing -suppress-warnings -index-store-path /Users/admin/builder/spi-builder-workspace/.derivedData/Index.noindex/DataStore -Xcc -D_LIBCPP_HARDENING_MODE\=_LIBCPP_HARDENING_MODE_DEBUG -swift-version 6 -I /Users/admin/builder/spi-builder-workspace/.derivedData/Build/Products/Debug-appletvos -Isystem /Applications/Xcode-27.0.0-Release.Candidate.app/Contents/Developer/Platforms/AppleTVOS.platform/Developer/usr/lib -F /Users/admin/builder/spi-builder-workspace/.derivedData/Build/Products/Debug-appletvos -F /Applications/Xcode-27.0.0-Release.Candidate.app/Contents/Developer/Platforms/AppleTVOS.platform/Developer/Library/Frameworks -F /Applications/Xcode-27.0.0-Release.Candidate.app/Contents/Developer/Platforms/AppleTVOS.platform/Developer/SDKs/AppleTVOS27.0.sdk/Developer/Library/Frameworks -c -j10 -enable-batch-mode -incremental -Xcc -ivfsstatcache -Xcc /Users/admin/builder/spi-builder-workspace/.derivedData/SDKStatCaches.noindex/appletvos27.0-24J360-e829b21a6f8c9b70876ba0858053c044b32bfd8d43560033f8d89884cdb90028.sdkstatcache -output-file-map /Users/admin/builder/spi-builder-workspace/.derivedData/Build/Intermediates.noindex/SwiftyToolz.build/Debug-appletvos/SwiftyToolz-t.build/Objects-normal/arm64/SwiftyToolz-OutputFileMap.json -save-temps -no-color-diagnostics -explicit-module-build -module-cache-path /Users/admin/builder/spi-builder-workspace/.derivedData/Build/Intermediates.noindex/SwiftExplicitPrecompiledModules -clang-scanner-module-cache-path /Users/admin/builder/spi-builder-workspace/.derivedData/ModuleCache.noindex -sdk-module-cache-path /Users/admin/builder/spi-builder-workspace/.derivedData/SDKExplicitPrecompiledModules -emit-dependencies -emit-module -emit-module-path /Users/admin/builder/spi-builder-workspace/.derivedData/Build/Intermediates.noindex/SwiftyToolz.build/Debug-appletvos/SwiftyToolz-t.build/Objects-normal/arm64/SwiftyToolz.swiftmodule -serialize-diagnostics -dependency-scan-serialize-diagnostics-path /Users/admin/builder/spi-builder-workspace/.derivedData/Build/Intermediates.noindex/SwiftyToolz.build/Debug-appletvos/SwiftyToolz-t.build/Objects-normal/arm64/SwiftyToolz-dependency-scan.dia -user-module-version 0.5.8 -validate-clang-modules-once -clang-build-session-file /Users/admin/builder/spi-builder-workspace/.derivedData/ModuleCache.noindex/Session.modulevalidation -Xcc -fmodules-prune-interval\=86400 -Xcc -fmodules-prune-after\=345600 -package-name swiftytoolz -emit-const-values -const-gather-protocols-list /Users/admin/builder/spi-builder-workspace/.derivedData/Build/Intermediates.noindex/SwiftyToolz.build/Debug-appletvos/SwiftyToolz-t.build/Objects-normal/arm64/SwiftyToolz_const_extract_protocols.json -Xcc -I/Users/admin/builder/spi-builder-workspace/.derivedData/Build/Products/Debug-appletvos/include -Xcc -I/Users/admin/builder/spi-builder-workspace/.derivedData/Build/Intermediates.noindex/SwiftyToolz.build/Debug-appletvos/SwiftyToolz-t.build/DerivedSources-normal/arm64 -Xcc -I/Users/admin/builder/spi-builder-workspace/.derivedData/Build/Intermediates.noindex/SwiftyToolz.build/Debug-appletvos/SwiftyToolz-t.build/DerivedSources/arm64 -Xcc -I/Users/admin/builder/spi-builder-workspace/.derivedData/Build/Intermediates.noindex/SwiftyToolz.build/Debug-appletvos/SwiftyToolz-t.build/DerivedSources -Xcc -DSWIFT_PACKAGE -Xcc -DDEBUG\=1 -emit-objc-header -emit-objc-header-path /Users/admin/builder/spi-builder-workspace/.derivedData/Build/Intermediates.noindex/SwiftyToolz.build/Debug-appletvos/SwiftyToolz-t.build/Objects-normal/arm64/SwiftyToolz-Swift.h -working-directory /Users/admin/builder/spi-builder-workspace/.swiftpm/xcode -experimental-emit-module-separately -disable-cmo
SwiftDriverJobDiscovery normal arm64 Compiling Optional+SwiftyToolz.swift, Sequence+Async.swift (in target 'SwiftyToolz' from project 'SwiftyToolz')
SwiftDriverJobDiscovery normal arm64 Compiling Task+SwiftyToolz.swift, SwiftHelpers.swift (in target 'SwiftyToolz' from project 'SwiftyToolz')
SwiftMergeGeneratedHeaders /Users/admin/builder/spi-builder-workspace/.derivedData/Build/Intermediates.noindex/GeneratedModuleMaps-appletvos/SwiftyToolz-Swift.h /Users/admin/builder/spi-builder-workspace/.derivedData/Build/Intermediates.noindex/SwiftyToolz.build/Debug-appletvos/SwiftyToolz-t.build/Objects-normal/arm64/SwiftyToolz-Swift.h (in target 'SwiftyToolz' from project 'SwiftyToolz')
cd /Users/admin/builder/spi-builder-workspace/.dependencies/checkouts/SwiftyToolz
builtin-swiftHeaderTool -arch arm64 /Users/admin/builder/spi-builder-workspace/.derivedData/Build/Intermediates.noindex/SwiftyToolz.build/Debug-appletvos/SwiftyToolz-t.build/Objects-normal/arm64/SwiftyToolz-Swift.h -o /Users/admin/builder/spi-builder-workspace/.derivedData/Build/Intermediates.noindex/GeneratedModuleMaps-appletvos/SwiftyToolz-Swift.h
Copy /Users/admin/builder/spi-builder-workspace/.derivedData/Build/Products/Debug-appletvos/SwiftyToolz.swiftmodule/arm64-apple-tvos.swiftmodule /Users/admin/builder/spi-builder-workspace/.derivedData/Build/Intermediates.noindex/SwiftyToolz.build/Debug-appletvos/SwiftyToolz-t.build/Objects-normal/arm64/SwiftyToolz.swiftmodule (in target 'SwiftyToolz' from project 'SwiftyToolz')
cd /Users/admin/builder/spi-builder-workspace/.dependencies/checkouts/SwiftyToolz
builtin-copy -exclude .DS_Store -exclude CVS -exclude .svn -exclude .git -exclude .hg -resolve-src-symlinks -rename /Users/admin/builder/spi-builder-workspace/.derivedData/Build/Intermediates.noindex/SwiftyToolz.build/Debug-appletvos/SwiftyToolz-t.build/Objects-normal/arm64/SwiftyToolz.swiftmodule /Users/admin/builder/spi-builder-workspace/.derivedData/Build/Products/Debug-appletvos/SwiftyToolz.swiftmodule/arm64-apple-tvos.swiftmodule
Copy /Users/admin/builder/spi-builder-workspace/.derivedData/Build/Products/Debug-appletvos/SwiftyToolz.swiftmodule/arm64-apple-tvos.swiftdoc /Users/admin/builder/spi-builder-workspace/.derivedData/Build/Intermediates.noindex/SwiftyToolz.build/Debug-appletvos/SwiftyToolz-t.build/Objects-normal/arm64/SwiftyToolz.swiftdoc (in target 'SwiftyToolz' from project 'SwiftyToolz')
cd /Users/admin/builder/spi-builder-workspace/.dependencies/checkouts/SwiftyToolz
builtin-copy -exclude .DS_Store -exclude CVS -exclude .svn -exclude .git -exclude .hg -resolve-src-symlinks -rename /Users/admin/builder/spi-builder-workspace/.derivedData/Build/Intermediates.noindex/SwiftyToolz.build/Debug-appletvos/SwiftyToolz-t.build/Objects-normal/arm64/SwiftyToolz.swiftdoc /Users/admin/builder/spi-builder-workspace/.derivedData/Build/Products/Debug-appletvos/SwiftyToolz.swiftmodule/arm64-apple-tvos.swiftdoc
Copy /Users/admin/builder/spi-builder-workspace/.derivedData/Build/Products/Debug-appletvos/SwiftyToolz.swiftmodule/arm64-apple-tvos.abi.json /Users/admin/builder/spi-builder-workspace/.derivedData/Build/Intermediates.noindex/SwiftyToolz.build/Debug-appletvos/SwiftyToolz-t.build/Objects-normal/arm64/SwiftyToolz.abi.json (in target 'SwiftyToolz' from project 'SwiftyToolz')
cd /Users/admin/builder/spi-builder-workspace/.dependencies/checkouts/SwiftyToolz
builtin-copy -exclude .DS_Store -exclude CVS -exclude .svn -exclude .git -exclude .hg -resolve-src-symlinks -rename /Users/admin/builder/spi-builder-workspace/.derivedData/Build/Intermediates.noindex/SwiftyToolz.build/Debug-appletvos/SwiftyToolz-t.build/Objects-normal/arm64/SwiftyToolz.abi.json /Users/admin/builder/spi-builder-workspace/.derivedData/Build/Products/Debug-appletvos/SwiftyToolz.swiftmodule/arm64-apple-tvos.abi.json
SwiftDriverJobDiscovery normal arm64 Compiling Timeout.swift, Color.swift (in target 'SwiftyToolz' from project 'SwiftyToolz')
Copy /Users/admin/builder/spi-builder-workspace/.derivedData/Build/Products/Debug-appletvos/SwiftyToolz.swiftmodule/Project/arm64-apple-tvos.swiftsourceinfo /Users/admin/builder/spi-builder-workspace/.derivedData/Build/Intermediates.noindex/SwiftyToolz.build/Debug-appletvos/SwiftyToolz-t.build/Objects-normal/arm64/SwiftyToolz.swiftsourceinfo (in target 'SwiftyToolz' from project 'SwiftyToolz')
cd /Users/admin/builder/spi-builder-workspace/.dependencies/checkouts/SwiftyToolz
builtin-copy -exclude .DS_Store -exclude CVS -exclude .svn -exclude .git -exclude .hg -resolve-src-symlinks -rename /Users/admin/builder/spi-builder-workspace/.derivedData/Build/Intermediates.noindex/SwiftyToolz.build/Debug-appletvos/SwiftyToolz-t.build/Objects-normal/arm64/SwiftyToolz.swiftsourceinfo /Users/admin/builder/spi-builder-workspace/.derivedData/Build/Products/Debug-appletvos/SwiftyToolz.swiftmodule/Project/arm64-apple-tvos.swiftsourceinfo
SwiftDriver SwiftObserver normal arm64 com.apple.xcode.tools.swift.compiler (in target 'SwiftObserver' from project 'SwiftObserver')
cd /Users/admin/builder/spi-builder-workspace/.swiftpm/xcode
builtin-SwiftDriver -- /Applications/Xcode-27.0.0-Release.Candidate.app/Contents/Developer/Toolchains/XcodeDefault.xctoolchain/usr/bin/swiftc -parse-as-library -module-name SwiftObserver -Onone @/Users/admin/builder/spi-builder-workspace/.derivedData/Build/Intermediates.noindex/SwiftObserver.build/Debug-appletvos/SwiftObserver-t.build/Objects-normal/arm64/SwiftObserver.SwiftFileList -DSWIFT_PACKAGE -DDEBUG -DSWIFT_MODULE_RESOURCE_BUNDLE_UNAVAILABLE -DXcode -plugin-path /Applications/Xcode-27.0.0-Release.Candidate.app/Contents/Developer/Toolchains/XcodeDefault.xctoolchain/usr/lib/swift/host/plugins/testing -enable-experimental-feature DebugDescriptionMacro -sdk /Applications/Xcode-27.0.0-Release.Candidate.app/Contents/Developer/Platforms/AppleTVOS.platform/Developer/SDKs/AppleTVOS27.0.sdk -target arm64-apple-tvos15.0 -g -module-cache-path /Users/admin/builder/spi-builder-workspace/.derivedData/ModuleCache.noindex -Xfrontend -serialize-debugging-options -profile-coverage-mapping -profile-generate -enable-testing -suppress-warnings -index-store-path /Users/admin/builder/spi-builder-workspace/.derivedData/Index.noindex/DataStore -Xcc -D_LIBCPP_HARDENING_MODE\=_LIBCPP_HARDENING_MODE_DEBUG -swift-version 5 -I /Users/admin/builder/spi-builder-workspace/.derivedData/Build/Products/Debug-appletvos -Isystem /Applications/Xcode-27.0.0-Release.Candidate.app/Contents/Developer/Platforms/AppleTVOS.platform/Developer/usr/lib -F /Users/admin/builder/spi-builder-workspace/.derivedData/Build/Products/Debug-appletvos/PackageFrameworks -F /Users/admin/builder/spi-builder-workspace/.derivedData/Build/Products/Debug-appletvos -F /Applications/Xcode-27.0.0-Release.Candidate.app/Contents/Developer/Platforms/AppleTVOS.platform/Developer/Library/Frameworks -F /Applications/Xcode-27.0.0-Release.Candidate.app/Contents/Developer/Platforms/AppleTVOS.platform/Developer/SDKs/AppleTVOS27.0.sdk/Developer/Library/Frameworks -c -j10 -enable-batch-mode -incremental -Xcc -ivfsstatcache -Xcc /Users/admin/builder/spi-builder-workspace/.derivedData/SDKStatCaches.noindex/appletvos27.0-24J360-e829b21a6f8c9b70876ba0858053c044b32bfd8d43560033f8d89884cdb90028.sdkstatcache -output-file-map /Users/admin/builder/spi-builder-workspace/.derivedData/Build/Intermediates.noindex/SwiftObserver.build/Debug-appletvos/SwiftObserver-t.build/Objects-normal/arm64/SwiftObserver-OutputFileMap.json -save-temps -no-color-diagnostics -explicit-module-build -module-cache-path /Users/admin/builder/spi-builder-workspace/.derivedData/Build/Intermediates.noindex/SwiftExplicitPrecompiledModules -clang-scanner-module-cache-path /Users/admin/builder/spi-builder-workspace/.derivedData/ModuleCache.noindex -sdk-module-cache-path /Users/admin/builder/spi-builder-workspace/.derivedData/SDKExplicitPrecompiledModules -emit-dependencies -emit-module -emit-module-path /Users/admin/builder/spi-builder-workspace/.derivedData/Build/Intermediates.noindex/SwiftObserver.build/Debug-appletvos/SwiftObserver-t.build/Objects-normal/arm64/SwiftObserver.swiftmodule -serialize-diagnostics -dependency-scan-serialize-diagnostics-path /Users/admin/builder/spi-builder-workspace/.derivedData/Build/Intermediates.noindex/SwiftObserver.build/Debug-appletvos/SwiftObserver-t.build/Objects-normal/arm64/SwiftObserver-dependency-scan.dia -validate-clang-modules-once -clang-build-session-file /Users/admin/builder/spi-builder-workspace/.derivedData/ModuleCache.noindex/Session.modulevalidation -Xcc -fmodules-prune-interval\=86400 -Xcc -fmodules-prune-after\=345600 -emit-const-values -const-gather-protocols-list /Users/admin/builder/spi-builder-workspace/.derivedData/Build/Intermediates.noindex/SwiftObserver.build/Debug-appletvos/SwiftObserver-t.build/Objects-normal/arm64/SwiftObserver_const_extract_protocols.json -Xcc -I/Users/admin/builder/spi-builder-workspace/.derivedData/Build/Products/Debug-appletvos/include -Xcc -I/Users/admin/builder/spi-builder-workspace/.derivedData/Build/Intermediates.noindex/SwiftObserver.build/Debug-appletvos/SwiftObserver-t.build/DerivedSources-normal/arm64 -Xcc -I/Users/admin/builder/spi-builder-workspace/.derivedData/Build/Intermediates.noindex/SwiftObserver.build/Debug-appletvos/SwiftObserver-t.build/DerivedSources/arm64 -Xcc -I/Users/admin/builder/spi-builder-workspace/.derivedData/Build/Intermediates.noindex/SwiftObserver.build/Debug-appletvos/SwiftObserver-t.build/DerivedSources -Xcc -DSWIFT_PACKAGE -Xcc -DDEBUG\=1 -emit-objc-header -emit-objc-header-path /Users/admin/builder/spi-builder-workspace/.derivedData/Build/Intermediates.noindex/SwiftObserver.build/Debug-appletvos/SwiftObserver-t.build/Objects-normal/arm64/SwiftObserver-Swift.h -working-directory /Users/admin/builder/spi-builder-workspace/.swiftpm/xcode -experimental-emit-module-separately -disable-cmo
SwiftDriver FoundationToolz normal arm64 com.apple.xcode.tools.swift.compiler (in target 'FoundationToolz' from project 'FoundationToolz')
cd /Users/admin/builder/spi-builder-workspace/.swiftpm/xcode
builtin-SwiftDriver -- /Applications/Xcode-27.0.0-Release.Candidate.app/Contents/Developer/Toolchains/XcodeDefault.xctoolchain/usr/bin/swiftc -parse-as-library -module-name FoundationToolz -Onone @/Users/admin/builder/spi-builder-workspace/.derivedData/Build/Intermediates.noindex/FoundationToolz.build/Debug-appletvos/FoundationToolz-t.build/Objects-normal/arm64/FoundationToolz.SwiftFileList -DSWIFT_PACKAGE -DDEBUG -DSWIFT_MODULE_RESOURCE_BUNDLE_UNAVAILABLE -DXcode -plugin-path /Applications/Xcode-27.0.0-Release.Candidate.app/Contents/Developer/Toolchains/XcodeDefault.xctoolchain/usr/lib/swift/host/plugins/testing -enable-experimental-feature DebugDescriptionMacro -sdk /Applications/Xcode-27.0.0-Release.Candidate.app/Contents/Developer/Platforms/AppleTVOS.platform/Developer/SDKs/AppleTVOS27.0.sdk -target arm64-apple-tvos15.0 -g -module-cache-path /Users/admin/builder/spi-builder-workspace/.derivedData/ModuleCache.noindex -Xfrontend -serialize-debugging-options -profile-coverage-mapping -profile-generate -enable-testing -suppress-warnings -index-store-path /Users/admin/builder/spi-builder-workspace/.derivedData/Index.noindex/DataStore -Xcc -D_LIBCPP_HARDENING_MODE\=_LIBCPP_HARDENING_MODE_DEBUG -swift-version 6 -I /Users/admin/builder/spi-builder-workspace/.derivedData/Build/Products/Debug-appletvos -Isystem /Applications/Xcode-27.0.0-Release.Candidate.app/Contents/Developer/Platforms/AppleTVOS.platform/Developer/usr/lib -F /Users/admin/builder/spi-builder-workspace/.derivedData/Build/Products/Debug-appletvos/PackageFrameworks -F /Users/admin/builder/spi-builder-workspace/.derivedData/Build/Products/Debug-appletvos -F /Applications/Xcode-27.0.0-Release.Candidate.app/Contents/Developer/Platforms/AppleTVOS.platform/Developer/Library/Frameworks -F /Applications/Xcode-27.0.0-Release.Candidate.app/Contents/Developer/Platforms/AppleTVOS.platform/Developer/SDKs/AppleTVOS27.0.sdk/Developer/Library/Frameworks -c -j10 -enable-batch-mode -incremental -Xcc -ivfsstatcache -Xcc /Users/admin/builder/spi-builder-workspace/.derivedData/SDKStatCaches.noindex/appletvos27.0-24J360-e829b21a6f8c9b70876ba0858053c044b32bfd8d43560033f8d89884cdb90028.sdkstatcache -output-file-map /Users/admin/builder/spi-builder-workspace/.derivedData/Build/Intermediates.noindex/FoundationToolz.build/Debug-appletvos/FoundationToolz-t.build/Objects-normal/arm64/FoundationToolz-OutputFileMap.json -save-temps -no-color-diagnostics -explicit-module-build -module-cache-path /Users/admin/builder/spi-builder-workspace/.derivedData/Build/Intermediates.noindex/SwiftExplicitPrecompiledModules -clang-scanner-module-cache-path /Users/admin/builder/spi-builder-workspace/.derivedData/ModuleCache.noindex -sdk-module-cache-path /Users/admin/builder/spi-builder-workspace/.derivedData/SDKExplicitPrecompiledModules -emit-dependencies -emit-module -emit-module-path /Users/admin/builder/spi-builder-workspace/.derivedData/Build/Intermediates.noindex/FoundationToolz.build/Debug-appletvos/FoundationToolz-t.build/Objects-normal/arm64/FoundationToolz.swiftmodule -serialize-diagnostics -dependency-scan-serialize-diagnostics-path /Users/admin/builder/spi-builder-workspace/.derivedData/Build/Intermediates.noindex/FoundationToolz.build/Debug-appletvos/FoundationToolz-t.build/Objects-normal/arm64/FoundationToolz-dependency-scan.dia -user-module-version 0.5.10 -validate-clang-modules-once -clang-build-session-file /Users/admin/builder/spi-builder-workspace/.derivedData/ModuleCache.noindex/Session.modulevalidation -Xcc -fmodules-prune-interval\=86400 -Xcc -fmodules-prune-after\=345600 -package-name foundationtoolz -emit-const-values -const-gather-protocols-list /Users/admin/builder/spi-builder-workspace/.derivedData/Build/Intermediates.noindex/FoundationToolz.build/Debug-appletvos/FoundationToolz-t.build/Objects-normal/arm64/FoundationToolz_const_extract_protocols.json -Xcc -I/Users/admin/builder/spi-builder-workspace/.derivedData/Build/Products/Debug-appletvos/include -Xcc -I/Users/admin/builder/spi-builder-workspace/.derivedData/Build/Intermediates.noindex/FoundationToolz.build/Debug-appletvos/FoundationToolz-t.build/DerivedSources-normal/arm64 -Xcc -I/Users/admin/builder/spi-builder-workspace/.derivedData/Build/Intermediates.noindex/FoundationToolz.build/Debug-appletvos/FoundationToolz-t.build/DerivedSources/arm64 -Xcc -I/Users/admin/builder/spi-builder-workspace/.derivedData/Build/Intermediates.noindex/FoundationToolz.build/Debug-appletvos/FoundationToolz-t.build/DerivedSources -Xcc -DSWIFT_PACKAGE -Xcc -DDEBUG\=1 -emit-objc-header -emit-objc-header-path /Users/admin/builder/spi-builder-workspace/.derivedData/Build/Intermediates.noindex/FoundationToolz.build/Debug-appletvos/FoundationToolz-t.build/Objects-normal/arm64/FoundationToolz-Swift.h -working-directory /Users/admin/builder/spi-builder-workspace/.swiftpm/xcode -experimental-emit-module-separately -disable-cmo
SwiftDriverJobDiscovery normal arm64 Compiling URLString.swift, WeakArray.swift (in target 'SwiftyToolz' from project 'SwiftyToolz')
SwiftDriverJobDiscovery normal arm64 Compiling Dictionary+SwiftyToolz.swift, Int+SwiftyToolz.swift (in target 'SwiftyToolz' from project 'SwiftyToolz')
SwiftDriverJobDiscovery normal arm64 Compiling Set+SwiftyToolz.swift, String+SwiftyToolz.swift (in target 'SwiftyToolz' from project 'SwiftyToolz')
SwiftDriverJobDiscovery normal arm64 Compiling BackgroundActor.swift, BuildEnvironment.swift, Clipboard.swift (in target 'SwiftyToolz' from project 'SwiftyToolz')
SwiftDriverJobDiscovery normal arm64 Compiling ReadableError.swift, Array+SwiftyToolz.swift, Collection+Sum.swift (in target 'SwiftyToolz' from project 'SwiftyToolz')
SwiftDriverJobDiscovery normal arm64 Compiling Copyable.swift, JSON.swift, Log.swift (in target 'SwiftyToolz' from project 'SwiftyToolz')
SwiftExplicitDependencyGeneratePcm arm64 /Users/admin/builder/spi-builder-workspace/.derivedData/SDKExplicitPrecompiledModules/_Builtin_stdarg-BO2OCAUYVAXDRVQWQ8ISKGNUQ.pcm
SwiftExplicitDependencyGeneratePcm arm64 /Users/admin/builder/spi-builder-workspace/.derivedData/SDKExplicitPrecompiledModules/_AvailabilityInternal-BV2EDDP0MI5QJDDPEEV4D9D3V.pcm
SwiftExplicitDependencyGeneratePcm arm64 /Users/admin/builder/spi-builder-workspace/.derivedData/SDKExplicitPrecompiledModules/_SwiftConcurrencyShims-BY5PD8KF1L5KF6F4Q69HE3TJ4.pcm
SwiftExplicitDependencyGeneratePcm arm64 /Users/admin/builder/spi-builder-workspace/.derivedData/SDKExplicitPrecompiledModules/SwiftShims-8N4EXJ4RUJTR8K9OO3CMOH1EP.pcm
SwiftExplicitDependencyGeneratePcm arm64 /Users/admin/builder/spi-builder-workspace/.derivedData/SDKExplicitPrecompiledModules/_Builtin_stdbool-AHRDH5EKLY6D04C5E42F3VCQI.pcm
SwiftExplicitDependencyGeneratePcm arm64 /Users/admin/builder/spi-builder-workspace/.derivedData/SDKExplicitPrecompiledModules/_Builtin_float-8ZJAYZ85YBOAOP52Y9H6IUNP3.pcm
SwiftExplicitDependencyGeneratePcm arm64 /Users/admin/builder/spi-builder-workspace/.derivedData/SDKExplicitPrecompiledModules/ptrcheck-2AZ6B5IBYD3RRRTFWN2ONASY3.pcm
SwiftExplicitDependencyGeneratePcm arm64 /Users/admin/builder/spi-builder-workspace/.derivedData/SDKExplicitPrecompiledModules/_Builtin_stddef-9ZJZ6FDEZNKTZU8YLPMFT9RAQ.pcm
SwiftExplicitDependencyGeneratePcm arm64 /Users/admin/builder/spi-builder-workspace/.derivedData/SDKExplicitPrecompiledModules/_DarwinFoundation1-JOTYMOA1YZCIJ2NON6FQ848O.pcm
SwiftExplicitDependencyGeneratePcm arm64 /Users/admin/builder/spi-builder-workspace/.derivedData/SDKExplicitPrecompiledModules/_Builtin_stdatomic-71DQV8BR56LNANL900GGEC9KO.pcm
SwiftExplicitDependencyGeneratePcm arm64 /Users/admin/builder/spi-builder-workspace/.derivedData/SDKExplicitPrecompiledModules/string_h-B6D36UOVIZC2Y0YE3KEZLZAP6.pcm
SwiftExplicitDependencyGeneratePcm arm64 /Users/admin/builder/spi-builder-workspace/.derivedData/SDKExplicitPrecompiledModules/MachO-A5KLTMTLJD1DPHEYPZHUSRJ4O.pcm
SwiftExplicitDependencyGeneratePcm arm64 /Users/admin/builder/spi-builder-workspace/.derivedData/SDKExplicitPrecompiledModules/ptrauth-EMKXYE8GN9BK4M3ODSTVDUJU2.pcm
SwiftExplicitDependencyGeneratePcm arm64 /Users/admin/builder/spi-builder-workspace/.derivedData/SDKExplicitPrecompiledModules/ObjectiveC-CC0BYHG21IQMMT48PGDNSK7G6.pcm
SwiftExplicitDependencyGeneratePcm arm64 /Users/admin/builder/spi-builder-workspace/.derivedData/SDKExplicitPrecompiledModules/_Builtin_limits-7JU2HP127LIT1X9E2V3D8WZ1.pcm
SwiftExplicitDependencyGeneratePcm arm64 /Users/admin/builder/spi-builder-workspace/.derivedData/SDKExplicitPrecompiledModules/_DarwinFoundation2-AOGAN1O02NKXRJN5V73AV3V3M.pcm
SwiftExplicitDependencyGeneratePcm arm64 /Users/admin/builder/spi-builder-workspace/.derivedData/SDKExplicitPrecompiledModules/os_object-1TJLDNS7X3UT7Y5TM4QQ2RN6G.pcm
SwiftExplicitDependencyGeneratePcm arm64 /Users/admin/builder/spi-builder-workspace/.derivedData/SDKExplicitPrecompiledModules/sys_types-8GCAV1YMG5UUGHUID3CA20TCH.pcm
SwiftExplicitDependencyGeneratePcm arm64 /Users/admin/builder/spi-builder-workspace/.derivedData/SDKExplicitPrecompiledModules/_Builtin_stdint-6NFTB6IBKS143IVPGT1EKB7HO.pcm
SwiftExplicitDependencyGeneratePcm arm64 /Users/admin/builder/spi-builder-workspace/.derivedData/SDKExplicitPrecompiledModules/_Builtin_tgmath-7ULT1EUHDHW4OZPSTT33H6QGE.pcm
SwiftExplicitDependencyGeneratePcm arm64 /Users/admin/builder/spi-builder-workspace/.derivedData/SDKExplicitPrecompiledModules/os_workgroup-E61GF9E8FAHZGKXVOV9QHUD27.pcm
SwiftDriverJobDiscovery normal arm64 Compiling Font.swift, Geometry.swift (in target 'SwiftyToolz' from project 'SwiftyToolz')
SwiftDriver\ Compilation SwiftyToolz normal arm64 com.apple.xcode.tools.swift.compiler (in target 'SwiftyToolz' from project 'SwiftyToolz')
cd /Users/admin/builder/spi-builder-workspace/.swiftpm/xcode
builtin-Swift-Compilation -- /Applications/Xcode-27.0.0-Release.Candidate.app/Contents/Developer/Toolchains/XcodeDefault.xctoolchain/usr/bin/swiftc -parse-as-library -module-name SwiftyToolz -Onone @/Users/admin/builder/spi-builder-workspace/.derivedData/Build/Intermediates.noindex/SwiftyToolz.build/Debug-appletvos/SwiftyToolz-t.build/Objects-normal/arm64/SwiftyToolz.SwiftFileList -DSWIFT_PACKAGE -DDEBUG -DSWIFT_MODULE_RESOURCE_BUNDLE_UNAVAILABLE -DXcode -plugin-path /Applications/Xcode-27.0.0-Release.Candidate.app/Contents/Developer/Toolchains/XcodeDefault.xctoolchain/usr/lib/swift/host/plugins/testing -enable-experimental-feature DebugDescriptionMacro -sdk /Applications/Xcode-27.0.0-Release.Candidate.app/Contents/Developer/Platforms/AppleTVOS.platform/Developer/SDKs/AppleTVOS27.0.sdk -target arm64-apple-tvos15.0 -g -module-cache-path /Users/admin/builder/spi-builder-workspace/.derivedData/ModuleCache.noindex -Xfrontend -serialize-debugging-options -profile-coverage-mapping -profile-generate -enable-testing -suppress-warnings -index-store-path /Users/admin/builder/spi-builder-workspace/.derivedData/Index.noindex/DataStore -Xcc -D_LIBCPP_HARDENING_MODE\=_LIBCPP_HARDENING_MODE_DEBUG -swift-version 6 -I /Users/admin/builder/spi-builder-workspace/.derivedData/Build/Products/Debug-appletvos -Isystem /Applications/Xcode-27.0.0-Release.Candidate.app/Contents/Developer/Platforms/AppleTVOS.platform/Developer/usr/lib -F /Users/admin/builder/spi-builder-workspace/.derivedData/Build/Products/Debug-appletvos -F /Applications/Xcode-27.0.0-Release.Candidate.app/Contents/Developer/Platforms/AppleTVOS.platform/Developer/Library/Frameworks -F /Applications/Xcode-27.0.0-Release.Candidate.app/Contents/Developer/Platforms/AppleTVOS.platform/Developer/SDKs/AppleTVOS27.0.sdk/Developer/Library/Frameworks -c -j10 -enable-batch-mode -incremental -Xcc -ivfsstatcache -Xcc /Users/admin/builder/spi-builder-workspace/.derivedData/SDKStatCaches.noindex/appletvos27.0-24J360-e829b21a6f8c9b70876ba0858053c044b32bfd8d43560033f8d89884cdb90028.sdkstatcache -output-file-map /Users/admin/builder/spi-builder-workspace/.derivedData/Build/Intermediates.noindex/SwiftyToolz.build/Debug-appletvos/SwiftyToolz-t.build/Objects-normal/arm64/SwiftyToolz-OutputFileMap.json -save-temps -no-color-diagnostics -explicit-module-build -module-cache-path /Users/admin/builder/spi-builder-workspace/.derivedData/Build/Intermediates.noindex/SwiftExplicitPrecompiledModules -clang-scanner-module-cache-path /Users/admin/builder/spi-builder-workspace/.derivedData/ModuleCache.noindex -sdk-module-cache-path /Users/admin/builder/spi-builder-workspace/.derivedData/SDKExplicitPrecompiledModules -emit-dependencies -emit-module -emit-module-path /Users/admin/builder/spi-builder-workspace/.derivedData/Build/Intermediates.noindex/SwiftyToolz.build/Debug-appletvos/SwiftyToolz-t.build/Objects-normal/arm64/SwiftyToolz.swiftmodule -serialize-diagnostics -dependency-scan-serialize-diagnostics-path /Users/admin/builder/spi-builder-workspace/.derivedData/Build/Intermediates.noindex/SwiftyToolz.build/Debug-appletvos/SwiftyToolz-t.build/Objects-normal/arm64/SwiftyToolz-dependency-scan.dia -user-module-version 0.5.8 -validate-clang-modules-once -clang-build-session-file /Users/admin/builder/spi-builder-workspace/.derivedData/ModuleCache.noindex/Session.modulevalidation -Xcc -fmodules-prune-interval\=86400 -Xcc -fmodules-prune-after\=345600 -package-name swiftytoolz -emit-const-values -const-gather-protocols-list /Users/admin/builder/spi-builder-workspace/.derivedData/Build/Intermediates.noindex/SwiftyToolz.build/Debug-appletvos/SwiftyToolz-t.build/Objects-normal/arm64/SwiftyToolz_const_extract_protocols.json -Xcc -I/Users/admin/builder/spi-builder-workspace/.derivedData/Build/Products/Debug-appletvos/include -Xcc -I/Users/admin/builder/spi-builder-workspace/.derivedData/Build/Intermediates.noindex/SwiftyToolz.build/Debug-appletvos/SwiftyToolz-t.build/DerivedSources-normal/arm64 -Xcc -I/Users/admin/builder/spi-builder-workspace/.derivedData/Build/Intermediates.noindex/SwiftyToolz.build/Debug-appletvos/SwiftyToolz-t.build/DerivedSources/arm64 -Xcc -I/Users/admin/builder/spi-builder-workspace/.derivedData/Build/Intermediates.noindex/SwiftyToolz.build/Debug-appletvos/SwiftyToolz-t.build/DerivedSources -Xcc -DSWIFT_PACKAGE -Xcc -DDEBUG\=1 -emit-objc-header -emit-objc-header-path /Users/admin/builder/spi-builder-workspace/.derivedData/Build/Intermediates.noindex/SwiftyToolz.build/Debug-appletvos/SwiftyToolz-t.build/Objects-normal/arm64/SwiftyToolz-Swift.h -working-directory /Users/admin/builder/spi-builder-workspace/.swiftpm/xcode -experimental-emit-module-separately -disable-cmo
Ld /Users/admin/builder/spi-builder-workspace/.derivedData/Build/Products/Debug-appletvos/SwiftyToolz.o normal (in target 'SwiftyToolz' from project 'SwiftyToolz')
cd /Users/admin/builder/spi-builder-workspace/.dependencies/checkouts/SwiftyToolz
/Applications/Xcode-27.0.0-Release.Candidate.app/Contents/Developer/Toolchains/XcodeDefault.xctoolchain/usr/bin/clang -Xlinker -reproducible -target arm64-apple-tvos15.0 -r -isysroot /Applications/Xcode-27.0.0-Release.Candidate.app/Contents/Developer/Platforms/AppleTVOS.platform/Developer/SDKs/AppleTVOS27.0.sdk -O0 -w -Xlinker -no_warn_duplicate_libraries -F/Users/admin/builder/spi-builder-workspace/.derivedData/Build/Intermediates.noindex/EagerLinkingTBDs/Debug-appletvos -F/Users/admin/builder/spi-builder-workspace/.derivedData/Build/Products/Debug-appletvos -iframework /Applications/Xcode-27.0.0-Release.Candidate.app/Contents/Developer/Platforms/AppleTVOS.platform/Developer/Library/Frameworks -iframework /Applications/Xcode-27.0.0-Release.Candidate.app/Contents/Developer/Platforms/AppleTVOS.platform/Developer/SDKs/AppleTVOS27.0.sdk/Developer/Library/Frameworks -filelist /Users/admin/builder/spi-builder-workspace/.derivedData/Build/Intermediates.noindex/SwiftyToolz.build/Debug-appletvos/SwiftyToolz-t.build/Objects-normal/arm64/SwiftyToolz.LinkFileList -nostdlib -Xlinker -object_path_lto -Xlinker /Users/admin/builder/spi-builder-workspace/.derivedData/Build/Intermediates.noindex/SwiftyToolz.build/Debug-appletvos/SwiftyToolz-t.build/Objects-normal/arm64/SwiftyToolz_lto.o -Xlinker -no_deduplicate -Xlinker -debug_variant -Xlinker -dependency_info -Xlinker /Users/admin/builder/spi-builder-workspace/.derivedData/Build/Intermediates.noindex/SwiftyToolz.build/Debug-appletvos/SwiftyToolz-t.build/Objects-normal/arm64/SwiftyToolz_dependency_info.dat -fobjc-link-runtime -L/Applications/Xcode-27.0.0-Release.Candidate.app/Contents/Developer/Toolchains/XcodeDefault.xctoolchain/usr/lib/swift/appletvos -L/usr/lib/swift -Xlinker -add_ast_path -Xlinker /Users/admin/builder/spi-builder-workspace/.derivedData/Build/Intermediates.noindex/SwiftyToolz.build/Debug-appletvos/SwiftyToolz-t.build/Objects-normal/arm64/SwiftyToolz.swiftmodule -o /Users/admin/builder/spi-builder-workspace/.derivedData/Build/Products/Debug-appletvos/SwiftyToolz.o
SwiftExplicitDependencyGeneratePcm arm64 /Users/admin/builder/spi-builder-workspace/.derivedData/SDKExplicitPrecompiledModules/_DarwinFoundation3-8SR3855WDFHQPR6G9GHOI2C07.pcm
SwiftExplicitDependencyGeneratePcm arm64 /Users/admin/builder/spi-builder-workspace/.derivedData/SDKExplicitPrecompiledModules/_Builtin_intrinsics-437O2R2NID4WAQVENR63GR82C.pcm
ExtractAppIntentsMetadata (in target 'SwiftyToolz' from project 'SwiftyToolz')
cd /Users/admin/builder/spi-builder-workspace/.dependencies/checkouts/SwiftyToolz
/Applications/Xcode-27.0.0-Release.Candidate.app/Contents/Developer/Toolchains/XcodeDefault.xctoolchain/usr/bin/appintentsmetadataprocessor --toolchain-dir /var/run/com.apple.security.cryptexd/mnt/com.apple.MobileAsset.MetalToolchain-v27.1.266.1.JokepL/Metal.xctoolchain --module-name SwiftyToolz --sdk-root /Applications/Xcode-27.0.0-Release.Candidate.app/Contents/Developer/Platforms/AppleTVOS.platform/Developer/SDKs/AppleTVOS27.0.sdk --xcode-version 27A266a --platform-family tvOS --deployment-target 15.0 --bundle-identifier swiftytoolz.SwiftyToolz --output /Users/admin/builder/spi-builder-workspace/.derivedData/Build/Products/Debug-appletvos/SwiftyToolz.appintents --target-triple arm64-apple-tvos15.0 --binary-file /Users/admin/builder/spi-builder-workspace/.derivedData/Build/Products/Debug-appletvos/SwiftyToolz.o --dependency-file /Users/admin/builder/spi-builder-workspace/.derivedData/Build/Intermediates.noindex/SwiftyToolz.build/Debug-appletvos/SwiftyToolz-t.build/Objects-normal/arm64/SwiftyToolz_dependency_info.dat --stringsdata-file /Users/admin/builder/spi-builder-workspace/.derivedData/Build/Intermediates.noindex/SwiftyToolz.build/Debug-appletvos/SwiftyToolz-t.build/Objects-normal/arm64/ExtractedAppShortcutsMetadata.stringsdata --source-file-list /Users/admin/builder/spi-builder-workspace/.derivedData/Build/Intermediates.noindex/SwiftyToolz.build/Debug-appletvos/SwiftyToolz-t.build/Objects-normal/arm64/SwiftyToolz.SwiftFileList --metadata-file-list /Users/admin/builder/spi-builder-workspace/.derivedData/Build/Intermediates.noindex/SwiftyToolz.build/Debug-appletvos/SwiftyToolz-t.build/SwiftyToolz.DependencyMetadataFileList --static-metadata-file-list /Users/admin/builder/spi-builder-workspace/.derivedData/Build/Intermediates.noindex/SwiftyToolz.build/Debug-appletvos/SwiftyToolz-t.build/SwiftyToolz.DependencyStaticMetadataFileList --swift-const-vals-list /Users/admin/builder/spi-builder-workspace/.derivedData/Build/Intermediates.noindex/SwiftyToolz.build/Debug-appletvos/SwiftyToolz-t.build/Objects-normal/arm64/SwiftyToolz.SwiftConstValuesFileList --force --compile-time-extraction --deployment-aware-processing --no-app-shortcuts-localization
2026-09-26 07:07:31.017 appintentsmetadataprocessor[899:5374] Starting appintentsmetadataprocessor export
2026-09-26 07:07:31.115 appintentsmetadataprocessor[899:5374] Extracted no relevant App Intents symbols, skipping writing output
SwiftExplicitDependencyGeneratePcm arm64 /Users/admin/builder/spi-builder-workspace/.derivedData/SDKExplicitPrecompiledModules/Dispatch-F564M6B2H1RRD83XZ8EBWFSHE.pcm
SwiftExplicitDependencyGeneratePcm arm64 /Users/admin/builder/spi-builder-workspace/.derivedData/SDKExplicitPrecompiledModules/_Builtin_inttypes-6X1IQ3QK9KEVKXOK9Y79EW7J3.pcm
SwiftExplicitDependencyGeneratePcm arm64 /Users/admin/builder/spi-builder-workspace/.derivedData/SDKExplicitPrecompiledModules/dnssd-7VUW0RVJB191I6NVP5YRI048.pcm
SwiftExplicitDependencyGeneratePcm arm64 /Users/admin/builder/spi-builder-workspace/.derivedData/SDKExplicitPrecompiledModules/XPC-2WVXL0UION0MYZOZAJZC6DUXD.pcm
SwiftExplicitDependencyGeneratePcm arm64 /Users/admin/builder/spi-builder-workspace/.derivedData/SDKExplicitPrecompiledModules/CoreFoundation-A4LOYEEJIFQKOPZRDOG9M3N2K.pcm
SwiftExplicitDependencyGeneratePcm arm64 /Users/admin/builder/spi-builder-workspace/.derivedData/SDKExplicitPrecompiledModules/Darwin-DBSQAVBBPC3D2OMU5ZI2RXMST.pcm
SwiftExplicitDependencyGeneratePcm arm64 /Users/admin/builder/spi-builder-workspace/.derivedData/SDKExplicitPrecompiledModules/os-4NLIUP5HHN7FW5ML70YLEU8QE.pcm
SwiftExplicitDependencyGeneratePcm arm64 /Users/admin/builder/spi-builder-workspace/.derivedData/SDKExplicitPrecompiledModules/simd-117QUXEUT3Z7UQCUYWV2UA228.pcm
SwiftExplicitDependencyGeneratePcm arm64 /Users/admin/builder/spi-builder-workspace/.derivedData/SDKExplicitPrecompiledModules/CFNetwork-8S7XZ5SI3TWM2JOZPDZPRY8W9.pcm
SwiftExplicitDependencyGeneratePcm arm64 /Users/admin/builder/spi-builder-workspace/.derivedData/SDKExplicitPrecompiledModules/Security-6KU6X9W8QDIJW83JUF0DRES83.pcm
SwiftExplicitDependencyGeneratePcm arm64 /Users/admin/builder/spi-builder-workspace/.derivedData/SDKExplicitPrecompiledModules/Foundation-1AS5K10MY6XENLLR2NDUCKYTM.pcm
SwiftEmitModule normal arm64 Emitting\ module\ for\ SwiftObserver (in target 'SwiftObserver' from project 'SwiftObserver')
SwiftCompile normal arm64 (in target 'SwiftObserver' from project 'SwiftObserver')
cd /Users/admin/builder/spi-builder-workspace/.swiftpm/xcode
SwiftCompile normal arm64 Compiling\ ObservationTransformer+Filter.swift,\ ObservationTransformer+FilterAuthor.swift,\ ObservationTransformer+From.swift,\ ObservationTransformer+Map.swift /Users/admin/builder/spi-builder-workspace/.dependencies/checkouts/SwiftObserver/Code/SwiftObserver/Transforms/ObservationTransforms/ObservationTransformer+Transforms/ObservationTransformer+Filter.swift /Users/admin/builder/spi-builder-workspace/.dependencies/checkouts/SwiftObserver/Code/SwiftObserver/Transforms/ObservationTransforms/ObservationTransformer+Transforms/ObservationTransformer+FilterAuthor.swift /Users/admin/builder/spi-builder-workspace/.dependencies/checkouts/SwiftObserver/Code/SwiftObserver/Transforms/ObservationTransforms/ObservationTransformer+Transforms/ObservationTransformer+From.swift /Users/admin/builder/spi-builder-workspace/.dependencies/checkouts/SwiftObserver/Code/SwiftObserver/Transforms/ObservationTransforms/ObservationTransformer+Transforms/ObservationTransformer+Map.swift (in target 'SwiftObserver' from project 'SwiftObserver')
SwiftCompile normal arm64 /Users/admin/builder/spi-builder-workspace/.dependencies/checkouts/SwiftObserver/Code/SwiftObserver/Transforms/ObservationTransforms/ObservationTransformer+Transforms/ObservationTransformer+Filter.swift (in target 'SwiftObserver' from project 'SwiftObserver')
cd /Users/admin/builder/spi-builder-workspace/.swiftpm/xcode
builtin-SwiftPerFileCompile ObservationTransformer+Filter.swift
SwiftCompile normal arm64 /Users/admin/builder/spi-builder-workspace/.dependencies/checkouts/SwiftObserver/Code/SwiftObserver/Transforms/ObservationTransforms/ObservationTransformer+Transforms/ObservationTransformer+FilterAuthor.swift (in target 'SwiftObserver' from project 'SwiftObserver')
cd /Users/admin/builder/spi-builder-workspace/.swiftpm/xcode
builtin-SwiftPerFileCompile ObservationTransformer+FilterAuthor.swift
SwiftCompile normal arm64 /Users/admin/builder/spi-builder-workspace/.dependencies/checkouts/SwiftObserver/Code/SwiftObserver/Transforms/ObservationTransforms/ObservationTransformer+Transforms/ObservationTransformer+From.swift (in target 'SwiftObserver' from project 'SwiftObserver')
cd /Users/admin/builder/spi-builder-workspace/.swiftpm/xcode
builtin-SwiftPerFileCompile ObservationTransformer+From.swift
SwiftCompile normal arm64 /Users/admin/builder/spi-builder-workspace/.dependencies/checkouts/SwiftObserver/Code/SwiftObserver/Transforms/ObservationTransforms/ObservationTransformer+Transforms/ObservationTransformer+Map.swift (in target 'SwiftObserver' from project 'SwiftObserver')
cd /Users/admin/builder/spi-builder-workspace/.swiftpm/xcode
builtin-SwiftPerFileCompile ObservationTransformer+Map.swift
SwiftCompile normal arm64 Compiling\ ObservationTransformer+New.swift,\ ObservationTransformer+NotFrom.swift,\ ObservationTransformer+Select.swift,\ ObservationTransformer+Unwrap.swift /Users/admin/builder/spi-builder-workspace/.dependencies/checkouts/SwiftObserver/Code/SwiftObserver/Transforms/ObservationTransforms/ObservationTransformer+Transforms/ObservationTransformer+New.swift /Users/admin/builder/spi-builder-workspace/.dependencies/checkouts/SwiftObserver/Code/SwiftObserver/Transforms/ObservationTransforms/ObservationTransformer+Transforms/ObservationTransformer+NotFrom.swift /Users/admin/builder/spi-builder-workspace/.dependencies/checkouts/SwiftObserver/Code/SwiftObserver/Transforms/ObservationTransforms/ObservationTransformer+Transforms/ObservationTransformer+Select.swift /Users/admin/builder/spi-builder-workspace/.dependencies/checkouts/SwiftObserver/Code/SwiftObserver/Transforms/ObservationTransforms/ObservationTransformer+Transforms/ObservationTransformer+Unwrap.swift (in target 'SwiftObserver' from project 'SwiftObserver')
SwiftCompile normal arm64 /Users/admin/builder/spi-builder-workspace/.dependencies/checkouts/SwiftObserver/Code/SwiftObserver/Transforms/ObservationTransforms/ObservationTransformer+Transforms/ObservationTransformer+New.swift (in target 'SwiftObserver' from project 'SwiftObserver')
cd /Users/admin/builder/spi-builder-workspace/.swiftpm/xcode
builtin-SwiftPerFileCompile ObservationTransformer+New.swift
SwiftCompile normal arm64 /Users/admin/builder/spi-builder-workspace/.dependencies/checkouts/SwiftObserver/Code/SwiftObserver/Transforms/ObservationTransforms/ObservationTransformer+Transforms/ObservationTransformer+NotFrom.swift (in target 'SwiftObserver' from project 'SwiftObserver')
cd /Users/admin/builder/spi-builder-workspace/.swiftpm/xcode
builtin-SwiftPerFileCompile ObservationTransformer+NotFrom.swift
SwiftCompile normal arm64 /Users/admin/builder/spi-builder-workspace/.dependencies/checkouts/SwiftObserver/Code/SwiftObserver/Transforms/ObservationTransforms/ObservationTransformer+Transforms/ObservationTransformer+Select.swift (in target 'SwiftObserver' from project 'SwiftObserver')
cd /Users/admin/builder/spi-builder-workspace/.swiftpm/xcode
builtin-SwiftPerFileCompile ObservationTransformer+Select.swift
SwiftCompile normal arm64 /Users/admin/builder/spi-builder-workspace/.dependencies/checkouts/SwiftObserver/Code/SwiftObserver/Transforms/ObservationTransforms/ObservationTransformer+Transforms/ObservationTransformer+Unwrap.swift (in target 'SwiftObserver' from project 'SwiftObserver')
cd /Users/admin/builder/spi-builder-workspace/.swiftpm/xcode
builtin-SwiftPerFileCompile ObservationTransformer+Unwrap.swift
SwiftCompile normal arm64 Compiling\ ObservationTransformer+UnwrapWithDefault.swift,\ ObservationTransformer.swift,\ Observer+ObservationTransformer.swift,\ Variable+Comparable.swift /Users/admin/builder/spi-builder-workspace/.dependencies/checkouts/SwiftObserver/Code/SwiftObserver/Transforms/ObservationTransforms/ObservationTransformer+Transforms/ObservationTransformer+UnwrapWithDefault.swift /Users/admin/builder/spi-builder-workspace/.dependencies/checkouts/SwiftObserver/Code/SwiftObserver/Transforms/ObservationTransforms/ObservationTransformer.swift /Users/admin/builder/spi-builder-workspace/.dependencies/checkouts/SwiftObserver/Code/SwiftObserver/Transforms/ObservationTransforms/Observer+ObservationTransformer.swift /Users/admin/builder/spi-builder-workspace/.dependencies/checkouts/SwiftObserver/Code/SwiftObserver/Variable/Variable+Comparable.swift (in target 'SwiftObserver' from project 'SwiftObserver')
SwiftCompile normal arm64 /Users/admin/builder/spi-builder-workspace/.dependencies/checkouts/SwiftObserver/Code/SwiftObserver/Transforms/ObservationTransforms/ObservationTransformer+Transforms/ObservationTransformer+UnwrapWithDefault.swift (in target 'SwiftObserver' from project 'SwiftObserver')
cd /Users/admin/builder/spi-builder-workspace/.swiftpm/xcode
builtin-SwiftPerFileCompile ObservationTransformer+UnwrapWithDefault.swift
SwiftCompile normal arm64 /Users/admin/builder/spi-builder-workspace/.dependencies/checkouts/SwiftObserver/Code/SwiftObserver/Transforms/ObservationTransforms/ObservationTransformer.swift (in target 'SwiftObserver' from project 'SwiftObserver')
cd /Users/admin/builder/spi-builder-workspace/.swiftpm/xcode
builtin-SwiftPerFileCompile ObservationTransformer.swift
SwiftCompile normal arm64 /Users/admin/builder/spi-builder-workspace/.dependencies/checkouts/SwiftObserver/Code/SwiftObserver/Transforms/ObservationTransforms/Observer+ObservationTransformer.swift (in target 'SwiftObserver' from project 'SwiftObserver')
cd /Users/admin/builder/spi-builder-workspace/.swiftpm/xcode
builtin-SwiftPerFileCompile Observer+ObservationTransformer.swift
SwiftCompile normal arm64 /Users/admin/builder/spi-builder-workspace/.dependencies/checkouts/SwiftObserver/Code/SwiftObserver/Variable/Variable+Comparable.swift (in target 'SwiftObserver' from project 'SwiftObserver')
cd /Users/admin/builder/spi-builder-workspace/.swiftpm/xcode
builtin-SwiftPerFileCompile Variable+Comparable.swift
SwiftCompile normal arm64 Compiling\ ObservableObject+Unwrap.swift,\ ObservableObject+UnwrapWithDefault.swift,\ ObservableObject+Weak.swift,\ Unwrapper.swift,\ Weak.swift /Users/admin/builder/spi-builder-workspace/.dependencies/checkouts/SwiftObserver/Code/SwiftObserver/Transforms/ObservableTransforms/ObservableObject+Transforms/ObservableObject+Unwrap.swift /Users/admin/builder/spi-builder-workspace/.dependencies/checkouts/SwiftObserver/Code/SwiftObserver/Transforms/ObservableTransforms/ObservableObject+Transforms/ObservableObject+UnwrapWithDefault.swift /Users/admin/builder/spi-builder-workspace/.dependencies/checkouts/SwiftObserver/Code/SwiftObserver/Transforms/ObservableTransforms/ObservableObject+Transforms/ObservableObject+Weak.swift /Users/admin/builder/spi-builder-workspace/.dependencies/checkouts/SwiftObserver/Code/SwiftObserver/Transforms/ObservableTransforms/Unwrapper.swift /Users/admin/builder/spi-builder-workspace/.dependencies/checkouts/SwiftObserver/Code/SwiftObserver/Transforms/ObservableTransforms/Weak.swift (in target 'SwiftObserver' from project 'SwiftObserver')
SwiftCompile normal arm64 /Users/admin/builder/spi-builder-workspace/.dependencies/checkouts/SwiftObserver/Code/SwiftObserver/Transforms/ObservableTransforms/ObservableObject+Transforms/ObservableObject+Unwrap.swift (in target 'SwiftObserver' from project 'SwiftObserver')
cd /Users/admin/builder/spi-builder-workspace/.swiftpm/xcode
builtin-SwiftPerFileCompile ObservableObject+Unwrap.swift
SwiftCompile normal arm64 /Users/admin/builder/spi-builder-workspace/.dependencies/checkouts/SwiftObserver/Code/SwiftObserver/Transforms/ObservableTransforms/ObservableObject+Transforms/ObservableObject+UnwrapWithDefault.swift (in target 'SwiftObserver' from project 'SwiftObserver')
cd /Users/admin/builder/spi-builder-workspace/.swiftpm/xcode
builtin-SwiftPerFileCompile ObservableObject+UnwrapWithDefault.swift
SwiftCompile normal arm64 /Users/admin/builder/spi-builder-workspace/.dependencies/checkouts/SwiftObserver/Code/SwiftObserver/Transforms/ObservableTransforms/ObservableObject+Transforms/ObservableObject+Weak.swift (in target 'SwiftObserver' from project 'SwiftObserver')
cd /Users/admin/builder/spi-builder-workspace/.swiftpm/xcode
builtin-SwiftPerFileCompile ObservableObject+Weak.swift
SwiftCompile normal arm64 /Users/admin/builder/spi-builder-workspace/.dependencies/checkouts/SwiftObserver/Code/SwiftObserver/Transforms/ObservableTransforms/Unwrapper.swift (in target 'SwiftObserver' from project 'SwiftObserver')
cd /Users/admin/builder/spi-builder-workspace/.swiftpm/xcode
builtin-SwiftPerFileCompile Unwrapper.swift
SwiftCompile normal arm64 /Users/admin/builder/spi-builder-workspace/.dependencies/checkouts/SwiftObserver/Code/SwiftObserver/Transforms/ObservableTransforms/Weak.swift (in target 'SwiftObserver' from project 'SwiftObserver')
cd /Users/admin/builder/spi-builder-workspace/.swiftpm/xcode
builtin-SwiftPerFileCompile Weak.swift
SwiftCompile normal arm64 Compiling\ ObservableObject+From.swift,\ ObservableObject+Map.swift,\ ObservableObject+New.swift,\ ObservableObject+NotFrom.swift,\ ObservableObject+Select.swift /Users/admin/builder/spi-builder-workspace/.dependencies/checkouts/SwiftObserver/Code/SwiftObserver/Transforms/ObservableTransforms/ObservableObject+Transforms/ObservableObject+From.swift /Users/admin/builder/spi-builder-workspace/.dependencies/checkouts/SwiftObserver/Code/SwiftObserver/Transforms/ObservableTransforms/ObservableObject+Transforms/ObservableObject+Map.swift /Users/admin/builder/spi-builder-workspace/.dependencies/checkouts/SwiftObserver/Code/SwiftObserver/Transforms/ObservableTransforms/ObservableObject+Transforms/ObservableObject+New.swift /Users/admin/builder/spi-builder-workspace/.dependencies/checkouts/SwiftObserver/Code/SwiftObserver/Transforms/ObservableTransforms/ObservableObject+Transforms/ObservableObject+NotFrom.swift /Users/admin/builder/spi-builder-workspace/.dependencies/checkouts/SwiftObserver/Code/SwiftObserver/Transforms/ObservableTransforms/ObservableObject+Transforms/ObservableObject+Select.swift (in target 'SwiftObserver' from project 'SwiftObserver')
SwiftCompile normal arm64 /Users/admin/builder/spi-builder-workspace/.dependencies/checkouts/SwiftObserver/Code/SwiftObserver/Transforms/ObservableTransforms/ObservableObject+Transforms/ObservableObject+From.swift (in target 'SwiftObserver' from project 'SwiftObserver')
cd /Users/admin/builder/spi-builder-workspace/.swiftpm/xcode
builtin-SwiftPerFileCompile ObservableObject+From.swift
SwiftCompile normal arm64 /Users/admin/builder/spi-builder-workspace/.dependencies/checkouts/SwiftObserver/Code/SwiftObserver/Transforms/ObservableTransforms/ObservableObject+Transforms/ObservableObject+Map.swift (in target 'SwiftObserver' from project 'SwiftObserver')
cd /Users/admin/builder/spi-builder-workspace/.swiftpm/xcode
builtin-SwiftPerFileCompile ObservableObject+Map.swift
SwiftCompile normal arm64 /Users/admin/builder/spi-builder-workspace/.dependencies/checkouts/SwiftObserver/Code/SwiftObserver/Transforms/ObservableTransforms/ObservableObject+Transforms/ObservableObject+New.swift (in target 'SwiftObserver' from project 'SwiftObserver')
cd /Users/admin/builder/spi-builder-workspace/.swiftpm/xcode
builtin-SwiftPerFileCompile ObservableObject+New.swift
SwiftCompile normal arm64 /Users/admin/builder/spi-builder-workspace/.dependencies/checkouts/SwiftObserver/Code/SwiftObserver/Transforms/ObservableTransforms/ObservableObject+Transforms/ObservableObject+NotFrom.swift (in target 'SwiftObserver' from project 'SwiftObserver')
cd /Users/admin/builder/spi-builder-workspace/.swiftpm/xcode
builtin-SwiftPerFileCompile ObservableObject+NotFrom.swift
SwiftCompile normal arm64 /Users/admin/builder/spi-builder-workspace/.dependencies/checkouts/SwiftObserver/Code/SwiftObserver/Transforms/ObservableTransforms/ObservableObject+Transforms/ObservableObject+Select.swift (in target 'SwiftObserver' from project 'SwiftObserver')
cd /Users/admin/builder/spi-builder-workspace/.swiftpm/xcode
builtin-SwiftPerFileCompile ObservableObject+Select.swift
SwiftCompile normal arm64 Compiling\ Variable+ObservableCache.swift,\ Variable+PropertyWrapper.swift,\ Variable+ValueAssignment.swift,\ Variable.swift /Users/admin/builder/spi-builder-workspace/.dependencies/checkouts/SwiftObserver/Code/SwiftObserver/Variable/Variable+ObservableCache.swift /Users/admin/builder/spi-builder-workspace/.dependencies/checkouts/SwiftObserver/Code/SwiftObserver/Variable/Variable+PropertyWrapper.swift /Users/admin/builder/spi-builder-workspace/.dependencies/checkouts/SwiftObserver/Code/SwiftObserver/Variable/Variable+ValueAssignment.swift /Users/admin/builder/spi-builder-workspace/.dependencies/checkouts/SwiftObserver/Code/SwiftObserver/Variable/Variable.swift (in target 'SwiftObserver' from project 'SwiftObserver')
SwiftCompile normal arm64 /Users/admin/builder/spi-builder-workspace/.dependencies/checkouts/SwiftObserver/Code/SwiftObserver/Variable/Variable+ObservableCache.swift (in target 'SwiftObserver' from project 'SwiftObserver')
cd /Users/admin/builder/spi-builder-workspace/.swiftpm/xcode
builtin-SwiftPerFileCompile Variable+ObservableCache.swift
SwiftCompile normal arm64 /Users/admin/builder/spi-builder-workspace/.dependencies/checkouts/SwiftObserver/Code/SwiftObserver/Variable/Variable+PropertyWrapper.swift (in target 'SwiftObserver' from project 'SwiftObserver')
cd /Users/admin/builder/spi-builder-workspace/.swiftpm/xcode
builtin-SwiftPerFileCompile Variable+PropertyWrapper.swift
SwiftCompile normal arm64 /Users/admin/builder/spi-builder-workspace/.dependencies/checkouts/SwiftObserver/Code/SwiftObserver/Variable/Variable+ValueAssignment.swift (in target 'SwiftObserver' from project 'SwiftObserver')
cd /Users/admin/builder/spi-builder-workspace/.swiftpm/xcode
builtin-SwiftPerFileCompile Variable+ValueAssignment.swift
SwiftCompile normal arm64 /Users/admin/builder/spi-builder-workspace/.dependencies/checkouts/SwiftObserver/Code/SwiftObserver/Variable/Variable.swift (in target 'SwiftObserver' from project 'SwiftObserver')
cd /Users/admin/builder/spi-builder-workspace/.swiftpm/xcode
builtin-SwiftPerFileCompile Variable.swift
SwiftCompile normal arm64 Compiling\ Receiver.swift,\ AuthorFilter.swift,\ Cache.swift,\ CacheOnOptionalMessage.swift,\ Filter.swift /Users/admin/builder/spi-builder-workspace/.dependencies/checkouts/SwiftObserver/Code/SwiftObserver/Observer/Receiver.swift /Users/admin/builder/spi-builder-workspace/.dependencies/checkouts/SwiftObserver/Code/SwiftObserver/Transforms/ObservableTransforms/AuthorFilter.swift /Users/admin/builder/spi-builder-workspace/.dependencies/checkouts/SwiftObserver/Code/SwiftObserver/Transforms/ObservableTransforms/Cache.swift /Users/admin/builder/spi-builder-workspace/.dependencies/checkouts/SwiftObserver/Code/SwiftObserver/Transforms/ObservableTransforms/CacheOnOptionalMessage.swift /Users/admin/builder/spi-builder-workspace/.dependencies/checkouts/SwiftObserver/Code/SwiftObserver/Transforms/ObservableTransforms/Filter.swift (in target 'SwiftObserver' from project 'SwiftObserver')
SwiftCompile normal arm64 /Users/admin/builder/spi-builder-workspace/.dependencies/checkouts/SwiftObserver/Code/SwiftObserver/Observer/Receiver.swift (in target 'SwiftObserver' from project 'SwiftObserver')
cd /Users/admin/builder/spi-builder-workspace/.swiftpm/xcode
builtin-SwiftPerFileCompile Receiver.swift
SwiftCompile normal arm64 /Users/admin/builder/spi-builder-workspace/.dependencies/checkouts/SwiftObserver/Code/SwiftObserver/Transforms/ObservableTransforms/AuthorFilter.swift (in target 'SwiftObserver' from project 'SwiftObserver')
cd /Users/admin/builder/spi-builder-workspace/.swiftpm/xcode
builtin-SwiftPerFileCompile AuthorFilter.swift
SwiftCompile normal arm64 /Users/admin/builder/spi-builder-workspace/.dependencies/checkouts/SwiftObserver/Code/SwiftObserver/Transforms/ObservableTransforms/Cache.swift (in target 'SwiftObserver' from project 'SwiftObserver')
cd /Users/admin/builder/spi-builder-workspace/.swiftpm/xcode
builtin-SwiftPerFileCompile Cache.swift
SwiftCompile normal arm64 /Users/admin/builder/spi-builder-workspace/.dependencies/checkouts/SwiftObserver/Code/SwiftObserver/Transforms/ObservableTransforms/CacheOnOptionalMessage.swift (in target 'SwiftObserver' from project 'SwiftObserver')
cd /Users/admin/builder/spi-builder-workspace/.swiftpm/xcode
builtin-SwiftPerFileCompile CacheOnOptionalMessage.swift
SwiftCompile normal arm64 /Users/admin/builder/spi-builder-workspace/.dependencies/checkouts/SwiftObserver/Code/SwiftObserver/Transforms/ObservableTransforms/Filter.swift (in target 'SwiftObserver' from project 'SwiftObserver')
cd /Users/admin/builder/spi-builder-workspace/.swiftpm/xcode
builtin-SwiftPerFileCompile Filter.swift
SwiftCompile normal arm64 Compiling\ ObservableObject.swift,\ ReceiverPool.swift,\ Update.swift,\ ObservableObject+Observer.swift,\ Observer.swift /Users/admin/builder/spi-builder-workspace/.dependencies/checkouts/SwiftObserver/Code/SwiftObserver/ObservableObject/ObservableObject.swift /Users/admin/builder/spi-builder-workspace/.dependencies/checkouts/SwiftObserver/Code/SwiftObserver/ObservableObject/ReceiverPool.swift /Users/admin/builder/spi-builder-workspace/.dependencies/checkouts/SwiftObserver/Code/SwiftObserver/ObservableObject/Update.swift /Users/admin/builder/spi-builder-workspace/.dependencies/checkouts/SwiftObserver/Code/SwiftObserver/Observer/ObservableObject+Observer.swift /Users/admin/builder/spi-builder-workspace/.dependencies/checkouts/SwiftObserver/Code/SwiftObserver/Observer/Observer.swift (in target 'SwiftObserver' from project 'SwiftObserver')
SwiftCompile normal arm64 /Users/admin/builder/spi-builder-workspace/.dependencies/checkouts/SwiftObserver/Code/SwiftObserver/ObservableObject/ObservableObject.swift (in target 'SwiftObserver' from project 'SwiftObserver')
cd /Users/admin/builder/spi-builder-workspace/.swiftpm/xcode
builtin-SwiftPerFileCompile ObservableObject.swift
SwiftCompile normal arm64 /Users/admin/builder/spi-builder-workspace/.dependencies/checkouts/SwiftObserver/Code/SwiftObserver/ObservableObject/ReceiverPool.swift (in target 'SwiftObserver' from project 'SwiftObserver')
cd /Users/admin/builder/spi-builder-workspace/.swiftpm/xcode
builtin-SwiftPerFileCompile ReceiverPool.swift
SwiftCompile normal arm64 /Users/admin/builder/spi-builder-workspace/.dependencies/checkouts/SwiftObserver/Code/SwiftObserver/ObservableObject/Update.swift (in target 'SwiftObserver' from project 'SwiftObserver')
cd /Users/admin/builder/spi-builder-workspace/.swiftpm/xcode
builtin-SwiftPerFileCompile Update.swift
SwiftCompile normal arm64 /Users/admin/builder/spi-builder-workspace/.dependencies/checkouts/SwiftObserver/Code/SwiftObserver/Observer/ObservableObject+Observer.swift (in target 'SwiftObserver' from project 'SwiftObserver')
cd /Users/admin/builder/spi-builder-workspace/.swiftpm/xcode
builtin-SwiftPerFileCompile ObservableObject+Observer.swift
SwiftCompile normal arm64 /Users/admin/builder/spi-builder-workspace/.dependencies/checkouts/SwiftObserver/Code/SwiftObserver/Observer/Observer.swift (in target 'SwiftObserver' from project 'SwiftObserver')
cd /Users/admin/builder/spi-builder-workspace/.swiftpm/xcode
builtin-SwiftPerFileCompile Observer.swift
SwiftCompile normal arm64 Compiling\ AnyAuthor.swift,\ Connection.swift,\ Messenger.swift,\ ObservableCache.swift,\ ObservableObject+StopObservation.swift /Users/admin/builder/spi-builder-workspace/.dependencies/checkouts/SwiftObserver/Code/SwiftObserver/AnyAuthor.swift /Users/admin/builder/spi-builder-workspace/.dependencies/checkouts/SwiftObserver/Code/SwiftObserver/Connection.swift /Users/admin/builder/spi-builder-workspace/.dependencies/checkouts/SwiftObserver/Code/SwiftObserver/ObservableObject/Messenger.swift /Users/admin/builder/spi-builder-workspace/.dependencies/checkouts/SwiftObserver/Code/SwiftObserver/ObservableObject/ObservableCache.swift /Users/admin/builder/spi-builder-workspace/.dependencies/checkouts/SwiftObserver/Code/SwiftObserver/ObservableObject/ObservableObject+StopObservation.swift (in target 'SwiftObserver' from project 'SwiftObserver')
SwiftCompile normal arm64 /Users/admin/builder/spi-builder-workspace/.dependencies/checkouts/SwiftObserver/Code/SwiftObserver/AnyAuthor.swift (in target 'SwiftObserver' from project 'SwiftObserver')
cd /Users/admin/builder/spi-builder-workspace/.swiftpm/xcode
builtin-SwiftPerFileCompile AnyAuthor.swift
SwiftCompile normal arm64 /Users/admin/builder/spi-builder-workspace/.dependencies/checkouts/SwiftObserver/Code/SwiftObserver/Connection.swift (in target 'SwiftObserver' from project 'SwiftObserver')
cd /Users/admin/builder/spi-builder-workspace/.swiftpm/xcode
builtin-SwiftPerFileCompile Connection.swift
SwiftCompile normal arm64 /Users/admin/builder/spi-builder-workspace/.dependencies/checkouts/SwiftObserver/Code/SwiftObserver/ObservableObject/Messenger.swift (in target 'SwiftObserver' from project 'SwiftObserver')
cd /Users/admin/builder/spi-builder-workspace/.swiftpm/xcode
builtin-SwiftPerFileCompile Messenger.swift
SwiftCompile normal arm64 /Users/admin/builder/spi-builder-workspace/.dependencies/checkouts/SwiftObserver/Code/SwiftObserver/ObservableObject/ObservableCache.swift (in target 'SwiftObserver' from project 'SwiftObserver')
cd /Users/admin/builder/spi-builder-workspace/.swiftpm/xcode
builtin-SwiftPerFileCompile ObservableCache.swift
SwiftCompile normal arm64 /Users/admin/builder/spi-builder-workspace/.dependencies/checkouts/SwiftObserver/Code/SwiftObserver/ObservableObject/ObservableObject+StopObservation.swift (in target 'SwiftObserver' from project 'SwiftObserver')
cd /Users/admin/builder/spi-builder-workspace/.swiftpm/xcode
builtin-SwiftPerFileCompile ObservableObject+StopObservation.swift
SwiftExplicitDependencyGeneratePcm arm64 /Users/admin/builder/spi-builder-workspace/.derivedData/SDKExplicitPrecompiledModules/Network-8TZA0BI5UY8U40VGTMYI8CJAW.pcm
SwiftDriverJobDiscovery normal arm64 Emitting module for SwiftObserver (in target 'SwiftObserver' from project 'SwiftObserver')
SwiftDriver\ Compilation\ Requirements SwiftObserver normal arm64 com.apple.xcode.tools.swift.compiler (in target 'SwiftObserver' from project 'SwiftObserver')
cd /Users/admin/builder/spi-builder-workspace/.swiftpm/xcode
builtin-Swift-Compilation-Requirements -- /Applications/Xcode-27.0.0-Release.Candidate.app/Contents/Developer/Toolchains/XcodeDefault.xctoolchain/usr/bin/swiftc -parse-as-library -module-name SwiftObserver -Onone @/Users/admin/builder/spi-builder-workspace/.derivedData/Build/Intermediates.noindex/SwiftObserver.build/Debug-appletvos/SwiftObserver-t.build/Objects-normal/arm64/SwiftObserver.SwiftFileList -DSWIFT_PACKAGE -DDEBUG -DSWIFT_MODULE_RESOURCE_BUNDLE_UNAVAILABLE -DXcode -plugin-path /Applications/Xcode-27.0.0-Release.Candidate.app/Contents/Developer/Toolchains/XcodeDefault.xctoolchain/usr/lib/swift/host/plugins/testing -enable-experimental-feature DebugDescriptionMacro -sdk /Applications/Xcode-27.0.0-Release.Candidate.app/Contents/Developer/Platforms/AppleTVOS.platform/Developer/SDKs/AppleTVOS27.0.sdk -target arm64-apple-tvos15.0 -g -module-cache-path /Users/admin/builder/spi-builder-workspace/.derivedData/ModuleCache.noindex -Xfrontend -serialize-debugging-options -profile-coverage-mapping -profile-generate -enable-testing -suppress-warnings -index-store-path /Users/admin/builder/spi-builder-workspace/.derivedData/Index.noindex/DataStore -Xcc -D_LIBCPP_HARDENING_MODE\=_LIBCPP_HARDENING_MODE_DEBUG -swift-version 5 -I /Users/admin/builder/spi-builder-workspace/.derivedData/Build/Products/Debug-appletvos -Isystem /Applications/Xcode-27.0.0-Release.Candidate.app/Contents/Developer/Platforms/AppleTVOS.platform/Developer/usr/lib -F /Users/admin/builder/spi-builder-workspace/.derivedData/Build/Products/Debug-appletvos/PackageFrameworks -F /Users/admin/builder/spi-builder-workspace/.derivedData/Build/Products/Debug-appletvos -F /Applications/Xcode-27.0.0-Release.Candidate.app/Contents/Developer/Platforms/AppleTVOS.platform/Developer/Library/Frameworks -F /Applications/Xcode-27.0.0-Release.Candidate.app/Contents/Developer/Platforms/AppleTVOS.platform/Developer/SDKs/AppleTVOS27.0.sdk/Developer/Library/Frameworks -c -j10 -enable-batch-mode -incremental -Xcc -ivfsstatcache -Xcc /Users/admin/builder/spi-builder-workspace/.derivedData/SDKStatCaches.noindex/appletvos27.0-24J360-e829b21a6f8c9b70876ba0858053c044b32bfd8d43560033f8d89884cdb90028.sdkstatcache -output-file-map /Users/admin/builder/spi-builder-workspace/.derivedData/Build/Intermediates.noindex/SwiftObserver.build/Debug-appletvos/SwiftObserver-t.build/Objects-normal/arm64/SwiftObserver-OutputFileMap.json -save-temps -no-color-diagnostics -explicit-module-build -module-cache-path /Users/admin/builder/spi-builder-workspace/.derivedData/Build/Intermediates.noindex/SwiftExplicitPrecompiledModules -clang-scanner-module-cache-path /Users/admin/builder/spi-builder-workspace/.derivedData/ModuleCache.noindex -sdk-module-cache-path /Users/admin/builder/spi-builder-workspace/.derivedData/SDKExplicitPrecompiledModules -emit-dependencies -emit-module -emit-module-path /Users/admin/builder/spi-builder-workspace/.derivedData/Build/Intermediates.noindex/SwiftObserver.build/Debug-appletvos/SwiftObserver-t.build/Objects-normal/arm64/SwiftObserver.swiftmodule -serialize-diagnostics -dependency-scan-serialize-diagnostics-path /Users/admin/builder/spi-builder-workspace/.derivedData/Build/Intermediates.noindex/SwiftObserver.build/Debug-appletvos/SwiftObserver-t.build/Objects-normal/arm64/SwiftObserver-dependency-scan.dia -validate-clang-modules-once -clang-build-session-file /Users/admin/builder/spi-builder-workspace/.derivedData/ModuleCache.noindex/Session.modulevalidation -Xcc -fmodules-prune-interval\=86400 -Xcc -fmodules-prune-after\=345600 -emit-const-values -const-gather-protocols-list /Users/admin/builder/spi-builder-workspace/.derivedData/Build/Intermediates.noindex/SwiftObserver.build/Debug-appletvos/SwiftObserver-t.build/Objects-normal/arm64/SwiftObserver_const_extract_protocols.json -Xcc -I/Users/admin/builder/spi-builder-workspace/.derivedData/Build/Products/Debug-appletvos/include -Xcc -I/Users/admin/builder/spi-builder-workspace/.derivedData/Build/Intermediates.noindex/SwiftObserver.build/Debug-appletvos/SwiftObserver-t.build/DerivedSources-normal/arm64 -Xcc -I/Users/admin/builder/spi-builder-workspace/.derivedData/Build/Intermediates.noindex/SwiftObserver.build/Debug-appletvos/SwiftObserver-t.build/DerivedSources/arm64 -Xcc -I/Users/admin/builder/spi-builder-workspace/.derivedData/Build/Intermediates.noindex/SwiftObserver.build/Debug-appletvos/SwiftObserver-t.build/DerivedSources -Xcc -DSWIFT_PACKAGE -Xcc -DDEBUG\=1 -emit-objc-header -emit-objc-header-path /Users/admin/builder/spi-builder-workspace/.derivedData/Build/Intermediates.noindex/SwiftObserver.build/Debug-appletvos/SwiftObserver-t.build/Objects-normal/arm64/SwiftObserver-Swift.h -working-directory /Users/admin/builder/spi-builder-workspace/.swiftpm/xcode -experimental-emit-module-separately -disable-cmo
SwiftDriverJobDiscovery normal arm64 Compiling ObservationTransformer+Filter.swift, ObservationTransformer+FilterAuthor.swift, ObservationTransformer+From.swift, ObservationTransformer+Map.swift (in target 'SwiftObserver' from project 'SwiftObserver')
SwiftCompile normal arm64 Compiling\ Mapper+Cache.swift,\ Mapper.swift,\ ObservableObject+Cache.swift,\ ObservableObject+Filter.swift,\ ObservableObject+FilterAuthor.swift /Users/admin/builder/spi-builder-workspace/.dependencies/checkouts/SwiftObserver/Code/SwiftObserver/Transforms/ObservableTransforms/Mapper+Cache.swift /Users/admin/builder/spi-builder-workspace/.dependencies/checkouts/SwiftObserver/Code/SwiftObserver/Transforms/ObservableTransforms/Mapper.swift /Users/admin/builder/spi-builder-workspace/.dependencies/checkouts/SwiftObserver/Code/SwiftObserver/Transforms/ObservableTransforms/ObservableObject+Transforms/ObservableObject+Cache.swift /Users/admin/builder/spi-builder-workspace/.dependencies/checkouts/SwiftObserver/Code/SwiftObserver/Transforms/ObservableTransforms/ObservableObject+Transforms/ObservableObject+Filter.swift /Users/admin/builder/spi-builder-workspace/.dependencies/checkouts/SwiftObserver/Code/SwiftObserver/Transforms/ObservableTransforms/ObservableObject+Transforms/ObservableObject+FilterAuthor.swift (in target 'SwiftObserver' from project 'SwiftObserver')
SwiftCompile normal arm64 /Users/admin/builder/spi-builder-workspace/.dependencies/checkouts/SwiftObserver/Code/SwiftObserver/Transforms/ObservableTransforms/Mapper+Cache.swift (in target 'SwiftObserver' from project 'SwiftObserver')
cd /Users/admin/builder/spi-builder-workspace/.swiftpm/xcode
builtin-SwiftPerFileCompile Mapper+Cache.swift
SwiftCompile normal arm64 /Users/admin/builder/spi-builder-workspace/.dependencies/checkouts/SwiftObserver/Code/SwiftObserver/Transforms/ObservableTransforms/Mapper.swift (in target 'SwiftObserver' from project 'SwiftObserver')
cd /Users/admin/builder/spi-builder-workspace/.swiftpm/xcode
builtin-SwiftPerFileCompile Mapper.swift
SwiftCompile normal arm64 /Users/admin/builder/spi-builder-workspace/.dependencies/checkouts/SwiftObserver/Code/SwiftObserver/Transforms/ObservableTransforms/ObservableObject+Transforms/ObservableObject+Cache.swift (in target 'SwiftObserver' from project 'SwiftObserver')
cd /Users/admin/builder/spi-builder-workspace/.swiftpm/xcode
builtin-SwiftPerFileCompile ObservableObject+Cache.swift
SwiftCompile normal arm64 /Users/admin/builder/spi-builder-workspace/.dependencies/checkouts/SwiftObserver/Code/SwiftObserver/Transforms/ObservableTransforms/ObservableObject+Transforms/ObservableObject+Filter.swift (in target 'SwiftObserver' from project 'SwiftObserver')
cd /Users/admin/builder/spi-builder-workspace/.swiftpm/xcode
builtin-SwiftPerFileCompile ObservableObject+Filter.swift
SwiftCompile normal arm64 /Users/admin/builder/spi-builder-workspace/.dependencies/checkouts/SwiftObserver/Code/SwiftObserver/Transforms/ObservableTransforms/ObservableObject+Transforms/ObservableObject+FilterAuthor.swift (in target 'SwiftObserver' from project 'SwiftObserver')
cd /Users/admin/builder/spi-builder-workspace/.swiftpm/xcode
builtin-SwiftPerFileCompile ObservableObject+FilterAuthor.swift
SwiftMergeGeneratedHeaders /Users/admin/builder/spi-builder-workspace/.derivedData/Build/Intermediates.noindex/GeneratedModuleMaps-appletvos/SwiftObserver-Swift.h /Users/admin/builder/spi-builder-workspace/.derivedData/Build/Intermediates.noindex/SwiftObserver.build/Debug-appletvos/SwiftObserver-t.build/Objects-normal/arm64/SwiftObserver-Swift.h (in target 'SwiftObserver' from project 'SwiftObserver')
cd /Users/admin/builder/spi-builder-workspace/.dependencies/checkouts/SwiftObserver
builtin-swiftHeaderTool -arch arm64 /Users/admin/builder/spi-builder-workspace/.derivedData/Build/Intermediates.noindex/SwiftObserver.build/Debug-appletvos/SwiftObserver-t.build/Objects-normal/arm64/SwiftObserver-Swift.h -o /Users/admin/builder/spi-builder-workspace/.derivedData/Build/Intermediates.noindex/GeneratedModuleMaps-appletvos/SwiftObserver-Swift.h
SwiftDriverJobDiscovery normal arm64 Compiling ObservationTransformer+UnwrapWithDefault.swift, ObservationTransformer.swift, Observer+ObservationTransformer.swift, Variable+Comparable.swift (in target 'SwiftObserver' from project 'SwiftObserver')
Copy /Users/admin/builder/spi-builder-workspace/.derivedData/Build/Products/Debug-appletvos/SwiftObserver.swiftmodule/arm64-apple-tvos.swiftdoc /Users/admin/builder/spi-builder-workspace/.derivedData/Build/Intermediates.noindex/SwiftObserver.build/Debug-appletvos/SwiftObserver-t.build/Objects-normal/arm64/SwiftObserver.swiftdoc (in target 'SwiftObserver' from project 'SwiftObserver')
cd /Users/admin/builder/spi-builder-workspace/.dependencies/checkouts/SwiftObserver
builtin-copy -exclude .DS_Store -exclude CVS -exclude .svn -exclude .git -exclude .hg -resolve-src-symlinks -rename /Users/admin/builder/spi-builder-workspace/.derivedData/Build/Intermediates.noindex/SwiftObserver.build/Debug-appletvos/SwiftObserver-t.build/Objects-normal/arm64/SwiftObserver.swiftdoc /Users/admin/builder/spi-builder-workspace/.derivedData/Build/Products/Debug-appletvos/SwiftObserver.swiftmodule/arm64-apple-tvos.swiftdoc
Copy /Users/admin/builder/spi-builder-workspace/.derivedData/Build/Products/Debug-appletvos/SwiftObserver.swiftmodule/arm64-apple-tvos.swiftmodule /Users/admin/builder/spi-builder-workspace/.derivedData/Build/Intermediates.noindex/SwiftObserver.build/Debug-appletvos/SwiftObserver-t.build/Objects-normal/arm64/SwiftObserver.swiftmodule (in target 'SwiftObserver' from project 'SwiftObserver')
cd /Users/admin/builder/spi-builder-workspace/.dependencies/checkouts/SwiftObserver
builtin-copy -exclude .DS_Store -exclude CVS -exclude .svn -exclude .git -exclude .hg -resolve-src-symlinks -rename /Users/admin/builder/spi-builder-workspace/.derivedData/Build/Intermediates.noindex/SwiftObserver.build/Debug-appletvos/SwiftObserver-t.build/Objects-normal/arm64/SwiftObserver.swiftmodule /Users/admin/builder/spi-builder-workspace/.derivedData/Build/Products/Debug-appletvos/SwiftObserver.swiftmodule/arm64-apple-tvos.swiftmodule
Copy /Users/admin/builder/spi-builder-workspace/.derivedData/Build/Products/Debug-appletvos/SwiftObserver.swiftmodule/arm64-apple-tvos.abi.json /Users/admin/builder/spi-builder-workspace/.derivedData/Build/Intermediates.noindex/SwiftObserver.build/Debug-appletvos/SwiftObserver-t.build/Objects-normal/arm64/SwiftObserver.abi.json (in target 'SwiftObserver' from project 'SwiftObserver')
cd /Users/admin/builder/spi-builder-workspace/.dependencies/checkouts/SwiftObserver
builtin-copy -exclude .DS_Store -exclude CVS -exclude .svn -exclude .git -exclude .hg -resolve-src-symlinks -rename /Users/admin/builder/spi-builder-workspace/.derivedData/Build/Intermediates.noindex/SwiftObserver.build/Debug-appletvos/SwiftObserver-t.build/Objects-normal/arm64/SwiftObserver.abi.json /Users/admin/builder/spi-builder-workspace/.derivedData/Build/Products/Debug-appletvos/SwiftObserver.swiftmodule/arm64-apple-tvos.abi.json
SwiftDriverJobDiscovery normal arm64 Compiling ObservableObject+From.swift, ObservableObject+Map.swift, ObservableObject+New.swift, ObservableObject+NotFrom.swift, ObservableObject+Select.swift (in target 'SwiftObserver' from project 'SwiftObserver')
Copy /Users/admin/builder/spi-builder-workspace/.derivedData/Build/Products/Debug-appletvos/SwiftObserver.swiftmodule/Project/arm64-apple-tvos.swiftsourceinfo /Users/admin/builder/spi-builder-workspace/.derivedData/Build/Intermediates.noindex/SwiftObserver.build/Debug-appletvos/SwiftObserver-t.build/Objects-normal/arm64/SwiftObserver.swiftsourceinfo (in target 'SwiftObserver' from project 'SwiftObserver')
cd /Users/admin/builder/spi-builder-workspace/.dependencies/checkouts/SwiftObserver
builtin-copy -exclude .DS_Store -exclude CVS -exclude .svn -exclude .git -exclude .hg -resolve-src-symlinks -rename /Users/admin/builder/spi-builder-workspace/.derivedData/Build/Intermediates.noindex/SwiftObserver.build/Debug-appletvos/SwiftObserver-t.build/Objects-normal/arm64/SwiftObserver.swiftsourceinfo /Users/admin/builder/spi-builder-workspace/.derivedData/Build/Products/Debug-appletvos/SwiftObserver.swiftmodule/Project/arm64-apple-tvos.swiftsourceinfo
SwiftDriverJobDiscovery normal arm64 Compiling ObservableObject.swift, ReceiverPool.swift, Update.swift, ObservableObject+Observer.swift, Observer.swift (in target 'SwiftObserver' from project 'SwiftObserver')
SwiftDriverJobDiscovery normal arm64 Compiling ObservationTransformer+New.swift, ObservationTransformer+NotFrom.swift, ObservationTransformer+Select.swift, ObservationTransformer+Unwrap.swift (in target 'SwiftObserver' from project 'SwiftObserver')
SwiftDriverJobDiscovery normal arm64 Compiling Receiver.swift, AuthorFilter.swift, Cache.swift, CacheOnOptionalMessage.swift, Filter.swift (in target 'SwiftObserver' from project 'SwiftObserver')
SwiftDriverJobDiscovery normal arm64 Compiling ObservableObject+Unwrap.swift, ObservableObject+UnwrapWithDefault.swift, ObservableObject+Weak.swift, Unwrapper.swift, Weak.swift (in target 'SwiftObserver' from project 'SwiftObserver')
SwiftEmitModule normal arm64 Emitting\ module\ for\ FoundationToolz (in target 'FoundationToolz' from project 'FoundationToolz')
SwiftCompile normal arm64 (in target 'FoundationToolz' from project 'FoundationToolz')
cd /Users/admin/builder/spi-builder-workspace/.swiftpm/xcode
SwiftCompile normal arm64 Compiling\ String+FoundationToolz.swift,\ JSON+FoundationToolz.swift /Users/admin/builder/spi-builder-workspace/.dependencies/checkouts/FoundationToolz/Code/Swift+FoundationToolz/String+FoundationToolz.swift /Users/admin/builder/spi-builder-workspace/.dependencies/checkouts/FoundationToolz/Code/SwiftyToolz+FoundationToolz/JSON+FoundationToolz.swift (in target 'FoundationToolz' from project 'FoundationToolz')
SwiftCompile normal arm64 /Users/admin/builder/spi-builder-workspace/.dependencies/checkouts/FoundationToolz/Code/Swift+FoundationToolz/String+FoundationToolz.swift (in target 'FoundationToolz' from project 'FoundationToolz')
cd /Users/admin/builder/spi-builder-workspace/.swiftpm/xcode
builtin-SwiftPerFileCompile String+FoundationToolz.swift
SwiftCompile normal arm64 /Users/admin/builder/spi-builder-workspace/.dependencies/checkouts/FoundationToolz/Code/SwiftyToolz+FoundationToolz/JSON+FoundationToolz.swift (in target 'FoundationToolz' from project 'FoundationToolz')
cd /Users/admin/builder/spi-builder-workspace/.swiftpm/xcode
builtin-SwiftPerFileCompile JSON+FoundationToolz.swift
SwiftCompile normal arm64 Compiling\ Int+FoundationToolz.swift,\ NumericTypes+MeasureTime.swift /Users/admin/builder/spi-builder-workspace/.dependencies/checkouts/FoundationToolz/Code/Swift+FoundationToolz/Int+FoundationToolz.swift /Users/admin/builder/spi-builder-workspace/.dependencies/checkouts/FoundationToolz/Code/Swift+FoundationToolz/NumericTypes+MeasureTime.swift (in target 'FoundationToolz' from project 'FoundationToolz')
SwiftCompile normal arm64 /Users/admin/builder/spi-builder-workspace/.dependencies/checkouts/FoundationToolz/Code/Swift+FoundationToolz/Int+FoundationToolz.swift (in target 'FoundationToolz' from project 'FoundationToolz')
cd /Users/admin/builder/spi-builder-workspace/.swiftpm/xcode
builtin-SwiftPerFileCompile Int+FoundationToolz.swift
SwiftCompile normal arm64 /Users/admin/builder/spi-builder-workspace/.dependencies/checkouts/FoundationToolz/Code/Swift+FoundationToolz/NumericTypes+MeasureTime.swift (in target 'FoundationToolz' from project 'FoundationToolz')
cd /Users/admin/builder/spi-builder-workspace/.swiftpm/xcode
builtin-SwiftPerFileCompile NumericTypes+MeasureTime.swift
SwiftCompile normal arm64 Compiling\ Array+FoundationToolz.swift,\ Dictionary+Foundation.swift /Users/admin/builder/spi-builder-workspace/.dependencies/checkouts/FoundationToolz/Code/Swift+FoundationToolz/Array+FoundationToolz.swift /Users/admin/builder/spi-builder-workspace/.dependencies/checkouts/FoundationToolz/Code/Swift+FoundationToolz/Dictionary+Foundation.swift (in target 'FoundationToolz' from project 'FoundationToolz')
SwiftCompile normal arm64 /Users/admin/builder/spi-builder-workspace/.dependencies/checkouts/FoundationToolz/Code/Swift+FoundationToolz/Array+FoundationToolz.swift (in target 'FoundationToolz' from project 'FoundationToolz')
cd /Users/admin/builder/spi-builder-workspace/.swiftpm/xcode
builtin-SwiftPerFileCompile Array+FoundationToolz.swift
SwiftCompile normal arm64 /Users/admin/builder/spi-builder-workspace/.dependencies/checkouts/FoundationToolz/Code/Swift+FoundationToolz/Dictionary+Foundation.swift (in target 'FoundationToolz' from project 'FoundationToolz')
cd /Users/admin/builder/spi-builder-workspace/.swiftpm/xcode
builtin-SwiftPerFileCompile Dictionary+Foundation.swift
SwiftCompile normal arm64 Compiling\ NetworkReachability.swift,\ StopWatch.swift /Users/admin/builder/spi-builder-workspace/.dependencies/checkouts/FoundationToolz/Code/NetworkReachability.swift /Users/admin/builder/spi-builder-workspace/.dependencies/checkouts/FoundationToolz/Code/StopWatch.swift (in target 'FoundationToolz' from project 'FoundationToolz')
SwiftCompile normal arm64 /Users/admin/builder/spi-builder-workspace/.dependencies/checkouts/FoundationToolz/Code/NetworkReachability.swift (in target 'FoundationToolz' from project 'FoundationToolz')
cd /Users/admin/builder/spi-builder-workspace/.swiftpm/xcode
builtin-SwiftPerFileCompile NetworkReachability.swift
SwiftCompile normal arm64 /Users/admin/builder/spi-builder-workspace/.dependencies/checkouts/FoundationToolz/Code/StopWatch.swift (in target 'FoundationToolz' from project 'FoundationToolz')
cd /Users/admin/builder/spi-builder-workspace/.swiftpm/xcode
builtin-SwiftPerFileCompile StopWatch.swift
SwiftCompile normal arm64 Compiling\ Timer+FoundationToolz.swift,\ URL+FoundationToolz.swift,\ URL+HTTPRequests.swift /Users/admin/builder/spi-builder-workspace/.dependencies/checkouts/FoundationToolz/Code/Foundation+FoundationToolz/Timer+FoundationToolz.swift /Users/admin/builder/spi-builder-workspace/.dependencies/checkouts/FoundationToolz/Code/Foundation+FoundationToolz/URL+FoundationToolz.swift /Users/admin/builder/spi-builder-workspace/.dependencies/checkouts/FoundationToolz/Code/Foundation+FoundationToolz/URL+HTTPRequests.swift (in target 'FoundationToolz' from project 'FoundationToolz')
SwiftCompile normal arm64 /Users/admin/builder/spi-builder-workspace/.dependencies/checkouts/FoundationToolz/Code/Foundation+FoundationToolz/Timer+FoundationToolz.swift (in target 'FoundationToolz' from project 'FoundationToolz')
cd /Users/admin/builder/spi-builder-workspace/.swiftpm/xcode
builtin-SwiftPerFileCompile Timer+FoundationToolz.swift
SwiftCompile normal arm64 /Users/admin/builder/spi-builder-workspace/.dependencies/checkouts/FoundationToolz/Code/Foundation+FoundationToolz/URL+FoundationToolz.swift (in target 'FoundationToolz' from project 'FoundationToolz')
cd /Users/admin/builder/spi-builder-workspace/.swiftpm/xcode
builtin-SwiftPerFileCompile URL+FoundationToolz.swift
SwiftCompile normal arm64 /Users/admin/builder/spi-builder-workspace/.dependencies/checkouts/FoundationToolz/Code/Foundation+FoundationToolz/URL+HTTPRequests.swift (in target 'FoundationToolz' from project 'FoundationToolz')
cd /Users/admin/builder/spi-builder-workspace/.swiftpm/xcode
builtin-SwiftPerFileCompile URL+HTTPRequests.swift
SwiftCompile normal arm64 Compiling\ HTTP.swift,\ Keychain.swift /Users/admin/builder/spi-builder-workspace/.dependencies/checkouts/FoundationToolz/Code/HTTP.swift /Users/admin/builder/spi-builder-workspace/.dependencies/checkouts/FoundationToolz/Code/Keychain.swift (in target 'FoundationToolz' from project 'FoundationToolz')
SwiftCompile normal arm64 /Users/admin/builder/spi-builder-workspace/.dependencies/checkouts/FoundationToolz/Code/HTTP.swift (in target 'FoundationToolz' from project 'FoundationToolz')
cd /Users/admin/builder/spi-builder-workspace/.swiftpm/xcode
builtin-SwiftPerFileCompile HTTP.swift
SwiftCompile normal arm64 /Users/admin/builder/spi-builder-workspace/.dependencies/checkouts/FoundationToolz/Code/Keychain.swift (in target 'FoundationToolz' from project 'FoundationToolz')
cd /Users/admin/builder/spi-builder-workspace/.swiftpm/xcode
builtin-SwiftPerFileCompile Keychain.swift
SwiftCompile normal arm64 Compiling\ FileManager+FoundationToolz.swift,\ NSPredicate+FoundationToolz.swift,\ Process+RunExecutable.swift /Users/admin/builder/spi-builder-workspace/.dependencies/checkouts/FoundationToolz/Code/Foundation+FoundationToolz/FileManager+FoundationToolz.swift /Users/admin/builder/spi-builder-workspace/.dependencies/checkouts/FoundationToolz/Code/Foundation+FoundationToolz/NSPredicate+FoundationToolz.swift /Users/admin/builder/spi-builder-workspace/.dependencies/checkouts/FoundationToolz/Code/Foundation+FoundationToolz/Process+RunExecutable.swift (in target 'FoundationToolz' from project 'FoundationToolz')
SwiftCompile normal arm64 /Users/admin/builder/spi-builder-workspace/.dependencies/checkouts/FoundationToolz/Code/Foundation+FoundationToolz/FileManager+FoundationToolz.swift (in target 'FoundationToolz' from project 'FoundationToolz')
cd /Users/admin/builder/spi-builder-workspace/.swiftpm/xcode
builtin-SwiftPerFileCompile FileManager+FoundationToolz.swift
SwiftCompile normal arm64 /Users/admin/builder/spi-builder-workspace/.dependencies/checkouts/FoundationToolz/Code/Foundation+FoundationToolz/NSPredicate+FoundationToolz.swift (in target 'FoundationToolz' from project 'FoundationToolz')
cd /Users/admin/builder/spi-builder-workspace/.swiftpm/xcode
builtin-SwiftPerFileCompile NSPredicate+FoundationToolz.swift
SwiftCompile normal arm64 /Users/admin/builder/spi-builder-workspace/.dependencies/checkouts/FoundationToolz/Code/Foundation+FoundationToolz/Process+RunExecutable.swift (in target 'FoundationToolz' from project 'FoundationToolz')
cd /Users/admin/builder/spi-builder-workspace/.swiftpm/xcode
builtin-SwiftPerFileCompile Process+RunExecutable.swift
SwiftDriverJobDiscovery normal arm64 Compiling Variable+ObservableCache.swift, Variable+PropertyWrapper.swift, Variable+ValueAssignment.swift, Variable.swift (in target 'SwiftObserver' from project 'SwiftObserver')
SwiftCompile normal arm64 Compiling\ URL+WebSocket.swift,\ UserDefaults+PropertyWrapper.swift /Users/admin/builder/spi-builder-workspace/.dependencies/checkouts/FoundationToolz/Code/Foundation+FoundationToolz/URL+WebSocket.swift /Users/admin/builder/spi-builder-workspace/.dependencies/checkouts/FoundationToolz/Code/Foundation+FoundationToolz/UserDefaults+PropertyWrapper.swift (in target 'FoundationToolz' from project 'FoundationToolz')
SwiftCompile normal arm64 /Users/admin/builder/spi-builder-workspace/.dependencies/checkouts/FoundationToolz/Code/Foundation+FoundationToolz/URL+WebSocket.swift (in target 'FoundationToolz' from project 'FoundationToolz')
cd /Users/admin/builder/spi-builder-workspace/.swiftpm/xcode
builtin-SwiftPerFileCompile URL+WebSocket.swift
SwiftCompile normal arm64 /Users/admin/builder/spi-builder-workspace/.dependencies/checkouts/FoundationToolz/Code/Foundation+FoundationToolz/UserDefaults+PropertyWrapper.swift (in target 'FoundationToolz' from project 'FoundationToolz')
cd /Users/admin/builder/spi-builder-workspace/.swiftpm/xcode
builtin-SwiftPerFileCompile UserDefaults+PropertyWrapper.swift
SwiftDriverJobDiscovery normal arm64 Compiling AnyAuthor.swift, Connection.swift, Messenger.swift, ObservableCache.swift, ObservableObject+StopObservation.swift (in target 'SwiftObserver' from project 'SwiftObserver')
SwiftCompile normal arm64 Compiling\ Codable+FoundationToolz.swift,\ Data+FoundationToolz.swift,\ Date+FoundationToolz.swift /Users/admin/builder/spi-builder-workspace/.dependencies/checkouts/FoundationToolz/Code/Foundation+FoundationToolz/Codable+FoundationToolz.swift /Users/admin/builder/spi-builder-workspace/.dependencies/checkouts/FoundationToolz/Code/Foundation+FoundationToolz/Data+FoundationToolz.swift /Users/admin/builder/spi-builder-workspace/.dependencies/checkouts/FoundationToolz/Code/Foundation+FoundationToolz/Date+FoundationToolz.swift (in target 'FoundationToolz' from project 'FoundationToolz')
/Users/admin/builder/spi-builder-workspace/.dependencies/checkouts/FoundationToolz/Code/Foundation+FoundationToolz/Codable+FoundationToolz.swift:31:26: error: 'init(filePath:directoryHint:relativeTo:)' is only available in tvOS 16.0 or newer
21 | }
22 |
23 | public extension Encodable
| `- note: add '@available' attribute to enclosing extension
24 | {
25 | @discardableResult
26 | func save(toFilePath filePath: String,
| `- note: add '@available' attribute to enclosing instance method
27 | options: JSONEncoder.OutputFormatting = .prettyPrinted) throws -> URL
28 | {
29 | if #available(iOS 16.0, macOS 13.0, *)
30 | {
31 | try save(to: URL(filePath: filePath))
| |- error: 'init(filePath:directoryHint:relativeTo:)' is only available in tvOS 16.0 or newer
| `- note: add 'if #available' version check
32 | }
33 | else
Failed frontend command:
/Applications/Xcode-27.0.0-Release.Candidate.app/Contents/Developer/Toolchains/XcodeDefault.xctoolchain/usr/bin/swift-frontend -frontend -c /Users/admin/builder/spi-builder-workspace/.dependencies/checkouts/FoundationToolz/Code/ArbitraryLegacyDateHelpers.swift /Users/admin/builder/spi-builder-workspace/.dependencies/checkouts/FoundationToolz/Code/Executable.swift /Users/admin/builder/spi-builder-workspace/.dependencies/checkouts/FoundationToolz/Code/Foundation+FoundationToolz/Bundle+AppInfos.swift -primary-file /Users/admin/builder/spi-builder-workspace/.dependencies/checkouts/FoundationToolz/Code/Foundation+FoundationToolz/Codable+FoundationToolz.swift -primary-file /Users/admin/builder/spi-builder-workspace/.dependencies/checkouts/FoundationToolz/Code/Foundation+FoundationToolz/Data+FoundationToolz.swift -primary-file /Users/admin/builder/spi-builder-workspace/.dependencies/checkouts/FoundationToolz/Code/Foundation+FoundationToolz/Date+FoundationToolz.swift /Users/admin/builder/spi-builder-workspace/.dependencies/checkouts/FoundationToolz/Code/Foundation+FoundationToolz/FileManager+FoundationToolz.swift /Users/admin/builder/spi-builder-workspace/.dependencies/checkouts/FoundationToolz/Code/Foundation+FoundationToolz/NSPredicate+FoundationToolz.swift /Users/admin/builder/spi-builder-workspace/.dependencies/checkouts/FoundationToolz/Code/Foundation+FoundationToolz/Process+RunExecutable.swift /Users/admin/builder/spi-builder-workspace/.dependencies/checkouts/FoundationToolz/Code/Foundation+FoundationToolz/Timer+FoundationToolz.swift /Users/admin/builder/spi-builder-workspace/.dependencies/checkouts/FoundationToolz/Code/Foundation+FoundationToolz/URL+FoundationToolz.swift /Users/admin/builder/spi-builder-workspace/.dependencies/checkouts/FoundationToolz/Code/Foundation+FoundationToolz/URL+HTTPRequests.swift /Users/admin/builder/spi-builder-workspace/.dependencies/checkouts/FoundationToolz/Code/Foundation+FoundationToolz/URL+WebSocket.swift /Users/admin/builder/spi-builder-workspace/.dependencies/checkouts/FoundationToolz/Code/Foundation+FoundationToolz/UserDefaults+PropertyWrapper.swift /Users/admin/builder/spi-builder-workspace/.dependencies/checkouts/FoundationToolz/Code/HTTP.swift /Users/admin/builder/spi-builder-workspace/.dependencies/checkouts/FoundationToolz/Code/Keychain.swift /Users/admin/builder/spi-builder-workspace/.dependencies/checkouts/FoundationToolz/Code/NetworkReachability.swift /Users/admin/builder/spi-builder-workspace/.dependencies/checkouts/FoundationToolz/Code/StopWatch.swift /Users/admin/builder/spi-builder-workspace/.dependencies/checkouts/FoundationToolz/Code/Swift+FoundationToolz/Array+FoundationToolz.swift /Users/admin/builder/spi-builder-workspace/.dependencies/checkouts/FoundationToolz/Code/Swift+FoundationToolz/Dictionary+Foundation.swift /Users/admin/builder/spi-builder-workspace/.dependencies/checkouts/FoundationToolz/Code/Swift+FoundationToolz/Int+FoundationToolz.swift /Users/admin/builder/spi-builder-workspace/.dependencies/checkouts/FoundationToolz/Code/Swift+FoundationToolz/NumericTypes+MeasureTime.swift /Users/admin/builder/spi-builder-workspace/.dependencies/checkouts/FoundationToolz/Code/Swift+FoundationToolz/String+FoundationToolz.swift /Users/admin/builder/spi-builder-workspace/.dependencies/checkouts/FoundationToolz/Code/SwiftyToolz+FoundationToolz/JSON+FoundationToolz.swift -supplementary-output-file-map /Users/admin/builder/spi-builder-workspace/.derivedData/Build/Intermediates.noindex/FoundationToolz.build/Debug-appletvos/FoundationToolz-t.build/Objects-normal/arm64/supplementaryOutputs-15 -target arm64-apple-tvos15.0 -disable-cross-import-overlay-search -swift-module-cross-import Darwin /Applications/Xcode-27.0.0-Release.Candidate.app/Contents/Developer/Platforms/AppleTVOS.platform/Developer/SDKs/AppleTVOS.sdk/usr/include/Darwin.swiftcrossimport/xlocale.swiftoverlay -load-resolved-plugin /Applications/Xcode-27.0.0-Release.Candidate.app/Contents/Developer/Platforms/AppleTVOS.platform/Developer/usr/lib/swift/host/plugins/libFoundationMacros.dylib\#/Applications/Xcode-27.0.0-Release.Candidate.app/Contents/Developer/Platforms/AppleTVOS.platform/Developer/usr/bin/swift-plugin-server\#FoundationMacros -load-resolved-plugin /Applications/Xcode-27.0.0-Release.Candidate.app/Contents/Developer/Platforms/AppleTVOS.platform/Developer/usr/lib/swift/host/plugins/libObservationMacros.dylib\#/Applications/Xcode-27.0.0-Release.Candidate.app/Contents/Developer/Platforms/AppleTVOS.platform/Developer/usr/bin/swift-plugin-server\#ObservationMacros -load-resolved-plugin /Applications/Xcode-27.0.0-Release.Candidate.app/Contents/Developer/Platforms/AppleTVOS.platform/Developer/usr/lib/swift/host/plugins/libSwiftMacros.dylib\#/Applications/Xcode-27.0.0-Release.Candidate.app/Contents/Developer/Platforms/AppleTVOS.platform/Developer/usr/bin/swift-plugin-server\#SwiftMacros -disable-implicit-swift-modules -Xcc -fno-implicit-modules -Xcc -fno-implicit-module-maps -explicit-swift-module-map-file /Users/admin/builder/spi-builder-workspace/.derivedData/Build/Intermediates.noindex/FoundationToolz.build/Debug-appletvos/FoundationToolz-t.build/Objects-normal/arm64/FoundationToolz-dependencies-1.json -Xllvm -aarch64-use-tbi -enable-objc-interop -stack-check -sdk /Applications/Xcode-27.0.0-Release.Candidate.app/Contents/Developer/Platforms/AppleTVOS.platform/Developer/SDKs/AppleTVOS27.0.sdk -I /Users/admin/builder/spi-builder-workspace/.derivedData/Build/Products/Debug-appletvos -Isystem /Applications/Xcode-27.0.0-Release.Candidate.app/Contents/Developer/Platforms/AppleTVOS.platform/Developer/usr/lib -F /Users/admin/builder/spi-builder-workspace/.derivedData/Build/Products/Debug-appletvos/PackageFrameworks -F /Users/admin/builder/spi-builder-workspace/.derivedData/Build/Products/Debug-appletvos -F /Applications/Xcode-27.0.0-Release.Candidate.app/Contents/Developer/Platforms/AppleTVOS.platform/Developer/Library/Frameworks -F /Applications/Xcode-27.0.0-Release.Candidate.app/Contents/Developer/Platforms/AppleTVOS.platform/Developer/SDKs/AppleTVOS27.0.sdk/Developer/Library/Frameworks -module-cache-path /Users/admin/builder/spi-builder-workspace/.derivedData/Build/Intermediates.noindex/SwiftExplicitPrecompiledModules -no-color-diagnostics -Xcc -fno-color-diagnostics -enable-testing -g -debug-info-format\=dwarf -dwarf-version\=4 -suppress-warnings -profile-generate -profile-coverage-mapping -swift-version 6 -Onone -D SWIFT_PACKAGE -D DEBUG -D SWIFT_MODULE_RESOURCE_BUNDLE_UNAVAILABLE -D Xcode -serialize-debugging-options -enable-experimental-feature DebugDescriptionMacro -empty-abi-descriptor -user-module-version 0.5.10 -validate-clang-modules-once -clang-build-session-file /Users/admin/builder/spi-builder-workspace/.derivedData/ModuleCache.noindex/Session.modulevalidation -Xcc -working-directory -Xcc /Users/admin/builder/spi-builder-workspace/.swiftpm/xcode -enable-anonymous-context-mangled-names -file-compilation-dir /Users/admin/builder/spi-builder-workspace/.swiftpm/xcode -Xcc -D_LIBCPP_HARDENING_MODE\=_LIBCPP_HARDENING_MODE_DEBUG -Xcc -ivfsstatcache -Xcc /Users/admin/builder/spi-builder-workspace/.derivedData/SDKStatCaches.noindex/appletvos27.0-24J360-e829b21a6f8c9b70876ba0858053c044b32bfd8d43560033f8d89884cdb90028.sdkstatcache -Xcc -fmodules-prune-interval\=86400 -Xcc -fmodules-prune-after\=345600 -Xcc -I/Users/admin/builder/spi-builder-workspace/.derivedData/Build/Products/Debug-appletvos/include -Xcc -I/Users/admin/builder/spi-builder-workspace/.derivedData/Build/Intermediates.noindex/FoundationToolz.build/Debug-appletvos/FoundationToolz-t.build/DerivedSources-normal/arm64 -Xcc -I/Users/admin/builder/spi-builder-workspace/.derivedData/Build/Intermediates.noindex/FoundationToolz.build/Debug-appletvos/FoundationToolz-t.build/DerivedSources/arm64 -Xcc -I/Users/admin/builder/spi-builder-workspace/.derivedData/Build/Intermediates.noindex/FoundationToolz.build/Debug-appletvos/FoundationToolz-t.build/DerivedSources -Xcc -DSWIFT_PACKAGE -Xcc -DDEBUG\=1 -no-auto-bridging-header-chaining -module-name FoundationToolz -package-name foundationtoolz -const-gather-protocols-file /Users/admin/builder/spi-builder-workspace/.derivedData/Build/Intermediates.noindex/FoundationToolz.build/Debug-appletvos/FoundationToolz-t.build/Objects-normal/arm64/FoundationToolz_const_extract_protocols.json -disable-clang-spi -clang-target arm64-apple-tvos27.0 -target-sdk-version 27.0 -target-sdk-name appletvos27.0 -in-process-plugin-server-path /Applications/Xcode-27.0.0-Release.Candidate.app/Contents/Developer/Toolchains/XcodeDefault.xctoolchain/usr/lib/swift/host/libSwiftInProcPluginServer.dylib -parse-as-library -o /Users/admin/builder/spi-builder-workspace/.derivedData/Build/Intermediates.noindex/FoundationToolz.build/Debug-appletvos/FoundationToolz-t.build/Objects-normal/arm64/Codable+FoundationToolz.o -o /Users/admin/builder/spi-builder-workspace/.derivedData/Build/Intermediates.noindex/FoundationToolz.build/Debug-appletvos/FoundationToolz-t.build/Objects-normal/arm64/Data+FoundationToolz.o -o /Users/admin/builder/spi-builder-workspace/.derivedData/Build/Intermediates.noindex/FoundationToolz.build/Debug-appletvos/FoundationToolz-t.build/Objects-normal/arm64/Date+FoundationToolz.o -debug-module-path /Users/admin/builder/spi-builder-workspace/.derivedData/Build/Intermediates.noindex/FoundationToolz.build/Debug-appletvos/FoundationToolz-t.build/Objects-normal/arm64/FoundationToolz.swiftmodule -index-unit-output-path /FoundationToolz.build/Debug-appletvos/FoundationToolz-t.build/Objects-normal/arm64/Codable+FoundationToolz.o -index-unit-output-path /FoundationToolz.build/Debug-appletvos/FoundationToolz-t.build/Objects-normal/arm64/Data+FoundationToolz.o -index-unit-output-path /FoundationToolz.build/Debug-appletvos/FoundationToolz-t.build/Objects-normal/arm64/Date+FoundationToolz.o -index-store-path /Users/admin/builder/spi-builder-workspace/.derivedData/Index.noindex/DataStore -index-system-modules
SwiftCompile normal arm64 /Users/admin/builder/spi-builder-workspace/.dependencies/checkouts/FoundationToolz/Code/Foundation+FoundationToolz/Codable+FoundationToolz.swift (in target 'FoundationToolz' from project 'FoundationToolz')
cd /Users/admin/builder/spi-builder-workspace/.swiftpm/xcode
builtin-SwiftPerFileCompile Codable+FoundationToolz.swift
SwiftCompile normal arm64 /Users/admin/builder/spi-builder-workspace/.dependencies/checkouts/FoundationToolz/Code/Foundation+FoundationToolz/Data+FoundationToolz.swift (in target 'FoundationToolz' from project 'FoundationToolz')
cd /Users/admin/builder/spi-builder-workspace/.swiftpm/xcode
builtin-SwiftPerFileCompile Data+FoundationToolz.swift
SwiftCompile normal arm64 /Users/admin/builder/spi-builder-workspace/.dependencies/checkouts/FoundationToolz/Code/Foundation+FoundationToolz/Date+FoundationToolz.swift (in target 'FoundationToolz' from project 'FoundationToolz')
cd /Users/admin/builder/spi-builder-workspace/.swiftpm/xcode
builtin-SwiftPerFileCompile Date+FoundationToolz.swift
SwiftDriverJobDiscovery normal arm64 Compiling Mapper+Cache.swift, Mapper.swift, ObservableObject+Cache.swift, ObservableObject+Filter.swift, ObservableObject+FilterAuthor.swift (in target 'SwiftObserver' from project 'SwiftObserver')
SwiftDriver\ Compilation SwiftObserver normal arm64 com.apple.xcode.tools.swift.compiler (in target 'SwiftObserver' from project 'SwiftObserver')
cd /Users/admin/builder/spi-builder-workspace/.swiftpm/xcode
builtin-Swift-Compilation -- /Applications/Xcode-27.0.0-Release.Candidate.app/Contents/Developer/Toolchains/XcodeDefault.xctoolchain/usr/bin/swiftc -parse-as-library -module-name SwiftObserver -Onone @/Users/admin/builder/spi-builder-workspace/.derivedData/Build/Intermediates.noindex/SwiftObserver.build/Debug-appletvos/SwiftObserver-t.build/Objects-normal/arm64/SwiftObserver.SwiftFileList -DSWIFT_PACKAGE -DDEBUG -DSWIFT_MODULE_RESOURCE_BUNDLE_UNAVAILABLE -DXcode -plugin-path /Applications/Xcode-27.0.0-Release.Candidate.app/Contents/Developer/Toolchains/XcodeDefault.xctoolchain/usr/lib/swift/host/plugins/testing -enable-experimental-feature DebugDescriptionMacro -sdk /Applications/Xcode-27.0.0-Release.Candidate.app/Contents/Developer/Platforms/AppleTVOS.platform/Developer/SDKs/AppleTVOS27.0.sdk -target arm64-apple-tvos15.0 -g -module-cache-path /Users/admin/builder/spi-builder-workspace/.derivedData/ModuleCache.noindex -Xfrontend -serialize-debugging-options -profile-coverage-mapping -profile-generate -enable-testing -suppress-warnings -index-store-path /Users/admin/builder/spi-builder-workspace/.derivedData/Index.noindex/DataStore -Xcc -D_LIBCPP_HARDENING_MODE\=_LIBCPP_HARDENING_MODE_DEBUG -swift-version 5 -I /Users/admin/builder/spi-builder-workspace/.derivedData/Build/Products/Debug-appletvos -Isystem /Applications/Xcode-27.0.0-Release.Candidate.app/Contents/Developer/Platforms/AppleTVOS.platform/Developer/usr/lib -F /Users/admin/builder/spi-builder-workspace/.derivedData/Build/Products/Debug-appletvos/PackageFrameworks -F /Users/admin/builder/spi-builder-workspace/.derivedData/Build/Products/Debug-appletvos -F /Applications/Xcode-27.0.0-Release.Candidate.app/Contents/Developer/Platforms/AppleTVOS.platform/Developer/Library/Frameworks -F /Applications/Xcode-27.0.0-Release.Candidate.app/Contents/Developer/Platforms/AppleTVOS.platform/Developer/SDKs/AppleTVOS27.0.sdk/Developer/Library/Frameworks -c -j10 -enable-batch-mode -incremental -Xcc -ivfsstatcache -Xcc /Users/admin/builder/spi-builder-workspace/.derivedData/SDKStatCaches.noindex/appletvos27.0-24J360-e829b21a6f8c9b70876ba0858053c044b32bfd8d43560033f8d89884cdb90028.sdkstatcache -output-file-map /Users/admin/builder/spi-builder-workspace/.derivedData/Build/Intermediates.noindex/SwiftObserver.build/Debug-appletvos/SwiftObserver-t.build/Objects-normal/arm64/SwiftObserver-OutputFileMap.json -save-temps -no-color-diagnostics -explicit-module-build -module-cache-path /Users/admin/builder/spi-builder-workspace/.derivedData/Build/Intermediates.noindex/SwiftExplicitPrecompiledModules -clang-scanner-module-cache-path /Users/admin/builder/spi-builder-workspace/.derivedData/ModuleCache.noindex -sdk-module-cache-path /Users/admin/builder/spi-builder-workspace/.derivedData/SDKExplicitPrecompiledModules -emit-dependencies -emit-module -emit-module-path /Users/admin/builder/spi-builder-workspace/.derivedData/Build/Intermediates.noindex/SwiftObserver.build/Debug-appletvos/SwiftObserver-t.build/Objects-normal/arm64/SwiftObserver.swiftmodule -serialize-diagnostics -dependency-scan-serialize-diagnostics-path /Users/admin/builder/spi-builder-workspace/.derivedData/Build/Intermediates.noindex/SwiftObserver.build/Debug-appletvos/SwiftObserver-t.build/Objects-normal/arm64/SwiftObserver-dependency-scan.dia -validate-clang-modules-once -clang-build-session-file /Users/admin/builder/spi-builder-workspace/.derivedData/ModuleCache.noindex/Session.modulevalidation -Xcc -fmodules-prune-interval\=86400 -Xcc -fmodules-prune-after\=345600 -emit-const-values -const-gather-protocols-list /Users/admin/builder/spi-builder-workspace/.derivedData/Build/Intermediates.noindex/SwiftObserver.build/Debug-appletvos/SwiftObserver-t.build/Objects-normal/arm64/SwiftObserver_const_extract_protocols.json -Xcc -I/Users/admin/builder/spi-builder-workspace/.derivedData/Build/Products/Debug-appletvos/include -Xcc -I/Users/admin/builder/spi-builder-workspace/.derivedData/Build/Intermediates.noindex/SwiftObserver.build/Debug-appletvos/SwiftObserver-t.build/DerivedSources-normal/arm64 -Xcc -I/Users/admin/builder/spi-builder-workspace/.derivedData/Build/Intermediates.noindex/SwiftObserver.build/Debug-appletvos/SwiftObserver-t.build/DerivedSources/arm64 -Xcc -I/Users/admin/builder/spi-builder-workspace/.derivedData/Build/Intermediates.noindex/SwiftObserver.build/Debug-appletvos/SwiftObserver-t.build/DerivedSources -Xcc -DSWIFT_PACKAGE -Xcc -DDEBUG\=1 -emit-objc-header -emit-objc-header-path /Users/admin/builder/spi-builder-workspace/.derivedData/Build/Intermediates.noindex/SwiftObserver.build/Debug-appletvos/SwiftObserver-t.build/Objects-normal/arm64/SwiftObserver-Swift.h -working-directory /Users/admin/builder/spi-builder-workspace/.swiftpm/xcode -experimental-emit-module-separately -disable-cmo
SwiftDriverJobDiscovery normal arm64 Emitting module for FoundationToolz (in target 'FoundationToolz' from project 'FoundationToolz')
SwiftDriver\ Compilation\ Requirements FoundationToolz normal arm64 com.apple.xcode.tools.swift.compiler (in target 'FoundationToolz' from project 'FoundationToolz')
cd /Users/admin/builder/spi-builder-workspace/.swiftpm/xcode
builtin-Swift-Compilation-Requirements -- /Applications/Xcode-27.0.0-Release.Candidate.app/Contents/Developer/Toolchains/XcodeDefault.xctoolchain/usr/bin/swiftc -parse-as-library -module-name FoundationToolz -Onone @/Users/admin/builder/spi-builder-workspace/.derivedData/Build/Intermediates.noindex/FoundationToolz.build/Debug-appletvos/FoundationToolz-t.build/Objects-normal/arm64/FoundationToolz.SwiftFileList -DSWIFT_PACKAGE -DDEBUG -DSWIFT_MODULE_RESOURCE_BUNDLE_UNAVAILABLE -DXcode -plugin-path /Applications/Xcode-27.0.0-Release.Candidate.app/Contents/Developer/Toolchains/XcodeDefault.xctoolchain/usr/lib/swift/host/plugins/testing -enable-experimental-feature DebugDescriptionMacro -sdk /Applications/Xcode-27.0.0-Release.Candidate.app/Contents/Developer/Platforms/AppleTVOS.platform/Developer/SDKs/AppleTVOS27.0.sdk -target arm64-apple-tvos15.0 -g -module-cache-path /Users/admin/builder/spi-builder-workspace/.derivedData/ModuleCache.noindex -Xfrontend -serialize-debugging-options -profile-coverage-mapping -profile-generate -enable-testing -suppress-warnings -index-store-path /Users/admin/builder/spi-builder-workspace/.derivedData/Index.noindex/DataStore -Xcc -D_LIBCPP_HARDENING_MODE\=_LIBCPP_HARDENING_MODE_DEBUG -swift-version 6 -I /Users/admin/builder/spi-builder-workspace/.derivedData/Build/Products/Debug-appletvos -Isystem /Applications/Xcode-27.0.0-Release.Candidate.app/Contents/Developer/Platforms/AppleTVOS.platform/Developer/usr/lib -F /Users/admin/builder/spi-builder-workspace/.derivedData/Build/Products/Debug-appletvos/PackageFrameworks -F /Users/admin/builder/spi-builder-workspace/.derivedData/Build/Products/Debug-appletvos -F /Applications/Xcode-27.0.0-Release.Candidate.app/Contents/Developer/Platforms/AppleTVOS.platform/Developer/Library/Frameworks -F /Applications/Xcode-27.0.0-Release.Candidate.app/Contents/Developer/Platforms/AppleTVOS.platform/Developer/SDKs/AppleTVOS27.0.sdk/Developer/Library/Frameworks -c -j10 -enable-batch-mode -incremental -Xcc -ivfsstatcache -Xcc /Users/admin/builder/spi-builder-workspace/.derivedData/SDKStatCaches.noindex/appletvos27.0-24J360-e829b21a6f8c9b70876ba0858053c044b32bfd8d43560033f8d89884cdb90028.sdkstatcache -output-file-map /Users/admin/builder/spi-builder-workspace/.derivedData/Build/Intermediates.noindex/FoundationToolz.build/Debug-appletvos/FoundationToolz-t.build/Objects-normal/arm64/FoundationToolz-OutputFileMap.json -save-temps -no-color-diagnostics -explicit-module-build -module-cache-path /Users/admin/builder/spi-builder-workspace/.derivedData/Build/Intermediates.noindex/SwiftExplicitPrecompiledModules -clang-scanner-module-cache-path /Users/admin/builder/spi-builder-workspace/.derivedData/ModuleCache.noindex -sdk-module-cache-path /Users/admin/builder/spi-builder-workspace/.derivedData/SDKExplicitPrecompiledModules -emit-dependencies -emit-module -emit-module-path /Users/admin/builder/spi-builder-workspace/.derivedData/Build/Intermediates.noindex/FoundationToolz.build/Debug-appletvos/FoundationToolz-t.build/Objects-normal/arm64/FoundationToolz.swiftmodule -serialize-diagnostics -dependency-scan-serialize-diagnostics-path /Users/admin/builder/spi-builder-workspace/.derivedData/Build/Intermediates.noindex/FoundationToolz.build/Debug-appletvos/FoundationToolz-t.build/Objects-normal/arm64/FoundationToolz-dependency-scan.dia -user-module-version 0.5.10 -validate-clang-modules-once -clang-build-session-file /Users/admin/builder/spi-builder-workspace/.derivedData/ModuleCache.noindex/Session.modulevalidation -Xcc -fmodules-prune-interval\=86400 -Xcc -fmodules-prune-after\=345600 -package-name foundationtoolz -emit-const-values -const-gather-protocols-list /Users/admin/builder/spi-builder-workspace/.derivedData/Build/Intermediates.noindex/FoundationToolz.build/Debug-appletvos/FoundationToolz-t.build/Objects-normal/arm64/FoundationToolz_const_extract_protocols.json -Xcc -I/Users/admin/builder/spi-builder-workspace/.derivedData/Build/Products/Debug-appletvos/include -Xcc -I/Users/admin/builder/spi-builder-workspace/.derivedData/Build/Intermediates.noindex/FoundationToolz.build/Debug-appletvos/FoundationToolz-t.build/DerivedSources-normal/arm64 -Xcc -I/Users/admin/builder/spi-builder-workspace/.derivedData/Build/Intermediates.noindex/FoundationToolz.build/Debug-appletvos/FoundationToolz-t.build/DerivedSources/arm64 -Xcc -I/Users/admin/builder/spi-builder-workspace/.derivedData/Build/Intermediates.noindex/FoundationToolz.build/Debug-appletvos/FoundationToolz-t.build/DerivedSources -Xcc -DSWIFT_PACKAGE -Xcc -DDEBUG\=1 -emit-objc-header -emit-objc-header-path /Users/admin/builder/spi-builder-workspace/.derivedData/Build/Intermediates.noindex/FoundationToolz.build/Debug-appletvos/FoundationToolz-t.build/Objects-normal/arm64/FoundationToolz-Swift.h -working-directory /Users/admin/builder/spi-builder-workspace/.swiftpm/xcode -experimental-emit-module-separately -disable-cmo
Ld /Users/admin/builder/spi-builder-workspace/.derivedData/Build/Products/Debug-appletvos/SwiftObserver.o normal (in target 'SwiftObserver' from project 'SwiftObserver')
cd /Users/admin/builder/spi-builder-workspace/.dependencies/checkouts/SwiftObserver
/Applications/Xcode-27.0.0-Release.Candidate.app/Contents/Developer/Toolchains/XcodeDefault.xctoolchain/usr/bin/clang -Xlinker -reproducible -target arm64-apple-tvos15.0 -r -isysroot /Applications/Xcode-27.0.0-Release.Candidate.app/Contents/Developer/Platforms/AppleTVOS.platform/Developer/SDKs/AppleTVOS27.0.sdk -O0 -w -Xlinker -no_warn_duplicate_libraries -F/Users/admin/builder/spi-builder-workspace/.derivedData/Build/Intermediates.noindex/EagerLinkingTBDs/Debug-appletvos -F/Users/admin/builder/spi-builder-workspace/.derivedData/Build/Products/Debug-appletvos/PackageFrameworks -F/Users/admin/builder/spi-builder-workspace/.derivedData/Build/Products/Debug-appletvos -iframework /Applications/Xcode-27.0.0-Release.Candidate.app/Contents/Developer/Platforms/AppleTVOS.platform/Developer/Library/Frameworks -iframework /Applications/Xcode-27.0.0-Release.Candidate.app/Contents/Developer/Platforms/AppleTVOS.platform/Developer/SDKs/AppleTVOS27.0.sdk/Developer/Library/Frameworks -filelist /Users/admin/builder/spi-builder-workspace/.derivedData/Build/Intermediates.noindex/SwiftObserver.build/Debug-appletvos/SwiftObserver-t.build/Objects-normal/arm64/SwiftObserver.LinkFileList -nostdlib -Xlinker -object_path_lto -Xlinker /Users/admin/builder/spi-builder-workspace/.derivedData/Build/Intermediates.noindex/SwiftObserver.build/Debug-appletvos/SwiftObserver-t.build/Objects-normal/arm64/SwiftObserver_lto.o -Xlinker -no_deduplicate -Xlinker -debug_variant -Xlinker -dependency_info -Xlinker /Users/admin/builder/spi-builder-workspace/.derivedData/Build/Intermediates.noindex/SwiftObserver.build/Debug-appletvos/SwiftObserver-t.build/Objects-normal/arm64/SwiftObserver_dependency_info.dat -fobjc-link-runtime -L/Applications/Xcode-27.0.0-Release.Candidate.app/Contents/Developer/Toolchains/XcodeDefault.xctoolchain/usr/lib/swift/appletvos -L/usr/lib/swift -Xlinker -add_ast_path -Xlinker /Users/admin/builder/spi-builder-workspace/.derivedData/Build/Intermediates.noindex/SwiftObserver.build/Debug-appletvos/SwiftObserver-t.build/Objects-normal/arm64/SwiftObserver.swiftmodule -o /Users/admin/builder/spi-builder-workspace/.derivedData/Build/Products/Debug-appletvos/SwiftObserver.o
SwiftMergeGeneratedHeaders /Users/admin/builder/spi-builder-workspace/.derivedData/Build/Intermediates.noindex/GeneratedModuleMaps-appletvos/FoundationToolz-Swift.h /Users/admin/builder/spi-builder-workspace/.derivedData/Build/Intermediates.noindex/FoundationToolz.build/Debug-appletvos/FoundationToolz-t.build/Objects-normal/arm64/FoundationToolz-Swift.h (in target 'FoundationToolz' from project 'FoundationToolz')
cd /Users/admin/builder/spi-builder-workspace/.dependencies/checkouts/FoundationToolz
builtin-swiftHeaderTool -arch arm64 /Users/admin/builder/spi-builder-workspace/.derivedData/Build/Intermediates.noindex/FoundationToolz.build/Debug-appletvos/FoundationToolz-t.build/Objects-normal/arm64/FoundationToolz-Swift.h -o /Users/admin/builder/spi-builder-workspace/.derivedData/Build/Intermediates.noindex/GeneratedModuleMaps-appletvos/FoundationToolz-Swift.h
Copy /Users/admin/builder/spi-builder-workspace/.derivedData/Build/Products/Debug-appletvos/FoundationToolz.swiftmodule/arm64-apple-tvos.swiftmodule /Users/admin/builder/spi-builder-workspace/.derivedData/Build/Intermediates.noindex/FoundationToolz.build/Debug-appletvos/FoundationToolz-t.build/Objects-normal/arm64/FoundationToolz.swiftmodule (in target 'FoundationToolz' from project 'FoundationToolz')
cd /Users/admin/builder/spi-builder-workspace/.dependencies/checkouts/FoundationToolz
builtin-copy -exclude .DS_Store -exclude CVS -exclude .svn -exclude .git -exclude .hg -resolve-src-symlinks -rename /Users/admin/builder/spi-builder-workspace/.derivedData/Build/Intermediates.noindex/FoundationToolz.build/Debug-appletvos/FoundationToolz-t.build/Objects-normal/arm64/FoundationToolz.swiftmodule /Users/admin/builder/spi-builder-workspace/.derivedData/Build/Products/Debug-appletvos/FoundationToolz.swiftmodule/arm64-apple-tvos.swiftmodule
Copy /Users/admin/builder/spi-builder-workspace/.derivedData/Build/Products/Debug-appletvos/FoundationToolz.swiftmodule/arm64-apple-tvos.swiftdoc /Users/admin/builder/spi-builder-workspace/.derivedData/Build/Intermediates.noindex/FoundationToolz.build/Debug-appletvos/FoundationToolz-t.build/Objects-normal/arm64/FoundationToolz.swiftdoc (in target 'FoundationToolz' from project 'FoundationToolz')
cd /Users/admin/builder/spi-builder-workspace/.dependencies/checkouts/FoundationToolz
builtin-copy -exclude .DS_Store -exclude CVS -exclude .svn -exclude .git -exclude .hg -resolve-src-symlinks -rename /Users/admin/builder/spi-builder-workspace/.derivedData/Build/Intermediates.noindex/FoundationToolz.build/Debug-appletvos/FoundationToolz-t.build/Objects-normal/arm64/FoundationToolz.swiftdoc /Users/admin/builder/spi-builder-workspace/.derivedData/Build/Products/Debug-appletvos/FoundationToolz.swiftmodule/arm64-apple-tvos.swiftdoc
Copy /Users/admin/builder/spi-builder-workspace/.derivedData/Build/Products/Debug-appletvos/FoundationToolz.swiftmodule/arm64-apple-tvos.abi.json /Users/admin/builder/spi-builder-workspace/.derivedData/Build/Intermediates.noindex/FoundationToolz.build/Debug-appletvos/FoundationToolz-t.build/Objects-normal/arm64/FoundationToolz.abi.json (in target 'FoundationToolz' from project 'FoundationToolz')
cd /Users/admin/builder/spi-builder-workspace/.dependencies/checkouts/FoundationToolz
builtin-copy -exclude .DS_Store -exclude CVS -exclude .svn -exclude .git -exclude .hg -resolve-src-symlinks -rename /Users/admin/builder/spi-builder-workspace/.derivedData/Build/Intermediates.noindex/FoundationToolz.build/Debug-appletvos/FoundationToolz-t.build/Objects-normal/arm64/FoundationToolz.abi.json /Users/admin/builder/spi-builder-workspace/.derivedData/Build/Products/Debug-appletvos/FoundationToolz.swiftmodule/arm64-apple-tvos.abi.json
Copy /Users/admin/builder/spi-builder-workspace/.derivedData/Build/Products/Debug-appletvos/FoundationToolz.swiftmodule/Project/arm64-apple-tvos.swiftsourceinfo /Users/admin/builder/spi-builder-workspace/.derivedData/Build/Intermediates.noindex/FoundationToolz.build/Debug-appletvos/FoundationToolz-t.build/Objects-normal/arm64/FoundationToolz.swiftsourceinfo (in target 'FoundationToolz' from project 'FoundationToolz')
cd /Users/admin/builder/spi-builder-workspace/.dependencies/checkouts/FoundationToolz
builtin-copy -exclude .DS_Store -exclude CVS -exclude .svn -exclude .git -exclude .hg -resolve-src-symlinks -rename /Users/admin/builder/spi-builder-workspace/.derivedData/Build/Intermediates.noindex/FoundationToolz.build/Debug-appletvos/FoundationToolz-t.build/Objects-normal/arm64/FoundationToolz.swiftsourceinfo /Users/admin/builder/spi-builder-workspace/.derivedData/Build/Products/Debug-appletvos/FoundationToolz.swiftmodule/Project/arm64-apple-tvos.swiftsourceinfo
SwiftCompile normal arm64 Compiling\ ArbitraryLegacyDateHelpers.swift,\ Executable.swift,\ Bundle+AppInfos.swift /Users/admin/builder/spi-builder-workspace/.dependencies/checkouts/FoundationToolz/Code/ArbitraryLegacyDateHelpers.swift /Users/admin/builder/spi-builder-workspace/.dependencies/checkouts/FoundationToolz/Code/Executable.swift /Users/admin/builder/spi-builder-workspace/.dependencies/checkouts/FoundationToolz/Code/Foundation+FoundationToolz/Bundle+AppInfos.swift (in target 'FoundationToolz' from project 'FoundationToolz')
SwiftCompile normal arm64 /Users/admin/builder/spi-builder-workspace/.dependencies/checkouts/FoundationToolz/Code/ArbitraryLegacyDateHelpers.swift (in target 'FoundationToolz' from project 'FoundationToolz')
cd /Users/admin/builder/spi-builder-workspace/.swiftpm/xcode
builtin-SwiftPerFileCompile ArbitraryLegacyDateHelpers.swift
SwiftCompile normal arm64 /Users/admin/builder/spi-builder-workspace/.dependencies/checkouts/FoundationToolz/Code/Executable.swift (in target 'FoundationToolz' from project 'FoundationToolz')
cd /Users/admin/builder/spi-builder-workspace/.swiftpm/xcode
builtin-SwiftPerFileCompile Executable.swift
SwiftCompile normal arm64 /Users/admin/builder/spi-builder-workspace/.dependencies/checkouts/FoundationToolz/Code/Foundation+FoundationToolz/Bundle+AppInfos.swift (in target 'FoundationToolz' from project 'FoundationToolz')
cd /Users/admin/builder/spi-builder-workspace/.swiftpm/xcode
builtin-SwiftPerFileCompile Bundle+AppInfos.swift
SwiftDriverJobDiscovery normal arm64 Compiling URL+WebSocket.swift, UserDefaults+PropertyWrapper.swift (in target 'FoundationToolz' from project 'FoundationToolz')
PruneExplicitPrecompiledModules /Users/admin/builder/spi-builder-workspace/.derivedData/SDKExplicitPrecompiledModules
PruneExplicitPrecompiledModules /Users/admin/builder/spi-builder-workspace/.derivedData/Build/Intermediates.noindex/ExplicitPrecompiledModules
PruneExplicitPrecompiledModules /Users/admin/builder/spi-builder-workspace/.derivedData/Build/Intermediates.noindex/SwiftExplicitPrecompiledModules
2026-09-26 07:07:26.872 xcodebuild[797:4860] [MT] IDERunDestination: Supported platforms for the buildables in the current scheme is empty.
** BUILD FAILED **
The following build commands failed:
SwiftCompile normal arm64 Compiling\ Codable+FoundationToolz.swift,\ Data+FoundationToolz.swift,\ Date+FoundationToolz.swift /Users/admin/builder/spi-builder-workspace/.dependencies/checkouts/FoundationToolz/Code/Foundation+FoundationToolz/Codable+FoundationToolz.swift /Users/admin/builder/spi-builder-workspace/.dependencies/checkouts/FoundationToolz/Code/Foundation+FoundationToolz/Data+FoundationToolz.swift /Users/admin/builder/spi-builder-workspace/.dependencies/checkouts/FoundationToolz/Code/Foundation+FoundationToolz/Date+FoundationToolz.swift (in target 'FoundationToolz' from project 'FoundationToolz')
SwiftCompile normal arm64 /Users/admin/builder/spi-builder-workspace/.dependencies/checkouts/FoundationToolz/Code/Foundation+FoundationToolz/Codable+FoundationToolz.swift (in target 'FoundationToolz' from project 'FoundationToolz')
Building workspace LSPServiceKit with scheme LSPServiceKit
(3 failures)
Command line invocation:
/Applications/Xcode-27.0.0-Release.Candidate.app/Contents/Developer/usr/bin/xcodebuild -IDEClonedSourcePackagesDirPathOverride=/Users/admin/builder/spi-builder-workspace/.dependencies -resolvePackageDependencies
Resolve Package Graph
Resolved source packages:
SwiftLSP: https://github.com/nohype-ai/SwiftLSP.git @ 0.4.1
LSPServiceKit: /Users/admin/builder/spi-builder-workspace
SwiftyToolz: https://github.com/nohype-ai/SwiftyToolz.git @ 0.5.8
FoundationToolz: https://github.com/nohype-ai/FoundationToolz.git @ 0.5.10
SwiftObserver: https://github.com/nohype-ai/SwiftObserver.git @ 8.0.3
resolved source packages: SwiftLSP, LSPServiceKit, SwiftyToolz, FoundationToolz, SwiftObserver
2026-09-26 07:07:34.107 xcodebuild[936:5556] [MT] IDERunDestination: Supported platforms for the buildables in the current scheme is empty.
{
"dependencies" : [
{
"identity" : "swiftlsp",
"requirement" : {
"exact" : [
"0.4.1"
]
},
"type" : "sourceControl",
"url" : "https://github.com/nohype-ai/SwiftLSP.git"
},
{
"identity" : "foundationtoolz",
"requirement" : {
"exact" : [
"0.5.10"
]
},
"type" : "sourceControl",
"url" : "https://github.com/nohype-ai/FoundationToolz.git"
},
{
"identity" : "swiftobserver",
"requirement" : {
"exact" : [
"8.0.3"
]
},
"type" : "sourceControl",
"url" : "https://github.com/nohype-ai/SwiftObserver.git"
},
{
"identity" : "swiftytoolz",
"requirement" : {
"exact" : [
"0.5.8"
]
},
"type" : "sourceControl",
"url" : "https://github.com/nohype-ai/SwiftyToolz.git"
}
],
"manifest_display_name" : "LSPServiceKit",
"name" : "LSPServiceKit",
"path" : "/Users/admin/builder/spi-builder-workspace",
"platforms" : [
{
"name" : "ios",
"version" : "11.0"
},
{
"name" : "tvos",
"version" : "11.0"
},
{
"name" : "macos",
"version" : "12.0"
}
],
"products" : [
{
"name" : "LSPServiceKit",
"targets" : [
"LSPServiceKit"
],
"type" : {
"library" : [
"automatic"
]
}
}
],
"targets" : [
{
"c99name" : "LSPServiceKitTests",
"module_type" : "SwiftTarget",
"name" : "LSPServiceKitTests",
"path" : "Tests",
"product_dependencies" : [
"SwiftLSP"
],
"sources" : [
"LSPServiceKitTests.swift"
],
"target_dependencies" : [
"LSPServiceKit"
],
"type" : "test"
},
{
"c99name" : "LSPServiceKit",
"module_type" : "SwiftTarget",
"name" : "LSPServiceKit",
"path" : "Code",
"product_dependencies" : [
"SwiftLSP",
"FoundationToolz",
"SwiftObserver",
"SwiftyToolz"
],
"product_memberships" : [
"LSPServiceKit"
],
"sources" : [
"LSP.ServerManager.swift",
"LSPService+LSP.ServerCommunicationHandler.swift",
"LSPService+LSP.WebSocketConnection.swift",
"LSPService.swift"
],
"type" : "library"
}
],
"tools_version" : "5.6"
}
{
"workspace" : {
"name" : "LSPServiceKit",
"schemes" : [
"LSPServiceKit"
]
}
}
2026-09-26 07:07:35.369 xcodebuild[944:5624] [MT] IDERunDestination: Supported platforms for the buildables in the current scheme is empty.
Running build ...
env DEVELOPER_DIR=/Applications/Xcode-27.0.0-Release.Candidate.app xcrun xcodebuild -IDEClonedSourcePackagesDirPathOverride=$PWD/.dependencies -skipMacroValidation -skipPackagePluginValidation -derivedDataPath $PWD/.derivedData build -scheme LSPServiceKit -destination generic/platform=tvOS
Command line invocation:
/Applications/Xcode-27.0.0-Release.Candidate.app/Contents/Developer/usr/bin/xcodebuild -IDEClonedSourcePackagesDirPathOverride=/Users/admin/builder/spi-builder-workspace/.dependencies -skipMacroValidation -skipPackagePluginValidation -derivedDataPath /Users/admin/builder/spi-builder-workspace/.derivedData build -scheme LSPServiceKit -destination generic/platform=tvOS
Resolve Package Graph
Resolved source packages:
FoundationToolz: https://github.com/nohype-ai/FoundationToolz.git @ 0.5.10
SwiftObserver: https://github.com/nohype-ai/SwiftObserver.git @ 8.0.3
SwiftyToolz: https://github.com/nohype-ai/SwiftyToolz.git @ 0.5.8
SwiftLSP: https://github.com/nohype-ai/SwiftLSP.git @ 0.4.1
LSPServiceKit: /Users/admin/builder/spi-builder-workspace
ComputePackagePrebuildTargetDependencyGraph
Prepare packages
CreateBuildRequest
SendProjectDescription
CreateBuildOperation
ComputeTargetDependencyGraph
note: Building targets in dependency order
note: Target dependency graph (10 targets)
Target 'LSPServiceKit-product' in project 'LSPServiceKit'
➜ Explicit dependency on target 'LSPServiceKit' in project 'LSPServiceKit'
➜ Explicit dependency on target 'SwiftLSP-product' in project 'SwiftLSP'
➜ Explicit dependency on target 'FoundationToolz-product' in project 'FoundationToolz'
➜ Explicit dependency on target 'SwiftObserver-product' in project 'SwiftObserver'
➜ Explicit dependency on target 'SwiftyToolz-product' in project 'SwiftyToolz'
Target 'LSPServiceKit' in project 'LSPServiceKit'
➜ Explicit dependency on target 'SwiftLSP-product' in project 'SwiftLSP'
➜ Explicit dependency on target 'FoundationToolz-product' in project 'FoundationToolz'
➜ Explicit dependency on target 'SwiftObserver-product' in project 'SwiftObserver'
➜ Explicit dependency on target 'SwiftyToolz-product' in project 'SwiftyToolz'
Target 'SwiftObserver-product' in project 'SwiftObserver'
➜ Explicit dependency on target 'SwiftObserver' in project 'SwiftObserver'
➜ Explicit dependency on target 'SwiftyToolz-product' in project 'SwiftyToolz'
Target 'SwiftObserver' in project 'SwiftObserver'
➜ Explicit dependency on target 'SwiftyToolz-product' in project 'SwiftyToolz'
Target 'SwiftLSP-product' in project 'SwiftLSP'
➜ Explicit dependency on target 'SwiftLSP' in project 'SwiftLSP'
➜ Explicit dependency on target 'FoundationToolz-product' in project 'FoundationToolz'
➜ Explicit dependency on target 'SwiftyToolz-product' in project 'SwiftyToolz'
Target 'SwiftLSP' in project 'SwiftLSP'
➜ Explicit dependency on target 'FoundationToolz-product' in project 'FoundationToolz'
➜ Explicit dependency on target 'SwiftyToolz-product' in project 'SwiftyToolz'
Target 'FoundationToolz-product' in project 'FoundationToolz'
➜ Explicit dependency on target 'FoundationToolz' in project 'FoundationToolz'
➜ Explicit dependency on target 'SwiftyToolz-product' in project 'SwiftyToolz'
Target 'FoundationToolz' in project 'FoundationToolz'
➜ Explicit dependency on target 'SwiftyToolz-product' in project 'SwiftyToolz'
Target 'SwiftyToolz-product' in project 'SwiftyToolz'
➜ Explicit dependency on target 'SwiftyToolz' in project 'SwiftyToolz'
Target 'SwiftyToolz' in project 'SwiftyToolz' (no dependencies)
GatherProvisioningInputs
CreateBuildDescription
ClangStatCache /Applications/Xcode-27.0.0-Release.Candidate.app/Contents/Developer/Toolchains/XcodeDefault.xctoolchain/usr/bin/clang-stat-cache /Applications/Xcode-27.0.0-Release.Candidate.app/Contents/Developer/Platforms/AppleTVOS.platform/Developer/SDKs/AppleTVOS27.0.sdk /Users/admin/builder/spi-builder-workspace/.derivedData/SDKStatCaches.noindex/appletvos27.0-24J360-e829b21a6f8c9b70876ba0858053c044b32bfd8d43560033f8d89884cdb90028.sdkstatcache
cd /Users/admin/builder/spi-builder-workspace/.swiftpm/xcode
/Applications/Xcode-27.0.0-Release.Candidate.app/Contents/Developer/Toolchains/XcodeDefault.xctoolchain/usr/bin/clang-stat-cache /Applications/Xcode-27.0.0-Release.Candidate.app/Contents/Developer/Platforms/AppleTVOS.platform/Developer/SDKs/AppleTVOS27.0.sdk -o /Users/admin/builder/spi-builder-workspace/.derivedData/SDKStatCaches.noindex/appletvos27.0-24J360-e829b21a6f8c9b70876ba0858053c044b32bfd8d43560033f8d89884cdb90028.sdkstatcache
SwiftDriver FoundationToolz normal arm64 com.apple.xcode.tools.swift.compiler (in target 'FoundationToolz' from project 'FoundationToolz')
cd /Users/admin/builder/spi-builder-workspace/.swiftpm/xcode
builtin-SwiftDriver -- /Applications/Xcode-27.0.0-Release.Candidate.app/Contents/Developer/Toolchains/XcodeDefault.xctoolchain/usr/bin/swiftc -parse-as-library -module-name FoundationToolz -Onone @/Users/admin/builder/spi-builder-workspace/.derivedData/Build/Intermediates.noindex/FoundationToolz.build/Debug-appletvos/FoundationToolz-t.build/Objects-normal/arm64/FoundationToolz.SwiftFileList -DSWIFT_PACKAGE -DDEBUG -DSWIFT_MODULE_RESOURCE_BUNDLE_UNAVAILABLE -DXcode -plugin-path /Applications/Xcode-27.0.0-Release.Candidate.app/Contents/Developer/Toolchains/XcodeDefault.xctoolchain/usr/lib/swift/host/plugins/testing -enable-experimental-feature DebugDescriptionMacro -sdk /Applications/Xcode-27.0.0-Release.Candidate.app/Contents/Developer/Platforms/AppleTVOS.platform/Developer/SDKs/AppleTVOS27.0.sdk -target arm64-apple-tvos15.0 -g -module-cache-path /Users/admin/builder/spi-builder-workspace/.derivedData/ModuleCache.noindex -Xfrontend -serialize-debugging-options -profile-coverage-mapping -profile-generate -enable-testing -suppress-warnings -index-store-path /Users/admin/builder/spi-builder-workspace/.derivedData/Index.noindex/DataStore -Xcc -D_LIBCPP_HARDENING_MODE\=_LIBCPP_HARDENING_MODE_DEBUG -swift-version 6 -I /Users/admin/builder/spi-builder-workspace/.derivedData/Build/Products/Debug-appletvos -Isystem /Applications/Xcode-27.0.0-Release.Candidate.app/Contents/Developer/Platforms/AppleTVOS.platform/Developer/usr/lib -F /Users/admin/builder/spi-builder-workspace/.derivedData/Build/Products/Debug-appletvos/PackageFrameworks -F /Users/admin/builder/spi-builder-workspace/.derivedData/Build/Products/Debug-appletvos -F /Applications/Xcode-27.0.0-Release.Candidate.app/Contents/Developer/Platforms/AppleTVOS.platform/Developer/Library/Frameworks -F /Applications/Xcode-27.0.0-Release.Candidate.app/Contents/Developer/Platforms/AppleTVOS.platform/Developer/SDKs/AppleTVOS27.0.sdk/Developer/Library/Frameworks -c -j10 -enable-batch-mode -incremental -Xcc -ivfsstatcache -Xcc /Users/admin/builder/spi-builder-workspace/.derivedData/SDKStatCaches.noindex/appletvos27.0-24J360-e829b21a6f8c9b70876ba0858053c044b32bfd8d43560033f8d89884cdb90028.sdkstatcache -output-file-map /Users/admin/builder/spi-builder-workspace/.derivedData/Build/Intermediates.noindex/FoundationToolz.build/Debug-appletvos/FoundationToolz-t.build/Objects-normal/arm64/FoundationToolz-OutputFileMap.json -save-temps -no-color-diagnostics -explicit-module-build -module-cache-path /Users/admin/builder/spi-builder-workspace/.derivedData/Build/Intermediates.noindex/SwiftExplicitPrecompiledModules -clang-scanner-module-cache-path /Users/admin/builder/spi-builder-workspace/.derivedData/ModuleCache.noindex -sdk-module-cache-path /Users/admin/builder/spi-builder-workspace/.derivedData/SDKExplicitPrecompiledModules -emit-dependencies -emit-module -emit-module-path /Users/admin/builder/spi-builder-workspace/.derivedData/Build/Intermediates.noindex/FoundationToolz.build/Debug-appletvos/FoundationToolz-t.build/Objects-normal/arm64/FoundationToolz.swiftmodule -serialize-diagnostics -dependency-scan-serialize-diagnostics-path /Users/admin/builder/spi-builder-workspace/.derivedData/Build/Intermediates.noindex/FoundationToolz.build/Debug-appletvos/FoundationToolz-t.build/Objects-normal/arm64/FoundationToolz-dependency-scan.dia -user-module-version 0.5.10 -validate-clang-modules-once -clang-build-session-file /Users/admin/builder/spi-builder-workspace/.derivedData/ModuleCache.noindex/Session.modulevalidation -Xcc -fmodules-prune-interval\=86400 -Xcc -fmodules-prune-after\=345600 -package-name foundationtoolz -emit-const-values -const-gather-protocols-list /Users/admin/builder/spi-builder-workspace/.derivedData/Build/Intermediates.noindex/FoundationToolz.build/Debug-appletvos/FoundationToolz-t.build/Objects-normal/arm64/FoundationToolz_const_extract_protocols.json -Xcc -I/Users/admin/builder/spi-builder-workspace/.derivedData/Build/Products/Debug-appletvos/include -Xcc -I/Users/admin/builder/spi-builder-workspace/.derivedData/Build/Intermediates.noindex/FoundationToolz.build/Debug-appletvos/FoundationToolz-t.build/DerivedSources-normal/arm64 -Xcc -I/Users/admin/builder/spi-builder-workspace/.derivedData/Build/Intermediates.noindex/FoundationToolz.build/Debug-appletvos/FoundationToolz-t.build/DerivedSources/arm64 -Xcc -I/Users/admin/builder/spi-builder-workspace/.derivedData/Build/Intermediates.noindex/FoundationToolz.build/Debug-appletvos/FoundationToolz-t.build/DerivedSources -Xcc -DSWIFT_PACKAGE -Xcc -DDEBUG\=1 -emit-objc-header -emit-objc-header-path /Users/admin/builder/spi-builder-workspace/.derivedData/Build/Intermediates.noindex/FoundationToolz.build/Debug-appletvos/FoundationToolz-t.build/Objects-normal/arm64/FoundationToolz-Swift.h -working-directory /Users/admin/builder/spi-builder-workspace/.swiftpm/xcode -experimental-emit-module-separately -disable-cmo
ExtractAppIntentsMetadata (in target 'SwiftObserver' from project 'SwiftObserver')
cd /Users/admin/builder/spi-builder-workspace/.dependencies/checkouts/SwiftObserver
/Applications/Xcode-27.0.0-Release.Candidate.app/Contents/Developer/Toolchains/XcodeDefault.xctoolchain/usr/bin/appintentsmetadataprocessor --toolchain-dir /var/run/com.apple.security.cryptexd/mnt/com.apple.MobileAsset.MetalToolchain-v27.1.266.1.JokepL/Metal.xctoolchain --module-name SwiftObserver --sdk-root /Applications/Xcode-27.0.0-Release.Candidate.app/Contents/Developer/Platforms/AppleTVOS.platform/Developer/SDKs/AppleTVOS27.0.sdk --xcode-version 27A266a --platform-family tvOS --deployment-target 15.0 --bundle-identifier swiftobserver.SwiftObserver --output /Users/admin/builder/spi-builder-workspace/.derivedData/Build/Products/Debug-appletvos/SwiftObserver.appintents --target-triple arm64-apple-tvos15.0 --binary-file /Users/admin/builder/spi-builder-workspace/.derivedData/Build/Products/Debug-appletvos/SwiftObserver.o --dependency-file /Users/admin/builder/spi-builder-workspace/.derivedData/Build/Intermediates.noindex/SwiftObserver.build/Debug-appletvos/SwiftObserver-t.build/Objects-normal/arm64/SwiftObserver_dependency_info.dat --stringsdata-file /Users/admin/builder/spi-builder-workspace/.derivedData/Build/Intermediates.noindex/SwiftObserver.build/Debug-appletvos/SwiftObserver-t.build/Objects-normal/arm64/ExtractedAppShortcutsMetadata.stringsdata --source-file-list /Users/admin/builder/spi-builder-workspace/.derivedData/Build/Intermediates.noindex/SwiftObserver.build/Debug-appletvos/SwiftObserver-t.build/Objects-normal/arm64/SwiftObserver.SwiftFileList --metadata-file-list /Users/admin/builder/spi-builder-workspace/.derivedData/Build/Intermediates.noindex/SwiftObserver.build/Debug-appletvos/SwiftObserver-t.build/SwiftObserver.DependencyMetadataFileList --static-metadata-file-list /Users/admin/builder/spi-builder-workspace/.derivedData/Build/Intermediates.noindex/SwiftObserver.build/Debug-appletvos/SwiftObserver-t.build/SwiftObserver.DependencyStaticMetadataFileList --swift-const-vals-list /Users/admin/builder/spi-builder-workspace/.derivedData/Build/Intermediates.noindex/SwiftObserver.build/Debug-appletvos/SwiftObserver-t.build/Objects-normal/arm64/SwiftObserver.SwiftConstValuesFileList --force --compile-time-extraction --deployment-aware-processing --no-app-shortcuts-localization
2026-09-26 07:07:37.069 appintentsmetadataprocessor[948:5692] Starting appintentsmetadataprocessor export
2026-09-26 07:07:37.131 appintentsmetadataprocessor[948:5692] Extracted no relevant App Intents symbols, skipping writing output
SwiftDriver SwiftLSP normal arm64 com.apple.xcode.tools.swift.compiler (in target 'SwiftLSP' from project 'SwiftLSP')
cd /Users/admin/builder/spi-builder-workspace/.swiftpm/xcode
builtin-SwiftDriver -- /Applications/Xcode-27.0.0-Release.Candidate.app/Contents/Developer/Toolchains/XcodeDefault.xctoolchain/usr/bin/swiftc -parse-as-library -module-name SwiftLSP -Onone @/Users/admin/builder/spi-builder-workspace/.derivedData/Build/Intermediates.noindex/SwiftLSP.build/Debug-appletvos/SwiftLSP-t.build/Objects-normal/arm64/SwiftLSP.SwiftFileList -DSWIFT_PACKAGE -DDEBUG -DSWIFT_MODULE_RESOURCE_BUNDLE_UNAVAILABLE -DXcode -plugin-path /Applications/Xcode-27.0.0-Release.Candidate.app/Contents/Developer/Toolchains/XcodeDefault.xctoolchain/usr/lib/swift/host/plugins/testing -enable-experimental-feature DebugDescriptionMacro -sdk /Applications/Xcode-27.0.0-Release.Candidate.app/Contents/Developer/Platforms/AppleTVOS.platform/Developer/SDKs/AppleTVOS27.0.sdk -target arm64-apple-tvos15.0 -g -module-cache-path /Users/admin/builder/spi-builder-workspace/.derivedData/ModuleCache.noindex -Xfrontend -serialize-debugging-options -profile-coverage-mapping -profile-generate -enable-testing -suppress-warnings -index-store-path /Users/admin/builder/spi-builder-workspace/.derivedData/Index.noindex/DataStore -Xcc -D_LIBCPP_HARDENING_MODE\=_LIBCPP_HARDENING_MODE_DEBUG -swift-version 5 -I /Users/admin/builder/spi-builder-workspace/.derivedData/Build/Products/Debug-appletvos -Isystem /Applications/Xcode-27.0.0-Release.Candidate.app/Contents/Developer/Platforms/AppleTVOS.platform/Developer/usr/lib -F /Users/admin/builder/spi-builder-workspace/.derivedData/Build/Products/Debug-appletvos/PackageFrameworks -F /Users/admin/builder/spi-builder-workspace/.derivedData/Build/Products/Debug-appletvos -F /Applications/Xcode-27.0.0-Release.Candidate.app/Contents/Developer/Platforms/AppleTVOS.platform/Developer/Library/Frameworks -F /Applications/Xcode-27.0.0-Release.Candidate.app/Contents/Developer/Platforms/AppleTVOS.platform/Developer/SDKs/AppleTVOS27.0.sdk/Developer/Library/Frameworks -c -j10 -enable-batch-mode -incremental -Xcc -ivfsstatcache -Xcc /Users/admin/builder/spi-builder-workspace/.derivedData/SDKStatCaches.noindex/appletvos27.0-24J360-e829b21a6f8c9b70876ba0858053c044b32bfd8d43560033f8d89884cdb90028.sdkstatcache -output-file-map /Users/admin/builder/spi-builder-workspace/.derivedData/Build/Intermediates.noindex/SwiftLSP.build/Debug-appletvos/SwiftLSP-t.build/Objects-normal/arm64/SwiftLSP-OutputFileMap.json -save-temps -no-color-diagnostics -explicit-module-build -module-cache-path /Users/admin/builder/spi-builder-workspace/.derivedData/Build/Intermediates.noindex/SwiftExplicitPrecompiledModules -clang-scanner-module-cache-path /Users/admin/builder/spi-builder-workspace/.derivedData/ModuleCache.noindex -sdk-module-cache-path /Users/admin/builder/spi-builder-workspace/.derivedData/SDKExplicitPrecompiledModules -emit-dependencies -emit-module -emit-module-path /Users/admin/builder/spi-builder-workspace/.derivedData/Build/Intermediates.noindex/SwiftLSP.build/Debug-appletvos/SwiftLSP-t.build/Objects-normal/arm64/SwiftLSP.swiftmodule -serialize-diagnostics -dependency-scan-serialize-diagnostics-path /Users/admin/builder/spi-builder-workspace/.derivedData/Build/Intermediates.noindex/SwiftLSP.build/Debug-appletvos/SwiftLSP-t.build/Objects-normal/arm64/SwiftLSP-dependency-scan.dia -validate-clang-modules-once -clang-build-session-file /Users/admin/builder/spi-builder-workspace/.derivedData/ModuleCache.noindex/Session.modulevalidation -Xcc -fmodules-prune-interval\=86400 -Xcc -fmodules-prune-after\=345600 -emit-const-values -const-gather-protocols-list /Users/admin/builder/spi-builder-workspace/.derivedData/Build/Intermediates.noindex/SwiftLSP.build/Debug-appletvos/SwiftLSP-t.build/Objects-normal/arm64/SwiftLSP_const_extract_protocols.json -Xcc -I/Users/admin/builder/spi-builder-workspace/.derivedData/Build/Products/Debug-appletvos/include -Xcc -I/Users/admin/builder/spi-builder-workspace/.derivedData/Build/Intermediates.noindex/SwiftLSP.build/Debug-appletvos/SwiftLSP-t.build/DerivedSources-normal/arm64 -Xcc -I/Users/admin/builder/spi-builder-workspace/.derivedData/Build/Intermediates.noindex/SwiftLSP.build/Debug-appletvos/SwiftLSP-t.build/DerivedSources/arm64 -Xcc -I/Users/admin/builder/spi-builder-workspace/.derivedData/Build/Intermediates.noindex/SwiftLSP.build/Debug-appletvos/SwiftLSP-t.build/DerivedSources -Xcc -DSWIFT_PACKAGE -Xcc -DDEBUG\=1 -emit-objc-header -emit-objc-header-path /Users/admin/builder/spi-builder-workspace/.derivedData/Build/Intermediates.noindex/SwiftLSP.build/Debug-appletvos/SwiftLSP-t.build/Objects-normal/arm64/SwiftLSP-Swift.h -working-directory /Users/admin/builder/spi-builder-workspace/.swiftpm/xcode -experimental-emit-module-separately -disable-cmo
SwiftCompile normal arm64 Compiling\ Codable+FoundationToolz.swift,\ Data+FoundationToolz.swift,\ Date+FoundationToolz.swift /Users/admin/builder/spi-builder-workspace/.dependencies/checkouts/FoundationToolz/Code/Foundation+FoundationToolz/Codable+FoundationToolz.swift /Users/admin/builder/spi-builder-workspace/.dependencies/checkouts/FoundationToolz/Code/Foundation+FoundationToolz/Data+FoundationToolz.swift /Users/admin/builder/spi-builder-workspace/.dependencies/checkouts/FoundationToolz/Code/Foundation+FoundationToolz/Date+FoundationToolz.swift (in target 'FoundationToolz' from project 'FoundationToolz')
/Users/admin/builder/spi-builder-workspace/.dependencies/checkouts/FoundationToolz/Code/Foundation+FoundationToolz/Codable+FoundationToolz.swift:31:26: error: 'init(filePath:directoryHint:relativeTo:)' is only available in tvOS 16.0 or newer
21 | }
22 |
23 | public extension Encodable
| `- note: add '@available' attribute to enclosing extension
24 | {
25 | @discardableResult
26 | func save(toFilePath filePath: String,
| `- note: add '@available' attribute to enclosing instance method
27 | options: JSONEncoder.OutputFormatting = .prettyPrinted) throws -> URL
28 | {
29 | if #available(iOS 16.0, macOS 13.0, *)
30 | {
31 | try save(to: URL(filePath: filePath))
| |- error: 'init(filePath:directoryHint:relativeTo:)' is only available in tvOS 16.0 or newer
| `- note: add 'if #available' version check
32 | }
33 | else
Failed frontend command:
SwiftCompile normal arm64 /Users/admin/builder/spi-builder-workspace/.dependencies/checkouts/FoundationToolz/Code/Foundation+FoundationToolz/Codable+FoundationToolz.swift (in target 'FoundationToolz' from project 'FoundationToolz')
cd /Users/admin/builder/spi-builder-workspace/.swiftpm/xcode
builtin-SwiftPerFileCompile Codable+FoundationToolz.swift
SwiftCompile normal arm64 /Users/admin/builder/spi-builder-workspace/.dependencies/checkouts/FoundationToolz/Code/Foundation+FoundationToolz/Data+FoundationToolz.swift (in target 'FoundationToolz' from project 'FoundationToolz')
cd /Users/admin/builder/spi-builder-workspace/.swiftpm/xcode
builtin-SwiftPerFileCompile Data+FoundationToolz.swift
SwiftCompile normal arm64 /Users/admin/builder/spi-builder-workspace/.dependencies/checkouts/FoundationToolz/Code/Foundation+FoundationToolz/Date+FoundationToolz.swift (in target 'FoundationToolz' from project 'FoundationToolz')
cd /Users/admin/builder/spi-builder-workspace/.swiftpm/xcode
builtin-SwiftPerFileCompile Date+FoundationToolz.swift
/Applications/Xcode-27.0.0-Release.Candidate.app/Contents/Developer/Toolchains/XcodeDefault.xctoolchain/usr/bin/swift-frontend -frontend -c /Users/admin/builder/spi-builder-workspace/.dependencies/checkouts/FoundationToolz/Code/ArbitraryLegacyDateHelpers.swift /Users/admin/builder/spi-builder-workspace/.dependencies/checkouts/FoundationToolz/Code/Executable.swift /Users/admin/builder/spi-builder-workspace/.dependencies/checkouts/FoundationToolz/Code/Foundation+FoundationToolz/Bundle+AppInfos.swift -primary-file /Users/admin/builder/spi-builder-workspace/.dependencies/checkouts/FoundationToolz/Code/Foundation+FoundationToolz/Codable+FoundationToolz.swift -primary-file /Users/admin/builder/spi-builder-workspace/.dependencies/checkouts/FoundationToolz/Code/Foundation+FoundationToolz/Data+FoundationToolz.swift -primary-file /Users/admin/builder/spi-builder-workspace/.dependencies/checkouts/FoundationToolz/Code/Foundation+FoundationToolz/Date+FoundationToolz.swift /Users/admin/builder/spi-builder-workspace/.dependencies/checkouts/FoundationToolz/Code/Foundation+FoundationToolz/FileManager+FoundationToolz.swift /Users/admin/builder/spi-builder-workspace/.dependencies/checkouts/FoundationToolz/Code/Foundation+FoundationToolz/NSPredicate+FoundationToolz.swift /Users/admin/builder/spi-builder-workspace/.dependencies/checkouts/FoundationToolz/Code/Foundation+FoundationToolz/Process+RunExecutable.swift /Users/admin/builder/spi-builder-workspace/.dependencies/checkouts/FoundationToolz/Code/Foundation+FoundationToolz/Timer+FoundationToolz.swift /Users/admin/builder/spi-builder-workspace/.dependencies/checkouts/FoundationToolz/Code/Foundation+FoundationToolz/URL+FoundationToolz.swift /Users/admin/builder/spi-builder-workspace/.dependencies/checkouts/FoundationToolz/Code/Foundation+FoundationToolz/URL+HTTPRequests.swift /Users/admin/builder/spi-builder-workspace/.dependencies/checkouts/FoundationToolz/Code/Foundation+FoundationToolz/URL+WebSocket.swift /Users/admin/builder/spi-builder-workspace/.dependencies/checkouts/FoundationToolz/Code/Foundation+FoundationToolz/UserDefaults+PropertyWrapper.swift /Users/admin/builder/spi-builder-workspace/.dependencies/checkouts/FoundationToolz/Code/HTTP.swift /Users/admin/builder/spi-builder-workspace/.dependencies/checkouts/FoundationToolz/Code/Keychain.swift /Users/admin/builder/spi-builder-workspace/.dependencies/checkouts/FoundationToolz/Code/NetworkReachability.swift /Users/admin/builder/spi-builder-workspace/.dependencies/checkouts/FoundationToolz/Code/StopWatch.swift /Users/admin/builder/spi-builder-workspace/.dependencies/checkouts/FoundationToolz/Code/Swift+FoundationToolz/Array+FoundationToolz.swift /Users/admin/builder/spi-builder-workspace/.dependencies/checkouts/FoundationToolz/Code/Swift+FoundationToolz/Dictionary+Foundation.swift /Users/admin/builder/spi-builder-workspace/.dependencies/checkouts/FoundationToolz/Code/Swift+FoundationToolz/Int+FoundationToolz.swift /Users/admin/builder/spi-builder-workspace/.dependencies/checkouts/FoundationToolz/Code/Swift+FoundationToolz/NumericTypes+MeasureTime.swift /Users/admin/builder/spi-builder-workspace/.dependencies/checkouts/FoundationToolz/Code/Swift+FoundationToolz/String+FoundationToolz.swift /Users/admin/builder/spi-builder-workspace/.dependencies/checkouts/FoundationToolz/Code/SwiftyToolz+FoundationToolz/JSON+FoundationToolz.swift -supplementary-output-file-map /Users/admin/builder/spi-builder-workspace/.derivedData/Build/Intermediates.noindex/FoundationToolz.build/Debug-appletvos/FoundationToolz-t.build/Objects-normal/arm64/supplementaryOutputs-2 -target arm64-apple-tvos15.0 -disable-cross-import-overlay-search -swift-module-cross-import Darwin /Applications/Xcode-27.0.0-Release.Candidate.app/Contents/Developer/Platforms/AppleTVOS.platform/Developer/SDKs/AppleTVOS.sdk/usr/include/Darwin.swiftcrossimport/xlocale.swiftoverlay -load-resolved-plugin /Applications/Xcode-27.0.0-Release.Candidate.app/Contents/Developer/Platforms/AppleTVOS.platform/Developer/usr/lib/swift/host/plugins/libFoundationMacros.dylib\#/Applications/Xcode-27.0.0-Release.Candidate.app/Contents/Developer/Platforms/AppleTVOS.platform/Developer/usr/bin/swift-plugin-server\#FoundationMacros -load-resolved-plugin /Applications/Xcode-27.0.0-Release.Candidate.app/Contents/Developer/Platforms/AppleTVOS.platform/Developer/usr/lib/swift/host/plugins/libObservationMacros.dylib\#/Applications/Xcode-27.0.0-Release.Candidate.app/Contents/Developer/Platforms/AppleTVOS.platform/Developer/usr/bin/swift-plugin-server\#ObservationMacros -load-resolved-plugin /Applications/Xcode-27.0.0-Release.Candidate.app/Contents/Developer/Platforms/AppleTVOS.platform/Developer/usr/lib/swift/host/plugins/libSwiftMacros.dylib\#/Applications/Xcode-27.0.0-Release.Candidate.app/Contents/Developer/Platforms/AppleTVOS.platform/Developer/usr/bin/swift-plugin-server\#SwiftMacros -disable-implicit-swift-modules -Xcc -fno-implicit-modules -Xcc -fno-implicit-module-maps -explicit-swift-module-map-file /Users/admin/builder/spi-builder-workspace/.derivedData/Build/Intermediates.noindex/FoundationToolz.build/Debug-appletvos/FoundationToolz-t.build/Objects-normal/arm64/FoundationToolz-dependencies-1.json -Xllvm -aarch64-use-tbi -enable-objc-interop -stack-check -sdk /Applications/Xcode-27.0.0-Release.Candidate.app/Contents/Developer/Platforms/AppleTVOS.platform/Developer/SDKs/AppleTVOS27.0.sdk -I /Users/admin/builder/spi-builder-workspace/.derivedData/Build/Products/Debug-appletvos -Isystem /Applications/Xcode-27.0.0-Release.Candidate.app/Contents/Developer/Platforms/AppleTVOS.platform/Developer/usr/lib -F /Users/admin/builder/spi-builder-workspace/.derivedData/Build/Products/Debug-appletvos/PackageFrameworks -F /Users/admin/builder/spi-builder-workspace/.derivedData/Build/Products/Debug-appletvos -F /Applications/Xcode-27.0.0-Release.Candidate.app/Contents/Developer/Platforms/AppleTVOS.platform/Developer/Library/Frameworks -F /Applications/Xcode-27.0.0-Release.Candidate.app/Contents/Developer/Platforms/AppleTVOS.platform/Developer/SDKs/AppleTVOS27.0.sdk/Developer/Library/Frameworks -module-cache-path /Users/admin/builder/spi-builder-workspace/.derivedData/Build/Intermediates.noindex/SwiftExplicitPrecompiledModules -no-color-diagnostics -Xcc -fno-color-diagnostics -enable-testing -g -debug-info-format\=dwarf -dwarf-version\=4 -suppress-warnings -profile-generate -profile-coverage-mapping -swift-version 6 -Onone -D SWIFT_PACKAGE -D DEBUG -D SWIFT_MODULE_RESOURCE_BUNDLE_UNAVAILABLE -D Xcode -serialize-debugging-options -enable-experimental-feature DebugDescriptionMacro -empty-abi-descriptor -user-module-version 0.5.10 -validate-clang-modules-once -clang-build-session-file /Users/admin/builder/spi-builder-workspace/.derivedData/ModuleCache.noindex/Session.modulevalidation -Xcc -working-directory -Xcc /Users/admin/builder/spi-builder-workspace/.swiftpm/xcode -enable-anonymous-context-mangled-names -file-compilation-dir /Users/admin/builder/spi-builder-workspace/.swiftpm/xcode -Xcc -D_LIBCPP_HARDENING_MODE\=_LIBCPP_HARDENING_MODE_DEBUG -Xcc -ivfsstatcache -Xcc /Users/admin/builder/spi-builder-workspace/.derivedData/SDKStatCaches.noindex/appletvos27.0-24J360-e829b21a6f8c9b70876ba0858053c044b32bfd8d43560033f8d89884cdb90028.sdkstatcache -Xcc -fmodules-prune-interval\=86400 -Xcc -fmodules-prune-after\=345600 -Xcc -I/Users/admin/builder/spi-builder-workspace/.derivedData/Build/Products/Debug-appletvos/include -Xcc -I/Users/admin/builder/spi-builder-workspace/.derivedData/Build/Intermediates.noindex/FoundationToolz.build/Debug-appletvos/FoundationToolz-t.build/DerivedSources-normal/arm64 -Xcc -I/Users/admin/builder/spi-builder-workspace/.derivedData/Build/Intermediates.noindex/FoundationToolz.build/Debug-appletvos/FoundationToolz-t.build/DerivedSources/arm64 -Xcc -I/Users/admin/builder/spi-builder-workspace/.derivedData/Build/Intermediates.noindex/FoundationToolz.build/Debug-appletvos/FoundationToolz-t.build/DerivedSources -Xcc -DSWIFT_PACKAGE -Xcc -DDEBUG\=1 -no-auto-bridging-header-chaining -module-name FoundationToolz -package-name foundationtoolz -const-gather-protocols-file /Users/admin/builder/spi-builder-workspace/.derivedData/Build/Intermediates.noindex/FoundationToolz.build/Debug-appletvos/FoundationToolz-t.build/Objects-normal/arm64/FoundationToolz_const_extract_protocols.json -disable-clang-spi -clang-target arm64-apple-tvos27.0 -target-sdk-version 27.0 -target-sdk-name appletvos27.0 -in-process-plugin-server-path /Applications/Xcode-27.0.0-Release.Candidate.app/Contents/Developer/Toolchains/XcodeDefault.xctoolchain/usr/lib/swift/host/libSwiftInProcPluginServer.dylib -parse-as-library -o /Users/admin/builder/spi-builder-workspace/.derivedData/Build/Intermediates.noindex/FoundationToolz.build/Debug-appletvos/FoundationToolz-t.build/Objects-normal/arm64/Codable+FoundationToolz.o -o /Users/admin/builder/spi-builder-workspace/.derivedData/Build/Intermediates.noindex/FoundationToolz.build/Debug-appletvos/FoundationToolz-t.build/Objects-normal/arm64/Data+FoundationToolz.o -o /Users/admin/builder/spi-builder-workspace/.derivedData/Build/Intermediates.noindex/FoundationToolz.build/Debug-appletvos/FoundationToolz-t.build/Objects-normal/arm64/Date+FoundationToolz.o -debug-module-path /Users/admin/builder/spi-builder-workspace/.derivedData/Build/Intermediates.noindex/FoundationToolz.build/Debug-appletvos/FoundationToolz-t.build/Objects-normal/arm64/FoundationToolz.swiftmodule -index-unit-output-path /FoundationToolz.build/Debug-appletvos/FoundationToolz-t.build/Objects-normal/arm64/Codable+FoundationToolz.o -index-unit-output-path /FoundationToolz.build/Debug-appletvos/FoundationToolz-t.build/Objects-normal/arm64/Data+FoundationToolz.o -index-unit-output-path /FoundationToolz.build/Debug-appletvos/FoundationToolz-t.build/Objects-normal/arm64/Date+FoundationToolz.o -index-store-path /Users/admin/builder/spi-builder-workspace/.derivedData/Index.noindex/DataStore -index-system-modules
SwiftCompile normal arm64 Compiling\ FileManager+FoundationToolz.swift,\ NSPredicate+FoundationToolz.swift /Users/admin/builder/spi-builder-workspace/.dependencies/checkouts/FoundationToolz/Code/Foundation+FoundationToolz/FileManager+FoundationToolz.swift /Users/admin/builder/spi-builder-workspace/.dependencies/checkouts/FoundationToolz/Code/Foundation+FoundationToolz/NSPredicate+FoundationToolz.swift (in target 'FoundationToolz' from project 'FoundationToolz')
SwiftCompile normal arm64 /Users/admin/builder/spi-builder-workspace/.dependencies/checkouts/FoundationToolz/Code/Foundation+FoundationToolz/FileManager+FoundationToolz.swift (in target 'FoundationToolz' from project 'FoundationToolz')
cd /Users/admin/builder/spi-builder-workspace/.swiftpm/xcode
builtin-SwiftPerFileCompile FileManager+FoundationToolz.swift
SwiftCompile normal arm64 /Users/admin/builder/spi-builder-workspace/.dependencies/checkouts/FoundationToolz/Code/Foundation+FoundationToolz/NSPredicate+FoundationToolz.swift (in target 'FoundationToolz' from project 'FoundationToolz')
cd /Users/admin/builder/spi-builder-workspace/.swiftpm/xcode
builtin-SwiftPerFileCompile NSPredicate+FoundationToolz.swift
SwiftCompile normal arm64 Compiling\ ArbitraryLegacyDateHelpers.swift,\ Executable.swift,\ Bundle+AppInfos.swift /Users/admin/builder/spi-builder-workspace/.dependencies/checkouts/FoundationToolz/Code/ArbitraryLegacyDateHelpers.swift /Users/admin/builder/spi-builder-workspace/.dependencies/checkouts/FoundationToolz/Code/Executable.swift /Users/admin/builder/spi-builder-workspace/.dependencies/checkouts/FoundationToolz/Code/Foundation+FoundationToolz/Bundle+AppInfos.swift (in target 'FoundationToolz' from project 'FoundationToolz')
SwiftCompile normal arm64 /Users/admin/builder/spi-builder-workspace/.dependencies/checkouts/FoundationToolz/Code/ArbitraryLegacyDateHelpers.swift (in target 'FoundationToolz' from project 'FoundationToolz')
cd /Users/admin/builder/spi-builder-workspace/.swiftpm/xcode
builtin-SwiftPerFileCompile ArbitraryLegacyDateHelpers.swift
SwiftCompile normal arm64 /Users/admin/builder/spi-builder-workspace/.dependencies/checkouts/FoundationToolz/Code/Executable.swift (in target 'FoundationToolz' from project 'FoundationToolz')
cd /Users/admin/builder/spi-builder-workspace/.swiftpm/xcode
builtin-SwiftPerFileCompile Executable.swift
SwiftCompile normal arm64 /Users/admin/builder/spi-builder-workspace/.dependencies/checkouts/FoundationToolz/Code/Foundation+FoundationToolz/Bundle+AppInfos.swift (in target 'FoundationToolz' from project 'FoundationToolz')
cd /Users/admin/builder/spi-builder-workspace/.swiftpm/xcode
builtin-SwiftPerFileCompile Bundle+AppInfos.swift
SwiftCompile normal arm64 Compiling\ Process+RunExecutable.swift,\ Timer+FoundationToolz.swift /Users/admin/builder/spi-builder-workspace/.dependencies/checkouts/FoundationToolz/Code/Foundation+FoundationToolz/Process+RunExecutable.swift /Users/admin/builder/spi-builder-workspace/.dependencies/checkouts/FoundationToolz/Code/Foundation+FoundationToolz/Timer+FoundationToolz.swift (in target 'FoundationToolz' from project 'FoundationToolz')
SwiftCompile normal arm64 /Users/admin/builder/spi-builder-workspace/.dependencies/checkouts/FoundationToolz/Code/Foundation+FoundationToolz/Process+RunExecutable.swift (in target 'FoundationToolz' from project 'FoundationToolz')
cd /Users/admin/builder/spi-builder-workspace/.swiftpm/xcode
builtin-SwiftPerFileCompile Process+RunExecutable.swift
SwiftCompile normal arm64 /Users/admin/builder/spi-builder-workspace/.dependencies/checkouts/FoundationToolz/Code/Foundation+FoundationToolz/Timer+FoundationToolz.swift (in target 'FoundationToolz' from project 'FoundationToolz')
cd /Users/admin/builder/spi-builder-workspace/.swiftpm/xcode
builtin-SwiftPerFileCompile Timer+FoundationToolz.swift
SwiftCompile normal arm64 Compiling\ NetworkReachability.swift,\ StopWatch.swift /Users/admin/builder/spi-builder-workspace/.dependencies/checkouts/FoundationToolz/Code/NetworkReachability.swift /Users/admin/builder/spi-builder-workspace/.dependencies/checkouts/FoundationToolz/Code/StopWatch.swift (in target 'FoundationToolz' from project 'FoundationToolz')
SwiftCompile normal arm64 /Users/admin/builder/spi-builder-workspace/.dependencies/checkouts/FoundationToolz/Code/NetworkReachability.swift (in target 'FoundationToolz' from project 'FoundationToolz')
cd /Users/admin/builder/spi-builder-workspace/.swiftpm/xcode
builtin-SwiftPerFileCompile NetworkReachability.swift
SwiftCompile normal arm64 /Users/admin/builder/spi-builder-workspace/.dependencies/checkouts/FoundationToolz/Code/StopWatch.swift (in target 'FoundationToolz' from project 'FoundationToolz')
cd /Users/admin/builder/spi-builder-workspace/.swiftpm/xcode
builtin-SwiftPerFileCompile StopWatch.swift
SwiftCompile normal arm64 Compiling\ Array+FoundationToolz.swift,\ Dictionary+Foundation.swift /Users/admin/builder/spi-builder-workspace/.dependencies/checkouts/FoundationToolz/Code/Swift+FoundationToolz/Array+FoundationToolz.swift /Users/admin/builder/spi-builder-workspace/.dependencies/checkouts/FoundationToolz/Code/Swift+FoundationToolz/Dictionary+Foundation.swift (in target 'FoundationToolz' from project 'FoundationToolz')
SwiftCompile normal arm64 /Users/admin/builder/spi-builder-workspace/.dependencies/checkouts/FoundationToolz/Code/Swift+FoundationToolz/Array+FoundationToolz.swift (in target 'FoundationToolz' from project 'FoundationToolz')
cd /Users/admin/builder/spi-builder-workspace/.swiftpm/xcode
builtin-SwiftPerFileCompile Array+FoundationToolz.swift
SwiftCompile normal arm64 /Users/admin/builder/spi-builder-workspace/.dependencies/checkouts/FoundationToolz/Code/Swift+FoundationToolz/Dictionary+Foundation.swift (in target 'FoundationToolz' from project 'FoundationToolz')
cd /Users/admin/builder/spi-builder-workspace/.swiftpm/xcode
builtin-SwiftPerFileCompile Dictionary+Foundation.swift
SwiftCompile normal arm64 Compiling\ URL+FoundationToolz.swift,\ URL+HTTPRequests.swift /Users/admin/builder/spi-builder-workspace/.dependencies/checkouts/FoundationToolz/Code/Foundation+FoundationToolz/URL+FoundationToolz.swift /Users/admin/builder/spi-builder-workspace/.dependencies/checkouts/FoundationToolz/Code/Foundation+FoundationToolz/URL+HTTPRequests.swift (in target 'FoundationToolz' from project 'FoundationToolz')
SwiftCompile normal arm64 /Users/admin/builder/spi-builder-workspace/.dependencies/checkouts/FoundationToolz/Code/Foundation+FoundationToolz/URL+FoundationToolz.swift (in target 'FoundationToolz' from project 'FoundationToolz')
cd /Users/admin/builder/spi-builder-workspace/.swiftpm/xcode
builtin-SwiftPerFileCompile URL+FoundationToolz.swift
SwiftCompile normal arm64 /Users/admin/builder/spi-builder-workspace/.dependencies/checkouts/FoundationToolz/Code/Foundation+FoundationToolz/URL+HTTPRequests.swift (in target 'FoundationToolz' from project 'FoundationToolz')
cd /Users/admin/builder/spi-builder-workspace/.swiftpm/xcode
builtin-SwiftPerFileCompile URL+HTTPRequests.swift
SwiftCompile normal arm64 Compiling\ String+FoundationToolz.swift,\ JSON+FoundationToolz.swift /Users/admin/builder/spi-builder-workspace/.dependencies/checkouts/FoundationToolz/Code/Swift+FoundationToolz/String+FoundationToolz.swift /Users/admin/builder/spi-builder-workspace/.dependencies/checkouts/FoundationToolz/Code/SwiftyToolz+FoundationToolz/JSON+FoundationToolz.swift (in target 'FoundationToolz' from project 'FoundationToolz')
SwiftCompile normal arm64 /Users/admin/builder/spi-builder-workspace/.dependencies/checkouts/FoundationToolz/Code/Swift+FoundationToolz/String+FoundationToolz.swift (in target 'FoundationToolz' from project 'FoundationToolz')
cd /Users/admin/builder/spi-builder-workspace/.swiftpm/xcode
builtin-SwiftPerFileCompile String+FoundationToolz.swift
SwiftCompile normal arm64 /Users/admin/builder/spi-builder-workspace/.dependencies/checkouts/FoundationToolz/Code/SwiftyToolz+FoundationToolz/JSON+FoundationToolz.swift (in target 'FoundationToolz' from project 'FoundationToolz')
cd /Users/admin/builder/spi-builder-workspace/.swiftpm/xcode
builtin-SwiftPerFileCompile JSON+FoundationToolz.swift
SwiftEmitModule normal arm64 Emitting\ module\ for\ FoundationToolz (in target 'FoundationToolz' from project 'FoundationToolz')
SwiftCompile normal arm64 (in target 'FoundationToolz' from project 'FoundationToolz')
cd /Users/admin/builder/spi-builder-workspace/.swiftpm/xcode
SwiftCompile normal arm64 Compiling\ HTTP.swift,\ Keychain.swift /Users/admin/builder/spi-builder-workspace/.dependencies/checkouts/FoundationToolz/Code/HTTP.swift /Users/admin/builder/spi-builder-workspace/.dependencies/checkouts/FoundationToolz/Code/Keychain.swift (in target 'FoundationToolz' from project 'FoundationToolz')
SwiftCompile normal arm64 /Users/admin/builder/spi-builder-workspace/.dependencies/checkouts/FoundationToolz/Code/HTTP.swift (in target 'FoundationToolz' from project 'FoundationToolz')
cd /Users/admin/builder/spi-builder-workspace/.swiftpm/xcode
builtin-SwiftPerFileCompile HTTP.swift
SwiftCompile normal arm64 /Users/admin/builder/spi-builder-workspace/.dependencies/checkouts/FoundationToolz/Code/Keychain.swift (in target 'FoundationToolz' from project 'FoundationToolz')
cd /Users/admin/builder/spi-builder-workspace/.swiftpm/xcode
builtin-SwiftPerFileCompile Keychain.swift
SwiftDriverJobDiscovery normal arm64 Compiling Process+RunExecutable.swift, Timer+FoundationToolz.swift (in target 'FoundationToolz' from project 'FoundationToolz')
SwiftCompile normal arm64 Compiling\ Int+FoundationToolz.swift,\ NumericTypes+MeasureTime.swift /Users/admin/builder/spi-builder-workspace/.dependencies/checkouts/FoundationToolz/Code/Swift+FoundationToolz/Int+FoundationToolz.swift /Users/admin/builder/spi-builder-workspace/.dependencies/checkouts/FoundationToolz/Code/Swift+FoundationToolz/NumericTypes+MeasureTime.swift (in target 'FoundationToolz' from project 'FoundationToolz')
SwiftCompile normal arm64 /Users/admin/builder/spi-builder-workspace/.dependencies/checkouts/FoundationToolz/Code/Swift+FoundationToolz/Int+FoundationToolz.swift (in target 'FoundationToolz' from project 'FoundationToolz')
cd /Users/admin/builder/spi-builder-workspace/.swiftpm/xcode
builtin-SwiftPerFileCompile Int+FoundationToolz.swift
SwiftCompile normal arm64 /Users/admin/builder/spi-builder-workspace/.dependencies/checkouts/FoundationToolz/Code/Swift+FoundationToolz/NumericTypes+MeasureTime.swift (in target 'FoundationToolz' from project 'FoundationToolz')
cd /Users/admin/builder/spi-builder-workspace/.swiftpm/xcode
builtin-SwiftPerFileCompile NumericTypes+MeasureTime.swift
SwiftExplicitDependencyGeneratePcm arm64 /Users/admin/builder/spi-builder-workspace/.derivedData/SDKExplicitPrecompiledModules/string_h-6EVHP7A717OUS5DMC78F79HWO.pcm
PruneExplicitPrecompiledModules /Users/admin/builder/spi-builder-workspace/.derivedData/SDKExplicitPrecompiledModules
PruneExplicitPrecompiledModules /Users/admin/builder/spi-builder-workspace/.derivedData/Build/Intermediates.noindex/ExplicitPrecompiledModules
PruneExplicitPrecompiledModules /Users/admin/builder/spi-builder-workspace/.derivedData/Build/Intermediates.noindex/SwiftExplicitPrecompiledModules
2026-09-26 07:07:36.374 xcodebuild[945:5647] [MT] IDERunDestination: Supported platforms for the buildables in the current scheme is empty.
** BUILD FAILED **
The following build commands failed:
SwiftCompile normal arm64 /Users/admin/builder/spi-builder-workspace/.dependencies/checkouts/FoundationToolz/Code/Foundation+FoundationToolz/Codable+FoundationToolz.swift (in target 'FoundationToolz' from project 'FoundationToolz')
SwiftCompile normal arm64 Compiling\ Codable+FoundationToolz.swift,\ Data+FoundationToolz.swift,\ Date+FoundationToolz.swift /Users/admin/builder/spi-builder-workspace/.dependencies/checkouts/FoundationToolz/Code/Foundation+FoundationToolz/Codable+FoundationToolz.swift /Users/admin/builder/spi-builder-workspace/.dependencies/checkouts/FoundationToolz/Code/Foundation+FoundationToolz/Data+FoundationToolz.swift /Users/admin/builder/spi-builder-workspace/.dependencies/checkouts/FoundationToolz/Code/Foundation+FoundationToolz/Date+FoundationToolz.swift (in target 'FoundationToolz' from project 'FoundationToolz')
Building workspace LSPServiceKit with scheme LSPServiceKit
(3 failures)
BUILD FAILURE 6.4 tvOS