The Swift Package Index logo.Swift Package Index

Build Information

Failed to build Mappy, reference 0.14.5 (db1a2c), with Swift 6.4 for watchOS using Xcode 27.0 on 21 Sep 2026 20:52:28 UTC.

Build Command

env DEVELOPER_DIR=/Applications/Xcode-27.0.0-Release.Candidate.app xcrun xcodebuild -IDEClonedSourcePackagesDirPathOverride=$PWD/.dependencies -skipMacroValidation -skipPackagePluginValidation -derivedDataPath $PWD/.derivedData build -scheme Mappy -destination generic/platform=watchOS

Build Log

========================================
RunAll
========================================
Builder version: 5.1.0
Interrupt handler set up.
========================================
Checkout
========================================
Clone URL: https://github.com/beMappy/Mappy-Swift.git
Reference: 0.14.5
Initialized empty Git repository in /Users/admin/builder/spi-builder-workspace/.git/
From https://github.com/beMappy/Mappy-Swift
 * tag               0.14.5     -> FETCH_HEAD
HEAD is now at db1a2c5 MappyCore methods, including initialize(), are required to be run on the main thread, added enforcement with @MainActor
Cloned https://github.com/beMappy/Mappy-Swift.git
Revision (git rev-parse @):
db1a2c5c9cbd019a163a9c90b67f99da5be7ba47
SUCCESS checkout https://github.com/beMappy/Mappy-Swift.git at 0.14.5
========================================
Build
========================================
Selected platform:         watchOS
Swift version:             6.4
Building package at path:  $PWD
https://github.com/beMappy/Mappy-Swift.git
Command line invocation:
    /Applications/Xcode-27.0.0-Release.Candidate.app/Contents/Developer/usr/bin/xcodebuild -IDEClonedSourcePackagesDirPathOverride=/Users/admin/builder/spi-builder-workspace/.dependencies -resolvePackageDependencies
Resolve Package Graph
Fetching from https://github.com/beMappy/PusherSwift/
Fetching from https://github.com/beMappy/ZIPFoundation/
Fetching from https://github.com/beMappy/Swinject/
Fetching from https://github.com/beMappy/CocoaLumberjackSwift/
Fetching from https://github.com/beMappy/Mappy-KeychainAccess/
Fetching from https://github.com/Esri/arcgis-runtime-ios/
Fetching from https://github.com/beMappy/TweetNacl
Fetching from https://github.com/beMappy/NWWebSocket
Fetching from https://github.com/beMappy/CocoaLumberjack/
Creating working copy of package ‘CocoaLumberjackSwift’
Checking out 3.7.4-SPM2 of package ‘CocoaLumberjackSwift’
Creating working copy of package ‘CocoaLumberjack’
Checking out 3.7.4-SPM of package ‘CocoaLumberjack’
Creating working copy of package ‘NWWebSocket’
Checking out 0.5.2-SPM of package ‘NWWebSocket’
Creating working copy of package ‘Mappy-KeychainAccess’
Checking out 4.2.2-SPM of package ‘Mappy-KeychainAccess’
Creating working copy of package ‘TweetNacl’
Checking out 1.0.2-SPM of package ‘TweetNacl’
Creating working copy of package ‘ZIPFoundation’
Checking out 0.9.15-SPM of package ‘ZIPFoundation’
Creating working copy of package ‘arcgis-runtime-ios’
Checking out 100.15.2 of package ‘arcgis-runtime-ios’
Creating working copy of package ‘PusherSwift’
Checking out 10.1.1-SPM of package ‘PusherSwift’
Creating working copy of package ‘Swinject’
Checking out 2.8.2-SPM of package ‘Swinject’
Resolve Package Graph
Resolved source packages:
  arcgis-runtime-ios: https://github.com/Esri/arcgis-runtime-ios/ @ 100.15.2
  Mappy: /Users/admin/builder/spi-builder-workspace
  TweetNacl: https://github.com/beMappy/TweetNacl @ 1.0.2-SPM
  PusherSwift: https://github.com/beMappy/PusherSwift/ @ 10.1.1-SPM
  CocoaLumberjackSwift: https://github.com/beMappy/CocoaLumberjackSwift/ @ 3.7.4-SPM2
  CocoaLumberjack: https://github.com/beMappy/CocoaLumberjack/ @ 3.7.4-SPM
  ZIPFoundation: https://github.com/beMappy/ZIPFoundation/ @ 0.9.15-SPM
  KeychainAccess: https://github.com/beMappy/Mappy-KeychainAccess/ @ 4.2.2-SPM
  NWWebSocket: https://github.com/beMappy/NWWebSocket @ 0.5.2-SPM
  Swinject: https://github.com/beMappy/Swinject/ @ 2.8.2-SPM
resolved source packages: arcgis-runtime-ios, Mappy, TweetNacl, PusherSwift, CocoaLumberjackSwift, CocoaLumberjack, ZIPFoundation, KeychainAccess, NWWebSocket, Swinject
2026-09-21 16:51:35.144 xcodebuild[529:3054] [MT] IDERunDestination: Supported platforms for the buildables in the current scheme is empty.
{
  "dependencies" : [
    {
      "identity" : "arcgis-runtime-ios",
      "requirement" : {
        "exact" : [
          "100.15.2"
        ]
      },
      "type" : "sourceControl",
      "url" : "https://github.com/Esri/arcgis-runtime-ios/"
    },
    {
      "identity" : "cocoalumberjackswift",
      "requirement" : {
        "exact" : [
          "3.7.4-SPM2"
        ]
      },
      "type" : "sourceControl",
      "url" : "https://github.com/beMappy/CocoaLumberjackSwift/"
    },
    {
      "identity" : "mappy-keychainaccess",
      "requirement" : {
        "exact" : [
          "4.2.2-SPM"
        ]
      },
      "type" : "sourceControl",
      "url" : "https://github.com/beMappy/Mappy-KeychainAccess/"
    },
    {
      "identity" : "swinject",
      "requirement" : {
        "exact" : [
          "2.8.2-SPM"
        ]
      },
      "type" : "sourceControl",
      "url" : "https://github.com/beMappy/Swinject/"
    },
    {
      "identity" : "zipfoundation",
      "requirement" : {
        "exact" : [
          "0.9.15-SPM"
        ]
      },
      "type" : "sourceControl",
      "url" : "https://github.com/beMappy/ZIPFoundation/"
    },
    {
      "identity" : "pusherswift",
      "requirement" : {
        "exact" : [
          "10.1.1-SPM"
        ]
      },
      "type" : "sourceControl",
      "url" : "https://github.com/beMappy/PusherSwift/"
    }
  ],
  "manifest_display_name" : "Mappy",
  "name" : "Mappy",
  "path" : "/Users/admin/builder/spi-builder-workspace",
  "platforms" : [
    {
      "name" : "ios",
      "version" : "14.0"
    }
  ],
  "products" : [
    {
      "name" : "Mappy",
      "targets" : [
        "MappyWrapper",
        "Mappy"
      ],
      "type" : {
        "library" : [
          "automatic"
        ]
      }
    }
  ],
  "targets" : [
    {
      "c99name" : "MappyWrapper",
      "module_type" : "SwiftTarget",
      "name" : "MappyWrapper",
      "path" : "Sources/MappyWrapper",
      "product_dependencies" : [
        "ArcGIS",
        "CocoaLumberjackSwift",
        "KeychainAccess",
        "Swinject",
        "ZIPFoundation",
        "PusherSwift"
      ],
      "product_memberships" : [
        "Mappy"
      ],
      "sources" : [
        "MappyWrapper.swift"
      ],
      "target_dependencies" : [
        "Mappy"
      ],
      "type" : "library"
    },
    {
      "c99name" : "Mappy",
      "module_type" : "BinaryTarget",
      "name" : "Mappy",
      "path" : "Mappy.xcframework",
      "product_memberships" : [
        "Mappy"
      ],
      "sources" : [
      ],
      "type" : "binary"
    }
  ],
  "tools_version" : "5.7"
}
{
  "workspace" : {
    "name" : "Mappy",
    "schemes" : [
      "Mappy"
    ]
  }
}
2026-09-21 16:52:16.563 xcodebuild[1026:5842] [MT] IDERunDestination: Supported platforms for the buildables in the current scheme is empty.
Running build ...
env DEVELOPER_DIR=/Applications/Xcode-27.0.0-Release.Candidate.app xcrun xcodebuild -IDEClonedSourcePackagesDirPathOverride=$PWD/.dependencies -skipMacroValidation -skipPackagePluginValidation -derivedDataPath $PWD/.derivedData build -scheme Mappy -destination generic/platform=watchOS
Command line invocation:
    /Applications/Xcode-27.0.0-Release.Candidate.app/Contents/Developer/usr/bin/xcodebuild -IDEClonedSourcePackagesDirPathOverride=/Users/admin/builder/spi-builder-workspace/.dependencies -skipMacroValidation -skipPackagePluginValidation -derivedDataPath /Users/admin/builder/spi-builder-workspace/.derivedData build -scheme Mappy -destination generic/platform=watchOS
Resolve Package Graph
Resolve Package Graph
Resolved source packages:
  TweetNacl: https://github.com/beMappy/TweetNacl @ 1.0.2-SPM
  CocoaLumberjack: https://github.com/beMappy/CocoaLumberjack/ @ 3.7.4-SPM
  Swinject: https://github.com/beMappy/Swinject/ @ 2.8.2-SPM
  Mappy: /Users/admin/builder/spi-builder-workspace
  CocoaLumberjackSwift: https://github.com/beMappy/CocoaLumberjackSwift/ @ 3.7.4-SPM2
  ZIPFoundation: https://github.com/beMappy/ZIPFoundation/ @ 0.9.15-SPM
  KeychainAccess: https://github.com/beMappy/Mappy-KeychainAccess/ @ 4.2.2-SPM
  arcgis-runtime-ios: https://github.com/Esri/arcgis-runtime-ios/ @ 100.15.2
  NWWebSocket: https://github.com/beMappy/NWWebSocket @ 0.5.2-SPM
  PusherSwift: https://github.com/beMappy/PusherSwift/ @ 10.1.1-SPM
ComputePackagePrebuildTargetDependencyGraph
Prepare packages
CreateBuildRequest
SendProjectDescription
CreateBuildOperation
ComputeTargetDependencyGraph
note: Building targets in dependency order
note: Target dependency graph (13 targets)
    Target 'Mappy-product' in project 'Mappy'
        ➜ Explicit dependency on target 'MappyWrapper' in project 'Mappy'
        ➜ Explicit dependency on target 'ArcGIS-product' in project 'arcgis-runtime-ios'
        ➜ Explicit dependency on target 'CocoaLumberjackSwift-product' in project 'CocoaLumberjackSwift'
        ➜ Explicit dependency on target 'KeychainAccess-product' in project 'KeychainAccess'
        ➜ Explicit dependency on target 'Swinject-product' in project 'Swinject'
        ➜ Explicit dependency on target 'ZIPFoundation-product' in project 'ZIPFoundation'
        ➜ Explicit dependency on target 'PusherSwift-product' in project 'PusherSwift'
    Target 'MappyWrapper' in project 'Mappy'
        ➜ Explicit dependency on target 'ArcGIS-product' in project 'arcgis-runtime-ios'
        ➜ Explicit dependency on target 'CocoaLumberjackSwift-product' in project 'CocoaLumberjackSwift'
        ➜ Explicit dependency on target 'KeychainAccess-product' in project 'KeychainAccess'
        ➜ Explicit dependency on target 'Swinject-product' in project 'Swinject'
        ➜ Explicit dependency on target 'ZIPFoundation-product' in project 'ZIPFoundation'
        ➜ Explicit dependency on target 'PusherSwift-product' in project 'PusherSwift'
    Target 'PusherSwift-product' in project 'PusherSwift'
        ➜ Explicit dependency on target 'PusherSwiftWrapper' in project 'PusherSwift'
        ➜ Explicit dependency on target 'TweetNacl-product' in project 'TweetNacl'
        ➜ Explicit dependency on target 'NWWebSocket-product' in project 'NWWebSocket'
    Target 'PusherSwiftWrapper' in project 'PusherSwift'
        ➜ Explicit dependency on target 'TweetNacl-product' in project 'TweetNacl'
        ➜ Explicit dependency on target 'NWWebSocket-product' in project 'NWWebSocket'
    Target 'NWWebSocket-product' in project 'NWWebSocket' (no dependencies)
    Target 'TweetNacl-product' in project 'TweetNacl' (no dependencies)
    Target 'ZIPFoundation-product' in project 'ZIPFoundation' (no dependencies)
    Target 'Swinject-product' in project 'Swinject' (no dependencies)
    Target 'KeychainAccess-product' in project 'KeychainAccess' (no dependencies)
    Target 'CocoaLumberjackSwift-product' in project 'CocoaLumberjackSwift'
        ➜ Explicit dependency on target 'CocoaLumberjackSwiftWrapper' in project 'CocoaLumberjackSwift'
        ➜ Explicit dependency on target 'CocoaLumberjack-product' in project 'CocoaLumberjack'
    Target 'CocoaLumberjackSwiftWrapper' in project 'CocoaLumberjackSwift'
        ➜ Explicit dependency on target 'CocoaLumberjack-product' in project 'CocoaLumberjack'
    Target 'CocoaLumberjack-product' in project 'CocoaLumberjack' (no dependencies)
    Target 'ArcGIS-product' in project 'arcgis-runtime-ios' (no dependencies)
GatherProvisioningInputs
CreateBuildDescription
ExecuteExternalTool /Applications/Xcode-27.0.0-Release.Candidate.app/Contents/Developer/Toolchains/XcodeDefault.xctoolchain/usr/bin/swiftc --version
ExecuteExternalTool /Applications/Xcode-27.0.0-Release.Candidate.app/Contents/Developer/Toolchains/XcodeDefault.xctoolchain/usr/bin/clang -v -E -dM -isysroot /Applications/Xcode-27.0.0-Release.Candidate.app/Contents/Developer/Platforms/WatchOS.platform/Developer/SDKs/WatchOS27.0.sdk -x c -c /dev/null
ExecuteExternalTool /Applications/Xcode-27.0.0-Release.Candidate.app/Contents/Developer/Toolchains/XcodeDefault.xctoolchain/usr/bin/ld -version_details
Build description signature: 1ae4d125f1596231bb76ec6a3dc88a8d
Build description path: /Users/admin/builder/spi-builder-workspace/.derivedData/Build/Intermediates.noindex/XCBuildData/1ae4d125f1596231bb76ec6a3dc88a8d.xcbuilddata
/Users/admin/builder/spi-builder-workspace/Mappy.xcframework:1:1: error: While building for watchOS, no library for this platform was found in '/Users/admin/builder/spi-builder-workspace/Mappy.xcframework'. (in target 'MappyWrapper' from project 'Mappy')
/Users/admin/builder/spi-builder-workspace/.dependencies/artifacts/arcgis-runtime-ios/ArcGIS/ArcGIS.xcframework:1:1: error: While building for watchOS, no library for this platform was found in '/Users/admin/builder/spi-builder-workspace/.dependencies/artifacts/arcgis-runtime-ios/ArcGIS/ArcGIS.xcframework'. (in target 'MappyWrapper' from project 'Mappy')
/Users/admin/builder/spi-builder-workspace/.dependencies/artifacts/arcgis-runtime-ios/Runtimecore/Runtimecore.xcframework:1:1: error: While building for watchOS, no library for this platform was found in '/Users/admin/builder/spi-builder-workspace/.dependencies/artifacts/arcgis-runtime-ios/Runtimecore/Runtimecore.xcframework'. (in target 'MappyWrapper' from project 'Mappy')
/Users/admin/builder/spi-builder-workspace/.dependencies/checkouts/Swinject/Swinject.xcframework:1:1: error: While building for watchOS, no library for this platform was found in '/Users/admin/builder/spi-builder-workspace/.dependencies/checkouts/Swinject/Swinject.xcframework'. (in target 'MappyWrapper' from project 'Mappy')
/Users/admin/builder/spi-builder-workspace/.dependencies/checkouts/ZIPFoundation/ZIPFoundation.xcframework:1:1: error: While building for watchOS, no library for this platform was found in '/Users/admin/builder/spi-builder-workspace/.dependencies/checkouts/ZIPFoundation/ZIPFoundation.xcframework'. (in target 'MappyWrapper' from project 'Mappy')
/Users/admin/builder/spi-builder-workspace/.dependencies/checkouts/PusherSwift/PusherSwift.xcframework:1:1: error: While building for watchOS, no library for this platform was found in '/Users/admin/builder/spi-builder-workspace/.dependencies/checkouts/PusherSwift/PusherSwift.xcframework'. (in target 'PusherSwiftWrapper' from project 'PusherSwift')
/Users/admin/builder/spi-builder-workspace/.dependencies/checkouts/TweetNacl/TweetNacl.xcframework:1:1: error: While building for watchOS, no library for this platform was found in '/Users/admin/builder/spi-builder-workspace/.dependencies/checkouts/TweetNacl/TweetNacl.xcframework'. (in target 'PusherSwiftWrapper' from project 'PusherSwift')
/Users/admin/builder/spi-builder-workspace/.dependencies/checkouts/NWWebSocket/NWWebSocket.xcframework:1:1: error: While building for watchOS, no library for this platform was found in '/Users/admin/builder/spi-builder-workspace/.dependencies/checkouts/NWWebSocket/NWWebSocket.xcframework'. (in target 'PusherSwiftWrapper' from project 'PusherSwift')
/Users/admin/builder/spi-builder-workspace/.dependencies/artifacts/arcgis-runtime-ios/ArcGIS/ArcGIS.xcframework:1:1: error: While building for watchOS, no library for this platform was found in '/Users/admin/builder/spi-builder-workspace/.dependencies/artifacts/arcgis-runtime-ios/ArcGIS/ArcGIS.xcframework'. (in target 'ArcGIS-product' from project 'arcgis-runtime-ios')
/Users/admin/builder/spi-builder-workspace/.dependencies/artifacts/arcgis-runtime-ios/Runtimecore/Runtimecore.xcframework:1:1: error: While building for watchOS, no library for this platform was found in '/Users/admin/builder/spi-builder-workspace/.dependencies/artifacts/arcgis-runtime-ios/Runtimecore/Runtimecore.xcframework'. (in target 'ArcGIS-product' from project 'arcgis-runtime-ios')
/Users/admin/builder/spi-builder-workspace/Mappy.xcframework:1:1: error: While building for watchOS, no library for this platform was found in '/Users/admin/builder/spi-builder-workspace/Mappy.xcframework'. (in target 'Mappy-product' from project 'Mappy')
/Users/admin/builder/spi-builder-workspace/Mappy.xcframework:1:1: error: While building for watchOS, no library for this platform was found in '/Users/admin/builder/spi-builder-workspace/Mappy.xcframework'. (in target 'Mappy-product' from project 'Mappy')
/Users/admin/builder/spi-builder-workspace/.dependencies/artifacts/arcgis-runtime-ios/ArcGIS/ArcGIS.xcframework:1:1: error: While building for watchOS, no library for this platform was found in '/Users/admin/builder/spi-builder-workspace/.dependencies/artifacts/arcgis-runtime-ios/ArcGIS/ArcGIS.xcframework'. (in target 'Mappy-product' from project 'Mappy')
/Users/admin/builder/spi-builder-workspace/.dependencies/artifacts/arcgis-runtime-ios/Runtimecore/Runtimecore.xcframework:1:1: error: While building for watchOS, no library for this platform was found in '/Users/admin/builder/spi-builder-workspace/.dependencies/artifacts/arcgis-runtime-ios/Runtimecore/Runtimecore.xcframework'. (in target 'Mappy-product' from project 'Mappy')
/Users/admin/builder/spi-builder-workspace/.dependencies/checkouts/Swinject/Swinject.xcframework:1:1: error: While building for watchOS, no library for this platform was found in '/Users/admin/builder/spi-builder-workspace/.dependencies/checkouts/Swinject/Swinject.xcframework'. (in target 'Mappy-product' from project 'Mappy')
/Users/admin/builder/spi-builder-workspace/.dependencies/checkouts/ZIPFoundation/ZIPFoundation.xcframework:1:1: error: While building for watchOS, no library for this platform was found in '/Users/admin/builder/spi-builder-workspace/.dependencies/checkouts/ZIPFoundation/ZIPFoundation.xcframework'. (in target 'Mappy-product' from project 'Mappy')
/Users/admin/builder/spi-builder-workspace/.dependencies/artifacts/arcgis-runtime-ios/ArcGIS/ArcGIS.xcframework:1:1: error: While building for watchOS, no library for this platform was found in '/Users/admin/builder/spi-builder-workspace/.dependencies/artifacts/arcgis-runtime-ios/ArcGIS/ArcGIS.xcframework'. (in target 'Mappy-product' from project 'Mappy')
/Users/admin/builder/spi-builder-workspace/.dependencies/artifacts/arcgis-runtime-ios/Runtimecore/Runtimecore.xcframework:1:1: error: While building for watchOS, no library for this platform was found in '/Users/admin/builder/spi-builder-workspace/.dependencies/artifacts/arcgis-runtime-ios/Runtimecore/Runtimecore.xcframework'. (in target 'Mappy-product' from project 'Mappy')
/Users/admin/builder/spi-builder-workspace/.dependencies/checkouts/Swinject/Swinject.xcframework:1:1: error: While building for watchOS, no library for this platform was found in '/Users/admin/builder/spi-builder-workspace/.dependencies/checkouts/Swinject/Swinject.xcframework'. (in target 'Mappy-product' from project 'Mappy')
/Users/admin/builder/spi-builder-workspace/.dependencies/checkouts/ZIPFoundation/ZIPFoundation.xcframework:1:1: error: While building for watchOS, no library for this platform was found in '/Users/admin/builder/spi-builder-workspace/.dependencies/checkouts/ZIPFoundation/ZIPFoundation.xcframework'. (in target 'Mappy-product' from project 'Mappy')
/Users/admin/builder/spi-builder-workspace/.dependencies/checkouts/PusherSwift/PusherSwift.xcframework:1:1: error: While building for watchOS, no library for this platform was found in '/Users/admin/builder/spi-builder-workspace/.dependencies/checkouts/PusherSwift/PusherSwift.xcframework'. (in target 'Mappy-product' from project 'Mappy')
/Users/admin/builder/spi-builder-workspace/.dependencies/checkouts/TweetNacl/TweetNacl.xcframework:1:1: error: While building for watchOS, no library for this platform was found in '/Users/admin/builder/spi-builder-workspace/.dependencies/checkouts/TweetNacl/TweetNacl.xcframework'. (in target 'Mappy-product' from project 'Mappy')
/Users/admin/builder/spi-builder-workspace/.dependencies/checkouts/NWWebSocket/NWWebSocket.xcframework:1:1: error: While building for watchOS, no library for this platform was found in '/Users/admin/builder/spi-builder-workspace/.dependencies/checkouts/NWWebSocket/NWWebSocket.xcframework'. (in target 'Mappy-product' from project 'Mappy')
/Users/admin/builder/spi-builder-workspace/.dependencies/checkouts/TweetNacl/TweetNacl.xcframework:1:1: error: While building for watchOS, no library for this platform was found in '/Users/admin/builder/spi-builder-workspace/.dependencies/checkouts/TweetNacl/TweetNacl.xcframework'. (in target 'Mappy-product' from project 'Mappy')
/Users/admin/builder/spi-builder-workspace/.dependencies/checkouts/NWWebSocket/NWWebSocket.xcframework:1:1: error: While building for watchOS, no library for this platform was found in '/Users/admin/builder/spi-builder-workspace/.dependencies/checkouts/NWWebSocket/NWWebSocket.xcframework'. (in target 'Mappy-product' from project 'Mappy')
/Users/admin/builder/spi-builder-workspace/.dependencies/checkouts/Swinject/Swinject.xcframework:1:1: error: While building for watchOS, no library for this platform was found in '/Users/admin/builder/spi-builder-workspace/.dependencies/checkouts/Swinject/Swinject.xcframework'. (in target 'Swinject-product' from project 'Swinject')
/Users/admin/builder/spi-builder-workspace/.dependencies/checkouts/NWWebSocket/NWWebSocket.xcframework:1:1: error: While building for watchOS, no library for this platform was found in '/Users/admin/builder/spi-builder-workspace/.dependencies/checkouts/NWWebSocket/NWWebSocket.xcframework'. (in target 'NWWebSocket-product' from project 'NWWebSocket')
/Users/admin/builder/spi-builder-workspace/.dependencies/checkouts/ZIPFoundation/ZIPFoundation.xcframework:1:1: error: While building for watchOS, no library for this platform was found in '/Users/admin/builder/spi-builder-workspace/.dependencies/checkouts/ZIPFoundation/ZIPFoundation.xcframework'. (in target 'ZIPFoundation-product' from project 'ZIPFoundation')
/Users/admin/builder/spi-builder-workspace/.dependencies/checkouts/TweetNacl/TweetNacl.xcframework:1:1: error: While building for watchOS, no library for this platform was found in '/Users/admin/builder/spi-builder-workspace/.dependencies/checkouts/TweetNacl/TweetNacl.xcframework'. (in target 'TweetNacl-product' from project 'TweetNacl')
/Users/admin/builder/spi-builder-workspace/.dependencies/checkouts/PusherSwift/PusherSwift.xcframework:1:1: error: While building for watchOS, no library for this platform was found in '/Users/admin/builder/spi-builder-workspace/.dependencies/checkouts/PusherSwift/PusherSwift.xcframework'. (in target 'PusherSwift-product' from project 'PusherSwift')
/Users/admin/builder/spi-builder-workspace/.dependencies/checkouts/TweetNacl/TweetNacl.xcframework:1:1: error: While building for watchOS, no library for this platform was found in '/Users/admin/builder/spi-builder-workspace/.dependencies/checkouts/TweetNacl/TweetNacl.xcframework'. (in target 'PusherSwift-product' from project 'PusherSwift')
/Users/admin/builder/spi-builder-workspace/.dependencies/checkouts/NWWebSocket/NWWebSocket.xcframework:1:1: error: While building for watchOS, no library for this platform was found in '/Users/admin/builder/spi-builder-workspace/.dependencies/checkouts/NWWebSocket/NWWebSocket.xcframework'. (in target 'PusherSwift-product' from project 'PusherSwift')
/Users/admin/builder/spi-builder-workspace/.dependencies/checkouts/TweetNacl/TweetNacl.xcframework:1:1: error: While building for watchOS, no library for this platform was found in '/Users/admin/builder/spi-builder-workspace/.dependencies/checkouts/TweetNacl/TweetNacl.xcframework'. (in target 'PusherSwift-product' from project 'PusherSwift')
/Users/admin/builder/spi-builder-workspace/.dependencies/checkouts/NWWebSocket/NWWebSocket.xcframework:1:1: error: While building for watchOS, no library for this platform was found in '/Users/admin/builder/spi-builder-workspace/.dependencies/checkouts/NWWebSocket/NWWebSocket.xcframework'. (in target 'PusherSwift-product' from project 'PusherSwift')
2026-09-21 16:52:21.919 xcodebuild[1027:5889] [MT] IDERunDestination: Supported platforms for the buildables in the current scheme is empty.
** BUILD FAILED **
The following build commands failed:
	Building workspace Mappy with scheme Mappy
(1 failure)
Command line invocation:
    /Applications/Xcode-27.0.0-Release.Candidate.app/Contents/Developer/usr/bin/xcodebuild -IDEClonedSourcePackagesDirPathOverride=/Users/admin/builder/spi-builder-workspace/.dependencies -resolvePackageDependencies
Resolve Package Graph
Resolved source packages:
  Mappy: /Users/admin/builder/spi-builder-workspace
  ZIPFoundation: https://github.com/beMappy/ZIPFoundation/ @ 0.9.15-SPM
  arcgis-runtime-ios: https://github.com/Esri/arcgis-runtime-ios/ @ 100.15.2
  NWWebSocket: https://github.com/beMappy/NWWebSocket @ 0.5.2-SPM
  CocoaLumberjackSwift: https://github.com/beMappy/CocoaLumberjackSwift/ @ 3.7.4-SPM2
  PusherSwift: https://github.com/beMappy/PusherSwift/ @ 10.1.1-SPM
  CocoaLumberjack: https://github.com/beMappy/CocoaLumberjack/ @ 3.7.4-SPM
  Swinject: https://github.com/beMappy/Swinject/ @ 2.8.2-SPM
  KeychainAccess: https://github.com/beMappy/Mappy-KeychainAccess/ @ 4.2.2-SPM
  TweetNacl: https://github.com/beMappy/TweetNacl @ 1.0.2-SPM
resolved source packages: Mappy, ZIPFoundation, arcgis-runtime-ios, NWWebSocket, CocoaLumberjackSwift, PusherSwift, CocoaLumberjack, Swinject, KeychainAccess, TweetNacl
2026-09-21 16:52:24.668 xcodebuild[1113:6366] [MT] IDERunDestination: Supported platforms for the buildables in the current scheme is empty.
{
  "dependencies" : [
    {
      "identity" : "arcgis-runtime-ios",
      "requirement" : {
        "exact" : [
          "100.15.2"
        ]
      },
      "type" : "sourceControl",
      "url" : "https://github.com/Esri/arcgis-runtime-ios/"
    },
    {
      "identity" : "cocoalumberjackswift",
      "requirement" : {
        "exact" : [
          "3.7.4-SPM2"
        ]
      },
      "type" : "sourceControl",
      "url" : "https://github.com/beMappy/CocoaLumberjackSwift/"
    },
    {
      "identity" : "mappy-keychainaccess",
      "requirement" : {
        "exact" : [
          "4.2.2-SPM"
        ]
      },
      "type" : "sourceControl",
      "url" : "https://github.com/beMappy/Mappy-KeychainAccess/"
    },
    {
      "identity" : "swinject",
      "requirement" : {
        "exact" : [
          "2.8.2-SPM"
        ]
      },
      "type" : "sourceControl",
      "url" : "https://github.com/beMappy/Swinject/"
    },
    {
      "identity" : "zipfoundation",
      "requirement" : {
        "exact" : [
          "0.9.15-SPM"
        ]
      },
      "type" : "sourceControl",
      "url" : "https://github.com/beMappy/ZIPFoundation/"
    },
    {
      "identity" : "pusherswift",
      "requirement" : {
        "exact" : [
          "10.1.1-SPM"
        ]
      },
      "type" : "sourceControl",
      "url" : "https://github.com/beMappy/PusherSwift/"
    }
  ],
  "manifest_display_name" : "Mappy",
  "name" : "Mappy",
  "path" : "/Users/admin/builder/spi-builder-workspace",
  "platforms" : [
    {
      "name" : "ios",
      "version" : "14.0"
    }
  ],
  "products" : [
    {
      "name" : "Mappy",
      "targets" : [
        "MappyWrapper",
        "Mappy"
      ],
      "type" : {
        "library" : [
          "automatic"
        ]
      }
    }
  ],
  "targets" : [
    {
      "c99name" : "MappyWrapper",
      "module_type" : "SwiftTarget",
      "name" : "MappyWrapper",
      "path" : "Sources/MappyWrapper",
      "product_dependencies" : [
        "ArcGIS",
        "CocoaLumberjackSwift",
        "KeychainAccess",
        "Swinject",
        "ZIPFoundation",
        "PusherSwift"
      ],
      "product_memberships" : [
        "Mappy"
      ],
      "sources" : [
        "MappyWrapper.swift"
      ],
      "target_dependencies" : [
        "Mappy"
      ],
      "type" : "library"
    },
    {
      "c99name" : "Mappy",
      "module_type" : "BinaryTarget",
      "name" : "Mappy",
      "path" : "Mappy.xcframework",
      "product_memberships" : [
        "Mappy"
      ],
      "sources" : [
      ],
      "type" : "binary"
    }
  ],
  "tools_version" : "5.7"
}
{
  "workspace" : {
    "name" : "Mappy",
    "schemes" : [
      "Mappy"
    ]
  }
}
2026-09-21 16:52:26.261 xcodebuild[1121:6431] [MT] IDERunDestination: Supported platforms for the buildables in the current scheme is empty.
Running build ...
env DEVELOPER_DIR=/Applications/Xcode-27.0.0-Release.Candidate.app xcrun xcodebuild -IDEClonedSourcePackagesDirPathOverride=$PWD/.dependencies -skipMacroValidation -skipPackagePluginValidation -derivedDataPath $PWD/.derivedData build -scheme Mappy -destination generic/platform=watchOS
Command line invocation:
    /Applications/Xcode-27.0.0-Release.Candidate.app/Contents/Developer/usr/bin/xcodebuild -IDEClonedSourcePackagesDirPathOverride=/Users/admin/builder/spi-builder-workspace/.dependencies -skipMacroValidation -skipPackagePluginValidation -derivedDataPath /Users/admin/builder/spi-builder-workspace/.derivedData build -scheme Mappy -destination generic/platform=watchOS
Resolve Package Graph
Resolved source packages:
  KeychainAccess: https://github.com/beMappy/Mappy-KeychainAccess/ @ 4.2.2-SPM
  PusherSwift: https://github.com/beMappy/PusherSwift/ @ 10.1.1-SPM
  NWWebSocket: https://github.com/beMappy/NWWebSocket @ 0.5.2-SPM
  CocoaLumberjackSwift: https://github.com/beMappy/CocoaLumberjackSwift/ @ 3.7.4-SPM2
  arcgis-runtime-ios: https://github.com/Esri/arcgis-runtime-ios/ @ 100.15.2
  TweetNacl: https://github.com/beMappy/TweetNacl @ 1.0.2-SPM
  CocoaLumberjack: https://github.com/beMappy/CocoaLumberjack/ @ 3.7.4-SPM
  Mappy: /Users/admin/builder/spi-builder-workspace
  Swinject: https://github.com/beMappy/Swinject/ @ 2.8.2-SPM
  ZIPFoundation: https://github.com/beMappy/ZIPFoundation/ @ 0.9.15-SPM
ComputePackagePrebuildTargetDependencyGraph
Prepare packages
CreateBuildRequest
SendProjectDescription
CreateBuildOperation
ComputeTargetDependencyGraph
note: Building targets in dependency order
note: Target dependency graph (13 targets)
    Target 'Mappy-product' in project 'Mappy'
        ➜ Explicit dependency on target 'MappyWrapper' in project 'Mappy'
        ➜ Explicit dependency on target 'ArcGIS-product' in project 'arcgis-runtime-ios'
        ➜ Explicit dependency on target 'CocoaLumberjackSwift-product' in project 'CocoaLumberjackSwift'
        ➜ Explicit dependency on target 'KeychainAccess-product' in project 'KeychainAccess'
        ➜ Explicit dependency on target 'Swinject-product' in project 'Swinject'
        ➜ Explicit dependency on target 'ZIPFoundation-product' in project 'ZIPFoundation'
        ➜ Explicit dependency on target 'PusherSwift-product' in project 'PusherSwift'
    Target 'MappyWrapper' in project 'Mappy'
        ➜ Explicit dependency on target 'ArcGIS-product' in project 'arcgis-runtime-ios'
        ➜ Explicit dependency on target 'CocoaLumberjackSwift-product' in project 'CocoaLumberjackSwift'
        ➜ Explicit dependency on target 'KeychainAccess-product' in project 'KeychainAccess'
        ➜ Explicit dependency on target 'Swinject-product' in project 'Swinject'
        ➜ Explicit dependency on target 'ZIPFoundation-product' in project 'ZIPFoundation'
        ➜ Explicit dependency on target 'PusherSwift-product' in project 'PusherSwift'
    Target 'PusherSwift-product' in project 'PusherSwift'
        ➜ Explicit dependency on target 'PusherSwiftWrapper' in project 'PusherSwift'
        ➜ Explicit dependency on target 'TweetNacl-product' in project 'TweetNacl'
        ➜ Explicit dependency on target 'NWWebSocket-product' in project 'NWWebSocket'
    Target 'PusherSwiftWrapper' in project 'PusherSwift'
        ➜ Explicit dependency on target 'TweetNacl-product' in project 'TweetNacl'
        ➜ Explicit dependency on target 'NWWebSocket-product' in project 'NWWebSocket'
    Target 'NWWebSocket-product' in project 'NWWebSocket' (no dependencies)
    Target 'TweetNacl-product' in project 'TweetNacl' (no dependencies)
    Target 'ZIPFoundation-product' in project 'ZIPFoundation' (no dependencies)
    Target 'Swinject-product' in project 'Swinject' (no dependencies)
    Target 'KeychainAccess-product' in project 'KeychainAccess' (no dependencies)
    Target 'CocoaLumberjackSwift-product' in project 'CocoaLumberjackSwift'
        ➜ Explicit dependency on target 'CocoaLumberjackSwiftWrapper' in project 'CocoaLumberjackSwift'
        ➜ Explicit dependency on target 'CocoaLumberjack-product' in project 'CocoaLumberjack'
    Target 'CocoaLumberjackSwiftWrapper' in project 'CocoaLumberjackSwift'
        ➜ Explicit dependency on target 'CocoaLumberjack-product' in project 'CocoaLumberjack'
    Target 'CocoaLumberjack-product' in project 'CocoaLumberjack' (no dependencies)
    Target 'ArcGIS-product' in project 'arcgis-runtime-ios' (no dependencies)
GatherProvisioningInputs
CreateBuildDescription
/Users/admin/builder/spi-builder-workspace/.dependencies/checkouts/Swinject/Swinject.xcframework:1:1: error: While building for watchOS, no library for this platform was found in '/Users/admin/builder/spi-builder-workspace/.dependencies/checkouts/Swinject/Swinject.xcframework'. (in target 'Swinject-product' from project 'Swinject')
/Users/admin/builder/spi-builder-workspace/.dependencies/checkouts/NWWebSocket/NWWebSocket.xcframework:1:1: error: While building for watchOS, no library for this platform was found in '/Users/admin/builder/spi-builder-workspace/.dependencies/checkouts/NWWebSocket/NWWebSocket.xcframework'. (in target 'PusherSwift-product' from project 'PusherSwift')
/Users/admin/builder/spi-builder-workspace/.dependencies/checkouts/NWWebSocket/NWWebSocket.xcframework:1:1: error: While building for watchOS, no library for this platform was found in '/Users/admin/builder/spi-builder-workspace/.dependencies/checkouts/NWWebSocket/NWWebSocket.xcframework'. (in target 'PusherSwift-product' from project 'PusherSwift')
/Users/admin/builder/spi-builder-workspace/.dependencies/checkouts/PusherSwift/PusherSwift.xcframework:1:1: error: While building for watchOS, no library for this platform was found in '/Users/admin/builder/spi-builder-workspace/.dependencies/checkouts/PusherSwift/PusherSwift.xcframework'. (in target 'PusherSwift-product' from project 'PusherSwift')
/Users/admin/builder/spi-builder-workspace/.dependencies/checkouts/TweetNacl/TweetNacl.xcframework:1:1: error: While building for watchOS, no library for this platform was found in '/Users/admin/builder/spi-builder-workspace/.dependencies/checkouts/TweetNacl/TweetNacl.xcframework'. (in target 'PusherSwift-product' from project 'PusherSwift')
/Users/admin/builder/spi-builder-workspace/.dependencies/checkouts/TweetNacl/TweetNacl.xcframework:1:1: error: While building for watchOS, no library for this platform was found in '/Users/admin/builder/spi-builder-workspace/.dependencies/checkouts/TweetNacl/TweetNacl.xcframework'. (in target 'PusherSwift-product' from project 'PusherSwift')
/Users/admin/builder/spi-builder-workspace/.dependencies/checkouts/NWWebSocket/NWWebSocket.xcframework:1:1: error: While building for watchOS, no library for this platform was found in '/Users/admin/builder/spi-builder-workspace/.dependencies/checkouts/NWWebSocket/NWWebSocket.xcframework'. (in target 'NWWebSocket-product' from project 'NWWebSocket')
/Users/admin/builder/spi-builder-workspace/.dependencies/artifacts/arcgis-runtime-ios/ArcGIS/ArcGIS.xcframework:1:1: error: While building for watchOS, no library for this platform was found in '/Users/admin/builder/spi-builder-workspace/.dependencies/artifacts/arcgis-runtime-ios/ArcGIS/ArcGIS.xcframework'. (in target 'ArcGIS-product' from project 'arcgis-runtime-ios')
/Users/admin/builder/spi-builder-workspace/.dependencies/artifacts/arcgis-runtime-ios/Runtimecore/Runtimecore.xcframework:1:1: error: While building for watchOS, no library for this platform was found in '/Users/admin/builder/spi-builder-workspace/.dependencies/artifacts/arcgis-runtime-ios/Runtimecore/Runtimecore.xcframework'. (in target 'ArcGIS-product' from project 'arcgis-runtime-ios')
/Users/admin/builder/spi-builder-workspace/.dependencies/checkouts/ZIPFoundation/ZIPFoundation.xcframework:1:1: error: While building for watchOS, no library for this platform was found in '/Users/admin/builder/spi-builder-workspace/.dependencies/checkouts/ZIPFoundation/ZIPFoundation.xcframework'. (in target 'ZIPFoundation-product' from project 'ZIPFoundation')
/Users/admin/builder/spi-builder-workspace/.dependencies/artifacts/arcgis-runtime-ios/ArcGIS/ArcGIS.xcframework:1:1: error: While building for watchOS, no library for this platform was found in '/Users/admin/builder/spi-builder-workspace/.dependencies/artifacts/arcgis-runtime-ios/ArcGIS/ArcGIS.xcframework'. (in target 'Mappy-product' from project 'Mappy')
/Users/admin/builder/spi-builder-workspace/.dependencies/artifacts/arcgis-runtime-ios/ArcGIS/ArcGIS.xcframework:1:1: error: While building for watchOS, no library for this platform was found in '/Users/admin/builder/spi-builder-workspace/.dependencies/artifacts/arcgis-runtime-ios/ArcGIS/ArcGIS.xcframework'. (in target 'Mappy-product' from project 'Mappy')
/Users/admin/builder/spi-builder-workspace/.dependencies/artifacts/arcgis-runtime-ios/Runtimecore/Runtimecore.xcframework:1:1: error: While building for watchOS, no library for this platform was found in '/Users/admin/builder/spi-builder-workspace/.dependencies/artifacts/arcgis-runtime-ios/Runtimecore/Runtimecore.xcframework'. (in target 'Mappy-product' from project 'Mappy')
/Users/admin/builder/spi-builder-workspace/.dependencies/artifacts/arcgis-runtime-ios/Runtimecore/Runtimecore.xcframework:1:1: error: While building for watchOS, no library for this platform was found in '/Users/admin/builder/spi-builder-workspace/.dependencies/artifacts/arcgis-runtime-ios/Runtimecore/Runtimecore.xcframework'. (in target 'Mappy-product' from project 'Mappy')
/Users/admin/builder/spi-builder-workspace/.dependencies/checkouts/NWWebSocket/NWWebSocket.xcframework:1:1: error: While building for watchOS, no library for this platform was found in '/Users/admin/builder/spi-builder-workspace/.dependencies/checkouts/NWWebSocket/NWWebSocket.xcframework'. (in target 'Mappy-product' from project 'Mappy')
/Users/admin/builder/spi-builder-workspace/.dependencies/checkouts/NWWebSocket/NWWebSocket.xcframework:1:1: error: While building for watchOS, no library for this platform was found in '/Users/admin/builder/spi-builder-workspace/.dependencies/checkouts/NWWebSocket/NWWebSocket.xcframework'. (in target 'Mappy-product' from project 'Mappy')
/Users/admin/builder/spi-builder-workspace/.dependencies/checkouts/PusherSwift/PusherSwift.xcframework:1:1: error: While building for watchOS, no library for this platform was found in '/Users/admin/builder/spi-builder-workspace/.dependencies/checkouts/PusherSwift/PusherSwift.xcframework'. (in target 'Mappy-product' from project 'Mappy')
/Users/admin/builder/spi-builder-workspace/.dependencies/checkouts/Swinject/Swinject.xcframework:1:1: error: While building for watchOS, no library for this platform was found in '/Users/admin/builder/spi-builder-workspace/.dependencies/checkouts/Swinject/Swinject.xcframework'. (in target 'Mappy-product' from project 'Mappy')
/Users/admin/builder/spi-builder-workspace/.dependencies/checkouts/Swinject/Swinject.xcframework:1:1: error: While building for watchOS, no library for this platform was found in '/Users/admin/builder/spi-builder-workspace/.dependencies/checkouts/Swinject/Swinject.xcframework'. (in target 'Mappy-product' from project 'Mappy')
/Users/admin/builder/spi-builder-workspace/.dependencies/checkouts/TweetNacl/TweetNacl.xcframework:1:1: error: While building for watchOS, no library for this platform was found in '/Users/admin/builder/spi-builder-workspace/.dependencies/checkouts/TweetNacl/TweetNacl.xcframework'. (in target 'Mappy-product' from project 'Mappy')
/Users/admin/builder/spi-builder-workspace/.dependencies/checkouts/TweetNacl/TweetNacl.xcframework:1:1: error: While building for watchOS, no library for this platform was found in '/Users/admin/builder/spi-builder-workspace/.dependencies/checkouts/TweetNacl/TweetNacl.xcframework'. (in target 'Mappy-product' from project 'Mappy')
/Users/admin/builder/spi-builder-workspace/.dependencies/checkouts/ZIPFoundation/ZIPFoundation.xcframework:1:1: error: While building for watchOS, no library for this platform was found in '/Users/admin/builder/spi-builder-workspace/.dependencies/checkouts/ZIPFoundation/ZIPFoundation.xcframework'. (in target 'Mappy-product' from project 'Mappy')
/Users/admin/builder/spi-builder-workspace/.dependencies/checkouts/ZIPFoundation/ZIPFoundation.xcframework:1:1: error: While building for watchOS, no library for this platform was found in '/Users/admin/builder/spi-builder-workspace/.dependencies/checkouts/ZIPFoundation/ZIPFoundation.xcframework'. (in target 'Mappy-product' from project 'Mappy')
/Users/admin/builder/spi-builder-workspace/Mappy.xcframework:1:1: error: While building for watchOS, no library for this platform was found in '/Users/admin/builder/spi-builder-workspace/Mappy.xcframework'. (in target 'Mappy-product' from project 'Mappy')
/Users/admin/builder/spi-builder-workspace/Mappy.xcframework:1:1: error: While building for watchOS, no library for this platform was found in '/Users/admin/builder/spi-builder-workspace/Mappy.xcframework'. (in target 'Mappy-product' from project 'Mappy')
/Users/admin/builder/spi-builder-workspace/.dependencies/checkouts/TweetNacl/TweetNacl.xcframework:1:1: error: While building for watchOS, no library for this platform was found in '/Users/admin/builder/spi-builder-workspace/.dependencies/checkouts/TweetNacl/TweetNacl.xcframework'. (in target 'TweetNacl-product' from project 'TweetNacl')
/Users/admin/builder/spi-builder-workspace/.dependencies/artifacts/arcgis-runtime-ios/ArcGIS/ArcGIS.xcframework:1:1: error: While building for watchOS, no library for this platform was found in '/Users/admin/builder/spi-builder-workspace/.dependencies/artifacts/arcgis-runtime-ios/ArcGIS/ArcGIS.xcframework'. (in target 'MappyWrapper' from project 'Mappy')
/Users/admin/builder/spi-builder-workspace/.dependencies/artifacts/arcgis-runtime-ios/Runtimecore/Runtimecore.xcframework:1:1: error: While building for watchOS, no library for this platform was found in '/Users/admin/builder/spi-builder-workspace/.dependencies/artifacts/arcgis-runtime-ios/Runtimecore/Runtimecore.xcframework'. (in target 'MappyWrapper' from project 'Mappy')
/Users/admin/builder/spi-builder-workspace/.dependencies/checkouts/Swinject/Swinject.xcframework:1:1: error: While building for watchOS, no library for this platform was found in '/Users/admin/builder/spi-builder-workspace/.dependencies/checkouts/Swinject/Swinject.xcframework'. (in target 'MappyWrapper' from project 'Mappy')
/Users/admin/builder/spi-builder-workspace/.dependencies/checkouts/ZIPFoundation/ZIPFoundation.xcframework:1:1: error: While building for watchOS, no library for this platform was found in '/Users/admin/builder/spi-builder-workspace/.dependencies/checkouts/ZIPFoundation/ZIPFoundation.xcframework'. (in target 'MappyWrapper' from project 'Mappy')
/Users/admin/builder/spi-builder-workspace/Mappy.xcframework:1:1: error: While building for watchOS, no library for this platform was found in '/Users/admin/builder/spi-builder-workspace/Mappy.xcframework'. (in target 'MappyWrapper' from project 'Mappy')
/Users/admin/builder/spi-builder-workspace/.dependencies/checkouts/NWWebSocket/NWWebSocket.xcframework:1:1: error: While building for watchOS, no library for this platform was found in '/Users/admin/builder/spi-builder-workspace/.dependencies/checkouts/NWWebSocket/NWWebSocket.xcframework'. (in target 'PusherSwiftWrapper' from project 'PusherSwift')
/Users/admin/builder/spi-builder-workspace/.dependencies/checkouts/PusherSwift/PusherSwift.xcframework:1:1: error: While building for watchOS, no library for this platform was found in '/Users/admin/builder/spi-builder-workspace/.dependencies/checkouts/PusherSwift/PusherSwift.xcframework'. (in target 'PusherSwiftWrapper' from project 'PusherSwift')
/Users/admin/builder/spi-builder-workspace/.dependencies/checkouts/TweetNacl/TweetNacl.xcframework:1:1: error: While building for watchOS, no library for this platform was found in '/Users/admin/builder/spi-builder-workspace/.dependencies/checkouts/TweetNacl/TweetNacl.xcframework'. (in target 'PusherSwiftWrapper' from project 'PusherSwift')
2026-09-21 16:52:27.594 xcodebuild[1122:6456] [MT] IDERunDestination: Supported platforms for the buildables in the current scheme is empty.
** BUILD FAILED **
The following build commands failed:
	Building workspace Mappy with scheme Mappy
(1 failure)
BUILD FAILURE 6.4 watchOS