Build Information
Failed to build SimpleLogging, reference 0.6.0-Beta.3 (b342dc), with Swift 6.2 for Wasm on 25 Jun 2026 22:31:37 UTC.
Build Command
bash -c docker run --pull=always --rm -v "checkouts-53886770-0":/host -w "$PWD" -e JAVA_HOME="/root/.sdkman/candidates/java/current" -e SPI_BUILD="1" -e SPI_PROCESSING="1" registry.gitlab.com/saguaro1/spi-images:wasm-6.2-latest swift build --swift-sdk swift-6.2-RELEASE_wasm 2>&1Build Log
========================================
RunAll
========================================
Builder version: 0e64495ecc1688c3b3e031a5ef1348b5c05091ae
Interrupt handler set up.
========================================
Checkout
========================================
Clone URL: https://github.com/RougeWare/Swift-Simple-Logging.git
Reference: 0.6.0-Beta.3
Initialized empty Git repository in /host/spi-builder-workspace/.git/
hint: Using 'master' as the name for the initial branch. This default branch name
hint: is subject to change. To configure the initial branch name to use in all
hint: of your new repositories, which will suppress this warning, call:
hint:
hint: git config --global init.defaultBranch <name>
hint:
hint: Names commonly chosen instead of 'master' are 'main', 'trunk' and
hint: 'development'. The just-created branch can be renamed via this command:
hint:
hint: git branch -m <name>
From https://github.com/RougeWare/Swift-Simple-Logging
* tag 0.6.0-Beta.3 -> FETCH_HEAD
HEAD is now at b342dca Making `stdout & stderr` channel actually useful
Cloned https://github.com/RougeWare/Swift-Simple-Logging.git
Revision (git rev-parse @):
b342dca99eb50fce83ff937953c82bc15397e821
SUCCESS checkout https://github.com/RougeWare/Swift-Simple-Logging.git at 0.6.0-Beta.3
========================================
Build
========================================
Selected platform: wasm
Swift version: 6.2
Building package at path: $PWD
https://github.com/RougeWare/Swift-Simple-Logging.git
Running build ...
bash -c docker run --pull=always --rm -v "checkouts-53886770-0":/host -w "$PWD" -e JAVA_HOME="/root/.sdkman/candidates/java/current" -e SPI_BUILD="1" -e SPI_PROCESSING="1" registry.gitlab.com/saguaro1/spi-images:wasm-6.2-latest swift build --swift-sdk swift-6.2-RELEASE_wasm 2>&1
wasm-6.2-latest: Pulling from saguaro1/spi-images
Digest: sha256:dc8dffc38f1d92eca7ee5312617822470123661393ed20672e77964f9dcaaffb
Status: Image is up to date for registry.gitlab.com/saguaro1/spi-images:wasm-6.2-latest
Fetching https://github.com/RougeWare/Swift-Function-Tools.git
Fetching https://github.com/RougeWare/Swift-Lazy-Containers.git
[1/191] Fetching swift-function-tools
[93/586] Fetching swift-function-tools, swift-lazy-containers
Fetched https://github.com/RougeWare/Swift-Function-Tools.git from cache (0.42s)
Fetched https://github.com/RougeWare/Swift-Lazy-Containers.git from cache (0.42s)
Computing version for https://github.com/RougeWare/Swift-Function-Tools.git
Computed https://github.com/RougeWare/Swift-Function-Tools.git at 2.0.1 (0.56s)
Computing version for https://github.com/RougeWare/Swift-Lazy-Containers.git
Computed https://github.com/RougeWare/Swift-Lazy-Containers.git at 4.1.0 (0.15s)
Creating working copy for https://github.com/RougeWare/Swift-Function-Tools.git
Working copy of https://github.com/RougeWare/Swift-Function-Tools.git resolved at 2.0.1
Creating working copy for https://github.com/RougeWare/Swift-Lazy-Containers.git
Working copy of https://github.com/RougeWare/Swift-Lazy-Containers.git resolved at 4.1.0
Building for debugging...
[0/4] Write sources
[3/4] Write swift-version-24593BA9C3E375BF.txt
[5/17] Emitting module FunctionTools
[6/18] Compiling FunctionTools Null functions.swift
[7/18] Compiling FunctionTools Function types.swift
[8/18] Compiling LazyContainers LazyContainer + Hashable.swift
[9/18] Compiling LazyContainers LazyContainers.swift
/host/spi-builder-workspace/.build/checkouts/Swift-Lazy-Containers/Sources/LazyContainers/LazyContainers.swift:415:24: error: cannot find type 'DispatchSemaphore' in scope
413 | /// Guarantees that, on first-init, only one thread initializes the value. After that, this is set to `nil`
414 | /// because subsequent threads can safely access the value without the risk of setting it again.
415 | var semaphore: DispatchSemaphore? = .init(value: 1)
| `- error: cannot find type 'DispatchSemaphore' in scope
416 |
417 |
[10/18] Compiling FunctionTools !.swift
[11/18] Compiling FunctionTools Call.swift
[12/18] Compiling FunctionTools Blackholes.swift
[13/18] Compiling LazyContainers LazyContainer + Equatable.swift
error: emit-module command failed with exit code 1 (use -v to see invocation)
[14/18] Compiling LazyContainers LazyContainer + Codable.swift
[15/18] Emitting module LazyContainers
/host/spi-builder-workspace/.build/checkouts/Swift-Lazy-Containers/Sources/LazyContainers/LazyContainers.swift:415:24: error: cannot find type 'DispatchSemaphore' in scope
413 | /// Guarantees that, on first-init, only one thread initializes the value. After that, this is set to `nil`
414 | /// because subsequent threads can safely access the value without the risk of setting it again.
415 | var semaphore: DispatchSemaphore? = .init(value: 1)
| `- error: cannot find type 'DispatchSemaphore' in scope
416 |
417 |
[16/18] Compiling FunctionTools Constant.swift
[17/18] Compiling FunctionTools Curry.swift
[18/18] Compiling FunctionTools Echo.swift
BUILD FAILURE 6.2 wasm