The Swift Package Index logo.Swift Package Index

Build Information

Failed to build TraceLogAdaptiveWriter, reference 2.0.0 (4ce538), with Swift 6.4 for visionOS using Xcode 27.0 on 15 Sep 2026 18:22:54 UTC.

Build Command

env DEVELOPER_DIR=/Applications/Xcode-27.0.0-Release.Candidate.app xcrun xcodebuild -IDEClonedSourcePackagesDirPathOverride=$PWD/.dependencies -skipMacroValidation -skipPackagePluginValidation -derivedDataPath $PWD/.derivedData build -scheme TraceLogAdaptiveWriter -destination generic/platform=xrOS

Build Log

========================================
RunAll
========================================
Builder version: 5.1.0
Interrupt handler set up.
========================================
Checkout
========================================
Clone URL: https://github.com/tonystone/tracelog-adaptive-writer.git
Reference: 2.0.0
Initialized empty Git repository in /Users/admin/builder/spi-builder-workspace/.git/
From https://github.com/tonystone/tracelog-adaptive-writer
 * tag               2.0.0      -> FETCH_HEAD
HEAD is now at 4ce5385 Merge pull request #13 from tonystone/tracelog-5
Cloned https://github.com/tonystone/tracelog-adaptive-writer.git
Revision (git rev-parse @):
4ce53855505a61861f0520e257795521cd65af99
SUCCESS checkout https://github.com/tonystone/tracelog-adaptive-writer.git at 2.0.0
========================================
Build
========================================
Selected platform:         visionOS
Swift version:             6.4
Building package at path:  $PWD
https://github.com/tonystone/tracelog-adaptive-writer.git
Command line invocation:
    /Applications/Xcode-27.0.0-Release.Candidate.app/Contents/Developer/usr/bin/xcodebuild -IDEClonedSourcePackagesDirPathOverride=/Users/admin/builder/spi-builder-workspace/.dependencies -resolvePackageDependencies
Resolve Package Graph
Fetching from https://github.com/tonystone/tracelog.git
Creating working copy of package ‘tracelog’
Checking out 5.0.1 of package ‘tracelog’
failed to retrieve search paths with pkg-config; maybe pkg-config is not installedcouldn't find pc file for libsystemdResolve Package Graph
couldn't find pc file for libsystemd
Resolved source packages:
  TraceLogAdaptiveWriter: /Users/admin/builder/spi-builder-workspace
  TraceLog: https://github.com/tonystone/tracelog.git @ 5.0.1
resolved source packages: TraceLogAdaptiveWriter, TraceLog
2026-09-15 14:22:02.419 xcodebuild[529:3032] [MT] IDERunDestination: Supported platforms for the buildables in the current scheme is empty.
{
  "dependencies" : [
    {
      "identity" : "tracelog",
      "requirement" : {
        "range" : [
          {
            "lower_bound" : "5.0.0",
            "upper_bound" : "6.0.0"
          }
        ]
      },
      "type" : "sourceControl",
      "url" : "https://github.com/tonystone/tracelog.git"
    }
  ],
  "manifest_display_name" : "TraceLogAdaptiveWriter",
  "name" : "TraceLogAdaptiveWriter",
  "path" : "/Users/admin/builder/spi-builder-workspace",
  "platforms" : [
  ],
  "products" : [
    {
      "name" : "TraceLogAdaptiveWriter",
      "targets" : [
        "TraceLogAdaptiveWriter"
      ],
      "type" : {
        "library" : [
          "dynamic"
        ]
      }
    }
  ],
  "swift_languages_versions" : [
    "5"
  ],
  "targets" : [
    {
      "c99name" : "systemd",
      "module_type" : "SystemLibraryTarget",
      "name" : "systemd",
      "path" : "Sources/systemd",
      "product_memberships" : [
        "TraceLogAdaptiveWriter"
      ],
      "sources" : [
      ],
      "type" : "system-target"
    },
    {
      "c99name" : "TraceLogAdaptiveWriterTests",
      "module_type" : "SwiftTarget",
      "name" : "TraceLogAdaptiveWriterTests",
      "path" : "Tests/TraceLogAdaptiveWriterTests",
      "product_dependencies" : [
        "TraceLog"
      ],
      "sources" : [
        "AdaptiveWriterTests.swift",
        "Platform.swift",
        "Platform/DarwinPlatformReader.swift",
        "Platform/LinuxPlatformReader.swift",
        "TestHarness/BufferReader.swift",
        "TestHarness/BufferWriter.swift",
        "TestHarness/TestHarness.swift",
        "TestHarness/TestUtilities.swift",
        "TestWriters/TestContext.swift"
      ],
      "target_dependencies" : [
        "TraceLogAdaptiveWriter"
      ],
      "type" : "test"
    },
    {
      "c99name" : "TraceLogAdaptiveWriter",
      "module_type" : "SwiftTarget",
      "name" : "TraceLogAdaptiveWriter",
      "path" : "Sources/TraceLogAdaptiveWriter",
      "product_dependencies" : [
        "TraceLog"
      ],
      "product_memberships" : [
        "TraceLogAdaptiveWriter"
      ],
      "sources" : [
        "AdaptiveWriter.swift",
        "Platform.swift",
        "Platform/DarwinPlatformWriter.swift",
        "Platform/LinuxPlatformWriter.swift",
        "PlatformWriter.swift"
      ],
      "target_dependencies" : [
        "systemd"
      ],
      "type" : "library"
    }
  ],
  "tools_version" : "5.0"
}
{
  "workspace" : {
    "name" : "TraceLogAdaptiveWriter",
    "schemes" : [
      "TraceLogAdaptiveWriter"
    ]
  }
}
2026-09-15 14:22:43.600 xcodebuild[686:4333] [MT] IDERunDestination: Supported platforms for the buildables in the current scheme is empty.
Running build ...
env DEVELOPER_DIR=/Applications/Xcode-27.0.0-Release.Candidate.app xcrun xcodebuild -IDEClonedSourcePackagesDirPathOverride=$PWD/.dependencies -skipMacroValidation -skipPackagePluginValidation -derivedDataPath $PWD/.derivedData build -scheme TraceLogAdaptiveWriter -destination generic/platform=xrOS
Command line invocation:
    /Applications/Xcode-27.0.0-Release.Candidate.app/Contents/Developer/usr/bin/xcodebuild -IDEClonedSourcePackagesDirPathOverride=/Users/admin/builder/spi-builder-workspace/.dependencies -skipMacroValidation -skipPackagePluginValidation -derivedDataPath /Users/admin/builder/spi-builder-workspace/.derivedData build -scheme TraceLogAdaptiveWriter -destination generic/platform=xrOS
Resolve Package Graph
failed to retrieve search paths with pkg-config; maybe pkg-config is not installedcouldn't find pc file for libsystemd
Resolve Package Graph
couldn't find pc file for libsystemd
Resolved source packages:
  TraceLogAdaptiveWriter: /Users/admin/builder/spi-builder-workspace
  TraceLog: https://github.com/tonystone/tracelog.git @ 5.0.1
ComputePackagePrebuildTargetDependencyGraph
Prepare packages
CreateBuildRequest
SendProjectDescription
CreateBuildOperation
ComputeTargetDependencyGraph
note: Building targets in dependency order
note: Target dependency graph (6 targets)
    Target 'TraceLogAdaptiveWriter-product' in project 'TraceLogAdaptiveWriter'
        ➜ Explicit dependency on target 'TraceLogAdaptiveWriter' in project 'TraceLogAdaptiveWriter'
        ➜ Explicit dependency on target 'TraceLog-product' in project 'TraceLog'
    Target 'TraceLogAdaptiveWriter' in project 'TraceLogAdaptiveWriter'
        ➜ Explicit dependency on target 'systemd' in project 'TraceLogAdaptiveWriter'
        ➜ Explicit dependency on target 'TraceLog-product' in project 'TraceLog'
    Target 'TraceLog-product' in project 'TraceLog'
        ➜ Explicit dependency on target 'TraceLog' in project 'TraceLog'
        ➜ Explicit dependency on target 'TraceLogObjC' in project 'TraceLog'
    Target 'TraceLogObjC' in project 'TraceLog'
        ➜ Explicit dependency on target 'TraceLog' in project 'TraceLog'
    Target 'TraceLog' in project 'TraceLog' (no dependencies)
    Target 'systemd' in project 'TraceLogAdaptiveWriter' (no dependencies)
GatherProvisioningInputs
CreateBuildDescription
ExecuteExternalTool /Applications/Xcode-27.0.0-Release.Candidate.app/Contents/Developer/Toolchains/XcodeDefault.xctoolchain/usr/bin/clang -v -E -dM -arch arm64 -isysroot /Applications/Xcode-27.0.0-Release.Candidate.app/Contents/Developer/Platforms/XROS.platform/Developer/SDKs/XROS27.0.sdk -x objective-c -c /dev/null
ExecuteExternalTool /Applications/Xcode-27.0.0-Release.Candidate.app/Contents/Developer/Toolchains/XcodeDefault.xctoolchain/usr/bin/swiftc --version
ExecuteExternalTool /Applications/Xcode-27.0.0-Release.Candidate.app/Contents/Developer/Toolchains/XcodeDefault.xctoolchain/usr/bin/clang -v -E -dM -isysroot /Applications/Xcode-27.0.0-Release.Candidate.app/Contents/Developer/Platforms/XROS.platform/Developer/SDKs/XROS27.0.sdk -x c -c /dev/null
ExecuteExternalTool /Applications/Xcode-27.0.0-Release.Candidate.app/Contents/Developer/Toolchains/XcodeDefault.xctoolchain/usr/bin/clang -v -E -dM -arch arm64 -isysroot /Applications/Xcode-27.0.0-Release.Candidate.app/Contents/Developer/Platforms/XROS.platform/Developer/SDKs/XROS27.0.sdk -x c -c /dev/null
ExecuteExternalTool /Applications/Xcode-27.0.0-Release.Candidate.app/Contents/Developer/Toolchains/XcodeDefault.xctoolchain/usr/bin/ld -version_details
Build description signature: bf24d7c295f4ed84b37c2a58a71c7283
Build description path: /Users/admin/builder/spi-builder-workspace/.derivedData/Build/Intermediates.noindex/XCBuildData/bf24d7c295f4ed84b37c2a58a71c7283.xcbuilddata
CreateBuildDirectory /Users/admin/builder/spi-builder-workspace/.derivedData/SDKExplicitPrecompiledModules
    cd /Users/admin/builder/spi-builder-workspace/.swiftpm/xcode
    builtin-create-build-directory /Users/admin/builder/spi-builder-workspace/.derivedData/SDKExplicitPrecompiledModules
CreateBuildDirectory /Users/admin/builder/spi-builder-workspace/.derivedData/ModuleCache.noindex
    cd /Users/admin/builder/spi-builder-workspace/.swiftpm/xcode
    builtin-create-build-directory /Users/admin/builder/spi-builder-workspace/.derivedData/ModuleCache.noindex
CreateBuildDirectory /Users/admin/builder/spi-builder-workspace/.derivedData/CompilationCache.noindex
    cd /Users/admin/builder/spi-builder-workspace/.swiftpm/xcode
    builtin-create-build-directory /Users/admin/builder/spi-builder-workspace/.derivedData/CompilationCache.noindex
ClangStatCache /Applications/Xcode-27.0.0-Release.Candidate.app/Contents/Developer/Toolchains/XcodeDefault.xctoolchain/usr/bin/clang-stat-cache /Applications/Xcode-27.0.0-Release.Candidate.app/Contents/Developer/Platforms/XROS.platform/Developer/SDKs/XROS27.0.sdk /Users/admin/builder/spi-builder-workspace/.derivedData/SDKStatCaches.noindex/xros27.0-24M361-e829b21a6f8c9b70876ba0858053c044735bd543db762f57723cac368afd1ce4.sdkstatcache
    cd /Users/admin/builder/spi-builder-workspace/.swiftpm/xcode
    /Applications/Xcode-27.0.0-Release.Candidate.app/Contents/Developer/Toolchains/XcodeDefault.xctoolchain/usr/bin/clang-stat-cache /Applications/Xcode-27.0.0-Release.Candidate.app/Contents/Developer/Platforms/XROS.platform/Developer/SDKs/XROS27.0.sdk -o /Users/admin/builder/spi-builder-workspace/.derivedData/SDKStatCaches.noindex/xros27.0-24M361-e829b21a6f8c9b70876ba0858053c044735bd543db762f57723cac368afd1ce4.sdkstatcache
CreateBuildDirectory /Users/admin/builder/spi-builder-workspace/.derivedData/Build/Products
    cd /Users/admin/builder/spi-builder-workspace/.swiftpm/xcode
    builtin-create-build-directory /Users/admin/builder/spi-builder-workspace/.derivedData/Build/Products
CreateBuildDirectory /Users/admin/builder/spi-builder-workspace/.derivedData/Build/Intermediates.noindex
    cd /Users/admin/builder/spi-builder-workspace/.swiftpm/xcode
    builtin-create-build-directory /Users/admin/builder/spi-builder-workspace/.derivedData/Build/Intermediates.noindex
CreateBuildDirectory /Users/admin/builder/spi-builder-workspace/.derivedData/Build/Intermediates.noindex/SwiftExplicitPrecompiledModules
    cd /Users/admin/builder/spi-builder-workspace/.swiftpm/xcode
    builtin-create-build-directory /Users/admin/builder/spi-builder-workspace/.derivedData/Build/Intermediates.noindex/SwiftExplicitPrecompiledModules
CreateBuildDirectory /Users/admin/builder/spi-builder-workspace/.derivedData/Build/Intermediates.noindex/PrecompiledHeaders
    cd /Users/admin/builder/spi-builder-workspace/.swiftpm/xcode
    builtin-create-build-directory /Users/admin/builder/spi-builder-workspace/.derivedData/Build/Intermediates.noindex/PrecompiledHeaders
CreateBuildDirectory /Users/admin/builder/spi-builder-workspace/.derivedData/Build/Intermediates.noindex/ExplicitPrecompiledModules
    cd /Users/admin/builder/spi-builder-workspace/.swiftpm/xcode
    builtin-create-build-directory /Users/admin/builder/spi-builder-workspace/.derivedData/Build/Intermediates.noindex/ExplicitPrecompiledModules
CreateBuildDirectory /Users/admin/builder/spi-builder-workspace/.derivedData/Build/Intermediates.noindex/EagerLinkingTBDs/Debug-xros
    cd /Users/admin/builder/spi-builder-workspace/.swiftpm/xcode
    builtin-create-build-directory /Users/admin/builder/spi-builder-workspace/.derivedData/Build/Intermediates.noindex/EagerLinkingTBDs/Debug-xros
CreateBuildDirectory /Users/admin/builder/spi-builder-workspace/.derivedData/Build/Products/Debug-xros
    cd /Users/admin/builder/spi-builder-workspace/.swiftpm/xcode
    builtin-create-build-directory /Users/admin/builder/spi-builder-workspace/.derivedData/Build/Products/Debug-xros
CreateBuildDirectory /Users/admin/builder/spi-builder-workspace/.derivedData/Build/Products/Debug-xros/PackageFrameworks
    cd /Users/admin/builder/spi-builder-workspace/.swiftpm/xcode
    builtin-create-build-directory /Users/admin/builder/spi-builder-workspace/.derivedData/Build/Products/Debug-xros/PackageFrameworks
WriteAuxiliaryFile /Users/admin/builder/spi-builder-workspace/.derivedData/Build/Intermediates.noindex/TraceLog.build/Debug-xros/TraceLogObjC-t.build/TraceLogObjC.DependencyMetadataFileList (in target 'TraceLogObjC' from project 'TraceLog')
    cd /Users/admin/builder/spi-builder-workspace/.dependencies/checkouts/tracelog
    write-file /Users/admin/builder/spi-builder-workspace/.derivedData/Build/Intermediates.noindex/TraceLog.build/Debug-xros/TraceLogObjC-t.build/TraceLogObjC.DependencyMetadataFileList
WriteAuxiliaryFile /Users/admin/builder/spi-builder-workspace/.derivedData/Build/Intermediates.noindex/TraceLog.build/Debug-xros/TraceLogObjC-t.build/TraceLogObjC.modulemap (in target 'TraceLogObjC' from project 'TraceLog')
    cd /Users/admin/builder/spi-builder-workspace/.dependencies/checkouts/tracelog
    write-file /Users/admin/builder/spi-builder-workspace/.derivedData/Build/Intermediates.noindex/TraceLog.build/Debug-xros/TraceLogObjC-t.build/TraceLogObjC.modulemap
WriteAuxiliaryFile /Users/admin/builder/spi-builder-workspace/.derivedData/Build/Intermediates.noindex/TraceLog.build/Debug-xros/TraceLogObjC-t.build/TraceLogObjC.DependencyStaticMetadataFileList (in target 'TraceLogObjC' from project 'TraceLog')
    cd /Users/admin/builder/spi-builder-workspace/.dependencies/checkouts/tracelog
    write-file /Users/admin/builder/spi-builder-workspace/.derivedData/Build/Intermediates.noindex/TraceLog.build/Debug-xros/TraceLogObjC-t.build/TraceLogObjC.DependencyStaticMetadataFileList
WriteAuxiliaryFile /Users/admin/builder/spi-builder-workspace/.derivedData/Build/Intermediates.noindex/TraceLogAdaptiveWriter.build/Debug-xros/TraceLogAdaptiveWriter-product-t.build/TraceLogAdaptiveWriter.DependencyMetadataFileList (in target 'TraceLogAdaptiveWriter-product' from project 'TraceLogAdaptiveWriter')
    cd /Users/admin/builder/spi-builder-workspace
    write-file /Users/admin/builder/spi-builder-workspace/.derivedData/Build/Intermediates.noindex/TraceLogAdaptiveWriter.build/Debug-xros/TraceLogAdaptiveWriter-product-t.build/TraceLogAdaptiveWriter.DependencyMetadataFileList
WriteAuxiliaryFile /Users/admin/builder/spi-builder-workspace/.derivedData/Build/Intermediates.noindex/TraceLogAdaptiveWriter.build/Debug-xros/TraceLogAdaptiveWriter-product-t.build/empty-TraceLogAdaptiveWriter.plist (in target 'TraceLogAdaptiveWriter-product' from project 'TraceLogAdaptiveWriter')
    cd /Users/admin/builder/spi-builder-workspace
    write-file /Users/admin/builder/spi-builder-workspace/.derivedData/Build/Intermediates.noindex/TraceLogAdaptiveWriter.build/Debug-xros/TraceLogAdaptiveWriter-product-t.build/empty-TraceLogAdaptiveWriter.plist
WriteAuxiliaryFile /Users/admin/builder/spi-builder-workspace/.derivedData/Build/Intermediates.noindex/TraceLogAdaptiveWriter.build/Debug-xros/TraceLogAdaptiveWriter-product-t.build/TraceLogAdaptiveWriter.DependencyStaticMetadataFileList (in target 'TraceLogAdaptiveWriter-product' from project 'TraceLogAdaptiveWriter')
    cd /Users/admin/builder/spi-builder-workspace
    write-file /Users/admin/builder/spi-builder-workspace/.derivedData/Build/Intermediates.noindex/TraceLogAdaptiveWriter.build/Debug-xros/TraceLogAdaptiveWriter-product-t.build/TraceLogAdaptiveWriter.DependencyStaticMetadataFileList
WriteAuxiliaryFile /Users/admin/builder/spi-builder-workspace/.derivedData/Build/Intermediates.noindex/TraceLog.build/Debug-xros/TraceLogObjC-t.build/Objects-normal/arm64/TraceLogObjC.LinkFileList (in target 'TraceLogObjC' from project 'TraceLog')
    cd /Users/admin/builder/spi-builder-workspace/.dependencies/checkouts/tracelog
    write-file /Users/admin/builder/spi-builder-workspace/.derivedData/Build/Intermediates.noindex/TraceLog.build/Debug-xros/TraceLogObjC-t.build/Objects-normal/arm64/TraceLogObjC.LinkFileList
WriteAuxiliaryFile /Users/admin/builder/spi-builder-workspace/.derivedData/Build/Intermediates.noindex/TraceLog.build/Debug-xros/TraceLogObjC-t.build/Objects-normal/arm64/e6072d4f65d7061329687fe24e3d63a7-common-args.resp (in target 'TraceLogObjC' from project 'TraceLog')
    cd /Users/admin/builder/spi-builder-workspace/.dependencies/checkouts/tracelog
    write-file /Users/admin/builder/spi-builder-workspace/.derivedData/Build/Intermediates.noindex/TraceLog.build/Debug-xros/TraceLogObjC-t.build/Objects-normal/arm64/e6072d4f65d7061329687fe24e3d63a7-common-args.resp
-fobjc-arc -fmodules -gmodules '-fmodules-cache-path=/Users/admin/builder/spi-builder-workspace/.derivedData/ModuleCache.noindex' '-fmodule-name=TraceLogObjC' -fpascal-strings -O0 -DSWIFT_PACKAGE '-DDEBUG=1' '-DOBJC_OLD_DISPATCH_PROTOTYPES=1' -g -fprofile-instr-generate -fcoverage-mapping -I/Users/admin/builder/spi-builder-workspace/.derivedData/Build/Products/Debug-xros/include -I/Users/admin/builder/spi-builder-workspace/.dependencies/checkouts/tracelog/Sources/TraceLogObjC/include -I/Users/admin/builder/spi-builder-workspace/.derivedData/Build/Intermediates.noindex/TraceLog.build/Debug-xros/TraceLogObjC-t.build/DerivedSources-normal/arm64 -I/Users/admin/builder/spi-builder-workspace/.derivedData/Build/Intermediates.noindex/TraceLog.build/Debug-xros/TraceLogObjC-t.build/DerivedSources/arm64 -I/Users/admin/builder/spi-builder-workspace/.derivedData/Build/Intermediates.noindex/TraceLog.build/Debug-xros/TraceLogObjC-t.build/DerivedSources -F/Users/admin/builder/spi-builder-workspace/.derivedData/Build/Products/Debug-xros/PackageFrameworks -F/Users/admin/builder/spi-builder-workspace/.derivedData/Build/Products/Debug-xros -iframework /Applications/Xcode-27.0.0-Release.Candidate.app/Contents/Developer/Platforms/XROS.platform/Developer/Library/Frameworks -iframework /Applications/Xcode-27.0.0-Release.Candidate.app/Contents/Developer/Platforms/XROS.platform/Developer/SDKs/XROS27.0.sdk/Developer/Library/Frameworks '-fmodule-map-file=/Users/admin/builder/spi-builder-workspace/.derivedData/Build/Intermediates.noindex/GeneratedModuleMaps-xros/TraceLog.modulemap' -DXcode
WriteAuxiliaryFile /Users/admin/builder/spi-builder-workspace/.derivedData/Build/Intermediates.noindex/TraceLogAdaptiveWriter.build/Debug-xros/TraceLogAdaptiveWriter-product-t.build/Objects-normal/arm64/TraceLogAdaptiveWriter.LinkFileList (in target 'TraceLogAdaptiveWriter-product' from project 'TraceLogAdaptiveWriter')
    cd /Users/admin/builder/spi-builder-workspace
    write-file /Users/admin/builder/spi-builder-workspace/.derivedData/Build/Intermediates.noindex/TraceLogAdaptiveWriter.build/Debug-xros/TraceLogAdaptiveWriter-product-t.build/Objects-normal/arm64/TraceLogAdaptiveWriter.LinkFileList
WriteAuxiliaryFile /Users/admin/builder/spi-builder-workspace/.derivedData/Build/Intermediates.noindex/TraceLogAdaptiveWriter.build/Debug-xros/TraceLogAdaptiveWriter-t.build/TraceLogAdaptiveWriter.modulemap (in target 'TraceLogAdaptiveWriter' from project 'TraceLogAdaptiveWriter')
    cd /Users/admin/builder/spi-builder-workspace
    write-file /Users/admin/builder/spi-builder-workspace/.derivedData/Build/Intermediates.noindex/TraceLogAdaptiveWriter.build/Debug-xros/TraceLogAdaptiveWriter-t.build/TraceLogAdaptiveWriter.modulemap
WriteAuxiliaryFile /Users/admin/builder/spi-builder-workspace/.derivedData/Build/Intermediates.noindex/TraceLogAdaptiveWriter.build/Debug-xros/TraceLogAdaptiveWriter-t.build/TraceLogAdaptiveWriter.DependencyStaticMetadataFileList (in target 'TraceLogAdaptiveWriter' from project 'TraceLogAdaptiveWriter')
    cd /Users/admin/builder/spi-builder-workspace
    write-file /Users/admin/builder/spi-builder-workspace/.derivedData/Build/Intermediates.noindex/TraceLogAdaptiveWriter.build/Debug-xros/TraceLogAdaptiveWriter-t.build/TraceLogAdaptiveWriter.DependencyStaticMetadataFileList
WriteAuxiliaryFile /Users/admin/builder/spi-builder-workspace/.derivedData/Build/Intermediates.noindex/TraceLogAdaptiveWriter.build/Debug-xros/TraceLogAdaptiveWriter-t.build/TraceLogAdaptiveWriter.DependencyMetadataFileList (in target 'TraceLogAdaptiveWriter' from project 'TraceLogAdaptiveWriter')
    cd /Users/admin/builder/spi-builder-workspace
    write-file /Users/admin/builder/spi-builder-workspace/.derivedData/Build/Intermediates.noindex/TraceLogAdaptiveWriter.build/Debug-xros/TraceLogAdaptiveWriter-t.build/TraceLogAdaptiveWriter.DependencyMetadataFileList
Copy /Users/admin/builder/spi-builder-workspace/.derivedData/Build/Intermediates.noindex/GeneratedModuleMaps-xros/TraceLogObjC.modulemap /Users/admin/builder/spi-builder-workspace/.derivedData/Build/Intermediates.noindex/TraceLog.build/Debug-xros/TraceLogObjC-t.build/TraceLogObjC.modulemap (in target 'TraceLogObjC' from project 'TraceLog')
    cd /Users/admin/builder/spi-builder-workspace/.dependencies/checkouts/tracelog
    builtin-copy -exclude .DS_Store -exclude CVS -exclude .svn -exclude .git -exclude .hg -resolve-src-symlinks /Users/admin/builder/spi-builder-workspace/.derivedData/Build/Intermediates.noindex/TraceLog.build/Debug-xros/TraceLogObjC-t.build/TraceLogObjC.modulemap /Users/admin/builder/spi-builder-workspace/.derivedData/Build/Intermediates.noindex/GeneratedModuleMaps-xros
WriteAuxiliaryFile /Users/admin/builder/spi-builder-workspace/.derivedData/Build/Intermediates.noindex/TraceLogAdaptiveWriter.build/Debug-xros/TraceLogAdaptiveWriter-t.build/Objects-normal/arm64/TraceLogAdaptiveWriter_const_extract_protocols.json (in target 'TraceLogAdaptiveWriter' from project 'TraceLogAdaptiveWriter')
    cd /Users/admin/builder/spi-builder-workspace
    write-file /Users/admin/builder/spi-builder-workspace/.derivedData/Build/Intermediates.noindex/TraceLogAdaptiveWriter.build/Debug-xros/TraceLogAdaptiveWriter-t.build/Objects-normal/arm64/TraceLogAdaptiveWriter_const_extract_protocols.json
WriteAuxiliaryFile /Users/admin/builder/spi-builder-workspace/.derivedData/Build/Intermediates.noindex/TraceLogAdaptiveWriter.build/Debug-xros/TraceLogAdaptiveWriter-t.build/Objects-normal/arm64/TraceLogAdaptiveWriter.SwiftFileList (in target 'TraceLogAdaptiveWriter' from project 'TraceLogAdaptiveWriter')
    cd /Users/admin/builder/spi-builder-workspace
    write-file /Users/admin/builder/spi-builder-workspace/.derivedData/Build/Intermediates.noindex/TraceLogAdaptiveWriter.build/Debug-xros/TraceLogAdaptiveWriter-t.build/Objects-normal/arm64/TraceLogAdaptiveWriter.SwiftFileList
WriteAuxiliaryFile /Users/admin/builder/spi-builder-workspace/.derivedData/Build/Intermediates.noindex/TraceLogAdaptiveWriter.build/Debug-xros/TraceLogAdaptiveWriter-t.build/Objects-normal/arm64/TraceLogAdaptiveWriter.SwiftConstValuesFileList (in target 'TraceLogAdaptiveWriter' from project 'TraceLogAdaptiveWriter')
    cd /Users/admin/builder/spi-builder-workspace
    write-file /Users/admin/builder/spi-builder-workspace/.derivedData/Build/Intermediates.noindex/TraceLogAdaptiveWriter.build/Debug-xros/TraceLogAdaptiveWriter-t.build/Objects-normal/arm64/TraceLogAdaptiveWriter.SwiftConstValuesFileList
WriteAuxiliaryFile /Users/admin/builder/spi-builder-workspace/.derivedData/Build/Intermediates.noindex/TraceLogAdaptiveWriter.build/Debug-xros/TraceLogAdaptiveWriter-t.build/Objects-normal/arm64/TraceLogAdaptiveWriter.LinkFileList (in target 'TraceLogAdaptiveWriter' from project 'TraceLogAdaptiveWriter')
    cd /Users/admin/builder/spi-builder-workspace
    write-file /Users/admin/builder/spi-builder-workspace/.derivedData/Build/Intermediates.noindex/TraceLogAdaptiveWriter.build/Debug-xros/TraceLogAdaptiveWriter-t.build/Objects-normal/arm64/TraceLogAdaptiveWriter.LinkFileList
WriteAuxiliaryFile /Users/admin/builder/spi-builder-workspace/.derivedData/Build/Intermediates.noindex/TraceLogAdaptiveWriter.build/Debug-xros/TraceLogAdaptiveWriter-t.build/Objects-normal/arm64/TraceLogAdaptiveWriter-OutputFileMap.json (in target 'TraceLogAdaptiveWriter' from project 'TraceLogAdaptiveWriter')
    cd /Users/admin/builder/spi-builder-workspace
    write-file /Users/admin/builder/spi-builder-workspace/.derivedData/Build/Intermediates.noindex/TraceLogAdaptiveWriter.build/Debug-xros/TraceLogAdaptiveWriter-t.build/Objects-normal/arm64/TraceLogAdaptiveWriter-OutputFileMap.json
WriteAuxiliaryFile /Users/admin/builder/spi-builder-workspace/.derivedData/Build/Intermediates.noindex/TraceLog.build/Debug-xros/TraceLog-product-t.build/empty-TraceLog.plist (in target 'TraceLog-product' from project 'TraceLog')
    cd /Users/admin/builder/spi-builder-workspace/.dependencies/checkouts/tracelog
    write-file /Users/admin/builder/spi-builder-workspace/.derivedData/Build/Intermediates.noindex/TraceLog.build/Debug-xros/TraceLog-product-t.build/empty-TraceLog.plist
WriteAuxiliaryFile /Users/admin/builder/spi-builder-workspace/.derivedData/Build/Intermediates.noindex/TraceLog.build/Debug-xros/TraceLog-product-t.build/TraceLog.DependencyStaticMetadataFileList (in target 'TraceLog-product' from project 'TraceLog')
    cd /Users/admin/builder/spi-builder-workspace/.dependencies/checkouts/tracelog
    write-file /Users/admin/builder/spi-builder-workspace/.derivedData/Build/Intermediates.noindex/TraceLog.build/Debug-xros/TraceLog-product-t.build/TraceLog.DependencyStaticMetadataFileList
WriteAuxiliaryFile /Users/admin/builder/spi-builder-workspace/.derivedData/Build/Intermediates.noindex/TraceLog.build/Debug-xros/TraceLog-product-t.build/TraceLog.DependencyMetadataFileList (in target 'TraceLog-product' from project 'TraceLog')
    cd /Users/admin/builder/spi-builder-workspace/.dependencies/checkouts/tracelog
    write-file /Users/admin/builder/spi-builder-workspace/.derivedData/Build/Intermediates.noindex/TraceLog.build/Debug-xros/TraceLog-product-t.build/TraceLog.DependencyMetadataFileList
Copy /Users/admin/builder/spi-builder-workspace/.derivedData/Build/Intermediates.noindex/GeneratedModuleMaps-xros/TraceLogAdaptiveWriter.modulemap /Users/admin/builder/spi-builder-workspace/.derivedData/Build/Intermediates.noindex/TraceLogAdaptiveWriter.build/Debug-xros/TraceLogAdaptiveWriter-t.build/TraceLogAdaptiveWriter.modulemap (in target 'TraceLogAdaptiveWriter' from project 'TraceLogAdaptiveWriter')
    cd /Users/admin/builder/spi-builder-workspace
    builtin-copy -exclude .DS_Store -exclude CVS -exclude .svn -exclude .git -exclude .hg -resolve-src-symlinks /Users/admin/builder/spi-builder-workspace/.derivedData/Build/Intermediates.noindex/TraceLogAdaptiveWriter.build/Debug-xros/TraceLogAdaptiveWriter-t.build/TraceLogAdaptiveWriter.modulemap /Users/admin/builder/spi-builder-workspace/.derivedData/Build/Intermediates.noindex/GeneratedModuleMaps-xros
WriteAuxiliaryFile /Users/admin/builder/spi-builder-workspace/.derivedData/Build/Intermediates.noindex/TraceLog.build/Debug-xros/TraceLog-product-t.build/Objects-normal/arm64/TraceLog.LinkFileList (in target 'TraceLog-product' from project 'TraceLog')
    cd /Users/admin/builder/spi-builder-workspace/.dependencies/checkouts/tracelog
    write-file /Users/admin/builder/spi-builder-workspace/.derivedData/Build/Intermediates.noindex/TraceLog.build/Debug-xros/TraceLog-product-t.build/Objects-normal/arm64/TraceLog.LinkFileList
WriteAuxiliaryFile /Users/admin/builder/spi-builder-workspace/.derivedData/Build/Intermediates.noindex/TraceLog.build/Debug-xros/TraceLog-t.build/TraceLog.DependencyStaticMetadataFileList (in target 'TraceLog' from project 'TraceLog')
    cd /Users/admin/builder/spi-builder-workspace/.dependencies/checkouts/tracelog
    write-file /Users/admin/builder/spi-builder-workspace/.derivedData/Build/Intermediates.noindex/TraceLog.build/Debug-xros/TraceLog-t.build/TraceLog.DependencyStaticMetadataFileList
WriteAuxiliaryFile /Users/admin/builder/spi-builder-workspace/.derivedData/Build/Intermediates.noindex/TraceLog.build/Debug-xros/TraceLog-t.build/TraceLog.modulemap (in target 'TraceLog' from project 'TraceLog')
    cd /Users/admin/builder/spi-builder-workspace/.dependencies/checkouts/tracelog
    write-file /Users/admin/builder/spi-builder-workspace/.derivedData/Build/Intermediates.noindex/TraceLog.build/Debug-xros/TraceLog-t.build/TraceLog.modulemap
WriteAuxiliaryFile /Users/admin/builder/spi-builder-workspace/.derivedData/Build/Intermediates.noindex/TraceLog.build/Debug-xros/TraceLog-t.build/TraceLog.DependencyMetadataFileList (in target 'TraceLog' from project 'TraceLog')
    cd /Users/admin/builder/spi-builder-workspace/.dependencies/checkouts/tracelog
    write-file /Users/admin/builder/spi-builder-workspace/.derivedData/Build/Intermediates.noindex/TraceLog.build/Debug-xros/TraceLog-t.build/TraceLog.DependencyMetadataFileList
WriteAuxiliaryFile /Users/admin/builder/spi-builder-workspace/.derivedData/Build/Intermediates.noindex/TraceLog.build/Debug-xros/TraceLog-t.build/Objects-normal/arm64/TraceLog_const_extract_protocols.json (in target 'TraceLog' from project 'TraceLog')
    cd /Users/admin/builder/spi-builder-workspace/.dependencies/checkouts/tracelog
    write-file /Users/admin/builder/spi-builder-workspace/.derivedData/Build/Intermediates.noindex/TraceLog.build/Debug-xros/TraceLog-t.build/Objects-normal/arm64/TraceLog_const_extract_protocols.json
WriteAuxiliaryFile /Users/admin/builder/spi-builder-workspace/.derivedData/Build/Intermediates.noindex/TraceLog.build/Debug-xros/TraceLog-t.build/Objects-normal/arm64/TraceLog.SwiftFileList (in target 'TraceLog' from project 'TraceLog')
    cd /Users/admin/builder/spi-builder-workspace/.dependencies/checkouts/tracelog
    write-file /Users/admin/builder/spi-builder-workspace/.derivedData/Build/Intermediates.noindex/TraceLog.build/Debug-xros/TraceLog-t.build/Objects-normal/arm64/TraceLog.SwiftFileList
WriteAuxiliaryFile /Users/admin/builder/spi-builder-workspace/.derivedData/Build/Intermediates.noindex/TraceLog.build/Debug-xros/TraceLog-t.build/Objects-normal/arm64/TraceLog.SwiftConstValuesFileList (in target 'TraceLog' from project 'TraceLog')
    cd /Users/admin/builder/spi-builder-workspace/.dependencies/checkouts/tracelog
    write-file /Users/admin/builder/spi-builder-workspace/.derivedData/Build/Intermediates.noindex/TraceLog.build/Debug-xros/TraceLog-t.build/Objects-normal/arm64/TraceLog.SwiftConstValuesFileList
WriteAuxiliaryFile /Users/admin/builder/spi-builder-workspace/.derivedData/Build/Intermediates.noindex/TraceLog.build/Debug-xros/TraceLog-t.build/Objects-normal/arm64/TraceLog.LinkFileList (in target 'TraceLog' from project 'TraceLog')
    cd /Users/admin/builder/spi-builder-workspace/.dependencies/checkouts/tracelog
    write-file /Users/admin/builder/spi-builder-workspace/.derivedData/Build/Intermediates.noindex/TraceLog.build/Debug-xros/TraceLog-t.build/Objects-normal/arm64/TraceLog.LinkFileList
WriteAuxiliaryFile /Users/admin/builder/spi-builder-workspace/.derivedData/Build/Intermediates.noindex/TraceLog.build/Debug-xros/TraceLog-t.build/Objects-normal/arm64/TraceLog-OutputFileMap.json (in target 'TraceLog' from project 'TraceLog')
    cd /Users/admin/builder/spi-builder-workspace/.dependencies/checkouts/tracelog
    write-file /Users/admin/builder/spi-builder-workspace/.derivedData/Build/Intermediates.noindex/TraceLog.build/Debug-xros/TraceLog-t.build/Objects-normal/arm64/TraceLog-OutputFileMap.json
MkDir /Users/admin/builder/spi-builder-workspace/.derivedData/Build/Products/Debug-xros/PackageFrameworks/TraceLogAdaptiveWriter.framework (in target 'TraceLogAdaptiveWriter-product' from project 'TraceLogAdaptiveWriter')
    cd /Users/admin/builder/spi-builder-workspace
    /bin/mkdir -p /Users/admin/builder/spi-builder-workspace/.derivedData/Build/Products/Debug-xros/PackageFrameworks/TraceLogAdaptiveWriter.framework
MkDir /Users/admin/builder/spi-builder-workspace/.derivedData/Build/Products/Debug-xros/PackageFrameworks/TraceLog.framework (in target 'TraceLog-product' from project 'TraceLog')
    cd /Users/admin/builder/spi-builder-workspace/.dependencies/checkouts/tracelog
    /bin/mkdir -p /Users/admin/builder/spi-builder-workspace/.derivedData/Build/Products/Debug-xros/PackageFrameworks/TraceLog.framework
Copy /Users/admin/builder/spi-builder-workspace/.derivedData/Build/Intermediates.noindex/GeneratedModuleMaps-xros/TraceLog.modulemap /Users/admin/builder/spi-builder-workspace/.derivedData/Build/Intermediates.noindex/TraceLog.build/Debug-xros/TraceLog-t.build/TraceLog.modulemap (in target 'TraceLog' from project 'TraceLog')
    cd /Users/admin/builder/spi-builder-workspace/.dependencies/checkouts/tracelog
    builtin-copy -exclude .DS_Store -exclude CVS -exclude .svn -exclude .git -exclude .hg -resolve-src-symlinks /Users/admin/builder/spi-builder-workspace/.derivedData/Build/Intermediates.noindex/TraceLog.build/Debug-xros/TraceLog-t.build/TraceLog.modulemap /Users/admin/builder/spi-builder-workspace/.derivedData/Build/Intermediates.noindex/GeneratedModuleMaps-xros
SwiftDriver TraceLog normal arm64 com.apple.xcode.tools.swift.compiler (in target 'TraceLog' from project 'TraceLog')
    cd /Users/admin/builder/spi-builder-workspace/.swiftpm/xcode
    builtin-SwiftDriver -- /Applications/Xcode-27.0.0-Release.Candidate.app/Contents/Developer/Toolchains/XcodeDefault.xctoolchain/usr/bin/swiftc -parse-as-library -module-name TraceLog -Onone @/Users/admin/builder/spi-builder-workspace/.derivedData/Build/Intermediates.noindex/TraceLog.build/Debug-xros/TraceLog-t.build/Objects-normal/arm64/TraceLog.SwiftFileList -DSWIFT_PACKAGE -DDEBUG -DSWIFT_MODULE_RESOURCE_BUNDLE_UNAVAILABLE -DXcode -plugin-path /Applications/Xcode-27.0.0-Release.Candidate.app/Contents/Developer/Toolchains/XcodeDefault.xctoolchain/usr/lib/swift/host/plugins/testing -enable-experimental-feature DebugDescriptionMacro -sdk /Applications/Xcode-27.0.0-Release.Candidate.app/Contents/Developer/Platforms/XROS.platform/Developer/SDKs/XROS27.0.sdk -target arm64-apple-xros1.0 -g -module-cache-path /Users/admin/builder/spi-builder-workspace/.derivedData/ModuleCache.noindex -Xfrontend -serialize-debugging-options -profile-coverage-mapping -profile-generate -enable-testing -suppress-warnings -index-store-path /Users/admin/builder/spi-builder-workspace/.derivedData/Index.noindex/DataStore -Xcc -D_LIBCPP_HARDENING_MODE\=_LIBCPP_HARDENING_MODE_DEBUG -swift-version 5 -I /Users/admin/builder/spi-builder-workspace/.derivedData/Build/Products/Debug-xros -Isystem /Applications/Xcode-27.0.0-Release.Candidate.app/Contents/Developer/Platforms/XROS.platform/Developer/usr/lib -F /Users/admin/builder/spi-builder-workspace/.derivedData/Build/Products/Debug-xros -F /Applications/Xcode-27.0.0-Release.Candidate.app/Contents/Developer/Platforms/XROS.platform/Developer/Library/Frameworks -F /Applications/Xcode-27.0.0-Release.Candidate.app/Contents/Developer/Platforms/XROS.platform/Developer/SDKs/XROS27.0.sdk/Developer/Library/Frameworks -c -j10 -enable-batch-mode -incremental -Xcc -ivfsstatcache -Xcc /Users/admin/builder/spi-builder-workspace/.derivedData/SDKStatCaches.noindex/xros27.0-24M361-e829b21a6f8c9b70876ba0858053c044735bd543db762f57723cac368afd1ce4.sdkstatcache -output-file-map /Users/admin/builder/spi-builder-workspace/.derivedData/Build/Intermediates.noindex/TraceLog.build/Debug-xros/TraceLog-t.build/Objects-normal/arm64/TraceLog-OutputFileMap.json -save-temps -no-color-diagnostics -explicit-module-build -module-cache-path /Users/admin/builder/spi-builder-workspace/.derivedData/Build/Intermediates.noindex/SwiftExplicitPrecompiledModules -clang-scanner-module-cache-path /Users/admin/builder/spi-builder-workspace/.derivedData/ModuleCache.noindex -sdk-module-cache-path /Users/admin/builder/spi-builder-workspace/.derivedData/SDKExplicitPrecompiledModules -emit-dependencies -emit-module -emit-module-path /Users/admin/builder/spi-builder-workspace/.derivedData/Build/Intermediates.noindex/TraceLog.build/Debug-xros/TraceLog-t.build/Objects-normal/arm64/TraceLog.swiftmodule -serialize-diagnostics -dependency-scan-serialize-diagnostics-path /Users/admin/builder/spi-builder-workspace/.derivedData/Build/Intermediates.noindex/TraceLog.build/Debug-xros/TraceLog-t.build/Objects-normal/arm64/TraceLog-dependency-scan.dia -validate-clang-modules-once -clang-build-session-file /Users/admin/builder/spi-builder-workspace/.derivedData/ModuleCache.noindex/Session.modulevalidation -Xcc -fmodules-prune-interval\=86400 -Xcc -fmodules-prune-after\=345600 -emit-const-values -const-gather-protocols-list /Users/admin/builder/spi-builder-workspace/.derivedData/Build/Intermediates.noindex/TraceLog.build/Debug-xros/TraceLog-t.build/Objects-normal/arm64/TraceLog_const_extract_protocols.json -Xcc -I/Users/admin/builder/spi-builder-workspace/.derivedData/Build/Products/Debug-xros/include -Xcc -I/Users/admin/builder/spi-builder-workspace/.derivedData/Build/Intermediates.noindex/TraceLog.build/Debug-xros/TraceLog-t.build/DerivedSources-normal/arm64 -Xcc -I/Users/admin/builder/spi-builder-workspace/.derivedData/Build/Intermediates.noindex/TraceLog.build/Debug-xros/TraceLog-t.build/DerivedSources/arm64 -Xcc -I/Users/admin/builder/spi-builder-workspace/.derivedData/Build/Intermediates.noindex/TraceLog.build/Debug-xros/TraceLog-t.build/DerivedSources -Xcc -DSWIFT_PACKAGE -Xcc -DDEBUG\=1 -emit-objc-header -emit-objc-header-path /Users/admin/builder/spi-builder-workspace/.derivedData/Build/Intermediates.noindex/TraceLog.build/Debug-xros/TraceLog-t.build/Objects-normal/arm64/TraceLog-Swift.h -working-directory /Users/admin/builder/spi-builder-workspace/.swiftpm/xcode -experimental-emit-module-separately -disable-cmo
SwiftExplicitDependencyGeneratePcm arm64 /Users/admin/builder/spi-builder-workspace/.derivedData/SDKExplicitPrecompiledModules/_Builtin_stdbool-5BU2ADS7JXQMYENKQHW9X8XOU.pcm
SwiftExplicitDependencyGeneratePcm arm64 /Users/admin/builder/spi-builder-workspace/.derivedData/SDKExplicitPrecompiledModules/_SwiftConcurrencyShims-C8XHKSHX96D5YYALNM4W70Z0O.pcm
SwiftExplicitDependencyGeneratePcm arm64 /Users/admin/builder/spi-builder-workspace/.derivedData/SDKExplicitPrecompiledModules/_Builtin_float-6WKHNW5S40U2QGHXXGETUDIRA.pcm
SwiftExplicitDependencyGeneratePcm arm64 /Users/admin/builder/spi-builder-workspace/.derivedData/SDKExplicitPrecompiledModules/_Builtin_stdarg-CDA349K2K4US766844K8E0PVA.pcm
SwiftExplicitDependencyGeneratePcm arm64 /Users/admin/builder/spi-builder-workspace/.derivedData/SDKExplicitPrecompiledModules/ptrauth-1WBA714DZSVUL5JQDJ08CLKZ.pcm
SwiftExplicitDependencyGeneratePcm arm64 /Users/admin/builder/spi-builder-workspace/.derivedData/SDKExplicitPrecompiledModules/_Builtin_stddef-5NQ9Z1GV07GBSRQGAQCGXGVRI.pcm
SwiftExplicitDependencyGeneratePcm arm64 /Users/admin/builder/spi-builder-workspace/.derivedData/SDKExplicitPrecompiledModules/SwiftShims-CI4H5RO9IYFFWQ2COB512Q2S9.pcm
SwiftExplicitDependencyGeneratePcm arm64 /Users/admin/builder/spi-builder-workspace/.derivedData/SDKExplicitPrecompiledModules/_AvailabilityInternal-1Q8IQP6M38UWSGZ95UCEY2M44.pcm
SwiftExplicitDependencyGeneratePcm arm64 /Users/admin/builder/spi-builder-workspace/.derivedData/SDKExplicitPrecompiledModules/ptrcheck-BXA97MNLI4BB0HF5I8MJE403D.pcm
SwiftExplicitDependencyGeneratePcm arm64 /Users/admin/builder/spi-builder-workspace/.derivedData/SDKExplicitPrecompiledModules/_DarwinFoundation1-5RGRVV2TZ6WC4WZW5IXF8NQ04.pcm
SwiftExplicitDependencyGeneratePcm arm64 /Users/admin/builder/spi-builder-workspace/.derivedData/SDKExplicitPrecompiledModules/_DarwinFoundation2-ENTECK156YEWITZRRBTOCE4KR.pcm
SwiftExplicitDependencyGeneratePcm arm64 /Users/admin/builder/spi-builder-workspace/.derivedData/SDKExplicitPrecompiledModules/_Builtin_limits-425JDMN5HPM3D0UEI8LEHP6NM.pcm
SwiftExplicitDependencyGeneratePcm arm64 /Users/admin/builder/spi-builder-workspace/.derivedData/SDKExplicitPrecompiledModules/_Builtin_stdint-8OR6T47OOYJA90ZBO3N1USDE.pcm
SwiftExplicitDependencyGeneratePcm arm64 /Users/admin/builder/spi-builder-workspace/.derivedData/SDKExplicitPrecompiledModules/sys_types-AYM0BHR77VKMWZCO2T0XGV2HF.pcm
SwiftExplicitDependencyGeneratePcm arm64 /Users/admin/builder/spi-builder-workspace/.derivedData/SDKExplicitPrecompiledModules/string_h-2GT67HHHHK5CF1V1S31LH0PU2.pcm
SwiftExplicitDependencyGeneratePcm arm64 /Users/admin/builder/spi-builder-workspace/.derivedData/SDKExplicitPrecompiledModules/_DarwinFoundation3-9ZHN6JKBS40BBA81RQMV8H0IC.pcm
SwiftExplicitDependencyGeneratePcm arm64 /Users/admin/builder/spi-builder-workspace/.derivedData/SDKExplicitPrecompiledModules/_Builtin_inttypes-11B64KJD36B3YOHBR1BBXBJY8.pcm
SwiftExplicitDependencyGeneratePcm arm64 /Users/admin/builder/spi-builder-workspace/.derivedData/SDKExplicitPrecompiledModules/Darwin-60P5LVNQO3ESRRM5DCJ05PFNK.pcm
SwiftExplicitDependencyGeneratePcm arm64 /Users/admin/builder/spi-builder-workspace/.derivedData/SDKExplicitPrecompiledModules/ObjectiveC-26TIBFYCEJZVP216ZZAU1X8KN.pcm
SwiftExplicitDependencyGeneratePcm arm64 /Users/admin/builder/spi-builder-workspace/.derivedData/SDKExplicitPrecompiledModules/os_object-692CJ8BG6RE5H04487EJJOVXW.pcm
SwiftExplicitDependencyGeneratePcm arm64 /Users/admin/builder/spi-builder-workspace/.derivedData/SDKExplicitPrecompiledModules/os_workgroup-4U1VXMWIZD80E7PRUQF2G7P9X.pcm
SwiftExplicitDependencyGeneratePcm arm64 /Users/admin/builder/spi-builder-workspace/.derivedData/SDKExplicitPrecompiledModules/Dispatch-CLT3466HKC22GCKAWSCNG0H7T.pcm
SwiftExplicitDependencyGeneratePcm arm64 /Users/admin/builder/spi-builder-workspace/.derivedData/SDKExplicitPrecompiledModules/XPC-EP5EU7FNGP4VOA3EDM18P1KHO.pcm
SwiftExplicitDependencyGeneratePcm arm64 /Users/admin/builder/spi-builder-workspace/.derivedData/SDKExplicitPrecompiledModules/DispatchIntrospection-R4LYOUFLBAIQXH8XKZ8WNR3P.pcm
SwiftExplicitDependencyGeneratePcm arm64 /Users/admin/builder/spi-builder-workspace/.derivedData/SDKExplicitPrecompiledModules/CoreFoundation-AVLTZVCXBU2TO75JCN4AGU8XJ.pcm
SwiftExplicitDependencyGeneratePcm arm64 /Users/admin/builder/spi-builder-workspace/.derivedData/SDKExplicitPrecompiledModules/Security-8TH2M8WJIQMET4SADWX0N8372.pcm
SwiftExplicitDependencyGeneratePcm arm64 /Users/admin/builder/spi-builder-workspace/.derivedData/SDKExplicitPrecompiledModules/CFNetwork-5MI70N1VLDQSWTX4COWLMSIRO.pcm
SwiftExplicitDependencyGeneratePcm arm64 /Users/admin/builder/spi-builder-workspace/.derivedData/SDKExplicitPrecompiledModules/Foundation-8GON1KVEKRN3NOQI8RETBRWJP.pcm
SwiftEmitModule normal arm64 Emitting\ module\ for\ TraceLog (in target 'TraceLog' from project 'TraceLog')
/Users/admin/builder/spi-builder-workspace/.dependencies/checkouts/tracelog/Sources/TraceLog/Internal/Utilities/Mutex.swift:90:29: error: cannot find 'pthread_mutex_t' in scope
88 |     }
89 |
90 |     fileprivate var mutex = pthread_mutex_t()
   |                             `- error: cannot find 'pthread_mutex_t' in scope
91 | }
92 |
Failed frontend command:
SwiftCompile normal arm64 (in target 'TraceLog' from project 'TraceLog')
    cd /Users/admin/builder/spi-builder-workspace/.swiftpm/xcode

/Applications/Xcode-27.0.0-Release.Candidate.app/Contents/Developer/Toolchains/XcodeDefault.xctoolchain/usr/bin/swift-frontend -frontend -emit-module -experimental-skip-non-inlinable-function-bodies-without-types /Users/admin/builder/spi-builder-workspace/.dependencies/checkouts/tracelog/Sources/TraceLog/ConcurrencyMode.swift /Users/admin/builder/spi-builder-workspace/.dependencies/checkouts/tracelog/Sources/TraceLog/Environment.swift /Users/admin/builder/spi-builder-workspace/.dependencies/checkouts/tracelog/Sources/TraceLog/Formatters/JSONFormat.swift /Users/admin/builder/spi-builder-workspace/.dependencies/checkouts/tracelog/Sources/TraceLog/Formatters/TextFormat.swift /Users/admin/builder/spi-builder-workspace/.dependencies/checkouts/tracelog/Sources/TraceLog/Internal/Configuration.swift /Users/admin/builder/spi-builder-workspace/.dependencies/checkouts/tracelog/Sources/TraceLog/Internal/Logger.swift /Users/admin/builder/spi-builder-workspace/.dependencies/checkouts/tracelog/Sources/TraceLog/Internal/Proxies/AsyncWriterProxy.swift /Users/admin/builder/spi-builder-workspace/.dependencies/checkouts/tracelog/Sources/TraceLog/Internal/Proxies/DirectWriterProxy.swift /Users/admin/builder/spi-builder-workspace/.dependencies/checkouts/tracelog/Sources/TraceLog/Internal/Proxies/SyncWriterProxy.swift /Users/admin/builder/spi-builder-workspace/.dependencies/checkouts/tracelog/Sources/TraceLog/Internal/Proxies/WriterProxy.swift /Users/admin/builder/spi-builder-workspace/.dependencies/checkouts/tracelog/Sources/TraceLog/Internal/Utilities/BlockTimer.swift /Users/admin/builder/spi-builder-workspace/.dependencies/checkouts/tracelog/Sources/TraceLog/Internal/Utilities/CharacterSet+InternalExtensions.swift /Users/admin/builder/spi-builder-workspace/.dependencies/checkouts/tracelog/Sources/TraceLog/Internal/Utilities/Mutex.swift /Users/admin/builder/spi-builder-workspace/.dependencies/checkouts/tracelog/Sources/TraceLog/Internal/Utilities/Streams/FileOutputStream.swift /Users/admin/builder/spi-builder-workspace/.dependencies/checkouts/tracelog/Sources/TraceLog/Internal/Utilities/Streams/FileOutputStreamError+Posix.swift /Users/admin/builder/spi-builder-workspace/.dependencies/checkouts/tracelog/Sources/TraceLog/Internal/Utilities/Streams/OutputStream.swift /Users/admin/builder/spi-builder-workspace/.dependencies/checkouts/tracelog/Sources/TraceLog/Internal/Utilities/Streams/OutputStreamError+Posix.swift /Users/admin/builder/spi-builder-workspace/.dependencies/checkouts/tracelog/Sources/TraceLog/Internal/Utilities/Streams/RawOutputStream.swift /Users/admin/builder/spi-builder-workspace/.dependencies/checkouts/tracelog/Sources/TraceLog/Internal/Utilities/Streams/StandardStream.swift /Users/admin/builder/spi-builder-workspace/.dependencies/checkouts/tracelog/Sources/TraceLog/Internal/Utilities/String+InternalExtensions.swift /Users/admin/builder/spi-builder-workspace/.dependencies/checkouts/tracelog/Sources/TraceLog/SDK/LogLevel.swift /Users/admin/builder/spi-builder-workspace/.dependencies/checkouts/tracelog/Sources/TraceLog/SDK/OutputStreamFormatter.swift /Users/admin/builder/spi-builder-workspace/.dependencies/checkouts/tracelog/Sources/TraceLog/SDK/OutputStreamWriter.swift /Users/admin/builder/spi-builder-workspace/.dependencies/checkouts/tracelog/Sources/TraceLog/SDK/RuntimeContext.swift /Users/admin/builder/spi-builder-workspace/.dependencies/checkouts/tracelog/Sources/TraceLog/SDK/StaticContext.swift /Users/admin/builder/spi-builder-workspace/.dependencies/checkouts/tracelog/Sources/TraceLog/SDK/Writer.swift /Users/admin/builder/spi-builder-workspace/.dependencies/checkouts/tracelog/Sources/TraceLog/TraceLog.swift /Users/admin/builder/spi-builder-workspace/.dependencies/checkouts/tracelog/Sources/TraceLog/Writers/ConsoleWriter.swift /Users/admin/builder/spi-builder-workspace/.dependencies/checkouts/tracelog/Sources/TraceLog/Writers/FileStrategy+Fixed.swift /Users/admin/builder/spi-builder-workspace/.dependencies/checkouts/tracelog/Sources/TraceLog/Writers/FileStrategy+Rotate.swift /Users/admin/builder/spi-builder-workspace/.dependencies/checkouts/tracelog/Sources/TraceLog/Writers/FileStrategyManager.swift /Users/admin/builder/spi-builder-workspace/.dependencies/checkouts/tracelog/Sources/TraceLog/Writers/FileWriter.swift -target arm64-apple-xros1.0 -disable-cross-import-overlay-search -load-resolved-plugin /Applications/Xcode-27.0.0-Release.Candidate.app/Contents/Developer/Platforms/XROS.platform/Developer/usr/lib/swift/host/plugins/libFoundationMacros.dylib\#/Applications/Xcode-27.0.0-Release.Candidate.app/Contents/Developer/Platforms/XROS.platform/Developer/usr/bin/swift-plugin-server\#FoundationMacros -load-resolved-plugin /Applications/Xcode-27.0.0-Release.Candidate.app/Contents/Developer/Platforms/XROS.platform/Developer/usr/lib/swift/host/plugins/libObservationMacros.dylib\#/Applications/Xcode-27.0.0-Release.Candidate.app/Contents/Developer/Platforms/XROS.platform/Developer/usr/bin/swift-plugin-server\#ObservationMacros -load-resolved-plugin /Applications/Xcode-27.0.0-Release.Candidate.app/Contents/Developer/Platforms/XROS.platform/Developer/usr/lib/swift/host/plugins/libSwiftMacros.dylib\#/Applications/Xcode-27.0.0-Release.Candidate.app/Contents/Developer/Platforms/XROS.platform/Developer/usr/bin/swift-plugin-server\#SwiftMacros -disable-implicit-swift-modules -Xcc -fno-implicit-modules -Xcc -fno-implicit-module-maps -explicit-swift-module-map-file /Users/admin/builder/spi-builder-workspace/.derivedData/Build/Intermediates.noindex/TraceLog.build/Debug-xros/TraceLog-t.build/Objects-normal/arm64/TraceLog-dependencies-1.json -Xllvm -aarch64-use-tbi -enable-objc-interop -stack-check -sdk /Applications/Xcode-27.0.0-Release.Candidate.app/Contents/Developer/Platforms/XROS.platform/Developer/SDKs/XROS27.0.sdk -I /Users/admin/builder/spi-builder-workspace/.derivedData/Build/Products/Debug-xros -Isystem /Applications/Xcode-27.0.0-Release.Candidate.app/Contents/Developer/Platforms/XROS.platform/Developer/usr/lib -F /Users/admin/builder/spi-builder-workspace/.derivedData/Build/Products/Debug-xros -F /Applications/Xcode-27.0.0-Release.Candidate.app/Contents/Developer/Platforms/XROS.platform/Developer/Library/Frameworks -F /Applications/Xcode-27.0.0-Release.Candidate.app/Contents/Developer/Platforms/XROS.platform/Developer/SDKs/XROS27.0.sdk/Developer/Library/Frameworks -module-cache-path /Users/admin/builder/spi-builder-workspace/.derivedData/Build/Intermediates.noindex/SwiftExplicitPrecompiledModules -no-color-diagnostics -Xcc -fno-color-diagnostics -enable-testing -g -debug-info-format\=dwarf -dwarf-version\=4 -suppress-warnings -profile-generate -profile-coverage-mapping -swift-version 5 -Onone -D SWIFT_PACKAGE -D DEBUG -D SWIFT_MODULE_RESOURCE_BUNDLE_UNAVAILABLE -D Xcode -serialize-debugging-options -enable-experimental-feature DebugDescriptionMacro -empty-abi-descriptor -validate-clang-modules-once -clang-build-session-file /Users/admin/builder/spi-builder-workspace/.derivedData/ModuleCache.noindex/Session.modulevalidation -Xcc -working-directory -Xcc /Users/admin/builder/spi-builder-workspace/.swiftpm/xcode -enable-anonymous-context-mangled-names -file-compilation-dir /Users/admin/builder/spi-builder-workspace/.swiftpm/xcode -Xcc -D_LIBCPP_HARDENING_MODE\=_LIBCPP_HARDENING_MODE_DEBUG -Xcc -ivfsstatcache -Xcc /Users/admin/builder/spi-builder-workspace/.derivedData/SDKStatCaches.noindex/xros27.0-24M361-e829b21a6f8c9b70876ba0858053c044735bd543db762f57723cac368afd1ce4.sdkstatcache -Xcc -fmodules-prune-interval\=86400 -Xcc -fmodules-prune-after\=345600 -Xcc -I/Users/admin/builder/spi-builder-workspace/.derivedData/Build/Products/Debug-xros/include -Xcc -I/Users/admin/builder/spi-builder-workspace/.derivedData/Build/Intermediates.noindex/TraceLog.build/Debug-xros/TraceLog-t.build/DerivedSources-normal/arm64 -Xcc -I/Users/admin/builder/spi-builder-workspace/.derivedData/Build/Intermediates.noindex/TraceLog.build/Debug-xros/TraceLog-t.build/DerivedSources/arm64 -Xcc -I/Users/admin/builder/spi-builder-workspace/.derivedData/Build/Intermediates.noindex/TraceLog.build/Debug-xros/TraceLog-t.build/DerivedSources -Xcc -DSWIFT_PACKAGE -Xcc -DDEBUG\=1 -no-auto-bridging-header-chaining -module-name TraceLog -const-gather-protocols-file /Users/admin/builder/spi-builder-workspace/.derivedData/Build/Intermediates.noindex/TraceLog.build/Debug-xros/TraceLog-t.build/Objects-normal/arm64/TraceLog_const_extract_protocols.json -disable-clang-spi -clang-target arm64-apple-xros27.0 -target-sdk-version 27.0 -target-sdk-name xros27.0 -in-process-plugin-server-path /Applications/Xcode-27.0.0-Release.Candidate.app/Contents/Developer/Toolchains/XcodeDefault.xctoolchain/usr/lib/swift/host/libSwiftInProcPluginServer.dylib -emit-module-doc-path /Users/admin/builder/spi-builder-workspace/.derivedData/Build/Intermediates.noindex/TraceLog.build/Debug-xros/TraceLog-t.build/Objects-normal/arm64/TraceLog.swiftdoc -emit-module-source-info-path /Users/admin/builder/spi-builder-workspace/.derivedData/Build/Intermediates.noindex/TraceLog.build/Debug-xros/TraceLog-t.build/Objects-normal/arm64/TraceLog.swiftsourceinfo -emit-objc-header-path /Users/admin/builder/spi-builder-workspace/.derivedData/Build/Intermediates.noindex/TraceLog.build/Debug-xros/TraceLog-t.build/Objects-normal/arm64/TraceLog-Swift.h -serialize-diagnostics-path /Users/admin/builder/spi-builder-workspace/.derivedData/Build/Intermediates.noindex/TraceLog.build/Debug-xros/TraceLog-t.build/Objects-normal/arm64/TraceLog-primary-emit-module.dia -emit-dependencies-path /Users/admin/builder/spi-builder-workspace/.derivedData/Build/Intermediates.noindex/TraceLog.build/Debug-xros/TraceLog-t.build/Objects-normal/arm64/TraceLog-primary-emit-module.d -parse-as-library -o /Users/admin/builder/spi-builder-workspace/.derivedData/Build/Intermediates.noindex/TraceLog.build/Debug-xros/TraceLog-t.build/Objects-normal/arm64/TraceLog.swiftmodule -emit-abi-descriptor-path /Users/admin/builder/spi-builder-workspace/.derivedData/Build/Intermediates.noindex/TraceLog.build/Debug-xros/TraceLog-t.build/Objects-normal/arm64/TraceLog.abi.json
SwiftCompile normal arm64 Compiling\ SyncWriterProxy.swift,\ WriterProxy.swift,\ BlockTimer.swift /Users/admin/builder/spi-builder-workspace/.dependencies/checkouts/tracelog/Sources/TraceLog/Internal/Proxies/SyncWriterProxy.swift /Users/admin/builder/spi-builder-workspace/.dependencies/checkouts/tracelog/Sources/TraceLog/Internal/Proxies/WriterProxy.swift /Users/admin/builder/spi-builder-workspace/.dependencies/checkouts/tracelog/Sources/TraceLog/Internal/Utilities/BlockTimer.swift (in target 'TraceLog' from project 'TraceLog')
SwiftCompile normal arm64 /Users/admin/builder/spi-builder-workspace/.dependencies/checkouts/tracelog/Sources/TraceLog/Internal/Proxies/SyncWriterProxy.swift (in target 'TraceLog' from project 'TraceLog')
    cd /Users/admin/builder/spi-builder-workspace/.swiftpm/xcode
    builtin-SwiftPerFileCompile SyncWriterProxy.swift
SwiftCompile normal arm64 /Users/admin/builder/spi-builder-workspace/.dependencies/checkouts/tracelog/Sources/TraceLog/Internal/Proxies/WriterProxy.swift (in target 'TraceLog' from project 'TraceLog')
    cd /Users/admin/builder/spi-builder-workspace/.swiftpm/xcode
    builtin-SwiftPerFileCompile WriterProxy.swift
SwiftCompile normal arm64 /Users/admin/builder/spi-builder-workspace/.dependencies/checkouts/tracelog/Sources/TraceLog/Internal/Utilities/BlockTimer.swift (in target 'TraceLog' from project 'TraceLog')
    cd /Users/admin/builder/spi-builder-workspace/.swiftpm/xcode
    builtin-SwiftPerFileCompile BlockTimer.swift
SwiftCompile normal arm64 Compiling\ LogLevel.swift,\ OutputStreamFormatter.swift,\ OutputStreamWriter.swift /Users/admin/builder/spi-builder-workspace/.dependencies/checkouts/tracelog/Sources/TraceLog/SDK/LogLevel.swift /Users/admin/builder/spi-builder-workspace/.dependencies/checkouts/tracelog/Sources/TraceLog/SDK/OutputStreamFormatter.swift /Users/admin/builder/spi-builder-workspace/.dependencies/checkouts/tracelog/Sources/TraceLog/SDK/OutputStreamWriter.swift (in target 'TraceLog' from project 'TraceLog')
SwiftCompile normal arm64 /Users/admin/builder/spi-builder-workspace/.dependencies/checkouts/tracelog/Sources/TraceLog/SDK/LogLevel.swift (in target 'TraceLog' from project 'TraceLog')
    cd /Users/admin/builder/spi-builder-workspace/.swiftpm/xcode
    builtin-SwiftPerFileCompile LogLevel.swift
SwiftCompile normal arm64 /Users/admin/builder/spi-builder-workspace/.dependencies/checkouts/tracelog/Sources/TraceLog/SDK/OutputStreamFormatter.swift (in target 'TraceLog' from project 'TraceLog')
    cd /Users/admin/builder/spi-builder-workspace/.swiftpm/xcode
    builtin-SwiftPerFileCompile OutputStreamFormatter.swift
SwiftCompile normal arm64 /Users/admin/builder/spi-builder-workspace/.dependencies/checkouts/tracelog/Sources/TraceLog/SDK/OutputStreamWriter.swift (in target 'TraceLog' from project 'TraceLog')
    cd /Users/admin/builder/spi-builder-workspace/.swiftpm/xcode
    builtin-SwiftPerFileCompile OutputStreamWriter.swift
SwiftCompile normal arm64 Compiling\ ConcurrencyMode.swift,\ Environment.swift,\ JSONFormat.swift,\ TextFormat.swift /Users/admin/builder/spi-builder-workspace/.dependencies/checkouts/tracelog/Sources/TraceLog/ConcurrencyMode.swift /Users/admin/builder/spi-builder-workspace/.dependencies/checkouts/tracelog/Sources/TraceLog/Environment.swift /Users/admin/builder/spi-builder-workspace/.dependencies/checkouts/tracelog/Sources/TraceLog/Formatters/JSONFormat.swift /Users/admin/builder/spi-builder-workspace/.dependencies/checkouts/tracelog/Sources/TraceLog/Formatters/TextFormat.swift (in target 'TraceLog' from project 'TraceLog')
SwiftCompile normal arm64 /Users/admin/builder/spi-builder-workspace/.dependencies/checkouts/tracelog/Sources/TraceLog/ConcurrencyMode.swift (in target 'TraceLog' from project 'TraceLog')
    cd /Users/admin/builder/spi-builder-workspace/.swiftpm/xcode
    builtin-SwiftPerFileCompile ConcurrencyMode.swift
SwiftCompile normal arm64 /Users/admin/builder/spi-builder-workspace/.dependencies/checkouts/tracelog/Sources/TraceLog/Environment.swift (in target 'TraceLog' from project 'TraceLog')
    cd /Users/admin/builder/spi-builder-workspace/.swiftpm/xcode
    builtin-SwiftPerFileCompile Environment.swift
SwiftCompile normal arm64 /Users/admin/builder/spi-builder-workspace/.dependencies/checkouts/tracelog/Sources/TraceLog/Formatters/JSONFormat.swift (in target 'TraceLog' from project 'TraceLog')
    cd /Users/admin/builder/spi-builder-workspace/.swiftpm/xcode
    builtin-SwiftPerFileCompile JSONFormat.swift
SwiftCompile normal arm64 /Users/admin/builder/spi-builder-workspace/.dependencies/checkouts/tracelog/Sources/TraceLog/Formatters/TextFormat.swift (in target 'TraceLog' from project 'TraceLog')
    cd /Users/admin/builder/spi-builder-workspace/.swiftpm/xcode
    builtin-SwiftPerFileCompile TextFormat.swift
SwiftCompile normal arm64 Compiling\ CharacterSet+InternalExtensions.swift,\ Mutex.swift,\ FileOutputStream.swift /Users/admin/builder/spi-builder-workspace/.dependencies/checkouts/tracelog/Sources/TraceLog/Internal/Utilities/CharacterSet+InternalExtensions.swift /Users/admin/builder/spi-builder-workspace/.dependencies/checkouts/tracelog/Sources/TraceLog/Internal/Utilities/Mutex.swift /Users/admin/builder/spi-builder-workspace/.dependencies/checkouts/tracelog/Sources/TraceLog/Internal/Utilities/Streams/FileOutputStream.swift (in target 'TraceLog' from project 'TraceLog')
/Users/admin/builder/spi-builder-workspace/.dependencies/checkouts/tracelog/Sources/TraceLog/Internal/Utilities/Mutex.swift:90:29: error: cannot find 'pthread_mutex_t' in scope
88 |     }
89 |
90 |     fileprivate var mutex = pthread_mutex_t()
   |                             `- error: cannot find 'pthread_mutex_t' in scope
91 | }
92 |
/Users/admin/builder/spi-builder-workspace/.dependencies/checkouts/tracelog/Sources/TraceLog/Internal/Utilities/Mutex.swift:54:26: error: cannot find 'pthread_mutexattr_t' in scope
52 |     public init(_ type: MutexType = .normal)  {
53 |
54 |         var attributes = pthread_mutexattr_t()
   |                          `- error: cannot find 'pthread_mutexattr_t' in scope
55 |         guard pthread_mutexattr_init(&attributes) == 0 else { fatalError("pthread_mutexattr_init") }
56 |         pthread_mutexattr_settype(&attributes, (type == .normal) ? Int32(PTHREAD_MUTEX_NORMAL) : Int32(PTHREAD_MUTEX_RECURSIVE))
/Users/admin/builder/spi-builder-workspace/.dependencies/checkouts/tracelog/Sources/TraceLog/Internal/Utilities/Mutex.swift:55:15: error: cannot find 'pthread_mutexattr_init' in scope
53 |
54 |         var attributes = pthread_mutexattr_t()
55 |         guard pthread_mutexattr_init(&attributes) == 0 else { fatalError("pthread_mutexattr_init") }
   |               `- error: cannot find 'pthread_mutexattr_init' in scope
56 |         pthread_mutexattr_settype(&attributes, (type == .normal) ? Int32(PTHREAD_MUTEX_NORMAL) : Int32(PTHREAD_MUTEX_RECURSIVE))
57 |
/Users/admin/builder/spi-builder-workspace/.dependencies/checkouts/tracelog/Sources/TraceLog/Internal/Utilities/Mutex.swift:56:9: error: cannot find 'pthread_mutexattr_settype' in scope
54 |         var attributes = pthread_mutexattr_t()
55 |         guard pthread_mutexattr_init(&attributes) == 0 else { fatalError("pthread_mutexattr_init") }
56 |         pthread_mutexattr_settype(&attributes, (type == .normal) ? Int32(PTHREAD_MUTEX_NORMAL) : Int32(PTHREAD_MUTEX_RECURSIVE))
   |         `- error: cannot find 'pthread_mutexattr_settype' in scope
57 |
58 |         guard pthread_mutex_init(&mutex, &attributes) == 0 else { fatalError("pthread_mutex_init") }
/Users/admin/builder/spi-builder-workspace/.dependencies/checkouts/tracelog/Sources/TraceLog/Internal/Utilities/Mutex.swift:56:74: error: cannot find 'PTHREAD_MUTEX_NORMAL' in scope
54 |         var attributes = pthread_mutexattr_t()
55 |         guard pthread_mutexattr_init(&attributes) == 0 else { fatalError("pthread_mutexattr_init") }
56 |         pthread_mutexattr_settype(&attributes, (type == .normal) ? Int32(PTHREAD_MUTEX_NORMAL) : Int32(PTHREAD_MUTEX_RECURSIVE))
   |                                                                          `- error: cannot find 'PTHREAD_MUTEX_NORMAL' in scope
57 |
58 |         guard pthread_mutex_init(&mutex, &attributes) == 0 else { fatalError("pthread_mutex_init") }
/Users/admin/builder/spi-builder-workspace/.dependencies/checkouts/tracelog/Sources/TraceLog/Internal/Utilities/Mutex.swift:56:104: error: cannot find 'PTHREAD_MUTEX_RECURSIVE' in scope
54 |         var attributes = pthread_mutexattr_t()
55 |         guard pthread_mutexattr_init(&attributes) == 0 else { fatalError("pthread_mutexattr_init") }
56 |         pthread_mutexattr_settype(&attributes, (type == .normal) ? Int32(PTHREAD_MUTEX_NORMAL) : Int32(PTHREAD_MUTEX_RECURSIVE))
   |                                                                                                        `- error: cannot find 'PTHREAD_MUTEX_RECURSIVE' in scope
57 |
58 |         guard pthread_mutex_init(&mutex, &attributes) == 0 else { fatalError("pthread_mutex_init") }
/Users/admin/builder/spi-builder-workspace/.dependencies/checkouts/tracelog/Sources/TraceLog/Internal/Utilities/Mutex.swift:58:15: error: cannot find 'pthread_mutex_init' in scope
56 |         pthread_mutexattr_settype(&attributes, (type == .normal) ? Int32(PTHREAD_MUTEX_NORMAL) : Int32(PTHREAD_MUTEX_RECURSIVE))
57 |
58 |         guard pthread_mutex_init(&mutex, &attributes) == 0 else { fatalError("pthread_mutex_init") }
   |               `- error: cannot find 'pthread_mutex_init' in scope
59 |         pthread_mutexattr_destroy(&attributes)
60 |     }
/Users/admin/builder/spi-builder-workspace/.dependencies/checkouts/tracelog/Sources/TraceLog/Internal/Utilities/Mutex.swift:59:9: error: cannot find 'pthread_mutexattr_destroy' in scope
57 |
58 |         guard pthread_mutex_init(&mutex, &attributes) == 0 else { fatalError("pthread_mutex_init") }
59 |         pthread_mutexattr_destroy(&attributes)
   |         `- error: cannot find 'pthread_mutexattr_destroy' in scope
60 |     }
61 |     deinit {
/Users/admin/builder/spi-builder-workspace/.dependencies/checkouts/tracelog/Sources/TraceLog/Internal/Utilities/Mutex.swift:62:9: error: cannot find 'pthread_mutex_destroy' in scope
60 |     }
61 |     deinit {
62 |         pthread_mutex_destroy(&mutex)
   |         `- error: cannot find 'pthread_mutex_destroy' in scope
63 |     }
64 |
/Users/admin/builder/spi-builder-workspace/.dependencies/checkouts/tracelog/Sources/TraceLog/Internal/Utilities/Mutex.swift:69:9: error: cannot find 'pthread_mutex_lock' in scope
67 |     ///
68 |     public final func lock() {
69 |         pthread_mutex_lock(&mutex)
   |         `- error: cannot find 'pthread_mutex_lock' in scope
70 |     }
71 |
/Users/admin/builder/spi-builder-workspace/.dependencies/checkouts/tracelog/Sources/TraceLog/Internal/Utilities/Mutex.swift:80:16: error: cannot find 'pthread_mutex_trylock' in scope
78 |     ///
79 |     public final func tryLock() -> Bool {
80 |         return pthread_mutex_trylock(&mutex) == 0
   |                `- error: cannot find 'pthread_mutex_trylock' in scope
81 |     }
82 |
SwiftCompile normal arm64 /Users/admin/builder/spi-builder-workspace/.dependencies/checkouts/tracelog/Sources/TraceLog/Internal/Utilities/CharacterSet+InternalExtensions.swift (in target 'TraceLog' from project 'TraceLog')
    cd /Users/admin/builder/spi-builder-workspace/.swiftpm/xcode
    builtin-SwiftPerFileCompile CharacterSet+InternalExtensions.swift
SwiftCompile normal arm64 /Users/admin/builder/spi-builder-workspace/.dependencies/checkouts/tracelog/Sources/TraceLog/Internal/Utilities/Mutex.swift (in target 'TraceLog' from project 'TraceLog')
    cd /Users/admin/builder/spi-builder-workspace/.swiftpm/xcode
    builtin-SwiftPerFileCompile Mutex.swift
SwiftCompile normal arm64 /Users/admin/builder/spi-builder-workspace/.dependencies/checkouts/tracelog/Sources/TraceLog/Internal/Utilities/Streams/FileOutputStream.swift (in target 'TraceLog' from project 'TraceLog')
    cd /Users/admin/builder/spi-builder-workspace/.swiftpm/xcode
    builtin-SwiftPerFileCompile FileOutputStream.swift
SwiftCompile normal arm64 Compiling\ FileOutputStreamError+Posix.swift,\ OutputStream.swift,\ OutputStreamError+Posix.swift /Users/admin/builder/spi-builder-workspace/.dependencies/checkouts/tracelog/Sources/TraceLog/Internal/Utilities/Streams/FileOutputStreamError+Posix.swift /Users/admin/builder/spi-builder-workspace/.dependencies/checkouts/tracelog/Sources/TraceLog/Internal/Utilities/Streams/OutputStream.swift /Users/admin/builder/spi-builder-workspace/.dependencies/checkouts/tracelog/Sources/TraceLog/Internal/Utilities/Streams/OutputStreamError+Posix.swift (in target 'TraceLog' from project 'TraceLog')
SwiftCompile normal arm64 /Users/admin/builder/spi-builder-workspace/.dependencies/checkouts/tracelog/Sources/TraceLog/Internal/Utilities/Streams/FileOutputStreamError+Posix.swift (in target 'TraceLog' from project 'TraceLog')
    cd /Users/admin/builder/spi-builder-workspace/.swiftpm/xcode
    builtin-SwiftPerFileCompile FileOutputStreamError+Posix.swift
SwiftCompile normal arm64 /Users/admin/builder/spi-builder-workspace/.dependencies/checkouts/tracelog/Sources/TraceLog/Internal/Utilities/Streams/OutputStream.swift (in target 'TraceLog' from project 'TraceLog')
    cd /Users/admin/builder/spi-builder-workspace/.swiftpm/xcode
    builtin-SwiftPerFileCompile OutputStream.swift
SwiftCompile normal arm64 /Users/admin/builder/spi-builder-workspace/.dependencies/checkouts/tracelog/Sources/TraceLog/Internal/Utilities/Streams/OutputStreamError+Posix.swift (in target 'TraceLog' from project 'TraceLog')
    cd /Users/admin/builder/spi-builder-workspace/.swiftpm/xcode
    builtin-SwiftPerFileCompile OutputStreamError+Posix.swift
SwiftCompile normal arm64 Compiling\ RuntimeContext.swift,\ StaticContext.swift,\ Writer.swift /Users/admin/builder/spi-builder-workspace/.dependencies/checkouts/tracelog/Sources/TraceLog/SDK/RuntimeContext.swift /Users/admin/builder/spi-builder-workspace/.dependencies/checkouts/tracelog/Sources/TraceLog/SDK/StaticContext.swift /Users/admin/builder/spi-builder-workspace/.dependencies/checkouts/tracelog/Sources/TraceLog/SDK/Writer.swift (in target 'TraceLog' from project 'TraceLog')
SwiftCompile normal arm64 /Users/admin/builder/spi-builder-workspace/.dependencies/checkouts/tracelog/Sources/TraceLog/SDK/RuntimeContext.swift (in target 'TraceLog' from project 'TraceLog')
    cd /Users/admin/builder/spi-builder-workspace/.swiftpm/xcode
    builtin-SwiftPerFileCompile RuntimeContext.swift
SwiftCompile normal arm64 /Users/admin/builder/spi-builder-workspace/.dependencies/checkouts/tracelog/Sources/TraceLog/SDK/StaticContext.swift (in target 'TraceLog' from project 'TraceLog')
    cd /Users/admin/builder/spi-builder-workspace/.swiftpm/xcode
    builtin-SwiftPerFileCompile StaticContext.swift
SwiftCompile normal arm64 /Users/admin/builder/spi-builder-workspace/.dependencies/checkouts/tracelog/Sources/TraceLog/SDK/Writer.swift (in target 'TraceLog' from project 'TraceLog')
    cd /Users/admin/builder/spi-builder-workspace/.swiftpm/xcode
    builtin-SwiftPerFileCompile Writer.swift
SwiftCompile normal arm64 Compiling\ FileStrategy+Rotate.swift,\ FileStrategyManager.swift,\ FileWriter.swift /Users/admin/builder/spi-builder-workspace/.dependencies/checkouts/tracelog/Sources/TraceLog/Writers/FileStrategy+Rotate.swift /Users/admin/builder/spi-builder-workspace/.dependencies/checkouts/tracelog/Sources/TraceLog/Writers/FileStrategyManager.swift /Users/admin/builder/spi-builder-workspace/.dependencies/checkouts/tracelog/Sources/TraceLog/Writers/FileWriter.swift (in target 'TraceLog' from project 'TraceLog')
SwiftCompile normal arm64 /Users/admin/builder/spi-builder-workspace/.dependencies/checkouts/tracelog/Sources/TraceLog/Writers/FileStrategy+Rotate.swift (in target 'TraceLog' from project 'TraceLog')
    cd /Users/admin/builder/spi-builder-workspace/.swiftpm/xcode
    builtin-SwiftPerFileCompile FileStrategy+Rotate.swift
SwiftCompile normal arm64 /Users/admin/builder/spi-builder-workspace/.dependencies/checkouts/tracelog/Sources/TraceLog/Writers/FileStrategyManager.swift (in target 'TraceLog' from project 'TraceLog')
    cd /Users/admin/builder/spi-builder-workspace/.swiftpm/xcode
    builtin-SwiftPerFileCompile FileStrategyManager.swift
SwiftCompile normal arm64 /Users/admin/builder/spi-builder-workspace/.dependencies/checkouts/tracelog/Sources/TraceLog/Writers/FileWriter.swift (in target 'TraceLog' from project 'TraceLog')
    cd /Users/admin/builder/spi-builder-workspace/.swiftpm/xcode
    builtin-SwiftPerFileCompile FileWriter.swift
SwiftCompile normal arm64 Compiling\ RawOutputStream.swift,\ StandardStream.swift,\ String+InternalExtensions.swift /Users/admin/builder/spi-builder-workspace/.dependencies/checkouts/tracelog/Sources/TraceLog/Internal/Utilities/Streams/RawOutputStream.swift /Users/admin/builder/spi-builder-workspace/.dependencies/checkouts/tracelog/Sources/TraceLog/Internal/Utilities/Streams/StandardStream.swift /Users/admin/builder/spi-builder-workspace/.dependencies/checkouts/tracelog/Sources/TraceLog/Internal/Utilities/String+InternalExtensions.swift (in target 'TraceLog' from project 'TraceLog')
SwiftCompile normal arm64 /Users/admin/builder/spi-builder-workspace/.dependencies/checkouts/tracelog/Sources/TraceLog/Internal/Utilities/Streams/RawOutputStream.swift (in target 'TraceLog' from project 'TraceLog')
    cd /Users/admin/builder/spi-builder-workspace/.swiftpm/xcode
    builtin-SwiftPerFileCompile RawOutputStream.swift
SwiftCompile normal arm64 /Users/admin/builder/spi-builder-workspace/.dependencies/checkouts/tracelog/Sources/TraceLog/Internal/Utilities/Streams/StandardStream.swift (in target 'TraceLog' from project 'TraceLog')
    cd /Users/admin/builder/spi-builder-workspace/.swiftpm/xcode
    builtin-SwiftPerFileCompile StandardStream.swift
SwiftCompile normal arm64 /Users/admin/builder/spi-builder-workspace/.dependencies/checkouts/tracelog/Sources/TraceLog/Internal/Utilities/String+InternalExtensions.swift (in target 'TraceLog' from project 'TraceLog')
    cd /Users/admin/builder/spi-builder-workspace/.swiftpm/xcode
    builtin-SwiftPerFileCompile String+InternalExtensions.swift
SwiftCompile normal arm64 Compiling\ TraceLog.swift,\ ConsoleWriter.swift,\ FileStrategy+Fixed.swift /Users/admin/builder/spi-builder-workspace/.dependencies/checkouts/tracelog/Sources/TraceLog/TraceLog.swift /Users/admin/builder/spi-builder-workspace/.dependencies/checkouts/tracelog/Sources/TraceLog/Writers/ConsoleWriter.swift /Users/admin/builder/spi-builder-workspace/.dependencies/checkouts/tracelog/Sources/TraceLog/Writers/FileStrategy+Fixed.swift (in target 'TraceLog' from project 'TraceLog')
SwiftCompile normal arm64 /Users/admin/builder/spi-builder-workspace/.dependencies/checkouts/tracelog/Sources/TraceLog/TraceLog.swift (in target 'TraceLog' from project 'TraceLog')
    cd /Users/admin/builder/spi-builder-workspace/.swiftpm/xcode
    builtin-SwiftPerFileCompile TraceLog.swift
SwiftCompile normal arm64 /Users/admin/builder/spi-builder-workspace/.dependencies/checkouts/tracelog/Sources/TraceLog/Writers/ConsoleWriter.swift (in target 'TraceLog' from project 'TraceLog')
    cd /Users/admin/builder/spi-builder-workspace/.swiftpm/xcode
    builtin-SwiftPerFileCompile ConsoleWriter.swift
SwiftCompile normal arm64 /Users/admin/builder/spi-builder-workspace/.dependencies/checkouts/tracelog/Sources/TraceLog/Writers/FileStrategy+Fixed.swift (in target 'TraceLog' from project 'TraceLog')
    cd /Users/admin/builder/spi-builder-workspace/.swiftpm/xcode
    builtin-SwiftPerFileCompile FileStrategy+Fixed.swift
SwiftCompile normal arm64 Compiling\ Configuration.swift,\ Logger.swift,\ AsyncWriterProxy.swift,\ DirectWriterProxy.swift /Users/admin/builder/spi-builder-workspace/.dependencies/checkouts/tracelog/Sources/TraceLog/Internal/Configuration.swift /Users/admin/builder/spi-builder-workspace/.dependencies/checkouts/tracelog/Sources/TraceLog/Internal/Logger.swift /Users/admin/builder/spi-builder-workspace/.dependencies/checkouts/tracelog/Sources/TraceLog/Internal/Proxies/AsyncWriterProxy.swift /Users/admin/builder/spi-builder-workspace/.dependencies/checkouts/tracelog/Sources/TraceLog/Internal/Proxies/DirectWriterProxy.swift (in target 'TraceLog' from project 'TraceLog')
SwiftCompile normal arm64 /Users/admin/builder/spi-builder-workspace/.dependencies/checkouts/tracelog/Sources/TraceLog/Internal/Configuration.swift (in target 'TraceLog' from project 'TraceLog')
    cd /Users/admin/builder/spi-builder-workspace/.swiftpm/xcode
    builtin-SwiftPerFileCompile Configuration.swift
SwiftCompile normal arm64 /Users/admin/builder/spi-builder-workspace/.dependencies/checkouts/tracelog/Sources/TraceLog/Internal/Logger.swift (in target 'TraceLog' from project 'TraceLog')
    cd /Users/admin/builder/spi-builder-workspace/.swiftpm/xcode
    builtin-SwiftPerFileCompile Logger.swift
SwiftCompile normal arm64 /Users/admin/builder/spi-builder-workspace/.dependencies/checkouts/tracelog/Sources/TraceLog/Internal/Proxies/AsyncWriterProxy.swift (in target 'TraceLog' from project 'TraceLog')
    cd /Users/admin/builder/spi-builder-workspace/.swiftpm/xcode
    builtin-SwiftPerFileCompile AsyncWriterProxy.swift
SwiftCompile normal arm64 /Users/admin/builder/spi-builder-workspace/.dependencies/checkouts/tracelog/Sources/TraceLog/Internal/Proxies/DirectWriterProxy.swift (in target 'TraceLog' from project 'TraceLog')
    cd /Users/admin/builder/spi-builder-workspace/.swiftpm/xcode
    builtin-SwiftPerFileCompile DirectWriterProxy.swift
PruneExplicitPrecompiledModules /Users/admin/builder/spi-builder-workspace/.derivedData/Build/Intermediates.noindex/SwiftExplicitPrecompiledModules
PruneExplicitPrecompiledModules /Users/admin/builder/spi-builder-workspace/.derivedData/Build/Intermediates.noindex/ExplicitPrecompiledModules
PruneExplicitPrecompiledModules /Users/admin/builder/spi-builder-workspace/.derivedData/SDKExplicitPrecompiledModules
2026-09-15 14:22:45.831 xcodebuild[688:4382] [MT] IDERunDestination: Supported platforms for the buildables in the current scheme is empty.
** BUILD FAILED **
The following build commands failed:
	SwiftCompile normal arm64 (in target 'TraceLog' from project 'TraceLog')
	SwiftEmitModule normal arm64 Emitting\ module\ for\ TraceLog (in target 'TraceLog' from project 'TraceLog')
	Building workspace TraceLogAdaptiveWriter with scheme TraceLogAdaptiveWriter
(3 failures)
Command line invocation:
    /Applications/Xcode-27.0.0-Release.Candidate.app/Contents/Developer/usr/bin/xcodebuild -IDEClonedSourcePackagesDirPathOverride=/Users/admin/builder/spi-builder-workspace/.dependencies -resolvePackageDependencies
Resolve Package Graph
failed to retrieve search paths with pkg-config; maybe pkg-config is not installedcouldn't find pc file for libsystemd
Resolved source packages:
  TraceLogAdaptiveWriter: /Users/admin/builder/spi-builder-workspace
  TraceLog: https://github.com/tonystone/tracelog.git @ 5.0.1
resolved source packages: TraceLogAdaptiveWriter, TraceLog
2026-09-15 14:22:51.631 xcodebuild[763:4709] [MT] IDERunDestination: Supported platforms for the buildables in the current scheme is empty.
{
  "dependencies" : [
    {
      "identity" : "tracelog",
      "requirement" : {
        "range" : [
          {
            "lower_bound" : "5.0.0",
            "upper_bound" : "6.0.0"
          }
        ]
      },
      "type" : "sourceControl",
      "url" : "https://github.com/tonystone/tracelog.git"
    }
  ],
  "manifest_display_name" : "TraceLogAdaptiveWriter",
  "name" : "TraceLogAdaptiveWriter",
  "path" : "/Users/admin/builder/spi-builder-workspace",
  "platforms" : [
  ],
  "products" : [
    {
      "name" : "TraceLogAdaptiveWriter",
      "targets" : [
        "TraceLogAdaptiveWriter"
      ],
      "type" : {
        "library" : [
          "dynamic"
        ]
      }
    }
  ],
  "swift_languages_versions" : [
    "5"
  ],
  "targets" : [
    {
      "c99name" : "systemd",
      "module_type" : "SystemLibraryTarget",
      "name" : "systemd",
      "path" : "Sources/systemd",
      "product_memberships" : [
        "TraceLogAdaptiveWriter"
      ],
      "sources" : [
      ],
      "type" : "system-target"
    },
    {
      "c99name" : "TraceLogAdaptiveWriterTests",
      "module_type" : "SwiftTarget",
      "name" : "TraceLogAdaptiveWriterTests",
      "path" : "Tests/TraceLogAdaptiveWriterTests",
      "product_dependencies" : [
        "TraceLog"
      ],
      "sources" : [
        "AdaptiveWriterTests.swift",
        "Platform.swift",
        "Platform/DarwinPlatformReader.swift",
        "Platform/LinuxPlatformReader.swift",
        "TestHarness/BufferReader.swift",
        "TestHarness/BufferWriter.swift",
        "TestHarness/TestHarness.swift",
        "TestHarness/TestUtilities.swift",
        "TestWriters/TestContext.swift"
      ],
      "target_dependencies" : [
        "TraceLogAdaptiveWriter"
      ],
      "type" : "test"
    },
    {
      "c99name" : "TraceLogAdaptiveWriter",
      "module_type" : "SwiftTarget",
      "name" : "TraceLogAdaptiveWriter",
      "path" : "Sources/TraceLogAdaptiveWriter",
      "product_dependencies" : [
        "TraceLog"
      ],
      "product_memberships" : [
        "TraceLogAdaptiveWriter"
      ],
      "sources" : [
        "AdaptiveWriter.swift",
        "Platform.swift",
        "Platform/DarwinPlatformWriter.swift",
        "Platform/LinuxPlatformWriter.swift",
        "PlatformWriter.swift"
      ],
      "target_dependencies" : [
        "systemd"
      ],
      "type" : "library"
    }
  ],
  "tools_version" : "5.0"
}
{
  "workspace" : {
    "name" : "TraceLogAdaptiveWriter",
    "schemes" : [
      "TraceLogAdaptiveWriter"
    ]
  }
}
2026-09-15 14:22:52.894 xcodebuild[772:4771] [MT] IDERunDestination: Supported platforms for the buildables in the current scheme is empty.
Running build ...
env DEVELOPER_DIR=/Applications/Xcode-27.0.0-Release.Candidate.app xcrun xcodebuild -IDEClonedSourcePackagesDirPathOverride=$PWD/.dependencies -skipMacroValidation -skipPackagePluginValidation -derivedDataPath $PWD/.derivedData build -scheme TraceLogAdaptiveWriter -destination generic/platform=xrOS
Command line invocation:
    /Applications/Xcode-27.0.0-Release.Candidate.app/Contents/Developer/usr/bin/xcodebuild -IDEClonedSourcePackagesDirPathOverride=/Users/admin/builder/spi-builder-workspace/.dependencies -skipMacroValidation -skipPackagePluginValidation -derivedDataPath /Users/admin/builder/spi-builder-workspace/.derivedData build -scheme TraceLogAdaptiveWriter -destination generic/platform=xrOS
Resolve Package Graph
failed to retrieve search paths with pkg-config; maybe pkg-config is not installedcouldn't find pc file for libsystemd
Resolved source packages:
  TraceLog: https://github.com/tonystone/tracelog.git @ 5.0.1
  TraceLogAdaptiveWriter: /Users/admin/builder/spi-builder-workspace
ComputePackagePrebuildTargetDependencyGraph
Prepare packages
CreateBuildRequest
SendProjectDescription
CreateBuildOperation
ComputeTargetDependencyGraph
note: Building targets in dependency order
note: Target dependency graph (6 targets)
    Target 'TraceLogAdaptiveWriter-product' in project 'TraceLogAdaptiveWriter'
        ➜ Explicit dependency on target 'TraceLogAdaptiveWriter' in project 'TraceLogAdaptiveWriter'
        ➜ Explicit dependency on target 'TraceLog-product' in project 'TraceLog'
    Target 'TraceLogAdaptiveWriter' in project 'TraceLogAdaptiveWriter'
        ➜ Explicit dependency on target 'systemd' in project 'TraceLogAdaptiveWriter'
        ➜ Explicit dependency on target 'TraceLog-product' in project 'TraceLog'
    Target 'TraceLog-product' in project 'TraceLog'
        ➜ Explicit dependency on target 'TraceLog' in project 'TraceLog'
        ➜ Explicit dependency on target 'TraceLogObjC' in project 'TraceLog'
    Target 'TraceLogObjC' in project 'TraceLog'
        ➜ Explicit dependency on target 'TraceLog' in project 'TraceLog'
    Target 'TraceLog' in project 'TraceLog' (no dependencies)
    Target 'systemd' in project 'TraceLogAdaptiveWriter' (no dependencies)
GatherProvisioningInputs
CreateBuildDescription
ClangStatCache /Applications/Xcode-27.0.0-Release.Candidate.app/Contents/Developer/Toolchains/XcodeDefault.xctoolchain/usr/bin/clang-stat-cache /Applications/Xcode-27.0.0-Release.Candidate.app/Contents/Developer/Platforms/XROS.platform/Developer/SDKs/XROS27.0.sdk /Users/admin/builder/spi-builder-workspace/.derivedData/SDKStatCaches.noindex/xros27.0-24M361-e829b21a6f8c9b70876ba0858053c044735bd543db762f57723cac368afd1ce4.sdkstatcache
    cd /Users/admin/builder/spi-builder-workspace/.swiftpm/xcode
    /Applications/Xcode-27.0.0-Release.Candidate.app/Contents/Developer/Toolchains/XcodeDefault.xctoolchain/usr/bin/clang-stat-cache /Applications/Xcode-27.0.0-Release.Candidate.app/Contents/Developer/Platforms/XROS.platform/Developer/SDKs/XROS27.0.sdk -o /Users/admin/builder/spi-builder-workspace/.derivedData/SDKStatCaches.noindex/xros27.0-24M361-e829b21a6f8c9b70876ba0858053c044735bd543db762f57723cac368afd1ce4.sdkstatcache
SwiftDriver TraceLog normal arm64 com.apple.xcode.tools.swift.compiler (in target 'TraceLog' from project 'TraceLog')
    cd /Users/admin/builder/spi-builder-workspace/.swiftpm/xcode
    builtin-SwiftDriver -- /Applications/Xcode-27.0.0-Release.Candidate.app/Contents/Developer/Toolchains/XcodeDefault.xctoolchain/usr/bin/swiftc -parse-as-library -module-name TraceLog -Onone @/Users/admin/builder/spi-builder-workspace/.derivedData/Build/Intermediates.noindex/TraceLog.build/Debug-xros/TraceLog-t.build/Objects-normal/arm64/TraceLog.SwiftFileList -DSWIFT_PACKAGE -DDEBUG -DSWIFT_MODULE_RESOURCE_BUNDLE_UNAVAILABLE -DXcode -plugin-path /Applications/Xcode-27.0.0-Release.Candidate.app/Contents/Developer/Toolchains/XcodeDefault.xctoolchain/usr/lib/swift/host/plugins/testing -enable-experimental-feature DebugDescriptionMacro -sdk /Applications/Xcode-27.0.0-Release.Candidate.app/Contents/Developer/Platforms/XROS.platform/Developer/SDKs/XROS27.0.sdk -target arm64-apple-xros1.0 -g -module-cache-path /Users/admin/builder/spi-builder-workspace/.derivedData/ModuleCache.noindex -Xfrontend -serialize-debugging-options -profile-coverage-mapping -profile-generate -enable-testing -suppress-warnings -index-store-path /Users/admin/builder/spi-builder-workspace/.derivedData/Index.noindex/DataStore -Xcc -D_LIBCPP_HARDENING_MODE\=_LIBCPP_HARDENING_MODE_DEBUG -swift-version 5 -I /Users/admin/builder/spi-builder-workspace/.derivedData/Build/Products/Debug-xros -Isystem /Applications/Xcode-27.0.0-Release.Candidate.app/Contents/Developer/Platforms/XROS.platform/Developer/usr/lib -F /Users/admin/builder/spi-builder-workspace/.derivedData/Build/Products/Debug-xros -F /Applications/Xcode-27.0.0-Release.Candidate.app/Contents/Developer/Platforms/XROS.platform/Developer/Library/Frameworks -F /Applications/Xcode-27.0.0-Release.Candidate.app/Contents/Developer/Platforms/XROS.platform/Developer/SDKs/XROS27.0.sdk/Developer/Library/Frameworks -c -j10 -enable-batch-mode -incremental -Xcc -ivfsstatcache -Xcc /Users/admin/builder/spi-builder-workspace/.derivedData/SDKStatCaches.noindex/xros27.0-24M361-e829b21a6f8c9b70876ba0858053c044735bd543db762f57723cac368afd1ce4.sdkstatcache -output-file-map /Users/admin/builder/spi-builder-workspace/.derivedData/Build/Intermediates.noindex/TraceLog.build/Debug-xros/TraceLog-t.build/Objects-normal/arm64/TraceLog-OutputFileMap.json -save-temps -no-color-diagnostics -explicit-module-build -module-cache-path /Users/admin/builder/spi-builder-workspace/.derivedData/Build/Intermediates.noindex/SwiftExplicitPrecompiledModules -clang-scanner-module-cache-path /Users/admin/builder/spi-builder-workspace/.derivedData/ModuleCache.noindex -sdk-module-cache-path /Users/admin/builder/spi-builder-workspace/.derivedData/SDKExplicitPrecompiledModules -emit-dependencies -emit-module -emit-module-path /Users/admin/builder/spi-builder-workspace/.derivedData/Build/Intermediates.noindex/TraceLog.build/Debug-xros/TraceLog-t.build/Objects-normal/arm64/TraceLog.swiftmodule -serialize-diagnostics -dependency-scan-serialize-diagnostics-path /Users/admin/builder/spi-builder-workspace/.derivedData/Build/Intermediates.noindex/TraceLog.build/Debug-xros/TraceLog-t.build/Objects-normal/arm64/TraceLog-dependency-scan.dia -validate-clang-modules-once -clang-build-session-file /Users/admin/builder/spi-builder-workspace/.derivedData/ModuleCache.noindex/Session.modulevalidation -Xcc -fmodules-prune-interval\=86400 -Xcc -fmodules-prune-after\=345600 -emit-const-values -const-gather-protocols-list /Users/admin/builder/spi-builder-workspace/.derivedData/Build/Intermediates.noindex/TraceLog.build/Debug-xros/TraceLog-t.build/Objects-normal/arm64/TraceLog_const_extract_protocols.json -Xcc -I/Users/admin/builder/spi-builder-workspace/.derivedData/Build/Products/Debug-xros/include -Xcc -I/Users/admin/builder/spi-builder-workspace/.derivedData/Build/Intermediates.noindex/TraceLog.build/Debug-xros/TraceLog-t.build/DerivedSources-normal/arm64 -Xcc -I/Users/admin/builder/spi-builder-workspace/.derivedData/Build/Intermediates.noindex/TraceLog.build/Debug-xros/TraceLog-t.build/DerivedSources/arm64 -Xcc -I/Users/admin/builder/spi-builder-workspace/.derivedData/Build/Intermediates.noindex/TraceLog.build/Debug-xros/TraceLog-t.build/DerivedSources -Xcc -DSWIFT_PACKAGE -Xcc -DDEBUG\=1 -emit-objc-header -emit-objc-header-path /Users/admin/builder/spi-builder-workspace/.derivedData/Build/Intermediates.noindex/TraceLog.build/Debug-xros/TraceLog-t.build/Objects-normal/arm64/TraceLog-Swift.h -working-directory /Users/admin/builder/spi-builder-workspace/.swiftpm/xcode -experimental-emit-module-separately -disable-cmo
SwiftCompile normal arm64 Compiling\ Configuration.swift,\ Logger.swift,\ AsyncWriterProxy.swift,\ DirectWriterProxy.swift /Users/admin/builder/spi-builder-workspace/.dependencies/checkouts/tracelog/Sources/TraceLog/Internal/Configuration.swift /Users/admin/builder/spi-builder-workspace/.dependencies/checkouts/tracelog/Sources/TraceLog/Internal/Logger.swift /Users/admin/builder/spi-builder-workspace/.dependencies/checkouts/tracelog/Sources/TraceLog/Internal/Proxies/AsyncWriterProxy.swift /Users/admin/builder/spi-builder-workspace/.dependencies/checkouts/tracelog/Sources/TraceLog/Internal/Proxies/DirectWriterProxy.swift (in target 'TraceLog' from project 'TraceLog')
SwiftCompile normal arm64 /Users/admin/builder/spi-builder-workspace/.dependencies/checkouts/tracelog/Sources/TraceLog/Internal/Configuration.swift (in target 'TraceLog' from project 'TraceLog')
    cd /Users/admin/builder/spi-builder-workspace/.swiftpm/xcode
    builtin-SwiftPerFileCompile Configuration.swift
SwiftCompile normal arm64 /Users/admin/builder/spi-builder-workspace/.dependencies/checkouts/tracelog/Sources/TraceLog/Internal/Logger.swift (in target 'TraceLog' from project 'TraceLog')
    cd /Users/admin/builder/spi-builder-workspace/.swiftpm/xcode
    builtin-SwiftPerFileCompile Logger.swift
SwiftCompile normal arm64 /Users/admin/builder/spi-builder-workspace/.dependencies/checkouts/tracelog/Sources/TraceLog/Internal/Proxies/AsyncWriterProxy.swift (in target 'TraceLog' from project 'TraceLog')
    cd /Users/admin/builder/spi-builder-workspace/.swiftpm/xcode
    builtin-SwiftPerFileCompile AsyncWriterProxy.swift
SwiftCompile normal arm64 /Users/admin/builder/spi-builder-workspace/.dependencies/checkouts/tracelog/Sources/TraceLog/Internal/Proxies/DirectWriterProxy.swift (in target 'TraceLog' from project 'TraceLog')
    cd /Users/admin/builder/spi-builder-workspace/.swiftpm/xcode
    builtin-SwiftPerFileCompile DirectWriterProxy.swift
SwiftCompile normal arm64 Compiling\ SyncWriterProxy.swift,\ WriterProxy.swift,\ BlockTimer.swift /Users/admin/builder/spi-builder-workspace/.dependencies/checkouts/tracelog/Sources/TraceLog/Internal/Proxies/SyncWriterProxy.swift /Users/admin/builder/spi-builder-workspace/.dependencies/checkouts/tracelog/Sources/TraceLog/Internal/Proxies/WriterProxy.swift /Users/admin/builder/spi-builder-workspace/.dependencies/checkouts/tracelog/Sources/TraceLog/Internal/Utilities/BlockTimer.swift (in target 'TraceLog' from project 'TraceLog')
SwiftCompile normal arm64 /Users/admin/builder/spi-builder-workspace/.dependencies/checkouts/tracelog/Sources/TraceLog/Internal/Proxies/SyncWriterProxy.swift (in target 'TraceLog' from project 'TraceLog')
    cd /Users/admin/builder/spi-builder-workspace/.swiftpm/xcode
    builtin-SwiftPerFileCompile SyncWriterProxy.swift
SwiftCompile normal arm64 /Users/admin/builder/spi-builder-workspace/.dependencies/checkouts/tracelog/Sources/TraceLog/Internal/Proxies/WriterProxy.swift (in target 'TraceLog' from project 'TraceLog')
    cd /Users/admin/builder/spi-builder-workspace/.swiftpm/xcode
    builtin-SwiftPerFileCompile WriterProxy.swift
SwiftCompile normal arm64 /Users/admin/builder/spi-builder-workspace/.dependencies/checkouts/tracelog/Sources/TraceLog/Internal/Utilities/BlockTimer.swift (in target 'TraceLog' from project 'TraceLog')
    cd /Users/admin/builder/spi-builder-workspace/.swiftpm/xcode
    builtin-SwiftPerFileCompile BlockTimer.swift
SwiftCompile normal arm64 Compiling\ CharacterSet+InternalExtensions.swift,\ Mutex.swift,\ FileOutputStream.swift /Users/admin/builder/spi-builder-workspace/.dependencies/checkouts/tracelog/Sources/TraceLog/Internal/Utilities/CharacterSet+InternalExtensions.swift /Users/admin/builder/spi-builder-workspace/.dependencies/checkouts/tracelog/Sources/TraceLog/Internal/Utilities/Mutex.swift /Users/admin/builder/spi-builder-workspace/.dependencies/checkouts/tracelog/Sources/TraceLog/Internal/Utilities/Streams/FileOutputStream.swift (in target 'TraceLog' from project 'TraceLog')
SwiftCompile normal arm64 /Users/admin/builder/spi-builder-workspace/.dependencies/checkouts/tracelog/Sources/TraceLog/Internal/Utilities/CharacterSet+InternalExtensions.swift (in target 'TraceLog' from project 'TraceLog')
    cd /Users/admin/builder/spi-builder-workspace/.swiftpm/xcode
    builtin-SwiftPerFileCompile CharacterSet+InternalExtensions.swift
SwiftCompile normal arm64 /Users/admin/builder/spi-builder-workspace/.dependencies/checkouts/tracelog/Sources/TraceLog/Internal/Utilities/Mutex.swift (in target 'TraceLog' from project 'TraceLog')
    cd /Users/admin/builder/spi-builder-workspace/.swiftpm/xcode
    builtin-SwiftPerFileCompile Mutex.swift
SwiftCompile normal arm64 /Users/admin/builder/spi-builder-workspace/.dependencies/checkouts/tracelog/Sources/TraceLog/Internal/Utilities/Streams/FileOutputStream.swift (in target 'TraceLog' from project 'TraceLog')
    cd /Users/admin/builder/spi-builder-workspace/.swiftpm/xcode
    builtin-SwiftPerFileCompile FileOutputStream.swift
/Users/admin/builder/spi-builder-workspace/.dependencies/checkouts/tracelog/Sources/TraceLog/Internal/Utilities/Mutex.swift:90:29: error: cannot find 'pthread_mutex_t' in scope
88 |     }
89 |
90 |     fileprivate var mutex = pthread_mutex_t()
   |                             `- error: cannot find 'pthread_mutex_t' in scope
91 | }
92 |
/Users/admin/builder/spi-builder-workspace/.dependencies/checkouts/tracelog/Sources/TraceLog/Internal/Utilities/Mutex.swift:54:26: error: cannot find 'pthread_mutexattr_t' in scope
52 |     public init(_ type: MutexType = .normal)  {
53 |
54 |         var attributes = pthread_mutexattr_t()
   |                          `- error: cannot find 'pthread_mutexattr_t' in scope
55 |         guard pthread_mutexattr_init(&attributes) == 0 else { fatalError("pthread_mutexattr_init") }
56 |         pthread_mutexattr_settype(&attributes, (type == .normal) ? Int32(PTHREAD_MUTEX_NORMAL) : Int32(PTHREAD_MUTEX_RECURSIVE))
/Users/admin/builder/spi-builder-workspace/.dependencies/checkouts/tracelog/Sources/TraceLog/Internal/Utilities/Mutex.swift:55:15: error: cannot find 'pthread_mutexattr_init' in scope
53 |
54 |         var attributes = pthread_mutexattr_t()
55 |         guard pthread_mutexattr_init(&attributes) == 0 else { fatalError("pthread_mutexattr_init") }
   |               `- error: cannot find 'pthread_mutexattr_init' in scope
56 |         pthread_mutexattr_settype(&attributes, (type == .normal) ? Int32(PTHREAD_MUTEX_NORMAL) : Int32(PTHREAD_MUTEX_RECURSIVE))
57 |
/Users/admin/builder/spi-builder-workspace/.dependencies/checkouts/tracelog/Sources/TraceLog/Internal/Utilities/Mutex.swift:56:9: error: cannot find 'pthread_mutexattr_settype' in scope
54 |         var attributes = pthread_mutexattr_t()
55 |         guard pthread_mutexattr_init(&attributes) == 0 else { fatalError("pthread_mutexattr_init") }
56 |         pthread_mutexattr_settype(&attributes, (type == .normal) ? Int32(PTHREAD_MUTEX_NORMAL) : Int32(PTHREAD_MUTEX_RECURSIVE))
   |         `- error: cannot find 'pthread_mutexattr_settype' in scope
57 |
58 |         guard pthread_mutex_init(&mutex, &attributes) == 0 else { fatalError("pthread_mutex_init") }
/Users/admin/builder/spi-builder-workspace/.dependencies/checkouts/tracelog/Sources/TraceLog/Internal/Utilities/Mutex.swift:56:74: error: cannot find 'PTHREAD_MUTEX_NORMAL' in scope
54 |         var attributes = pthread_mutexattr_t()
55 |         guard pthread_mutexattr_init(&attributes) == 0 else { fatalError("pthread_mutexattr_init") }
56 |         pthread_mutexattr_settype(&attributes, (type == .normal) ? Int32(PTHREAD_MUTEX_NORMAL) : Int32(PTHREAD_MUTEX_RECURSIVE))
   |                                                                          `- error: cannot find 'PTHREAD_MUTEX_NORMAL' in scope
57 |
58 |         guard pthread_mutex_init(&mutex, &attributes) == 0 else { fatalError("pthread_mutex_init") }
/Users/admin/builder/spi-builder-workspace/.dependencies/checkouts/tracelog/Sources/TraceLog/Internal/Utilities/Mutex.swift:56:104: error: cannot find 'PTHREAD_MUTEX_RECURSIVE' in scope
54 |         var attributes = pthread_mutexattr_t()
55 |         guard pthread_mutexattr_init(&attributes) == 0 else { fatalError("pthread_mutexattr_init") }
56 |         pthread_mutexattr_settype(&attributes, (type == .normal) ? Int32(PTHREAD_MUTEX_NORMAL) : Int32(PTHREAD_MUTEX_RECURSIVE))
   |                                                                                                        `- error: cannot find 'PTHREAD_MUTEX_RECURSIVE' in scope
57 |
58 |         guard pthread_mutex_init(&mutex, &attributes) == 0 else { fatalError("pthread_mutex_init") }
/Users/admin/builder/spi-builder-workspace/.dependencies/checkouts/tracelog/Sources/TraceLog/Internal/Utilities/Mutex.swift:58:15: error: cannot find 'pthread_mutex_init' in scope
56 |         pthread_mutexattr_settype(&attributes, (type == .normal) ? Int32(PTHREAD_MUTEX_NORMAL) : Int32(PTHREAD_MUTEX_RECURSIVE))
57 |
58 |         guard pthread_mutex_init(&mutex, &attributes) == 0 else { fatalError("pthread_mutex_init") }
   |               `- error: cannot find 'pthread_mutex_init' in scope
59 |         pthread_mutexattr_destroy(&attributes)
60 |     }
/Users/admin/builder/spi-builder-workspace/.dependencies/checkouts/tracelog/Sources/TraceLog/Internal/Utilities/Mutex.swift:59:9: error: cannot find 'pthread_mutexattr_destroy' in scope
57 |
58 |         guard pthread_mutex_init(&mutex, &attributes) == 0 else { fatalError("pthread_mutex_init") }
59 |         pthread_mutexattr_destroy(&attributes)
   |         `- error: cannot find 'pthread_mutexattr_destroy' in scope
60 |     }
61 |     deinit {
/Users/admin/builder/spi-builder-workspace/.dependencies/checkouts/tracelog/Sources/TraceLog/Internal/Utilities/Mutex.swift:62:9: error: cannot find 'pthread_mutex_destroy' in scope
60 |     }
61 |     deinit {
62 |         pthread_mutex_destroy(&mutex)
   |         `- error: cannot find 'pthread_mutex_destroy' in scope
63 |     }
64 |
/Users/admin/builder/spi-builder-workspace/.dependencies/checkouts/tracelog/Sources/TraceLog/Internal/Utilities/Mutex.swift:69:9: error: cannot find 'pthread_mutex_lock' in scope
67 |     ///
68 |     public final func lock() {
69 |         pthread_mutex_lock(&mutex)
   |         `- error: cannot find 'pthread_mutex_lock' in scope
70 |     }
71 |
/Users/admin/builder/spi-builder-workspace/.dependencies/checkouts/tracelog/Sources/TraceLog/Internal/Utilities/Mutex.swift:80:16: error: cannot find 'pthread_mutex_trylock' in scope
78 |     ///
79 |     public final func tryLock() -> Bool {
80 |         return pthread_mutex_trylock(&mutex) == 0
   |                `- error: cannot find 'pthread_mutex_trylock' in scope
81 |     }
82 |
SwiftCompile normal arm64 Compiling\ ConcurrencyMode.swift,\ Environment.swift,\ JSONFormat.swift,\ TextFormat.swift /Users/admin/builder/spi-builder-workspace/.dependencies/checkouts/tracelog/Sources/TraceLog/ConcurrencyMode.swift /Users/admin/builder/spi-builder-workspace/.dependencies/checkouts/tracelog/Sources/TraceLog/Environment.swift /Users/admin/builder/spi-builder-workspace/.dependencies/checkouts/tracelog/Sources/TraceLog/Formatters/JSONFormat.swift /Users/admin/builder/spi-builder-workspace/.dependencies/checkouts/tracelog/Sources/TraceLog/Formatters/TextFormat.swift (in target 'TraceLog' from project 'TraceLog')
SwiftCompile normal arm64 /Users/admin/builder/spi-builder-workspace/.dependencies/checkouts/tracelog/Sources/TraceLog/ConcurrencyMode.swift (in target 'TraceLog' from project 'TraceLog')
    cd /Users/admin/builder/spi-builder-workspace/.swiftpm/xcode
    builtin-SwiftPerFileCompile ConcurrencyMode.swift
SwiftCompile normal arm64 /Users/admin/builder/spi-builder-workspace/.dependencies/checkouts/tracelog/Sources/TraceLog/Environment.swift (in target 'TraceLog' from project 'TraceLog')
    cd /Users/admin/builder/spi-builder-workspace/.swiftpm/xcode
    builtin-SwiftPerFileCompile Environment.swift
SwiftCompile normal arm64 /Users/admin/builder/spi-builder-workspace/.dependencies/checkouts/tracelog/Sources/TraceLog/Formatters/JSONFormat.swift (in target 'TraceLog' from project 'TraceLog')
    cd /Users/admin/builder/spi-builder-workspace/.swiftpm/xcode
    builtin-SwiftPerFileCompile JSONFormat.swift
SwiftCompile normal arm64 /Users/admin/builder/spi-builder-workspace/.dependencies/checkouts/tracelog/Sources/TraceLog/Formatters/TextFormat.swift (in target 'TraceLog' from project 'TraceLog')
    cd /Users/admin/builder/spi-builder-workspace/.swiftpm/xcode
    builtin-SwiftPerFileCompile TextFormat.swift
SwiftCompile normal arm64 Compiling\ RawOutputStream.swift,\ StandardStream.swift,\ String+InternalExtensions.swift /Users/admin/builder/spi-builder-workspace/.dependencies/checkouts/tracelog/Sources/TraceLog/Internal/Utilities/Streams/RawOutputStream.swift /Users/admin/builder/spi-builder-workspace/.dependencies/checkouts/tracelog/Sources/TraceLog/Internal/Utilities/Streams/StandardStream.swift /Users/admin/builder/spi-builder-workspace/.dependencies/checkouts/tracelog/Sources/TraceLog/Internal/Utilities/String+InternalExtensions.swift (in target 'TraceLog' from project 'TraceLog')
SwiftCompile normal arm64 /Users/admin/builder/spi-builder-workspace/.dependencies/checkouts/tracelog/Sources/TraceLog/Internal/Utilities/Streams/RawOutputStream.swift (in target 'TraceLog' from project 'TraceLog')
    cd /Users/admin/builder/spi-builder-workspace/.swiftpm/xcode
    builtin-SwiftPerFileCompile RawOutputStream.swift
SwiftCompile normal arm64 /Users/admin/builder/spi-builder-workspace/.dependencies/checkouts/tracelog/Sources/TraceLog/Internal/Utilities/Streams/StandardStream.swift (in target 'TraceLog' from project 'TraceLog')
    cd /Users/admin/builder/spi-builder-workspace/.swiftpm/xcode
    builtin-SwiftPerFileCompile StandardStream.swift
SwiftCompile normal arm64 /Users/admin/builder/spi-builder-workspace/.dependencies/checkouts/tracelog/Sources/TraceLog/Internal/Utilities/String+InternalExtensions.swift (in target 'TraceLog' from project 'TraceLog')
    cd /Users/admin/builder/spi-builder-workspace/.swiftpm/xcode
    builtin-SwiftPerFileCompile String+InternalExtensions.swift
SwiftCompile normal arm64 Compiling\ FileOutputStreamError+Posix.swift,\ OutputStream.swift,\ OutputStreamError+Posix.swift /Users/admin/builder/spi-builder-workspace/.dependencies/checkouts/tracelog/Sources/TraceLog/Internal/Utilities/Streams/FileOutputStreamError+Posix.swift /Users/admin/builder/spi-builder-workspace/.dependencies/checkouts/tracelog/Sources/TraceLog/Internal/Utilities/Streams/OutputStream.swift /Users/admin/builder/spi-builder-workspace/.dependencies/checkouts/tracelog/Sources/TraceLog/Internal/Utilities/Streams/OutputStreamError+Posix.swift (in target 'TraceLog' from project 'TraceLog')
SwiftCompile normal arm64 /Users/admin/builder/spi-builder-workspace/.dependencies/checkouts/tracelog/Sources/TraceLog/Internal/Utilities/Streams/FileOutputStreamError+Posix.swift (in target 'TraceLog' from project 'TraceLog')
    cd /Users/admin/builder/spi-builder-workspace/.swiftpm/xcode
    builtin-SwiftPerFileCompile FileOutputStreamError+Posix.swift
SwiftCompile normal arm64 /Users/admin/builder/spi-builder-workspace/.dependencies/checkouts/tracelog/Sources/TraceLog/Internal/Utilities/Streams/OutputStream.swift (in target 'TraceLog' from project 'TraceLog')
    cd /Users/admin/builder/spi-builder-workspace/.swiftpm/xcode
    builtin-SwiftPerFileCompile OutputStream.swift
SwiftCompile normal arm64 /Users/admin/builder/spi-builder-workspace/.dependencies/checkouts/tracelog/Sources/TraceLog/Internal/Utilities/Streams/OutputStreamError+Posix.swift (in target 'TraceLog' from project 'TraceLog')
    cd /Users/admin/builder/spi-builder-workspace/.swiftpm/xcode
    builtin-SwiftPerFileCompile OutputStreamError+Posix.swift
SwiftCompile normal arm64 Compiling\ TraceLog.swift,\ ConsoleWriter.swift,\ FileStrategy+Fixed.swift /Users/admin/builder/spi-builder-workspace/.dependencies/checkouts/tracelog/Sources/TraceLog/TraceLog.swift /Users/admin/builder/spi-builder-workspace/.dependencies/checkouts/tracelog/Sources/TraceLog/Writers/ConsoleWriter.swift /Users/admin/builder/spi-builder-workspace/.dependencies/checkouts/tracelog/Sources/TraceLog/Writers/FileStrategy+Fixed.swift (in target 'TraceLog' from project 'TraceLog')
SwiftCompile normal arm64 /Users/admin/builder/spi-builder-workspace/.dependencies/checkouts/tracelog/Sources/TraceLog/TraceLog.swift (in target 'TraceLog' from project 'TraceLog')
    cd /Users/admin/builder/spi-builder-workspace/.swiftpm/xcode
    builtin-SwiftPerFileCompile TraceLog.swift
SwiftCompile normal arm64 /Users/admin/builder/spi-builder-workspace/.dependencies/checkouts/tracelog/Sources/TraceLog/Writers/ConsoleWriter.swift (in target 'TraceLog' from project 'TraceLog')
    cd /Users/admin/builder/spi-builder-workspace/.swiftpm/xcode
    builtin-SwiftPerFileCompile ConsoleWriter.swift
SwiftCompile normal arm64 /Users/admin/builder/spi-builder-workspace/.dependencies/checkouts/tracelog/Sources/TraceLog/Writers/FileStrategy+Fixed.swift (in target 'TraceLog' from project 'TraceLog')
    cd /Users/admin/builder/spi-builder-workspace/.swiftpm/xcode
    builtin-SwiftPerFileCompile FileStrategy+Fixed.swift
SwiftCompile normal arm64 Compiling\ LogLevel.swift,\ OutputStreamFormatter.swift,\ OutputStreamWriter.swift /Users/admin/builder/spi-builder-workspace/.dependencies/checkouts/tracelog/Sources/TraceLog/SDK/LogLevel.swift /Users/admin/builder/spi-builder-workspace/.dependencies/checkouts/tracelog/Sources/TraceLog/SDK/OutputStreamFormatter.swift /Users/admin/builder/spi-builder-workspace/.dependencies/checkouts/tracelog/Sources/TraceLog/SDK/OutputStreamWriter.swift (in target 'TraceLog' from project 'TraceLog')
SwiftCompile normal arm64 /Users/admin/builder/spi-builder-workspace/.dependencies/checkouts/tracelog/Sources/TraceLog/SDK/LogLevel.swift (in target 'TraceLog' from project 'TraceLog')
    cd /Users/admin/builder/spi-builder-workspace/.swiftpm/xcode
    builtin-SwiftPerFileCompile LogLevel.swift
SwiftCompile normal arm64 /Users/admin/builder/spi-builder-workspace/.dependencies/checkouts/tracelog/Sources/TraceLog/SDK/OutputStreamFormatter.swift (in target 'TraceLog' from project 'TraceLog')
    cd /Users/admin/builder/spi-builder-workspace/.swiftpm/xcode
    builtin-SwiftPerFileCompile OutputStreamFormatter.swift
SwiftCompile normal arm64 /Users/admin/builder/spi-builder-workspace/.dependencies/checkouts/tracelog/Sources/TraceLog/SDK/OutputStreamWriter.swift (in target 'TraceLog' from project 'TraceLog')
    cd /Users/admin/builder/spi-builder-workspace/.swiftpm/xcode
    builtin-SwiftPerFileCompile OutputStreamWriter.swift
SwiftEmitModule normal arm64 Emitting\ module\ for\ TraceLog (in target 'TraceLog' from project 'TraceLog')
/Users/admin/builder/spi-builder-workspace/.dependencies/checkouts/tracelog/Sources/TraceLog/Internal/Utilities/Mutex.swift:90:29: error: cannot find 'pthread_mutex_t' in scope
88 |     }
89 |
90 |     fileprivate var mutex = pthread_mutex_t()
   |                             `- error: cannot find 'pthread_mutex_t' in scope
91 | }
92 |
Failed frontend command:
/Applications/Xcode-27.0.0-Release.Candidate.app/Contents/Developer/Toolchains/XcodeDefault.xctoolchain/usr/bin/swift-frontend -frontend -emit-module -experimental-skip-non-inlinable-function-bodies-without-types /Users/admin/builder/spi-builder-workspace/.dependencies/checkouts/tracelog/Sources/TraceLog/ConcurrencyMode.swift /Users/admin/builder/spi-builder-workspace/.dependencies/checkouts/tracelog/Sources/TraceLog/Environment.swift /Users/admin/builder/spi-builder-workspace/.dependencies/checkouts/tracelog/Sources/TraceLog/Formatters/JSONFormat.swift /Users/admin/builder/spi-builder-workspace/.dependencies/checkouts/tracelog/Sources/TraceLog/Formatters/TextFormat.swift /Users/admin/builder/spi-builder-workspace/.dependencies/checkouts/tracelog/Sources/TraceLog/Internal/Configuration.swift /Users/admin/builder/spi-builder-workspace/.dependencies/checkouts/tracelog/Sources/TraceLog/Internal/Logger.swift /Users/admin/builder/spi-builder-workspace/.dependencies/checkouts/tracelog/Sources/TraceLog/Internal/Proxies/AsyncWriterProxy.swift /Users/admin/builder/spi-builder-workspace/.dependencies/checkouts/tracelog/Sources/TraceLog/Internal/Proxies/DirectWriterProxy.swift /Users/admin/builder/spi-builder-workspace/.dependencies/checkouts/tracelog/Sources/TraceLog/Internal/Proxies/SyncWriterProxy.swift /Users/admin/builder/spi-builder-workspace/.dependencies/checkouts/tracelog/Sources/TraceLog/Internal/Proxies/WriterProxy.swift /Users/admin/builder/spi-builder-workspace/.dependencies/checkouts/tracelog/Sources/TraceLog/Internal/Utilities/BlockTimer.swift /Users/admin/builder/spi-builder-workspace/.dependencies/checkouts/tracelog/Sources/TraceLog/Internal/Utilities/CharacterSet+InternalExtensions.swift /Users/admin/builder/spi-builder-workspace/.dependencies/checkouts/tracelog/Sources/TraceLog/Internal/Utilities/Mutex.swift /Users/admin/builder/spi-builder-workspace/.dependencies/checkouts/tracelog/Sources/TraceLog/Internal/Utilities/Streams/FileOutputStream.swift /Users/admin/builder/spi-builder-workspace/.dependencies/checkouts/tracelog/Sources/TraceLog/Internal/Utilities/Streams/FileOutputStreamError+Posix.swift /Users/admin/builder/spi-builder-workspace/.dependencies/checkouts/tracelog/Sources/TraceLog/Internal/Utilities/Streams/OutputStream.swift /Users/admin/builder/spi-builder-workspace/.dependencies/checkouts/tracelog/Sources/TraceLog/Internal/Utilities/Streams/OutputStreamError+Posix.swift /Users/admin/builder/spi-builder-workspace/.dependencies/checkouts/tracelog/Sources/TraceLog/Internal/Utilities/Streams/RawOutputStream.swift /Users/admin/builder/spi-builder-workspace/.dependencies/checkouts/tracelog/Sources/TraceLog/Internal/Utilities/Streams/StandardStream.swift /Users/admin/builder/spi-builder-workspace/.dependencies/checkouts/tracelog/Sources/TraceLog/Internal/Utilities/String+InternalExtensions.swift /Users/admin/builder/spi-builder-workspace/.dependencies/checkouts/tracelog/Sources/TraceLog/SDK/LogLevel.swift /Users/admin/builder/spi-builder-workspace/.dependencies/checkouts/tracelog/Sources/TraceLog/SDK/OutputStreamFormatter.swift /Users/admin/builder/spi-builder-workspace/.dependencies/checkouts/tracelog/Sources/TraceLog/SDK/OutputStreamWriter.swift /Users/admin/builder/spi-builder-workspace/.dependencies/checkouts/tracelog/Sources/TraceLog/SDK/RuntimeContext.swift /Users/admin/builder/spi-builder-workspace/.dependencies/checkouts/tracelog/Sources/TraceLog/SDK/StaticContext.swift /Users/admin/builder/spi-builder-workspace/.dependencies/checkouts/tracelog/Sources/TraceLog/SDK/Writer.swift /Users/admin/builder/spi-builder-workspace/.dependencies/checkouts/tracelog/Sources/TraceLog/TraceLog.swift /Users/admin/builder/spi-builder-workspace/.dependencies/checkouts/tracelog/Sources/TraceLog/Writers/ConsoleWriter.swift /Users/admin/builder/spi-builder-workspace/.dependencies/checkouts/tracelog/Sources/TraceLog/Writers/FileStrategy+Fixed.swift /Users/admin/builder/spi-builder-workspace/.dependencies/checkouts/tracelog/Sources/TraceLog/Writers/FileStrategy+Rotate.swift /Users/admin/builder/spi-builder-workspace/.dependencies/checkouts/tracelog/Sources/TraceLog/Writers/FileStrategyManager.swift /Users/admin/builder/spi-builder-workspace/.dependencies/checkouts/tracelog/Sources/TraceLog/Writers/FileWriter.swift -target arm64-apple-xros1.0 -disable-cross-import-overlay-search -load-resolved-plugin /Applications/Xcode-27.0.0-Release.Candidate.app/Contents/Developer/Platforms/XROS.platform/Developer/usr/lib/swift/host/plugins/libFoundationMacros.dylib\#/Applications/Xcode-27.0.0-Release.Candidate.app/Contents/Developer/Platforms/XROS.platform/Developer/usr/bin/swift-plugin-server\#FoundationMacros -load-resolved-plugin /Applications/Xcode-27.0.0-Release.Candidate.app/Contents/Developer/Platforms/XROS.platform/Developer/usr/lib/swift/host/plugins/libObservationMacros.dylib\#/Applications/Xcode-27.0.0-Release.Candidate.app/Contents/Developer/Platforms/XROS.platform/Developer/usr/bin/swift-plugin-server\#ObservationMacros -load-resolved-plugin /Applications/Xcode-27.0.0-Release.Candidate.app/Contents/Developer/Platforms/XROS.platform/Developer/usr/lib/swift/host/plugins/libSwiftMacros.dylib\#/Applications/Xcode-27.0.0-Release.Candidate.app/Contents/Developer/Platforms/XROS.platform/Developer/usr/bin/swift-plugin-server\#SwiftMacros -disable-implicit-swift-modules -Xcc -fno-implicit-modules -Xcc -fno-implicit-module-maps -explicit-swift-module-map-file /Users/admin/builder/spi-builder-workspace/.derivedData/Build/Intermediates.noindex/TraceLog.build/Debug-xros/TraceLog-t.build/Objects-normal/arm64/TraceLog-dependencies-1.json -Xllvm -aarch64-use-tbi -enable-objc-interop -stack-check -sdk /Applications/Xcode-27.0.0-Release.Candidate.app/Contents/Developer/Platforms/XROS.platform/Developer/SDKs/XROS27.0.sdk -I /Users/admin/builder/spi-builder-workspace/.derivedData/Build/Products/Debug-xros -Isystem /Applications/Xcode-27.0.0-Release.Candidate.app/Contents/Developer/Platforms/XROS.platform/Developer/usr/lib -F /Users/admin/builder/spi-builder-workspace/.derivedData/Build/Products/Debug-xros -F /Applications/Xcode-27.0.0-Release.Candidate.app/Contents/Developer/Platforms/XROS.platform/Developer/Library/Frameworks -F /Applications/Xcode-27.0.0-Release.Candidate.app/Contents/Developer/Platforms/XROS.platform/Developer/SDKs/XROS27.0.sdk/Developer/Library/Frameworks -module-cache-path /Users/admin/builder/spi-builder-workspace/.derivedData/Build/Intermediates.noindex/SwiftExplicitPrecompiledModules -no-color-diagnostics -Xcc -fno-color-diagnostics -enable-testing -g -debug-info-format\=dwarf -dwarf-version\=4 -suppress-warnings -profile-generate -profile-coverage-mapping -swift-version 5 -Onone -D SWIFT_PACKAGE -D DEBUG -D SWIFT_MODULE_RESOURCE_BUNDLE_UNAVAILABLE -D Xcode -serialize-debugging-options -enable-experimental-feature DebugDescriptionMacro -empty-abi-descriptor -validate-clang-modules-once -clang-build-session-file /Users/admin/builder/spi-builder-workspace/.derivedData/ModuleCache.noindex/Session.modulevalidation -Xcc -working-directory -Xcc /Users/admin/builder/spi-builder-workspace/.swiftpm/xcode -enable-anonymous-context-mangled-names -file-compilation-dir /Users/admin/builder/spi-builder-workspace/.swiftpm/xcode -Xcc -D_LIBCPP_HARDENING_MODE\=_LIBCPP_HARDENING_MODE_DEBUG -Xcc -ivfsstatcache -Xcc /Users/admin/builder/spi-builder-workspace/.derivedData/SDKStatCaches.noindex/xros27.0-24M361-e829b21a6f8c9b70876ba0858053c044735bd543db762f57723cac368afd1ce4.sdkstatcache -Xcc -fmodules-prune-interval\=86400 -Xcc -fmodules-prune-after\=345600 -Xcc -I/Users/admin/builder/spi-builder-workspace/.derivedData/Build/Products/Debug-xros/include -Xcc -I/Users/admin/builder/spi-builder-workspace/.derivedData/Build/Intermediates.noindex/TraceLog.build/Debug-xros/TraceLog-t.build/DerivedSources-normal/arm64 -Xcc -I/Users/admin/builder/spi-builder-workspace/.derivedData/Build/Intermediates.noindex/TraceLog.build/Debug-xros/TraceLog-t.build/DerivedSources/arm64 -Xcc -I/Users/admin/builder/spi-builder-workspace/.derivedData/Build/Intermediates.noindex/TraceLog.build/Debug-xros/TraceLog-t.build/DerivedSources -Xcc -DSWIFT_PACKAGE -Xcc -DDEBUG\=1 -no-auto-bridging-header-chaining -module-name TraceLog -const-gather-protocols-file /Users/admin/builder/spi-builder-workspace/.derivedData/Build/Intermediates.noindex/TraceLog.build/Debug-xros/TraceLog-t.build/Objects-normal/arm64/TraceLog_const_extract_protocols.json -disable-clang-spi -clang-target arm64-apple-xros27.0 -target-sdk-version 27.0 -target-sdk-name xros27.0 -in-process-plugin-server-path /Applications/Xcode-27.0.0-Release.Candidate.app/Contents/Developer/Toolchains/XcodeDefault.xctoolchain/usr/lib/swift/host/libSwiftInProcPluginServer.dylib -emit-module-doc-path /Users/admin/builder/spi-builder-workspace/.derivedData/Build/Intermediates.noindex/TraceLog.build/Debug-xros/TraceLog-t.build/Objects-normal/arm64/TraceLog.swiftdoc -emit-module-source-info-path /Users/admin/builder/spi-builder-workspace/.derivedData/Build/Intermediates.noindex/TraceLog.build/Debug-xros/TraceLog-t.build/Objects-normal/arm64/TraceLog.swiftsourceinfo -emit-objc-header-path /Users/admin/builder/spi-builder-workspace/.derivedData/Build/Intermediates.noindex/TraceLog.build/Debug-xros/TraceLog-t.build/Objects-normal/arm64/TraceLog-Swift.h -serialize-diagnostics-path /Users/admin/builder/spi-builder-workspace/.derivedData/Build/Intermediates.noindex/TraceLog.build/Debug-xros/TraceLog-t.build/Objects-normal/arm64/TraceLog-primary-emit-module.dia -emit-dependencies-path /Users/admin/builder/spi-builder-workspace/.derivedData/Build/Intermediates.noindex/TraceLog.build/Debug-xros/TraceLog-t.build/Objects-normal/arm64/TraceLog-primary-emit-module.d -parse-as-library -o /Users/admin/builder/spi-builder-workspace/.derivedData/Build/Intermediates.noindex/TraceLog.build/Debug-xros/TraceLog-t.build/Objects-normal/arm64/TraceLog.swiftmodule -emit-abi-descriptor-path /Users/admin/builder/spi-builder-workspace/.derivedData/Build/Intermediates.noindex/TraceLog.build/Debug-xros/TraceLog-t.build/Objects-normal/arm64/TraceLog.abi.json
SwiftCompile normal arm64 (in target 'TraceLog' from project 'TraceLog')
    cd /Users/admin/builder/spi-builder-workspace/.swiftpm/xcode

SwiftCompile normal arm64 Compiling\ FileStrategy+Rotate.swift,\ FileStrategyManager.swift,\ FileWriter.swift /Users/admin/builder/spi-builder-workspace/.dependencies/checkouts/tracelog/Sources/TraceLog/Writers/FileStrategy+Rotate.swift /Users/admin/builder/spi-builder-workspace/.dependencies/checkouts/tracelog/Sources/TraceLog/Writers/FileStrategyManager.swift /Users/admin/builder/spi-builder-workspace/.dependencies/checkouts/tracelog/Sources/TraceLog/Writers/FileWriter.swift (in target 'TraceLog' from project 'TraceLog')
SwiftCompile normal arm64 /Users/admin/builder/spi-builder-workspace/.dependencies/checkouts/tracelog/Sources/TraceLog/Writers/FileStrategy+Rotate.swift (in target 'TraceLog' from project 'TraceLog')
    cd /Users/admin/builder/spi-builder-workspace/.swiftpm/xcode
    builtin-SwiftPerFileCompile FileStrategy+Rotate.swift
SwiftCompile normal arm64 /Users/admin/builder/spi-builder-workspace/.dependencies/checkouts/tracelog/Sources/TraceLog/Writers/FileStrategyManager.swift (in target 'TraceLog' from project 'TraceLog')
    cd /Users/admin/builder/spi-builder-workspace/.swiftpm/xcode
    builtin-SwiftPerFileCompile FileStrategyManager.swift
SwiftCompile normal arm64 /Users/admin/builder/spi-builder-workspace/.dependencies/checkouts/tracelog/Sources/TraceLog/Writers/FileWriter.swift (in target 'TraceLog' from project 'TraceLog')
    cd /Users/admin/builder/spi-builder-workspace/.swiftpm/xcode
    builtin-SwiftPerFileCompile FileWriter.swift
SwiftCompile normal arm64 Compiling\ RuntimeContext.swift,\ StaticContext.swift,\ Writer.swift /Users/admin/builder/spi-builder-workspace/.dependencies/checkouts/tracelog/Sources/TraceLog/SDK/RuntimeContext.swift /Users/admin/builder/spi-builder-workspace/.dependencies/checkouts/tracelog/Sources/TraceLog/SDK/StaticContext.swift /Users/admin/builder/spi-builder-workspace/.dependencies/checkouts/tracelog/Sources/TraceLog/SDK/Writer.swift (in target 'TraceLog' from project 'TraceLog')
SwiftCompile normal arm64 /Users/admin/builder/spi-builder-workspace/.dependencies/checkouts/tracelog/Sources/TraceLog/SDK/RuntimeContext.swift (in target 'TraceLog' from project 'TraceLog')
    cd /Users/admin/builder/spi-builder-workspace/.swiftpm/xcode
    builtin-SwiftPerFileCompile RuntimeContext.swift
SwiftCompile normal arm64 /Users/admin/builder/spi-builder-workspace/.dependencies/checkouts/tracelog/Sources/TraceLog/SDK/StaticContext.swift (in target 'TraceLog' from project 'TraceLog')
    cd /Users/admin/builder/spi-builder-workspace/.swiftpm/xcode
    builtin-SwiftPerFileCompile StaticContext.swift
SwiftCompile normal arm64 /Users/admin/builder/spi-builder-workspace/.dependencies/checkouts/tracelog/Sources/TraceLog/SDK/Writer.swift (in target 'TraceLog' from project 'TraceLog')
    cd /Users/admin/builder/spi-builder-workspace/.swiftpm/xcode
    builtin-SwiftPerFileCompile Writer.swift
PruneExplicitPrecompiledModules /Users/admin/builder/spi-builder-workspace/.derivedData/Build/Intermediates.noindex/ExplicitPrecompiledModules
PruneExplicitPrecompiledModules /Users/admin/builder/spi-builder-workspace/.derivedData/Build/Intermediates.noindex/SwiftExplicitPrecompiledModules
PruneExplicitPrecompiledModules /Users/admin/builder/spi-builder-workspace/.derivedData/SDKExplicitPrecompiledModules
2026-09-15 14:22:53.894 xcodebuild[774:4799] [MT] IDERunDestination: Supported platforms for the buildables in the current scheme is empty.
** BUILD FAILED **
The following build commands failed:
	SwiftEmitModule normal arm64 Emitting\ module\ for\ TraceLog (in target 'TraceLog' from project 'TraceLog')
	SwiftCompile normal arm64 (in target 'TraceLog' from project 'TraceLog')
	Building workspace TraceLogAdaptiveWriter with scheme TraceLogAdaptiveWriter
(3 failures)
BUILD FAILURE 6.4 visionOS