The Swift Package Index logo.Swift Package Index

Build Information

Failed to build JSONFragmentDecoding, reference master (3f2db3), with Swift 6.4 for macOS (Xcode) using Xcode 27.0 on 16 Sep 2026 19:58:26 UTC.

Build Command

env DEVELOPER_DIR=/Applications/Xcode-27.0.0-Release.Candidate.app xcrun xcodebuild -IDEClonedSourcePackagesDirPathOverride=$PWD/.dependencies -skipMacroValidation -skipPackagePluginValidation -derivedDataPath $PWD/.derivedData build -scheme JSONFragmentDecoding-Package -destination platform=macOS,arch=arm64

Build Log

========================================
RunAll
========================================
Builder version: 5.1.0
Interrupt handler set up.
========================================
Checkout
========================================
Clone URL: https://github.com/hamishknight/json-fragment-decoding.git
Reference: master
Initialized empty Git repository in /Users/admin/builder/spi-builder-workspace/.git/
From https://github.com/hamishknight/json-fragment-decoding
 * branch            master     -> FETCH_HEAD
 * [new branch]      master     -> origin/master
HEAD is now at 3f2db34 Update README.md
Cloned https://github.com/hamishknight/json-fragment-decoding.git
Revision (git rev-parse @):
3f2db349e61da342f7b324a24a980207144a0e8e
SUCCESS checkout https://github.com/hamishknight/json-fragment-decoding.git at master
========================================
Build
========================================
Selected platform:         macosXcodebuild
Swift version:             6.4
Building package at path:  $PWD
https://github.com/hamishknight/json-fragment-decoding.git
Command line invocation:
    /Applications/Xcode-27.0.0-Release.Candidate.app/Contents/Developer/usr/bin/xcodebuild -IDEClonedSourcePackagesDirPathOverride=/Users/admin/builder/spi-builder-workspace/.dependencies -resolvePackageDependencies
resolved source packages:
{
  "dependencies" : [
  ],
  "manifest_display_name" : "JSONFragmentDecoding",
  "name" : "JSONFragmentDecoding",
  "path" : "/Users/admin/builder/spi-builder-workspace",
  "platforms" : [
  ],
  "products" : [
    {
      "name" : "JSONFragmentDecoding",
      "targets" : [
        "JSONFragmentDecoding"
      ],
      "type" : {
        "library" : [
          "automatic"
        ]
      }
    }
  ],
  "targets" : [
    {
      "c99name" : "JSONFragmentDecodingTests",
      "module_type" : "SwiftTarget",
      "name" : "JSONFragmentDecodingTests",
      "path" : "Tests/JSONFragmentDecodingTests",
      "sources" : [
        "JSONFragmentDecodingTests.swift",
        "XCTestManifests.swift"
      ],
      "target_dependencies" : [
        "JSONFragmentDecoding"
      ],
      "type" : "test"
    },
    {
      "c99name" : "JSONFragmentDecoding",
      "module_type" : "SwiftTarget",
      "name" : "JSONFragmentDecoding",
      "path" : "Sources/JSONFragmentDecoding",
      "product_memberships" : [
        "JSONFragmentDecoding"
      ],
      "sources" : [
        "JSONFragmentDecoding.swift"
      ],
      "type" : "library"
    }
  ],
  "tools_version" : "4.0"
}
{
  "project" : {
    "configurations" : [
      "Debug",
      "Release"
    ],
    "name" : "JSONFragmentDecoding",
    "schemes" : [
      "JSONFragmentDecoding",
      "JSONFragmentDecoding-Package",
      "JSONFragmentDecodingTests"
    ],
    "targets" : [
      "JSONFragmentDecoding",
      "JSONFragmentDecodingPackageDescription",
      "JSONFragmentDecodingPackageTests",
      "JSONFragmentDecodingTests"
    ]
  }
}
Running build ...
env DEVELOPER_DIR=/Applications/Xcode-27.0.0-Release.Candidate.app xcrun xcodebuild -IDEClonedSourcePackagesDirPathOverride=$PWD/.dependencies -skipMacroValidation -skipPackagePluginValidation -derivedDataPath $PWD/.derivedData build -scheme JSONFragmentDecoding-Package -destination platform=macOS,arch=arm64
Command line invocation:
    /Applications/Xcode-27.0.0-Release.Candidate.app/Contents/Developer/usr/bin/xcodebuild -IDEClonedSourcePackagesDirPathOverride=/Users/admin/builder/spi-builder-workspace/.dependencies -skipMacroValidation -skipPackagePluginValidation -derivedDataPath /Users/admin/builder/spi-builder-workspace/.derivedData build -scheme JSONFragmentDecoding-Package -destination platform=macOS,arch=arm64
ComputePackagePrebuildTargetDependencyGraph
Prepare packages
CreateBuildRequest
SendProjectDescription
CreateBuildOperation
ComputeTargetDependencyGraph
note: Building targets in dependency order
note: Target dependency graph (1 target)
    Target 'JSONFragmentDecoding' in project 'JSONFragmentDecoding' (no dependencies)
GatherProvisioningInputs
CreateBuildDescription
ExecuteExternalTool /Applications/Xcode-27.0.0-Release.Candidate.app/Contents/Developer/Toolchains/XcodeDefault.xctoolchain/usr/bin/clang -v -E -dM -isysroot /Applications/Xcode-27.0.0-Release.Candidate.app/Contents/Developer/Platforms/MacOSX.platform/Developer/SDKs/MacOSX27.0.sdk -x c -c /dev/null
ExecuteExternalTool /Applications/Xcode-27.0.0-Release.Candidate.app/Contents/Developer/Toolchains/XcodeDefault.xctoolchain/usr/bin/swiftc --version
ExecuteExternalTool /Applications/Xcode-27.0.0-Release.Candidate.app/Contents/Developer/Toolchains/XcodeDefault.xctoolchain/usr/bin/ld -version_details
Build description signature: 3951488299a88cb8209bdb592d24ca3f
Build description path: /Users/admin/builder/spi-builder-workspace/.derivedData/Build/Intermediates.noindex/XCBuildData/3951488299a88cb8209bdb592d24ca3f.xcbuilddata
/Users/admin/builder/spi-builder-workspace/JSONFragmentDecoding.xcodeproj: error: The macOS deployment target 'MACOSX_DEPLOYMENT_TARGET' is set to 10.10, but the range of supported deployment target versions is 12.0 to 27.0.x. (in target 'JSONFragmentDecoding' from project 'JSONFragmentDecoding')
** BUILD FAILED **
The following build commands failed:
	Building project JSONFragmentDecoding with scheme JSONFragmentDecoding-Package
(1 failure)
Command line invocation:
    /Applications/Xcode-27.0.0-Release.Candidate.app/Contents/Developer/usr/bin/xcodebuild -IDEClonedSourcePackagesDirPathOverride=/Users/admin/builder/spi-builder-workspace/.dependencies -resolvePackageDependencies
resolved source packages:
{
  "dependencies" : [
  ],
  "manifest_display_name" : "JSONFragmentDecoding",
  "name" : "JSONFragmentDecoding",
  "path" : "/Users/admin/builder/spi-builder-workspace",
  "platforms" : [
  ],
  "products" : [
    {
      "name" : "JSONFragmentDecoding",
      "targets" : [
        "JSONFragmentDecoding"
      ],
      "type" : {
        "library" : [
          "automatic"
        ]
      }
    }
  ],
  "targets" : [
    {
      "c99name" : "JSONFragmentDecodingTests",
      "module_type" : "SwiftTarget",
      "name" : "JSONFragmentDecodingTests",
      "path" : "Tests/JSONFragmentDecodingTests",
      "sources" : [
        "JSONFragmentDecodingTests.swift",
        "XCTestManifests.swift"
      ],
      "target_dependencies" : [
        "JSONFragmentDecoding"
      ],
      "type" : "test"
    },
    {
      "c99name" : "JSONFragmentDecoding",
      "module_type" : "SwiftTarget",
      "name" : "JSONFragmentDecoding",
      "path" : "Sources/JSONFragmentDecoding",
      "product_memberships" : [
        "JSONFragmentDecoding"
      ],
      "sources" : [
        "JSONFragmentDecoding.swift"
      ],
      "type" : "library"
    }
  ],
  "tools_version" : "4.0"
}
{
  "project" : {
    "configurations" : [
      "Debug",
      "Release"
    ],
    "name" : "JSONFragmentDecoding",
    "schemes" : [
      "JSONFragmentDecoding",
      "JSONFragmentDecoding-Package",
      "JSONFragmentDecodingTests"
    ],
    "targets" : [
      "JSONFragmentDecoding",
      "JSONFragmentDecodingPackageDescription",
      "JSONFragmentDecodingPackageTests",
      "JSONFragmentDecodingTests"
    ]
  }
}
Running build ...
env DEVELOPER_DIR=/Applications/Xcode-27.0.0-Release.Candidate.app xcrun xcodebuild -IDEClonedSourcePackagesDirPathOverride=$PWD/.dependencies -skipMacroValidation -skipPackagePluginValidation -derivedDataPath $PWD/.derivedData build -scheme JSONFragmentDecoding-Package -destination platform=macOS,arch=arm64
Command line invocation:
    /Applications/Xcode-27.0.0-Release.Candidate.app/Contents/Developer/usr/bin/xcodebuild -IDEClonedSourcePackagesDirPathOverride=/Users/admin/builder/spi-builder-workspace/.dependencies -skipMacroValidation -skipPackagePluginValidation -derivedDataPath /Users/admin/builder/spi-builder-workspace/.derivedData build -scheme JSONFragmentDecoding-Package -destination platform=macOS,arch=arm64
ComputePackagePrebuildTargetDependencyGraph
Prepare packages
CreateBuildRequest
SendProjectDescription
CreateBuildOperation
ComputeTargetDependencyGraph
note: Building targets in dependency order
note: Target dependency graph (1 target)
    Target 'JSONFragmentDecoding' in project 'JSONFragmentDecoding' (no dependencies)
GatherProvisioningInputs
CreateBuildDescription
/Users/admin/builder/spi-builder-workspace/JSONFragmentDecoding.xcodeproj: error: The macOS deployment target 'MACOSX_DEPLOYMENT_TARGET' is set to 10.10, but the range of supported deployment target versions is 12.0 to 27.0.x. (in target 'JSONFragmentDecoding' from project 'JSONFragmentDecoding')
** BUILD FAILED **
The following build commands failed:
	Building project JSONFragmentDecoding with scheme JSONFragmentDecoding-Package
(1 failure)
BUILD FAILURE 6.4 macosXcodebuild