The Swift Package Index logo.Swift Package Index

Build Information

Failed to build Chat2App, reference 1.4.6 (0b84d4), with Swift 6.1 for Android on 9 Oct 2026 20:52:10 UTC.

Build Command

bash -c docker run --pull=always --rm -v "checkouts-54344845-0":/host -w "$PWD" -e JAVA_HOME="/root/.sdkman/candidates/java/current" -e SPI_BUILD="1" -e SPI_PROCESSING="1" registry.gitlab.com/saguaro1/spi-images:android-6.1-latest swift build --swift-sdk aarch64-unknown-linux-android24 2>&1

Build Log

========================================
RunAll
========================================
Builder version: 5.1.1
Interrupt handler set up.
========================================
Checkout
========================================
Clone URL: https://github.com/andrei200287/Chat2App.git
Reference: 1.4.6
Initialized empty Git repository in /host/spi-builder-workspace/.git/
hint: Using 'master' as the name for the initial branch. This default branch name
hint: is subject to change. To configure the initial branch name to use in all
hint: of your new repositories, which will suppress this warning, call:
hint:
hint: 	git config --global init.defaultBranch <name>
hint:
hint: Names commonly chosen instead of 'master' are 'main', 'trunk' and
hint: 'development'. The just-created branch can be renamed via this command:
hint:
hint: 	git branch -m <name>
From https://github.com/andrei200287/Chat2App
 * tag               1.4.6      -> FETCH_HEAD
HEAD is now at 0b84d43 changes
Cloned https://github.com/andrei200287/Chat2App.git
Revision (git rev-parse @):
0b84d43bb84ad3efb94a2e7375e982ad19319f21
SUCCESS checkout https://github.com/andrei200287/Chat2App.git at 1.4.6
========================================
Build
========================================
Selected platform:         android
Swift version:             6.1
Building package at path:  $PWD
https://github.com/andrei200287/Chat2App.git
https://github.com/andrei200287/Chat2App.git
WARNING: environment variable SUPPRESS_SWIFT_6_FLAGS is not set
Running build ...
bash -c docker run --pull=always --rm -v "checkouts-54344845-0":/host -w "$PWD" -e JAVA_HOME="/root/.sdkman/candidates/java/current" -e SPI_BUILD="1" -e SPI_PROCESSING="1" registry.gitlab.com/saguaro1/spi-images:android-6.1-latest swift build --swift-sdk aarch64-unknown-linux-android24 -Xswiftc -Xfrontend -Xswiftc -stats-output-dir -Xswiftc -Xfrontend -Xswiftc .stats -Xswiftc -strict-concurrency=complete -Xswiftc -enable-upcoming-feature -Xswiftc StrictConcurrency -Xswiftc -enable-upcoming-feature -Xswiftc DisableOutwardActorInference -Xswiftc -enable-upcoming-feature -Xswiftc GlobalActorIsolatedTypesUsability -Xswiftc -enable-upcoming-feature -Xswiftc InferSendableFromCaptures 2>&1
android-6.1-latest: Pulling from saguaro1/spi-images
Digest: sha256:396310cef4466ceb116ed5462b0b92d4deb353c0dad749b406b7fd226f6db9af
Status: Image is up to date for registry.gitlab.com/saguaro1/spi-images:android-6.1-latest
Fetching https://github.com/onevcat/Kingfisher
Fetching https://github.com/SwiftKickMobile/SwiftMessages
Fetching https://github.com/MessageKit/MessageKit
Fetching https://github.com/devicekit/DeviceKit
Fetching https://github.com/vpeschenkov/LetterAvatarKit
[1/4550] Fetching swiftmessages
[456/5988] Fetching swiftmessages, letteravatarkit
[658/10513] Fetching swiftmessages, letteravatarkit, devicekit
[885/44594] Fetching swiftmessages, letteravatarkit, devicekit, kingfisher
[41869/125540] Fetching swiftmessages, letteravatarkit, devicekit, kingfisher, messagekit
Fetched https://github.com/devicekit/DeviceKit from cache (2.03s)
[61115/121015] Fetching swiftmessages, letteravatarkit, kingfisher, messagekit
Fetched https://github.com/onevcat/Kingfisher from cache (2.07s)
[27754/86934] Fetching swiftmessages, letteravatarkit, messagekit
Fetched https://github.com/vpeschenkov/LetterAvatarKit from cache (5.82s)
Fetched https://github.com/SwiftKickMobile/SwiftMessages from cache (5.83s)
Fetched https://github.com/MessageKit/MessageKit from cache (5.87s)
Computing version for https://github.com/vpeschenkov/LetterAvatarKit
Computed https://github.com/vpeschenkov/LetterAvatarKit at 1.2.5 (6.11s)
Computing version for https://github.com/SwiftKickMobile/SwiftMessages
Computed https://github.com/SwiftKickMobile/SwiftMessages at 10.0.2 (0.24s)
Computing version for https://github.com/MessageKit/MessageKit
Computed https://github.com/MessageKit/MessageKit at 4.3.0 (0.22s)
Fetching https://github.com/nathantannar4/InputBarAccessoryView
[1/4218] Fetching inputbaraccessoryview
Fetched https://github.com/nathantannar4/InputBarAccessoryView from cache (0.71s)
Computing version for https://github.com/nathantannar4/InputBarAccessoryView
Computed https://github.com/nathantannar4/InputBarAccessoryView at 6.5.1 (0.93s)
Computing version for https://github.com/onevcat/Kingfisher
Computed https://github.com/onevcat/Kingfisher at 8.12.0 (0.20s)
Computing version for https://github.com/devicekit/DeviceKit
Computed https://github.com/devicekit/DeviceKit at 5.9.0 (0.24s)
Creating working copy for https://github.com/onevcat/Kingfisher
Working copy of https://github.com/onevcat/Kingfisher resolved at 8.12.0
Creating working copy for https://github.com/nathantannar4/InputBarAccessoryView
Working copy of https://github.com/nathantannar4/InputBarAccessoryView resolved at 6.5.1
Creating working copy for https://github.com/devicekit/DeviceKit
Working copy of https://github.com/devicekit/DeviceKit resolved at 5.9.0
Creating working copy for https://github.com/vpeschenkov/LetterAvatarKit
Working copy of https://github.com/vpeschenkov/LetterAvatarKit resolved at 1.2.5
Creating working copy for https://github.com/MessageKit/MessageKit
Working copy of https://github.com/MessageKit/MessageKit resolved at 4.3.0
Creating working copy for https://github.com/SwiftKickMobile/SwiftMessages
Working copy of https://github.com/SwiftKickMobile/SwiftMessages resolved at 10.0.2
Downloading binary artifact https://github.com/realm/SwiftLint/releases/download/0.47.1/SwiftLintBinary-macos.artifactbundle.zip
Downloading binary artifact https://github.com/nicklockwood/SwiftFormat/releases/download/0.49.13/swiftformat.artifactbundle.zip
[16375/1381476] Downloading https://github.com/nicklockwood/SwiftFormat/releases/download/0.49.13/swiftformat.artifactbundle.zip
[122336/23010897] Downloading https://github.com/nicklockwood/SwiftFormat/releases/download/0.49.13/swiftformat.artifactbundle.zip, https://github.com/realm/SwiftLint/releases/download/0.47.1/SwiftLintBinary-macos.artifactbundle.zip
Downloaded https://github.com/nicklockwood/SwiftFormat/releases/download/0.49.13/swiftformat.artifactbundle.zip (0.22s)
[10502144/21629421] Downloading https://github.com/realm/SwiftLint/releases/download/0.47.1/SwiftLintBinary-macos.artifactbundle.zip
Downloaded https://github.com/realm/SwiftLint/releases/download/0.47.1/SwiftLintBinary-macos.artifactbundle.zip (1.18s)
warning: 'spi-builder-workspace': found 2 file(s) which are unhandled; explicitly declare them as resources or exclude from the target
    /host/spi-builder-workspace/Sources/Assets.xcassets
    /host/spi-builder-workspace/Sources/ImageViewer/ImageViewerViewController.xib
warning: 'kingfisher': found 1 file(s) which are unhandled; explicitly declare them as resources or exclude from the target
    /host/spi-builder-workspace/.build/checkouts/Kingfisher/Sources/Info.plist
warning: 'messagekit': found 1 file(s) which are unhandled; explicitly declare them as resources or exclude from the target
    /host/spi-builder-workspace/.build/checkouts/MessageKit/Sources/Assets.xcassets
/host/spi-builder-workspace/.build/checkouts/MessageKit/Plugins/SwiftFormatPlugin/SwiftFormatPlugin.swift:33:13: warning: 'launchPath' is deprecated: renamed to 'executableURL'
31 |
32 |     let process = Process()
33 |     process.launchPath = try context.tool(named: "swiftformat").path.string
   |             |- warning: 'launchPath' is deprecated: renamed to 'executableURL'
   |             `- note: use 'executableURL' instead
34 |     process.arguments = [
35 |       files.first!,
[1/1] Compiling plugin SwiftFormatPlugin
[2/2] Compiling plugin LintPlugin
Building for debugging...
[2/53] Write sources
[2/53] Copying warningIconSubtle@3x.png
[7/53] Copying warningIconSubtle@2x.png
[9/53] Copying warningIconLight@3x.png
[9/53] Copying warningIcon@3x.png
[11/53] Copying warningIconLight@2x.png
[12/53] Copying successIconSubtle@3x.png
[12/53] Copying successIconSubtle@2x.png
[14/53] Copying successIconSubtle.png
[15/53] Copying successIconLight@3x.png
[15/53] Copying successIconLight@2x.png
[17/53] Copying successIcon@3x.png
[17/53] Copying successIconLight.png
[17/53] Copying successIcon@2x.png
[20/53] Copying warningIconLight.png
[20/53] Copying successIcon.png
[21/53] Copying infoIconSubtle@3x.png
[22/53] Copying infoIconSubtle@2x.png
[24/53] Copying warningIconSubtle.png
[25/53] Copying infoIconSubtle.png
[25/53] Copying warningIcon.png
[26/53] Copying infoIconLight.png
[26/53] Copying infoIconLight@3x.png
[28/53] Copying infoIcon@2x.png
[29/53] Copying infoIcon.png
[31/53] Copying infoIcon@3x.png
[31/53] Copying errorIconSubtle@3x.png
[32/53] Copying errorIconSubtle@2x.png
[34/53] Copying errorIconSubtle.png
[34/53] Copying errorIconLight@3x.png
[36/53] Copying errorIcon@2x.png
[36/53] Copying errorIcon.png
[38/53] Copying StatusLine.xib
[38/53] Copying TabView.xib
[40/53] Copying MessageView.xib
[40/53] Copying CenteredView.xib
[42/53] Copying CardView.xib
[42/53] Copying PrivacyInfo.xcprivacy
[44/53] Write sources
[44/53] Copying PrivacyInfo.xcprivacy
[46/53] Write sources
[47/53] Copying warningIcon@2x.png
[48/53] Copying infoIconLight@2x.png
[48/53] Copying errorIconLight.png
[49/53] Copying errorIconLight@2x.png
[49/53] Copying errorIcon@3x.png
[52/53] Write swift-version-24593BA9C3E375BF.txt
error: emit-module command failed with exit code 1 (use -v to see invocation)
[54/196] Emitting module LetterAvatarKit
/host/spi-builder-workspace/.build/checkouts/LetterAvatarKit/LetterAvatarKit/Extensions/UIColor+LetterAvatarKit.swift:26:8: error: no such module 'UIKit'
 24 | //
 25 |
 26 | import UIKit
    |        `- error: no such module 'UIKit'
 27 | import Foundation
 28 |
error: emit-module command failed with exit code 1 (use -v to see invocation)
[55/197] Emitting module InputBarAccessoryView
/host/spi-builder-workspace/.build/checkouts/InputBarAccessoryView/Sources/Controls/InputBarButtonItem.swift:28:8: error: no such module 'UIKit'
 26 | //
 27 |
 28 | import UIKit
    |        `- error: no such module 'UIKit'
 29 |
 30 | /**
[56/201] Compiling InputBarAccessoryView ImageAttachmentCell.swift
/host/spi-builder-workspace/.build/checkouts/SwiftMessages/SwiftMessages/Animator.swift:9:8: error: no such module 'UIKit'
 7 | //
 8 |
 9 | import UIKit
   |        `- error: no such module 'UIKit'
10 |
11 | public typealias AnimationCompletion = (_ completed: Bool) -> Void
[57/201] Compiling InputBarAccessoryView AutocompleteManager.swift
/host/spi-builder-workspace/.build/checkouts/SwiftMessages/SwiftMessages/Animator.swift:9:8: error: no such module 'UIKit'
 7 | //
 8 |
 9 | import UIKit
   |        `- error: no such module 'UIKit'
10 |
11 | public typealias AnimationCompletion = (_ completed: Bool) -> Void
[58/201] Compiling Kingfisher AuthenticationChallengeResponsable.swift
/host/spi-builder-workspace/.build/checkouts/SwiftMessages/SwiftMessages/Animator.swift:9:8: error: no such module 'UIKit'
 7 | //
 8 |
 9 | import UIKit
   |        `- error: no such module 'UIKit'
10 |
11 | public typealias AnimationCompletion = (_ completed: Bool) -> Void
[59/201] Compiling Kingfisher ImageDataProcessor.swift
/host/spi-builder-workspace/.build/checkouts/SwiftMessages/SwiftMessages/Animator.swift:9:8: error: no such module 'UIKit'
 7 | //
 8 |
 9 | import UIKit
   |        `- error: no such module 'UIKit'
10 |
11 | public typealias AnimationCompletion = (_ completed: Bool) -> Void
[60/201] Compiling InputBarAccessoryView InputBarViewController.swift
/host/spi-builder-workspace/.build/checkouts/SwiftMessages/SwiftMessages/Animator.swift:9:8: error: no such module 'UIKit'
 7 | //
 8 |
 9 | import UIKit
   |        `- error: no such module 'UIKit'
10 |
11 | public typealias AnimationCompletion = (_ completed: Bool) -> Void
[61/206] Compiling Kingfisher NSButton+Kingfisher.swift
/host/spi-builder-workspace/.build/checkouts/InputBarAccessoryView/Sources/Controls/InputBarButtonItem.swift:28:8: error: no such module 'UIKit'
 26 | //
 27 |
 28 | import UIKit
    |        `- error: no such module 'UIKit'
 29 |
 30 | /**
[62/206] Compiling Kingfisher NSTextAttachment+Kingfisher.swift
/host/spi-builder-workspace/.build/checkouts/InputBarAccessoryView/Sources/Controls/InputBarButtonItem.swift:28:8: error: no such module 'UIKit'
 26 | //
 27 |
 28 | import UIKit
    |        `- error: no such module 'UIKit'
 29 |
 30 | /**
[63/206] Compiling Kingfisher PHLivePhotoView+Kingfisher.swift
/host/spi-builder-workspace/.build/checkouts/InputBarAccessoryView/Sources/Controls/InputBarButtonItem.swift:28:8: error: no such module 'UIKit'
 26 | //
 27 |
 28 | import UIKit
    |        `- error: no such module 'UIKit'
 29 |
 30 | /**
[64/206] Compiling Kingfisher UIButton+Kingfisher.swift
/host/spi-builder-workspace/.build/checkouts/InputBarAccessoryView/Sources/Controls/InputBarButtonItem.swift:28:8: error: no such module 'UIKit'
 26 | //
 27 |
 28 | import UIKit
    |        `- error: no such module 'UIKit'
 29 |
 30 | /**
[65/206] Compiling Kingfisher AVAssetImageDataProvider.swift
/host/spi-builder-workspace/.build/checkouts/InputBarAccessoryView/Sources/Controls/InputBarButtonItem.swift:28:8: error: no such module 'UIKit'
 26 | //
 27 |
 28 | import UIKit
    |        `- error: no such module 'UIKit'
 29 |
 30 | /**
[66/206] Compiling InputBarAccessoryView AttachmentManagerDataSource.swift
/host/spi-builder-workspace/.build/checkouts/Kingfisher/Sources/Cache/CacheSerializer.swift:28:8: error: no such module 'CoreGraphics'
 26 |
 27 | import Foundation
 28 | import CoreGraphics
    |        `- error: no such module 'CoreGraphics'
 29 | #if os(macOS)
 30 | import AppKit
[67/206] Compiling InputBarAccessoryView AttachmentManagerDelegate.swift
/host/spi-builder-workspace/.build/checkouts/Kingfisher/Sources/Cache/CacheSerializer.swift:28:8: error: no such module 'CoreGraphics'
 26 |
 27 | import Foundation
 28 | import CoreGraphics
    |        `- error: no such module 'CoreGraphics'
 29 | #if os(macOS)
 30 | import AppKit
[68/206] Compiling InputBarAccessoryView AttachmentCell.swift
/host/spi-builder-workspace/.build/checkouts/Kingfisher/Sources/Cache/CacheSerializer.swift:28:8: error: no such module 'CoreGraphics'
 26 |
 27 | import Foundation
 28 | import CoreGraphics
    |        `- error: no such module 'CoreGraphics'
 29 | #if os(macOS)
 30 | import AppKit
[69/206] Compiling Kingfisher Image.swift
/host/spi-builder-workspace/.build/checkouts/Kingfisher/Sources/Cache/CacheSerializer.swift:28:8: error: no such module 'CoreGraphics'
 26 |
 27 | import Foundation
 28 | import CoreGraphics
    |        `- error: no such module 'CoreGraphics'
 29 | #if os(macOS)
 30 | import AppKit
[70/206] Compiling Kingfisher ImageDrawing.swift
/host/spi-builder-workspace/.build/checkouts/Kingfisher/Sources/Cache/CacheSerializer.swift:28:8: error: no such module 'CoreGraphics'
 26 |
 27 | import Foundation
 28 | import CoreGraphics
    |        `- error: no such module 'CoreGraphics'
 29 | #if os(macOS)
 30 | import AppKit
[71/206] Compiling Kingfisher ImageFormat.swift
/host/spi-builder-workspace/.build/checkouts/Kingfisher/Sources/Cache/CacheSerializer.swift:28:8: error: no such module 'CoreGraphics'
 26 |
 27 | import Foundation
 28 | import CoreGraphics
    |        `- error: no such module 'CoreGraphics'
 29 | #if os(macOS)
 30 | import AppKit
[72/206] Compiling Kingfisher ImageProcessor.swift
/host/spi-builder-workspace/.build/checkouts/Kingfisher/Sources/Cache/CacheSerializer.swift:28:8: error: no such module 'CoreGraphics'
 26 |
 27 | import Foundation
 28 | import CoreGraphics
    |        `- error: no such module 'CoreGraphics'
 29 | #if os(macOS)
 30 | import AppKit
[73/206] Compiling Kingfisher ImageProgressive.swift
/host/spi-builder-workspace/.build/checkouts/Kingfisher/Sources/Cache/CacheSerializer.swift:28:8: error: no such module 'CoreGraphics'
 26 |
 27 | import Foundation
 28 | import CoreGraphics
    |        `- error: no such module 'CoreGraphics'
 29 | #if os(macOS)
 30 | import AppKit
/host/spi-builder-workspace/.build/checkouts/Kingfisher/Sources/Cache/CacheSerializer.swift:28:8: error: no such module 'CoreGraphics'
 26 |
 27 | import Foundation
 28 | import CoreGraphics
    |        `- error: no such module 'CoreGraphics'
 29 | #if os(macOS)
 30 | import AppKit
error: emit-module command failed with exit code 1 (use -v to see invocation)
[75/214] Emitting module Kingfisher
/host/spi-builder-workspace/.build/checkouts/Kingfisher/Sources/Cache/CacheSerializer.swift:28:8: error: no such module 'CoreGraphics'
 26 |
 27 | import Foundation
 28 | import CoreGraphics
    |        `- error: no such module 'CoreGraphics'
 29 | #if os(macOS)
 30 | import AppKit
/host/spi-builder-workspace/.build/checkouts/Kingfisher/Sources/Cache/CacheSerializer.swift:28:8: error: no such module 'CoreGraphics'
 26 |
 27 | import Foundation
 28 | import CoreGraphics
    |        `- error: no such module 'CoreGraphics'
 29 | #if os(macOS)
 30 | import AppKit
/host/spi-builder-workspace/.build/checkouts/Kingfisher/Sources/Cache/CacheSerializer.swift:28:8: error: no such module 'CoreGraphics'
 26 |
 27 | import Foundation
 28 | import CoreGraphics
    |        `- error: no such module 'CoreGraphics'
 29 | #if os(macOS)
 30 | import AppKit
/host/spi-builder-workspace/.build/checkouts/Kingfisher/Sources/Cache/CacheSerializer.swift:28:8: error: no such module 'CoreGraphics'
 26 |
 27 | import Foundation
 28 | import CoreGraphics
    |        `- error: no such module 'CoreGraphics'
 29 | #if os(macOS)
 30 | import AppKit
/host/spi-builder-workspace/.build/checkouts/Kingfisher/Sources/Cache/CacheSerializer.swift:28:8: error: no such module 'CoreGraphics'
 26 |
 27 | import Foundation
 28 | import CoreGraphics
    |        `- error: no such module 'CoreGraphics'
 29 | #if os(macOS)
 30 | import AppKit
/host/spi-builder-workspace/.build/checkouts/Kingfisher/Sources/Cache/CacheSerializer.swift:28:8: error: no such module 'CoreGraphics'
 26 |
 27 | import Foundation
 28 | import CoreGraphics
    |        `- error: no such module 'CoreGraphics'
 29 | #if os(macOS)
 30 | import AppKit
[81/214] Compiling InputBarAccessoryView UITextView+Extensions.swift
/host/spi-builder-workspace/.build/checkouts/Kingfisher/Sources/Cache/CacheSerializer.swift:28:8: error: no such module 'CoreGraphics'
 26 |
 27 | import Foundation
 28 | import CoreGraphics
    |        `- error: no such module 'CoreGraphics'
 29 | #if os(macOS)
 30 | import AppKit
[82/214] Compiling InputBarAccessoryView UIView+AutoLayout.swift
/host/spi-builder-workspace/.build/checkouts/Kingfisher/Sources/Cache/CacheSerializer.swift:28:8: error: no such module 'CoreGraphics'
 26 |
 27 | import Foundation
 28 | import CoreGraphics
    |        `- error: no such module 'CoreGraphics'
 29 | #if os(macOS)
 30 | import AppKit
[83/214] Compiling InputBarAccessoryView InputBarAccessoryView.swift
/host/spi-builder-workspace/.build/checkouts/Kingfisher/Sources/Cache/CacheSerializer.swift:28:8: error: no such module 'CoreGraphics'
 26 |
 27 | import Foundation
 28 | import CoreGraphics
    |        `- error: no such module 'CoreGraphics'
 29 | #if os(macOS)
 30 | import AppKit
[84/214] Compiling InputBarAccessoryView KeyboardEvent.swift
/host/spi-builder-workspace/.build/checkouts/Kingfisher/Sources/Cache/CacheSerializer.swift:28:8: error: no such module 'CoreGraphics'
 26 |
 27 | import Foundation
 28 | import CoreGraphics
    |        `- error: no such module 'CoreGraphics'
 29 | #if os(macOS)
 30 | import AppKit
[85/214] Compiling InputBarAccessoryView KeyboardManager.swift
/host/spi-builder-workspace/.build/checkouts/Kingfisher/Sources/Cache/CacheSerializer.swift:28:8: error: no such module 'CoreGraphics'
 26 |
 27 | import Foundation
 28 | import CoreGraphics
    |        `- error: no such module 'CoreGraphics'
 29 | #if os(macOS)
 30 | import AppKit
[86/214] Compiling InputBarAccessoryView KeyboardNotification.swift
/host/spi-builder-workspace/.build/checkouts/Kingfisher/Sources/Cache/CacheSerializer.swift:28:8: error: no such module 'CoreGraphics'
 26 |
 27 | import Foundation
 28 | import CoreGraphics
    |        `- error: no such module 'CoreGraphics'
 29 | #if os(macOS)
 30 | import AppKit
[87/214] Compiling InputBarAccessoryView HorizontalEdgePadding.swift
/host/spi-builder-workspace/.build/checkouts/Kingfisher/Sources/Cache/CacheSerializer.swift:28:8: error: no such module 'CoreGraphics'
 26 |
 27 | import Foundation
 28 | import CoreGraphics
    |        `- error: no such module 'CoreGraphics'
 29 | #if os(macOS)
 30 | import AppKit
[88/214] Compiling InputBarAccessoryView NSConstraintLayoutSet.swift
/host/spi-builder-workspace/.build/checkouts/Kingfisher/Sources/Cache/CacheSerializer.swift:28:8: error: no such module 'CoreGraphics'
 26 |
 27 | import Foundation
 28 | import CoreGraphics
    |        `- error: no such module 'CoreGraphics'
 29 | #if os(macOS)
 30 | import AppKit
[89/214] Compiling InputBarAccessoryView AttachmentManager.swift
/host/spi-builder-workspace/.build/checkouts/Kingfisher/Sources/Cache/CacheSerializer.swift:28:8: error: no such module 'CoreGraphics'
 26 |
 27 | import Foundation
 28 | import CoreGraphics
    |        `- error: no such module 'CoreGraphics'
 29 | #if os(macOS)
 30 | import AppKit
[90/214] Compiling InputBarAccessoryView AutocompleteManagerDataSource.swift
/host/spi-builder-workspace/.build/checkouts/Kingfisher/Sources/Cache/CacheSerializer.swift:28:8: error: no such module 'CoreGraphics'
 26 |
 27 | import Foundation
 28 | import CoreGraphics
    |        `- error: no such module 'CoreGraphics'
 29 | #if os(macOS)
 30 | import AppKit
[91/214] Compiling InputBarAccessoryView AutocompleteManagerDelegate.swift
/host/spi-builder-workspace/.build/checkouts/Kingfisher/Sources/Cache/CacheSerializer.swift:28:8: error: no such module 'CoreGraphics'
 26 |
 27 | import Foundation
 28 | import CoreGraphics
    |        `- error: no such module 'CoreGraphics'
 29 | #if os(macOS)
 30 | import AppKit
[92/214] Compiling InputBarAccessoryView AutocompleteCell.swift
/host/spi-builder-workspace/.build/checkouts/Kingfisher/Sources/Cache/CacheSerializer.swift:28:8: error: no such module 'CoreGraphics'
 26 |
 27 | import Foundation
 28 | import CoreGraphics
    |        `- error: no such module 'CoreGraphics'
 29 | #if os(macOS)
 30 | import AppKit
[93/214] Compiling InputBarAccessoryView AutocompleteTableView.swift
/host/spi-builder-workspace/.build/checkouts/Kingfisher/Sources/Cache/CacheSerializer.swift:28:8: error: no such module 'CoreGraphics'
 26 |
 27 | import Foundation
 28 | import CoreGraphics
    |        `- error: no such module 'CoreGraphics'
 29 | #if os(macOS)
 30 | import AppKit
[94/214] Compiling DeviceKit resource_bundle_accessor.swift
error: emit-module command failed with exit code 1 (use -v to see invocation)
[95/214] Emitting module DeviceKit
/host/spi-builder-workspace/.build/checkouts/DeviceKit/Source/Device.generated.swift:568:22: error: cannot find 'utsname' in scope
 566 |   /// Gets the identifier from the system, such as "iPhone7,1".
 567 |   public static var identifier: String = {
 568 |     var systemInfo = utsname()
     |                      `- error: cannot find 'utsname' in scope
 569 |     uname(&systemInfo)
 570 |     let mirror = Mirror(reflecting: systemInfo.machine)
/host/spi-builder-workspace/.build/checkouts/DeviceKit/Source/Device.generated.swift:569:5: error: cannot find 'uname' in scope
 567 |   public static var identifier: String = {
 568 |     var systemInfo = utsname()
 569 |     uname(&systemInfo)
     |     `- error: cannot find 'uname' in scope
 570 |     let mirror = Mirror(reflecting: systemInfo.machine)
 571 |
[96/214] Compiling SwiftMessages UIWindow+Extensions.swift
/host/spi-builder-workspace/.build/checkouts/SwiftMessages/SwiftMessages/Animator.swift:9:8: error: no such module 'UIKit'
 7 | //
 8 |
 9 | import UIKit
   |        `- error: no such module 'UIKit'
10 |
11 | public typealias AnimationCompletion = (_ completed: Bool) -> Void
[97/214] Compiling SwiftMessages Weak.swift
/host/spi-builder-workspace/.build/checkouts/SwiftMessages/SwiftMessages/Animator.swift:9:8: error: no such module 'UIKit'
 7 | //
 8 |
 9 | import UIKit
   |        `- error: no such module 'UIKit'
10 |
11 | public typealias AnimationCompletion = (_ completed: Bool) -> Void
[98/214] Compiling SwiftMessages WindowScene.swift
/host/spi-builder-workspace/.build/checkouts/SwiftMessages/SwiftMessages/Animator.swift:9:8: error: no such module 'UIKit'
 7 | //
 8 |
 9 | import UIKit
   |        `- error: no such module 'UIKit'
10 |
11 | public typealias AnimationCompletion = (_ completed: Bool) -> Void
[99/214] Compiling SwiftMessages WindowViewController.swift
/host/spi-builder-workspace/.build/checkouts/SwiftMessages/SwiftMessages/Animator.swift:9:8: error: no such module 'UIKit'
 7 | //
 8 |
 9 | import UIKit
   |        `- error: no such module 'UIKit'
10 |
11 | public typealias AnimationCompletion = (_ completed: Bool) -> Void
[100/214] Compiling SwiftMessages resource_bundle_accessor.swift
/host/spi-builder-workspace/.build/checkouts/SwiftMessages/SwiftMessages/Animator.swift:9:8: error: no such module 'UIKit'
 7 | //
 8 |
 9 | import UIKit
   |        `- error: no such module 'UIKit'
10 |
11 | public typealias AnimationCompletion = (_ completed: Bool) -> Void
[101/214] Compiling DeviceKit Device.generated.swift
/host/spi-builder-workspace/.build/checkouts/DeviceKit/Source/Device.generated.swift:568:22: error: cannot find 'utsname' in scope
 566 |   /// Gets the identifier from the system, such as "iPhone7,1".
 567 |   public static var identifier: String = {
 568 |     var systemInfo = utsname()
     |                      `- error: cannot find 'utsname' in scope
 569 |     uname(&systemInfo)
 570 |     let mirror = Mirror(reflecting: systemInfo.machine)
/host/spi-builder-workspace/.build/checkouts/DeviceKit/Source/Device.generated.swift:569:5: error: cannot find 'uname' in scope
 567 |   public static var identifier: String = {
 568 |     var systemInfo = utsname()
 569 |     uname(&systemInfo)
     |     `- error: cannot find 'uname' in scope
 570 |     let mirror = Mirror(reflecting: systemInfo.machine)
 571 |
/host/spi-builder-workspace/.build/checkouts/DeviceKit/Source/Device.generated.swift:2510:12: error: 'ProcessInfo' initializer is inaccessible due to 'internal' protection level
2508 |   public var thermalState: ThermalState? {
2509 |     guard isCurrent else { return nil }
2510 |     switch ProcessInfo().thermalState {
     |            `- error: 'ProcessInfo' initializer is inaccessible due to 'internal' protection level
2511 |       case .nominal:
2512 |         return .nominal
FoundationEssentials.ProcessInfo.init:2:10: note: 'init()' declared here
1 | class ProcessInfo {
2 | internal init()}
  |          `- note: 'init()' declared here
3 |
/host/spi-builder-workspace/.build/checkouts/DeviceKit/Source/Device.generated.swift:2510:26: error: value of type 'ProcessInfo' has no member 'thermalState'
2508 |   public var thermalState: ThermalState? {
2509 |     guard isCurrent else { return nil }
2510 |     switch ProcessInfo().thermalState {
     |                          `- error: value of type 'ProcessInfo' has no member 'thermalState'
2511 |       case .nominal:
2512 |         return .nominal
/host/spi-builder-workspace/.build/checkouts/InputBarAccessoryView/Sources/Controls/InputBarButtonItem.swift:28:8: error: no such module 'UIKit'
 26 | //
 27 |
 28 | import UIKit
    |        `- error: no such module 'UIKit'
 29 |
 30 | /**
[103/214] Compiling InputBarAccessoryView InputStackView.swift
/host/spi-builder-workspace/.build/checkouts/InputBarAccessoryView/Sources/Controls/InputBarButtonItem.swift:28:8: error: no such module 'UIKit'
 26 | //
 27 |
 28 | import UIKit
    |        `- error: no such module 'UIKit'
 29 |
 30 | /**
[104/214] Compiling InputBarAccessoryView InputTextView.swift
/host/spi-builder-workspace/.build/checkouts/InputBarAccessoryView/Sources/Controls/InputBarButtonItem.swift:28:8: error: no such module 'UIKit'
 26 | //
 27 |
 28 | import UIKit
    |        `- error: no such module 'UIKit'
 29 |
 30 | /**
[105/214] Compiling InputBarAccessoryView SeparatorLine.swift
/host/spi-builder-workspace/.build/checkouts/InputBarAccessoryView/Sources/Controls/InputBarButtonItem.swift:28:8: error: no such module 'UIKit'
 26 | //
 27 |
 28 | import UIKit
    |        `- error: no such module 'UIKit'
 29 |
 30 | /**
/host/spi-builder-workspace/.build/checkouts/LetterAvatarKit/LetterAvatarKit/Extensions/UIColor+LetterAvatarKit.swift:26:8: error: no such module 'UIKit'
 24 | //
 25 |
 26 | import UIKit
    |        `- error: no such module 'UIKit'
 27 | import Foundation
 28 |
/host/spi-builder-workspace/.build/checkouts/InputBarAccessoryView/Sources/Controls/InputBarButtonItem.swift:28:8: error: no such module 'UIKit'
 26 | //
 27 |
 28 | import UIKit
    |        `- error: no such module 'UIKit'
 29 |
 30 | /**
/host/spi-builder-workspace/.build/checkouts/SwiftMessages/SwiftMessages/Animator.swift:9:8: error: no such module 'UIKit'
 7 | //
 8 |
 9 | import UIKit
   |        `- error: no such module 'UIKit'
10 |
11 | public typealias AnimationCompletion = (_ completed: Bool) -> Void
Running build ...
bash -c docker run --pull=always --rm -v "checkouts-54344845-0":/host -w "$PWD" -e JAVA_HOME="/root/.sdkman/candidates/java/current" -e SPI_BUILD="1" -e SPI_PROCESSING="1" registry.gitlab.com/saguaro1/spi-images:android-6.1-latest swift build --swift-sdk aarch64-unknown-linux-android24 2>&1
android-6.1-latest: Pulling from saguaro1/spi-images
Digest: sha256:396310cef4466ceb116ed5462b0b92d4deb353c0dad749b406b7fd226f6db9af
Status: Image is up to date for registry.gitlab.com/saguaro1/spi-images:android-6.1-latest
warning: 'spi-builder-workspace': found 2 file(s) which are unhandled; explicitly declare them as resources or exclude from the target
    /host/spi-builder-workspace/Sources/ImageViewer/ImageViewerViewController.xib
    /host/spi-builder-workspace/Sources/Assets.xcassets
warning: 'kingfisher': found 1 file(s) which are unhandled; explicitly declare them as resources or exclude from the target
    /host/spi-builder-workspace/.build/checkouts/Kingfisher/Sources/Info.plist
warning: 'messagekit': found 1 file(s) which are unhandled; explicitly declare them as resources or exclude from the target
    /host/spi-builder-workspace/.build/checkouts/MessageKit/Sources/Assets.xcassets
[0/1] Planning build
/host/spi-builder-workspace/.build/checkouts/MessageKit/Plugins/SwiftFormatPlugin/SwiftFormatPlugin.swift:33:13: warning: 'launchPath' is deprecated: renamed to 'executableURL'
31 |
32 |     let process = Process()
33 |     process.launchPath = try context.tool(named: "swiftformat").path.string
   |             |- warning: 'launchPath' is deprecated: renamed to 'executableURL'
   |             `- note: use 'executableURL' instead
34 |     process.arguments = [
35 |       files.first!,
[1/1] Compiling plugin SwiftFormatPlugin
[2/2] Compiling plugin LintPlugin
Building for debugging...
[2/3] Write swift-version-24593BA9C3E375BF.txt
[4/139] Compiling LetterAvatarKit String+LetterAvatarKit.swift
/host/spi-builder-workspace/.build/checkouts/LetterAvatarKit/LetterAvatarKit/Extensions/UIColor+LetterAvatarKit.swift:26:8: error: no such module 'UIKit'
 24 | //
 25 |
 26 | import UIKit
    |        `- error: no such module 'UIKit'
 27 | import Foundation
 28 |
[5/147] Compiling Kingfisher KFOptionsSetter.swift
/host/spi-builder-workspace/.build/checkouts/InputBarAccessoryView/Sources/Controls/InputBarButtonItem.swift:28:8: error: no such module 'UIKit'
 26 | //
 27 |
 28 | import UIKit
    |        `- error: no such module 'UIKit'
 29 |
 30 | /**
[6/147] Compiling Kingfisher Kingfisher.swift
/host/spi-builder-workspace/.build/checkouts/InputBarAccessoryView/Sources/Controls/InputBarButtonItem.swift:28:8: error: no such module 'UIKit'
 26 | //
 27 |
 28 | import UIKit
    |        `- error: no such module 'UIKit'
 29 |
 30 | /**
[7/147] Compiling Kingfisher KingfisherError.swift
/host/spi-builder-workspace/.build/checkouts/InputBarAccessoryView/Sources/Controls/InputBarButtonItem.swift:28:8: error: no such module 'UIKit'
 26 | //
 27 |
 28 | import UIKit
    |        `- error: no such module 'UIKit'
 29 |
 30 | /**
[8/147] Compiling Kingfisher KingfisherManager+LivePhoto.swift
/host/spi-builder-workspace/.build/checkouts/InputBarAccessoryView/Sources/Controls/InputBarButtonItem.swift:28:8: error: no such module 'UIKit'
 26 | //
 27 |
 28 | import UIKit
    |        `- error: no such module 'UIKit'
 29 |
 30 | /**
[9/151] Compiling LetterAvatarKit LetterAvatarMaker.swift
/host/spi-builder-workspace/.build/checkouts/LetterAvatarKit/LetterAvatarKit/Extensions/UIColor+LetterAvatarKit.swift:26:8: error: no such module 'UIKit'
 24 | //
 25 |
 26 | import UIKit
    |        `- error: no such module 'UIKit'
 27 | import Foundation
 28 |
[10/151] Compiling LetterAvatarKit Character+LetterAvatarKit.swift
/host/spi-builder-workspace/.build/checkouts/LetterAvatarKit/LetterAvatarKit/Extensions/UIColor+LetterAvatarKit.swift:26:8: error: no such module 'UIKit'
 24 | //
 25 |
 26 | import UIKit
    |        `- error: no such module 'UIKit'
 27 | import Foundation
 28 |
[11/151] Compiling LetterAvatarKit LetterAvatarBuilderConfiguration.swift
/host/spi-builder-workspace/.build/checkouts/LetterAvatarKit/LetterAvatarKit/Extensions/UIColor+LetterAvatarKit.swift:26:8: error: no such module 'UIKit'
 24 | //
 25 |
 26 | import UIKit
    |        `- error: no such module 'UIKit'
 27 | import Foundation
 28 |
[12/151] Compiling LetterAvatarKit LetterAvatarMakerExtendable.swift
/host/spi-builder-workspace/.build/checkouts/LetterAvatarKit/LetterAvatarKit/Extensions/UIColor+LetterAvatarKit.swift:26:8: error: no such module 'UIKit'
 24 | //
 25 |
 26 | import UIKit
    |        `- error: no such module 'UIKit'
 27 | import Foundation
 28 |
[13/151] Compiling DeviceKit resource_bundle_accessor.swift
[14/151] Compiling DeviceKit Device.generated.swift
/host/spi-builder-workspace/.build/checkouts/DeviceKit/Source/Device.generated.swift:568:22: error: cannot find 'utsname' in scope
 566 |   /// Gets the identifier from the system, such as "iPhone7,1".
 567 |   public static var identifier: String = {
 568 |     var systemInfo = utsname()
     |                      `- error: cannot find 'utsname' in scope
 569 |     uname(&systemInfo)
 570 |     let mirror = Mirror(reflecting: systemInfo.machine)
/host/spi-builder-workspace/.build/checkouts/DeviceKit/Source/Device.generated.swift:569:5: error: cannot find 'uname' in scope
 567 |   public static var identifier: String = {
 568 |     var systemInfo = utsname()
 569 |     uname(&systemInfo)
     |     `- error: cannot find 'uname' in scope
 570 |     let mirror = Mirror(reflecting: systemInfo.machine)
 571 |
/host/spi-builder-workspace/.build/checkouts/DeviceKit/Source/Device.generated.swift:2510:12: error: 'ProcessInfo' initializer is inaccessible due to 'internal' protection level
2508 |   public var thermalState: ThermalState? {
2509 |     guard isCurrent else { return nil }
2510 |     switch ProcessInfo().thermalState {
     |            `- error: 'ProcessInfo' initializer is inaccessible due to 'internal' protection level
2511 |       case .nominal:
2512 |         return .nominal
FoundationEssentials.ProcessInfo.init:2:10: note: 'init()' declared here
1 | class ProcessInfo {
2 | internal init()}
  |          `- note: 'init()' declared here
3 |
/host/spi-builder-workspace/.build/checkouts/DeviceKit/Source/Device.generated.swift:2510:26: error: value of type 'ProcessInfo' has no member 'thermalState'
2508 |   public var thermalState: ThermalState? {
2509 |     guard isCurrent else { return nil }
2510 |     switch ProcessInfo().thermalState {
     |                          `- error: value of type 'ProcessInfo' has no member 'thermalState'
2511 |       case .nominal:
2512 |         return .nominal
error: emit-module command failed with exit code 1 (use -v to see invocation)
[15/151] Emitting module DeviceKit
/host/spi-builder-workspace/.build/checkouts/DeviceKit/Source/Device.generated.swift:568:22: error: cannot find 'utsname' in scope
 566 |   /// Gets the identifier from the system, such as "iPhone7,1".
 567 |   public static var identifier: String = {
 568 |     var systemInfo = utsname()
     |                      `- error: cannot find 'utsname' in scope
 569 |     uname(&systemInfo)
 570 |     let mirror = Mirror(reflecting: systemInfo.machine)
/host/spi-builder-workspace/.build/checkouts/DeviceKit/Source/Device.generated.swift:569:5: error: cannot find 'uname' in scope
 567 |   public static var identifier: String = {
 568 |     var systemInfo = utsname()
 569 |     uname(&systemInfo)
     |     `- error: cannot find 'uname' in scope
 570 |     let mirror = Mirror(reflecting: systemInfo.machine)
 571 |
BUILD FAILURE 6.1 android