The Swift Package Index logo.Swift Package Index

Build Information

Failed to build DSFToolbar, reference main (f486eb), with Swift 6.4 for Android on 21 Sep 2026 01:48:36 UTC.

Build Command

bash -c docker run --pull=always --rm -v "checkouts-54344844-0":/host -w "$PWD" -e JAVA_HOME="/root/.sdkman/candidates/java/current" -e SPI_BUILD="1" -e SPI_PROCESSING="1" registry.gitlab.com/saguaro1/spi-images:android-6.4-latest swift build --swift-sdk aarch64-unknown-linux-android28 2>&1

Build Log

========================================
RunAll
========================================
Builder version: 5.1.0
Interrupt handler set up.
========================================
Checkout
========================================
Clone URL: https://github.com/dagronf/DSFToolbar.git
Reference: main
Initialized empty Git repository in /host/spi-builder-workspace/.git/
hint: Using 'master' as the name for the initial branch. This default branch name
hint: is subject to change. To configure the initial branch name to use in all
hint: of your new repositories, which will suppress this warning, call:
hint:
hint: 	git config --global init.defaultBranch <name>
hint:
hint: Names commonly chosen instead of 'master' are 'main', 'trunk' and
hint: 'development'. The just-created branch can be renamed via this command:
hint:
hint: 	git branch -m <name>
From https://github.com/dagronf/DSFToolbar
 * branch            main       -> FETCH_HEAD
 * [new branch]      main       -> origin/main
HEAD is now at f486eb1 minor package update
Cloned https://github.com/dagronf/DSFToolbar.git
Revision (git rev-parse @):
f486eb1e532d77fd2a9c9eb21f3e90a0b092ba45
SUCCESS checkout https://github.com/dagronf/DSFToolbar.git at main
========================================
Build
========================================
Selected platform:         android
Swift version:             6.4
Building package at path:  $PWD
https://github.com/dagronf/DSFToolbar.git
Running build ...
bash -c docker run --pull=always --rm -v "checkouts-54344844-0":/host -w "$PWD" -e JAVA_HOME="/root/.sdkman/candidates/java/current" -e SPI_BUILD="1" -e SPI_PROCESSING="1" registry.gitlab.com/saguaro1/spi-images:android-6.4-latest swift build --swift-sdk aarch64-unknown-linux-android28 2>&1
android-6.4-latest: Pulling from saguaro1/spi-images
Digest: sha256:abadcff584c273feba50641b454858d377ba30b35ea7287a94f45ebd8afd0ea0
Status: Image is up to date for registry.gitlab.com/saguaro1/spi-images:android-6.4-latest
Fetching https://github.com/dagronf/DSFValueBinders
[1/235] Fetching dsfvaluebinders
Fetched https://github.com/dagronf/DSFValueBinders (0.43s)
Computing version for https://github.com/dagronf/DSFValueBinders
Computed https://github.com/dagronf/DSFValueBinders at 1.0.1 (0.63s)
Creating working copy for https://github.com/dagronf/DSFValueBinders
Working copy of https://github.com/dagronf/DSFValueBinders resolved at 1.0.1
Building for debugging...
[Pre-planning 1 / 154]
error: SwiftCompile normal aarch64 failed with a nonzero exit code. Command line:     cd /host

/host/spi-builder-workspace/.build/checkouts/DSFValueBinders/Sources/DSFValueBinders/EnumKeyPathBinder.swift:104:30: error: cannot find type 'NSKeyValueObservation' in scope
102 |
103 | 	private weak var object: ClassType?
104 | 	private var kvoObservation: NSKeyValueObservation?
    |                              `- error: cannot find type 'NSKeyValueObservation' in scope
105 | 	private let stringPath: String
106 | 	private let lock = SemLock()
/host/spi-builder-workspace/.build/checkouts/DSFValueBinders/Sources/DSFValueBinders/KeyPathBinder.swift:97:30: error: cannot find type 'NSKeyValueObservation' in scope
 95 |
 96 | 	private weak var object: ClassType?
 97 | 	private var kvoObservation: NSKeyValueObservation?
    |                              `- error: cannot find type 'NSKeyValueObservation' in scope
 98 | 	private let stringPath: String
 99 | 	private let lock = SemLock()
/host/spi-builder-workspace/.build/checkouts/DSFValueBinders/Sources/DSFValueBinders/KeyPathBinder.swift:104:34: error: cannot find type 'NSKeyValueObservedChange' in scope
102 | 	// MARK: - Change handling
103 |
104 | 	private func kvoUpdate(_ value: NSKeyValueObservedChange<ValueType>) {
    |                                  `- error: cannot find type 'NSKeyValueObservedChange' in scope
105 | 		if let value = value.newValue {
106 | 			self.update(with: value)
/host/spi-builder-workspace/.build/checkouts/DSFValueBinders/Sources/DSFValueBinders/ValueBinder.swift:179:62: error: cannot find type 'AnyCancellable' in scope
177 | 	/// Attaches a subscriber with closure-based behavior to a publisher that never fails.
178 | 	/// Returns `nil` if the publisher isn't available
179 | 	func sink(receiveValue: @escaping ((ValueType) -> Void)) -> AnyCancellable? {
    |                                                              `- error: cannot find type 'AnyCancellable' in scope
180 | 		self.publisher?.passthroughSubject.sink(receiveValue: receiveValue)
181 | 	}
/host/spi-builder-workspace/.build/checkouts/DSFValueBinders/Sources/DSFValueBinders/ValueBinder.swift:187:7: error: cannot find type 'AnyCancellable' in scope
185 | 		 receiveCompletion: @escaping ((Subscribers.Completion<Never>) -> Void),
186 | 		 receiveValue: @escaping ((ValueType) -> Void)
187 | 	) -> AnyCancellable? {
    |       `- error: cannot find type 'AnyCancellable' in scope
188 | 		self.publisher?.passthroughSubject.sink(receiveCompletion: receiveCompletion, receiveValue: receiveValue)
189 | 	}
/host/spi-builder-workspace/.build/checkouts/DSFValueBinders/Sources/DSFValueBinders/ValueBinder.swift:185:35: error: cannot find type 'Subscribers' in scope
183 | 	/// Attaches a subscriber with closure-based behavior. Returns `nil` if the publisher isn't available
184 | 	func sink(
185 | 		 receiveCompletion: @escaping ((Subscribers.Completion<Never>) -> Void),
    |                                   `- error: cannot find type 'Subscribers' in scope
186 | 		 receiveValue: @escaping ((ValueType) -> Void)
187 | 	) -> AnyCancellable? {
/host/spi-builder-workspace/.build/checkouts/DSFValueBinders/Sources/DSFValueBinders/ValueBinder.swift:185:23: error: '@escaping' only applies to function types
183 | 	/// Attaches a subscriber with closure-based behavior. Returns `nil` if the publisher isn't available
184 | 	func sink(
185 | 		 receiveCompletion: @escaping ((Subscribers.Completion<Never>) -> Void),
    |                       `- error: '@escaping' only applies to function types
186 | 		 receiveValue: @escaping ((ValueType) -> Void)
187 | 	) -> AnyCancellable? {
/host/spi-builder-workspace/.build/checkouts/DSFValueBinders/Sources/DSFValueBinders/private/WrappedPublisher.swift:51:17: error: cannot find type 'AnyPublisher' in scope
49 | 	/// Note that the publisher will send events on non-main threads, so its important
50 | 	/// for your listeners to swap to the main thread if they are updating UI
51 | 	var publisher: AnyPublisher<ValueType, Never> {
   |                 `- error: cannot find type 'AnyPublisher' in scope
52 | 		return self.passthroughSubject.eraseToAnyPublisher()
53 | 	}
/host/spi-builder-workspace/.build/checkouts/DSFValueBinders/Sources/DSFValueBinders/private/WrappedPublisher.swift:66:62: error: cannot find type 'AnyCancellable' in scope
64 |
65 | 	/// Attaches a subscriber with closure-based behavior to a publisher that never fails.
66 | 	func sink(receiveValue: @escaping ((ValueType) -> Void)) -> AnyCancellable {
   |                                                              `- error: cannot find type 'AnyCancellable' in scope
67 | 		self.passthroughSubject.sink(receiveValue: receiveValue)
68 | 	}
/host/spi-builder-workspace/.build/checkouts/DSFValueBinders/Sources/DSFValueBinders/private/WrappedPublisher.swift:74:7: error: cannot find type 'AnyCancellable' in scope
72 | 		receiveCompletion: @escaping ((Subscribers.Completion<Never>) -> Void),
73 | 		receiveValue: @escaping ((ValueType) -> Void)
74 | 	) -> AnyCancellable {
   |       `- error: cannot find type 'AnyCancellable' in scope
75 | 		self.passthroughSubject.sink(receiveCompletion: receiveCompletion, receiveValue: receiveValue)
76 | 	}
/host/spi-builder-workspace/.build/checkouts/DSFValueBinders/Sources/DSFValueBinders/private/WrappedPublisher.swift:72:34: error: cannot find type 'Subscribers' in scope
70 | 	/// Attaches a subscriber with closure-based behavior.
71 | 	func sink(
72 | 		receiveCompletion: @escaping ((Subscribers.Completion<Never>) -> Void),
   |                                  `- error: cannot find type 'Subscribers' in scope
73 | 		receiveValue: @escaping ((ValueType) -> Void)
74 | 	) -> AnyCancellable {
/host/spi-builder-workspace/.build/checkouts/DSFValueBinders/Sources/DSFValueBinders/private/WrappedPublisher.swift:72:22: error: '@escaping' only applies to function types
70 | 	/// Attaches a subscriber with closure-based behavior.
71 | 	func sink(
72 | 		receiveCompletion: @escaping ((Subscribers.Completion<Never>) -> Void),
   |                      `- error: '@escaping' only applies to function types
73 | 		receiveValue: @escaping ((ValueType) -> Void)
74 | 	) -> AnyCancellable {
/host/spi-builder-workspace/.build/checkouts/DSFValueBinders/Sources/DSFValueBinders/private/WrappedPublisher.swift:86:26: error: cannot find type 'PassthroughSubject' in scope
84 | internal extension WrappedPublisher {
85 | 	// Internal publisher to allow us to send new values
86 | 	var passthroughSubject: PassthroughSubject<ValueType, Never> {
   |                          `- error: cannot find type 'PassthroughSubject' in scope
87 | 		return self._publisher as! PassthroughSubject<ValueType, Never>
88 | 	}
Failed frontend command:
/root/.local/share/swiftly/toolchains/6.4.x-snapshot-2026-09-04/usr/bin/swift-frontend -frontend -emit-module -experimental-skip-non-inlinable-function-bodies-without-types /host/spi-builder-workspace/.build/checkouts/DSFValueBinders/Sources/DSFValueBinders/CombiningValueBinder.swift /host/spi-builder-workspace/.build/checkouts/DSFValueBinders/Sources/DSFValueBinders/DSFValueBinders.swift /host/spi-builder-workspace/.build/checkouts/DSFValueBinders/Sources/DSFValueBinders/EnumKeyPathBinder.swift /host/spi-builder-workspace/.build/checkouts/DSFValueBinders/Sources/DSFValueBinders/KeyPathBinder.swift /host/spi-builder-workspace/.build/checkouts/DSFValueBinders/Sources/DSFValueBinders/PropertyWrapper.swift /host/spi-builder-workspace/.build/checkouts/DSFValueBinders/Sources/DSFValueBinders/ValueBinder+transform.swift /host/spi-builder-workspace/.build/checkouts/DSFValueBinders/Sources/DSFValueBinders/ValueBinder+transformers.swift /host/spi-builder-workspace/.build/checkouts/DSFValueBinders/Sources/DSFValueBinders/ValueBinder.swift /host/spi-builder-workspace/.build/checkouts/DSFValueBinders/Sources/DSFValueBinders/private/ValueBinder+Binding.swift /host/spi-builder-workspace/.build/checkouts/DSFValueBinders/Sources/DSFValueBinders/private/WrappedPublisher.swift /host/spi-builder-workspace/.build/checkouts/DSFValueBinders/Sources/DSFValueBinders/utils/SemLock.swift -target aarch64-unknown-linux-android28 -Xllvm -aarch64-use-tbi -disable-objc-interop -sdk /android-ndk/android-ndk-r27d/toolchains/llvm/prebuilt/linux-x86_64/sysroot -sysroot /android-ndk/android-ndk-r27d/toolchains/llvm/prebuilt/linux-x86_64/sysroot -I /host/spi-builder-workspace/.build/out/Products/Debug-android-aarch64 -module-cache-path /host/spi-builder-workspace/.build/out/ModuleCache.noindex -color-diagnostics -Xcc -fcolor-diagnostics -enable-testing -g -debug-info-format\=dwarf -dwarf-version\=4 -suppress-warnings -swift-version 5 -Onone -D SWIFT_PACKAGE -D DEBUG -D SWIFT_MODULE_RESOURCE_BUNDLE_UNAVAILABLE -D Xcode -serialize-debugging-options -enable-experimental-feature DebugDescriptionMacro -empty-abi-descriptor -external-plugin-path /root/.local/share/swiftly/toolchains/6.4.x-snapshot-2026-09-04/usr/lib/swift/host/plugins/testing\#/root/.local/share/swiftly/toolchains/6.4.x-snapshot-2026-09-04/usr/bin/swift-plugin-server -validate-clang-modules-once -clang-build-session-file /host/spi-builder-workspace/.build/out/ModuleCache.noindex/Session.modulevalidation -Xcc -working-directory -Xcc /host -resource-dir /root/.swiftpm/swift-sdks/swift-6.4.x-DEVELOPMENT-SNAPSHOT-2026-09-04-a_android.artifactbundle/swift-android/swift-resources/usr/lib/swift-aarch64 -enable-anonymous-context-mangled-names -file-compilation-dir /host -Xcc -resource-dir -Xcc /android-ndk/android-ndk-r27d/toolchains/llvm/prebuilt/linux-x86_64/lib/clang/18 -Xcc -fno-omit-frame-pointer -Xcc -D_LIBCPP_HARDENING_MODE\=_LIBCPP_HARDENING_MODE_DEBUG -Xcc -fmodules-prune-interval\=86400 -Xcc -fmodules-prune-after\=345600 -Xcc -I/host/spi-builder-workspace/.build/out/Products/Debug-android-aarch64/include -Xcc -I/host/spi-builder-workspace/.build/out/Intermediates.noindex/DSFValueBinders.build/Debug-android-aarch64/DSFValueBinders-t.build/DerivedSources-normal/aarch64 -Xcc -I/host/spi-builder-workspace/.build/out/Intermediates.noindex/DSFValueBinders.build/Debug-android-aarch64/DSFValueBinders-t.build/DerivedSources/aarch64 -Xcc -I/host/spi-builder-workspace/.build/out/Intermediates.noindex/DSFValueBinders.build/Debug-android-aarch64/DSFValueBinders-t.build/DerivedSources -Xcc -DSWIFT_PACKAGE -Xcc -DDEBUG\=1 -no-auto-bridging-header-chaining -module-name DSFValueBinders -const-gather-protocols-file /host/spi-builder-workspace/.build/out/Intermediates.noindex/DSFValueBinders.build/Debug-android-aarch64/DSFValueBinders-t.build/Objects-normal/aarch64/DSFValueBinders_const_extract_protocols.json -in-process-plugin-server-path /root/.local/share/swiftly/toolchains/6.4.x-snapshot-2026-09-04/usr/lib/swift/host/libSwiftInProcPluginServer.so -plugin-path /root/.local/share/swiftly/toolchains/6.4.x-snapshot-2026-09-04/usr/lib/swift/host/plugins -plugin-path /root/.local/share/swiftly/toolchains/6.4.x-snapshot-2026-09-04/usr/local/lib/swift/host/plugins -emit-module-doc-path /host/spi-builder-workspace/.build/out/Intermediates.noindex/DSFValueBinders.build/Debug-android-aarch64/DSFValueBinders-t.build/Objects-normal/aarch64/Modules/DSFValueBinders.swiftdoc -emit-module-source-info-path /host/spi-builder-workspace/.build/out/Intermediates.noindex/DSFValueBinders.build/Debug-android-aarch64/DSFValueBinders-t.build/Objects-normal/aarch64/Modules/DSFValueBinders.swiftsourceinfo -emit-objc-header-path /host/spi-builder-workspace/.build/out/Intermediates.noindex/DSFValueBinders.build/Debug-android-aarch64/DSFValueBinders-t.build/Objects-normal/aarch64/DSFValueBinders-Swift.h -serialize-diagnostics-path /host/spi-builder-workspace/.build/out/Intermediates.noindex/DSFValueBinders.build/Debug-android-aarch64/DSFValueBinders-t.build/Objects-normal/aarch64/DSFValueBinders-primary-emit-module.dia -emit-dependencies-path /host/spi-builder-workspace/.build/out/Intermediates.noindex/DSFValueBinders.build/Debug-android-aarch64/DSFValueBinders-t.build/Objects-normal/aarch64/DSFValueBinders-primary-emit-module.d -parse-as-library -o /host/spi-builder-workspace/.build/out/Intermediates.noindex/DSFValueBinders.build/Debug-android-aarch64/DSFValueBinders-t.build/Objects-normal/aarch64/Modules/DSFValueBinders.swiftmodule
error: Build failed
BUILD FAILURE 6.4 android