The Swift Package Index logo.Swift Package Index

Build Information

Failed to build GeometryAdditions, reference v0.6.1 (5d7f4a), with Swift 6.1 for watchOS using Xcode 16.3 on 28 Sep 2026 05:18:47 UTC.

Build Command

No build command. This typically means the build failed at an early stage where we determine the build command.

Build Log

========================================
RunAll
========================================
Builder version: 5.1.0
Interrupt handler set up.
========================================
Checkout
========================================
Clone URL: https://github.com/lopsae/geometry-additions.git
Reference: v0.6.1
Initialized empty Git repository in /Users/admin/builder/spi-builder-workspace/.git/
From https://github.com/lopsae/geometry-additions
 * tag               v0.6.1     -> FETCH_HEAD
HEAD is now at 5d7f4ab Release 0.6.1 - Publicize API (#5)
Cloned https://github.com/lopsae/geometry-additions.git
Revision (git rev-parse @):
5d7f4ab79e18865df940fbb438a58eab5ed626ae
SPI manifest file found: $PWD/.spi.yml
SUCCESS checkout https://github.com/lopsae/geometry-additions.git at v0.6.1
========================================
Build
========================================
Selected platform:         watchOS
Swift version:             6.1
Building package at path:  $PWD
https://github.com/lopsae/geometry-additions.git
https://github.com/lopsae/geometry-additions.git
error: 'spi-builder-workspace': package 'spi-builder-workspace' is using Swift tools version 6.2.0 but the installed version is 6.1.0
error: fatalError
Command line invocation:
    /Applications/Xcode-16.3.0.app/Contents/Developer/usr/bin/xcodebuild -IDEClonedSourcePackagesDirPathOverride=/Users/admin/builder/spi-builder-workspace/.dependencies -resolvePackageDependencies
Resolve Package Graph
package 'spi-builder-workspace' is using Swift tools version 6.2.0 but the installed version is 6.1.0
Resolved source packages:
  spi-builder-workspace: (null)
2026-09-27 22:18:47.115 xcodebuild[505:2891] Writing error result bundle to /var/folders/5k/5yc19ymj0jqd5v0zvgfqz0xw0000gn/T/ResultBundle_2026-27-09_22-18-0047.xcresult
xcodebuild: error: Could not resolve package dependencies:
  package 'spi-builder-workspace' is using Swift tools version 6.2.0 but the installed version is 6.1.0
Command line invocation:
    /Applications/Xcode-16.3.0.app/Contents/Developer/usr/bin/xcodebuild -IDEClonedSourcePackagesDirPathOverride=/Users/admin/builder/spi-builder-workspace/.dependencies -resolvePackageDependencies
Resolve Package Graph
package 'spi-builder-workspace' is using Swift tools version 6.2.0 but the installed version is 6.1.0
Resolved source packages:
  spi-builder-workspace: (null)
2026-09-27 22:18:47.850 xcodebuild[514:2992] Writing error result bundle to /var/folders/5k/5yc19ymj0jqd5v0zvgfqz0xw0000gn/T/ResultBundle_2026-27-09_22-18-0047.xcresult
xcodebuild: error: Could not resolve package dependencies:
  package 'spi-builder-workspace' is using Swift tools version 6.2.0 but the installed version is 6.1.0
BUILD FAILURE 6.1 watchOS