The Swift Package Index logo.Swift Package Index

Build Information

Failed to build PindoKit, reference main (3dd440), with Swift 6.4 for Linux on 26 Sep 2026 11:56:19 UTC.

Build Command

bash -c docker run --pull=always --rm -v "checkouts-54344844-2":/host -w "$PWD" -e JAVA_HOME="/root/.sdkman/candidates/java/current" -e SPI_BUILD="1" -e SPI_PROCESSING="1" registry.gitlab.com/saguaro1/spi-images:basic-6.4-latest swift build --triple x86_64-unknown-linux-gnu 2>&1

Build Log

========================================
RunAll
========================================
Builder version: 5.1.0
Interrupt handler set up.
========================================
Checkout
========================================
Clone URL: https://github.com/cedricbahirwe/PindoKit.git
Reference: main
Initialized empty Git repository in /host/spi-builder-workspace/.git/
hint: Using 'master' as the name for the initial branch. This default branch name
hint: is subject to change. To configure the initial branch name to use in all
hint: of your new repositories, which will suppress this warning, call:
hint:
hint: 	git config --global init.defaultBranch <name>
hint:
hint: Names commonly chosen instead of 'master' are 'main', 'trunk' and
hint: 'development'. The just-created branch can be renamed via this command:
hint:
hint: 	git branch -m <name>
From https://github.com/cedricbahirwe/PindoKit
 * branch            main       -> FETCH_HEAD
 * [new branch]      main       -> origin/main
HEAD is now at 3dd4402 Merge pull request #1 from cedricbahirwe/agent/host-docc
Cloned https://github.com/cedricbahirwe/PindoKit.git
Revision (git rev-parse @):
3dd4402dcf7ef75891030373b9de363ee1d458f4
SPI manifest file found: $PWD/.spi.yml
SUCCESS checkout https://github.com/cedricbahirwe/PindoKit.git at main
========================================
Build
========================================
Selected platform:         linux
Swift version:             6.4
Building package at path:  $PWD
https://github.com/cedricbahirwe/PindoKit.git
Running build ...
bash -c docker run --pull=always --rm -v "checkouts-54344844-2":/host -w "$PWD" -e JAVA_HOME="/root/.sdkman/candidates/java/current" -e SPI_BUILD="1" -e SPI_PROCESSING="1" registry.gitlab.com/saguaro1/spi-images:basic-6.4-latest swift build --triple x86_64-unknown-linux-gnu 2>&1
basic-6.4-latest: Pulling from saguaro1/spi-images
Digest: sha256:c77fcce225e223ac0fafed844619173fc6de8d62dd560eeb28db3182af6a282b
Status: Image is up to date for registry.gitlab.com/saguaro1/spi-images:basic-6.4-latest
Building for debugging...
[Constructing description]
[Planning deferred tasks]
error: SwiftCompile normal x86_64 failed with a nonzero exit code. Command line:     cd /host

/host/spi-builder-workspace/Sources/PindoKit/Core/HTTPTransport.swift:13:28: error: cannot find type 'URLRequest' in scope
11 |     /// - Returns: The response body and HTTP metadata.
12 |     /// - Throws: A transport-specific error when the request cannot complete.
13 |     func data(for request: URLRequest) async throws -> (Data, HTTPURLResponse)
   |                            `- error: cannot find type 'URLRequest' in scope
14 | }
15 |
/host/spi-builder-workspace/Sources/PindoKit/Core/HTTPTransport.swift:13:63: error: 'HTTPURLResponse' is unavailable: This type has moved to the FoundationNetworking module. Import that module to use it.
11 |     /// - Returns: The response body and HTTP metadata.
12 |     /// - Throws: A transport-specific error when the request cannot complete.
13 |     func data(for request: URLRequest) async throws -> (Data, HTTPURLResponse)
   |                                                               `- error: 'HTTPURLResponse' is unavailable: This type has moved to the FoundationNetworking module. Import that module to use it.
14 | }
15 |
Foundation.HTTPURLResponse:2:18: note: 'HTTPURLResponse' has been explicitly marked unavailable here
1 | @available(*, unavailable, message: "This type has moved to the FoundationNetworking module. Import that module to use it.")
2 | public typealias HTTPURLResponse = AnyObject
  |                  `- note: 'HTTPURLResponse' has been explicitly marked unavailable here
/host/spi-builder-workspace/Sources/PindoKit/Core/HTTPTransport.swift:18:26: error: 'URLSession' is unavailable: This type has moved to the FoundationNetworking module. Import that module to use it.
16 | /// PindoKit's default URLSession-backed transport.
17 | public struct URLSessionTransport: HTTPTransport, Sendable {
18 |     private let session: URLSession
   |                          `- error: 'URLSession' is unavailable: This type has moved to the FoundationNetworking module. Import that module to use it.
19 |
20 |     /// Creates a transport backed by a URL session.
Foundation.URLSession:2:18: note: 'URLSession' has been explicitly marked unavailable here
1 | @available(*, unavailable, message: "This type has moved to the FoundationNetworking module. Import that module to use it.")
2 | public typealias URLSession = AnyObject
  |                  `- note: 'URLSession' has been explicitly marked unavailable here
/host/spi-builder-workspace/Sources/PindoKit/Core/HTTPTransport.swift:23:26: error: 'URLSession' is unavailable: This type has moved to the FoundationNetworking module. Import that module to use it.
21 |     ///
22 |     /// - Parameter session: The session used to perform requests.
23 |     public init(session: URLSession = .shared) {
   |                          `- error: 'URLSession' is unavailable: This type has moved to the FoundationNetworking module. Import that module to use it.
24 |         self.session = session
25 |     }
Foundation.URLSession:2:18: note: 'URLSession' has been explicitly marked unavailable here
1 | @available(*, unavailable, message: "This type has moved to the FoundationNetworking module. Import that module to use it.")
2 | public typealias URLSession = AnyObject
  |                  `- note: 'URLSession' has been explicitly marked unavailable here
/host/spi-builder-workspace/Sources/PindoKit/Core/HTTPTransport.swift:23:40: error: value of type '_' expected to be instance of class or class-constrained type
21 |     ///
22 |     /// - Parameter session: The session used to perform requests.
23 |     public init(session: URLSession = .shared) {
   |                                        `- error: value of type '_' expected to be instance of class or class-constrained type
24 |         self.session = session
25 |     }
/host/spi-builder-workspace/Sources/PindoKit/Core/HTTPTransport.swift:23:40: error: type 'URLSession' (aka 'AnyObject') has no member 'shared'
21 |     ///
22 |     /// - Parameter session: The session used to perform requests.
23 |     public init(session: URLSession = .shared) {
   |                                        `- error: type 'URLSession' (aka 'AnyObject') has no member 'shared'
24 |         self.session = session
25 |     }
/host/spi-builder-workspace/Sources/PindoKit/Core/HTTPTransport.swift:34:22: error: cannot find type 'URLRequest' in scope
32 |     ///   non-HTTP response, or an error produced by `URLSession`.
33 |     public func data(
34 |         for request: URLRequest
   |                      `- error: cannot find type 'URLRequest' in scope
35 |     ) async throws -> (Data, HTTPURLResponse) {
36 |         let (data, response) = try await session.data(for: request)
/host/spi-builder-workspace/Sources/PindoKit/Core/HTTPTransport.swift:35:30: error: 'HTTPURLResponse' is unavailable: This type has moved to the FoundationNetworking module. Import that module to use it.
33 |     public func data(
34 |         for request: URLRequest
35 |     ) async throws -> (Data, HTTPURLResponse) {
   |                              `- error: 'HTTPURLResponse' is unavailable: This type has moved to the FoundationNetworking module. Import that module to use it.
36 |         let (data, response) = try await session.data(for: request)
37 |         guard let response = response as? HTTPURLResponse else {
Foundation.HTTPURLResponse:2:18: note: 'HTTPURLResponse' has been explicitly marked unavailable here
1 | @available(*, unavailable, message: "This type has moved to the FoundationNetworking module. Import that module to use it.")
2 | public typealias HTTPURLResponse = AnyObject
  |                  `- note: 'HTTPURLResponse' has been explicitly marked unavailable here
/host/spi-builder-workspace/Sources/PindoKit/Core/HTTPTransport.swift:18:17: error: stored property 'session' of 'Sendable'-conforming struct 'URLSessionTransport' has non-Sendable type 'AnyObject'
16 | /// PindoKit's default URLSession-backed transport.
17 | public struct URLSessionTransport: HTTPTransport, Sendable {
18 |     private let session: URLSession
   |                 `- error: stored property 'session' of 'Sendable'-conforming struct 'URLSessionTransport' has non-Sendable type 'AnyObject'
19 |
20 |     /// Creates a transport backed by a URL session.
Failed frontend command:
/usr/bin/swift-frontend -frontend -emit-module -experimental-skip-non-inlinable-function-bodies-without-types /host/spi-builder-workspace/Sources/PindoKit/Core/HTTPTransport.swift /host/spi-builder-workspace/Sources/PindoKit/Core/PindoClient.swift /host/spi-builder-workspace/Sources/PindoKit/Core/PindoConfiguration.swift /host/spi-builder-workspace/Sources/PindoKit/Core/PindoCore.swift /host/spi-builder-workspace/Sources/PindoKit/Core/PindoEndpoint.swift /host/spi-builder-workspace/Sources/PindoKit/Core/PindoError.swift /host/spi-builder-workspace/Sources/PindoKit/Core/PindoValidation.swift /host/spi-builder-workspace/Sources/PindoKit/SMS/InboundModels.swift /host/spi-builder-workspace/Sources/PindoKit/SMS/SMSModels.swift /host/spi-builder-workspace/Sources/PindoKit/SMS/SMSService.swift /host/spi-builder-workspace/Sources/PindoKit/Verify/VerifyModels.swift /host/spi-builder-workspace/Sources/PindoKit/Verify/VerifyService.swift -target x86_64-unknown-linux-gnu -disable-objc-interop -I /host/spi-builder-workspace/.build/out/Products/Debug-linux-x86_64 -module-cache-path /host/spi-builder-workspace/.build/out/ModuleCache.noindex -color-diagnostics -Xcc -fcolor-diagnostics -enable-testing -g -debug-info-format\=dwarf -dwarf-version\=4 -swift-version 6 -Onone -D SWIFT_PACKAGE -D DEBUG -D SWIFT_MODULE_RESOURCE_BUNDLE_UNAVAILABLE -D Xcode -serialize-debugging-options -enable-experimental-feature DebugDescriptionMacro -empty-abi-descriptor -external-plugin-path /usr/lib/swift/host/plugins/testing\#/usr/bin/swift-plugin-server -validate-clang-modules-once -clang-build-session-file /host/spi-builder-workspace/.build/out/ModuleCache.noindex/Session.modulevalidation -Xcc -working-directory -Xcc /host -enable-anonymous-context-mangled-names -file-compilation-dir /host -Xcc -fno-omit-frame-pointer -Xcc -D_LIBCPP_HARDENING_MODE\=_LIBCPP_HARDENING_MODE_DEBUG -Xcc -fmodules-prune-interval\=86400 -Xcc -fmodules-prune-after\=345600 -Xcc -I/host/spi-builder-workspace/.build/out/Products/Debug-linux-x86_64/include -Xcc -I/host/spi-builder-workspace/.build/out/Intermediates.noindex/PindoKit.build/Debug-linux-x86_64/PindoKit-t.build/DerivedSources-normal/x86_64 -Xcc -I/host/spi-builder-workspace/.build/out/Intermediates.noindex/PindoKit.build/Debug-linux-x86_64/PindoKit-t.build/DerivedSources/x86_64 -Xcc -I/host/spi-builder-workspace/.build/out/Intermediates.noindex/PindoKit.build/Debug-linux-x86_64/PindoKit-t.build/DerivedSources -Xcc -DSWIFT_PACKAGE -Xcc -DDEBUG\=1 -no-auto-bridging-header-chaining -module-name PindoKit -package-name spi_builder_workspace -const-gather-protocols-file /host/spi-builder-workspace/.build/out/Intermediates.noindex/PindoKit.build/Debug-linux-x86_64/PindoKit-t.build/Objects-normal/x86_64/PindoKit_const_extract_protocols.json -in-process-plugin-server-path /usr/lib/swift/host/libSwiftInProcPluginServer.so -plugin-path /usr/lib/swift/host/plugins -plugin-path /usr/local/lib/swift/host/plugins -emit-module-doc-path /host/spi-builder-workspace/.build/out/Intermediates.noindex/PindoKit.build/Debug-linux-x86_64/PindoKit-t.build/Objects-normal/x86_64/Modules/PindoKit.swiftdoc -emit-module-source-info-path /host/spi-builder-workspace/.build/out/Intermediates.noindex/PindoKit.build/Debug-linux-x86_64/PindoKit-t.build/Objects-normal/x86_64/Modules/PindoKit.swiftsourceinfo -emit-objc-header-path /host/spi-builder-workspace/.build/out/Intermediates.noindex/PindoKit.build/Debug-linux-x86_64/PindoKit-t.build/Objects-normal/x86_64/PindoKit-Swift.h -serialize-diagnostics-path /host/spi-builder-workspace/.build/out/Intermediates.noindex/PindoKit.build/Debug-linux-x86_64/PindoKit-t.build/Objects-normal/x86_64/PindoKit-primary-emit-module.dia -emit-dependencies-path /host/spi-builder-workspace/.build/out/Intermediates.noindex/PindoKit.build/Debug-linux-x86_64/PindoKit-t.build/Objects-normal/x86_64/PindoKit-primary-emit-module.d -parse-as-library -o /host/spi-builder-workspace/.build/out/Intermediates.noindex/PindoKit.build/Debug-linux-x86_64/PindoKit-t.build/Objects-normal/x86_64/Modules/PindoKit.swiftmodule
[40 / 48] PindoKit
error: Build failed
BUILD FAILURE 6.4 linux