The Swift Package Index logo.Swift Package Index

Build Information

Failed to build Mechanica, reference master (076c43), with Swift 6.4 for Wasm on 18 Sep 2026 11:25:39 UTC.

Build Command

bash -c docker run --pull=always --rm -v "checkouts-53886770-0":/host -w "$PWD" -e JAVA_HOME="/root/.sdkman/candidates/java/current" -e SPI_BUILD="1" -e SPI_PROCESSING="1" registry.gitlab.com/saguaro1/spi-images:wasm-6.4-latest swift build --swift-sdk swift-6.4.x-DEVELOPMENT-SNAPSHOT-2026-09-04-a_wasm 2>&1

Build Log

========================================
RunAll
========================================
Builder version: 5.1.0
Interrupt handler set up.
========================================
Checkout
========================================
Clone URL: https://github.com/alemar11/Mechanica.git
Reference: master
Initialized empty Git repository in /host/spi-builder-workspace/.git/
hint: Using 'master' as the name for the initial branch. This default branch name
hint: is subject to change. To configure the initial branch name to use in all
hint: of your new repositories, which will suppress this warning, call:
hint:
hint: 	git config --global init.defaultBranch <name>
hint:
hint: Names commonly chosen instead of 'master' are 'main', 'trunk' and
hint: 'development'. The just-created branch can be renamed via this command:
hint:
hint: 	git branch -m <name>
From https://github.com/alemar11/Mechanica
 * branch            master     -> FETCH_HEAD
 * [new branch]      master     -> origin/master
HEAD is now at 076c436 Bump cocoapods-downloader from 1.1.3 to 1.6.3 (#72)
Cloned https://github.com/alemar11/Mechanica.git
Revision (git rev-parse @):
076c436ae3ec24af1861b656c0f660d1ca65426f
SUCCESS checkout https://github.com/alemar11/Mechanica.git at master
========================================
Build
========================================
Selected platform:         wasm
Swift version:             6.4
Building package at path:  $PWD
https://github.com/alemar11/Mechanica.git
Running build ...
bash -c docker run --pull=always --rm -v "checkouts-53886770-0":/host -w "$PWD" -e JAVA_HOME="/root/.sdkman/candidates/java/current" -e SPI_BUILD="1" -e SPI_PROCESSING="1" registry.gitlab.com/saguaro1/spi-images:wasm-6.4-latest swift build --swift-sdk swift-6.4.x-DEVELOPMENT-SNAPSHOT-2026-09-04-a_wasm 2>&1
wasm-6.4-latest: Pulling from saguaro1/spi-images
Digest: sha256:4328fdb43c680d205c1d6761b1e3267aa38277eefdda9ddfb17b6a0f1a77857a
Status: Image is up to date for registry.gitlab.com/saguaro1/spi-images:wasm-6.4-latest
warning: 'spi-builder-workspace': Invalid Exclude '/host/spi-builder-workspace/Sources/BundleInfoTests.swift': File not found.
warning: 'spi-builder-workspace': Invalid Exclude '/host/spi-builder-workspace/Sources/BundleInfoTests.swift': File not found.
Building for debugging...
[Planning deferred tasks]
error: SwiftCompile normal wasm32 failed with a nonzero exit code. Command line:     cd /host

/host/spi-builder-workspace/Sources/Foundation/Stat+Utils.swift:14:18: error: cannot find type 'stat' in scope
 12 | ///
 13 | /// The structure of the data returned by the functions `fstat()`, `lstat()`, and `stat()`.
 14 | typealias Stat = stat
    |                  `- error: cannot find type 'stat' in scope
 15 |
 16 | extension Stat {
/host/spi-builder-workspace/Sources/Foundation/URLRequest+Utils.swift:5:11: error: cannot find type 'URLRequest' in scope
  3 | import Foundation
  4 |
  5 | extension URLRequest {
    |           `- error: cannot find type 'URLRequest' in scope
  6 |   /// **Mechanica**
  7 |   ///
Failed frontend command:
/usr/bin/swift-frontend -frontend -emit-module -experimental-skip-non-inlinable-function-bodies-without-types /host/spi-builder-workspace/Sources/Foundation/Bundle+Info.swift /host/spi-builder-workspace/Sources/Foundation/Calendar+Utils.swift /host/spi-builder-workspace/Sources/Foundation/Data+Utils.swift /host/spi-builder-workspace/Sources/Foundation/Date+Utils.swift /host/spi-builder-workspace/Sources/Foundation/Dictionary+FoundationUtils.swift /host/spi-builder-workspace/Sources/Foundation/DispatchQueue+Utils.swift /host/spi-builder-workspace/Sources/Foundation/FileManager+Utils.swift /host/spi-builder-workspace/Sources/Foundation/FoundationUtils.swift /host/spi-builder-workspace/Sources/Foundation/Locale.swift /host/spi-builder-workspace/Sources/Foundation/NSAttributedString+Utils.swift /host/spi-builder-workspace/Sources/Foundation/NSMutableAttributedString+Utils.swift /host/spi-builder-workspace/Sources/Foundation/NSObjectProtocol+Utils.swift /host/spi-builder-workspace/Sources/Foundation/NSPredicate+Utils.swift /host/spi-builder-workspace/Sources/Foundation/ProcessInfo+Utils.swift /host/spi-builder-workspace/Sources/Foundation/Stat+Utils.swift /host/spi-builder-workspace/Sources/Foundation/String+FoundationUtils.swift /host/spi-builder-workspace/Sources/Foundation/URL+Utils.swift /host/spi-builder-workspace/Sources/Foundation/URLRequest+Utils.swift /host/spi-builder-workspace/Sources/Foundation/UserDefaults+Utils.swift /host/spi-builder-workspace/Sources/StandardLibrary/BinaryFloatingPoint+Utils.swift /host/spi-builder-workspace/Sources/StandardLibrary/BinaryInteger+Utils.swift /host/spi-builder-workspace/Sources/StandardLibrary/Bool+Utils.swift /host/spi-builder-workspace/Sources/StandardLibrary/Character+Utils.swift /host/spi-builder-workspace/Sources/StandardLibrary/Collection+Utils.swift /host/spi-builder-workspace/Sources/StandardLibrary/Dictionary+Utils.swift /host/spi-builder-workspace/Sources/StandardLibrary/FixedWidthInteger+Utils.swift /host/spi-builder-workspace/Sources/StandardLibrary/FloatingPoint+Utils.swift /host/spi-builder-workspace/Sources/StandardLibrary/Operators.swift /host/spi-builder-workspace/Sources/StandardLibrary/Optional+Utils.swift /host/spi-builder-workspace/Sources/StandardLibrary/RangeReplaceableCollection+Utils.swift /host/spi-builder-workspace/Sources/StandardLibrary/Sequence+Utils.swift /host/spi-builder-workspace/Sources/StandardLibrary/SignedInteger.swift /host/spi-builder-workspace/Sources/StandardLibrary/String+Utils.swift /host/spi-builder-workspace/Sources/StandardLibrary/Unicode+Utils.swift -target wasm32-unknown-wasip1 -disable-objc-interop -sdk /root/.swiftpm/swift-sdks/swift-6.4.x-DEVELOPMENT-SNAPSHOT-2026-09-04-a_wasm.artifactbundle/swift-6.4.x-DEVELOPMENT-SNAPSHOT-2026-09-04-a_wasm/wasm32-unknown-wasip1/WASI.sdk -sysroot /root/.swiftpm/swift-sdks/swift-6.4.x-DEVELOPMENT-SNAPSHOT-2026-09-04-a_wasm.artifactbundle/swift-6.4.x-DEVELOPMENT-SNAPSHOT-2026-09-04-a_wasm/wasm32-unknown-wasip1/WASI.sdk -I /host/spi-builder-workspace/.build/out/Products/Debug-webassembly-wasm32 -module-cache-path /host/spi-builder-workspace/.build/out/ModuleCache.noindex -color-diagnostics -Xcc -fcolor-diagnostics -enable-testing -g -debug-info-format\=dwarf -dwarf-version\=4 -swift-version 5 -Onone -D SWIFT_PACKAGE -D DEBUG -D SWIFT_MODULE_RESOURCE_BUNDLE_UNAVAILABLE -D Xcode -serialize-debugging-options -enable-experimental-feature DebugDescriptionMacro -empty-abi-descriptor -external-plugin-path /usr/lib/swift/host/plugins/testing\#/usr/bin/swift-plugin-server -validate-clang-modules-once -clang-build-session-file /host/spi-builder-workspace/.build/out/ModuleCache.noindex/Session.modulevalidation -Xcc -working-directory -Xcc /host -resource-dir /root/.swiftpm/swift-sdks/swift-6.4.x-DEVELOPMENT-SNAPSHOT-2026-09-04-a_wasm.artifactbundle/swift-6.4.x-DEVELOPMENT-SNAPSHOT-2026-09-04-a_wasm/wasm32-unknown-wasip1/swift.xctoolchain/usr/lib/swift_static -use-static-resource-dir -enable-anonymous-context-mangled-names -file-compilation-dir /host -Xcc -resource-dir -Xcc /root/.swiftpm/swift-sdks/swift-6.4.x-DEVELOPMENT-SNAPSHOT-2026-09-04-a_wasm.artifactbundle/swift-6.4.x-DEVELOPMENT-SNAPSHOT-2026-09-04-a_wasm/wasm32-unknown-wasip1/swift.xctoolchain/usr/lib/swift_static/clang -Xcc -D_LIBCPP_HARDENING_MODE\=_LIBCPP_HARDENING_MODE_DEBUG -Xcc -fmodules-prune-interval\=86400 -Xcc -fmodules-prune-after\=345600 -Xcc -I/host/spi-builder-workspace/.build/out/Products/Debug-webassembly-wasm32/include -Xcc -I/host/spi-builder-workspace/.build/out/Intermediates.noindex/Mechanica.build/Debug-webassembly-wasm32/Mechanica-t.build/DerivedSources-normal/wasm32 -Xcc -I/host/spi-builder-workspace/.build/out/Intermediates.noindex/Mechanica.build/Debug-webassembly-wasm32/Mechanica-t.build/DerivedSources/wasm32 -Xcc -I/host/spi-builder-workspace/.build/out/Intermediates.noindex/Mechanica.build/Debug-webassembly-wasm32/Mechanica-t.build/DerivedSources -Xcc -DSWIFT_PACKAGE -Xcc -DDEBUG\=1 -no-auto-bridging-header-chaining -module-name Mechanica -const-gather-protocols-file /host/spi-builder-workspace/.build/out/Intermediates.noindex/Mechanica.build/Debug-webassembly-wasm32/Mechanica-t.build/Objects-normal/wasm32/Mechanica_const_extract_protocols.json -in-process-plugin-server-path /usr/lib/swift/host/libSwiftInProcPluginServer.so -plugin-path /usr/lib/swift/host/plugins -plugin-path /usr/local/lib/swift/host/plugins -emit-module-doc-path /host/spi-builder-workspace/.build/out/Intermediates.noindex/Mechanica.build/Debug-webassembly-wasm32/Mechanica-t.build/Objects-normal/wasm32/Modules/Mechanica.swiftdoc -emit-module-source-info-path /host/spi-builder-workspace/.build/out/Intermediates.noindex/Mechanica.build/Debug-webassembly-wasm32/Mechanica-t.build/Objects-normal/wasm32/Modules/Mechanica.swiftsourceinfo -emit-objc-header-path /host/spi-builder-workspace/.build/out/Intermediates.noindex/Mechanica.build/Debug-webassembly-wasm32/Mechanica-t.build/Objects-normal/wasm32/Mechanica-Swift.h -serialize-diagnostics-path /host/spi-builder-workspace/.build/out/Intermediates.noindex/Mechanica.build/Debug-webassembly-wasm32/Mechanica-t.build/Objects-normal/wasm32/Mechanica-primary-emit-module.dia -emit-dependencies-path /host/spi-builder-workspace/.build/out/Intermediates.noindex/Mechanica.build/Debug-webassembly-wasm32/Mechanica-t.build/Objects-normal/wasm32/Mechanica-primary-emit-module.d -parse-as-library -o /host/spi-builder-workspace/.build/out/Intermediates.noindex/Mechanica.build/Debug-webassembly-wasm32/Mechanica-t.build/Objects-normal/wasm32/Modules/Mechanica.swiftmodule
[27 / 35] Mechanica
error: Build failed
BUILD FAILURE 6.4 wasm