The Swift Package Index logo.Swift Package Index

Build Information

Failed to build Checkpoint, reference master (bdaaa3), with Swift 6.4 for Android on 16 Sep 2026 03:02:26 UTC.

Build Command

bash -c docker run --pull=always --rm -v "checkouts-54344847-1":/host -w "$PWD" -e JAVA_HOME="/root/.sdkman/candidates/java/current" -e SPI_BUILD="1" -e SPI_PROCESSING="1" registry.gitlab.com/saguaro1/spi-images:android-6.4-latest swift build --swift-sdk aarch64-unknown-linux-android28 2>&1

Build Log

========================================
RunAll
========================================
Builder version: 5.1.0
Interrupt handler set up.
========================================
Checkout
========================================
Clone URL: https://github.com/vapor-community/checkpoint.git
Reference: master
Initialized empty Git repository in /host/spi-builder-workspace/.git/
hint: Using 'master' as the name for the initial branch. This default branch name
hint: is subject to change. To configure the initial branch name to use in all
hint: of your new repositories, which will suppress this warning, call:
hint:
hint: 	git config --global init.defaultBranch <name>
hint:
hint: Names commonly chosen instead of 'master' are 'main', 'trunk' and
hint: 'development'. The just-created branch can be renamed via this command:
hint:
hint: 	git branch -m <name>
From https://github.com/vapor-community/checkpoint
 * branch            master     -> FETCH_HEAD
 * [new branch]      master     -> origin/master
HEAD is now at bdaaa3b Update README.md
Cloned https://github.com/vapor-community/checkpoint.git
Revision (git rev-parse @):
bdaaa3bfb955997f88f8ad153db2ea145bf07198
SUCCESS checkout https://github.com/vapor-community/checkpoint.git at master
========================================
Build
========================================
Selected platform:         android
Swift version:             6.4
Building package at path:  $PWD
https://github.com/vapor-community/checkpoint.git
Running build ...
bash -c docker run --pull=always --rm -v "checkouts-54344847-1":/host -w "$PWD" -e JAVA_HOME="/root/.sdkman/candidates/java/current" -e SPI_BUILD="1" -e SPI_PROCESSING="1" registry.gitlab.com/saguaro1/spi-images:android-6.4-latest swift build --swift-sdk aarch64-unknown-linux-android28 2>&1
android-6.4-latest: Pulling from saguaro1/spi-images
Digest: sha256:abadcff584c273feba50641b454858d377ba30b35ea7287a94f45ebd8afd0ea0
Status: Image is up to date for registry.gitlab.com/saguaro1/spi-images:android-6.4-latest
Fetching https://github.com/AAAstorga/Menkyo.git
Fetching https://github.com/vapor/vapor.git
[1/73] Fetching menkyo
[74/81454] Fetching menkyo, vapor
Fetched https://github.com/AAAstorga/Menkyo.git (1.63s)
Fetched https://github.com/vapor/vapor.git (1.64s)
Computing version for https://github.com/AAAstorga/Menkyo.git
Computed https://github.com/AAAstorga/Menkyo.git at 1.2.5 (1.92s)
Fetching https://github.com/apple/swift-nio-ssl.git
[1/16064] Fetching swift-nio-ssl
Fetched https://github.com/apple/swift-nio-ssl.git (1.01s)
Computing version for https://github.com/apple/swift-nio-ssl.git
Computed https://github.com/apple/swift-nio-ssl.git at 1.4.0 (1.20s)
Fetching https://github.com/apple/swift-nio-ssl-support.git
Fetching https://github.com/apple/swift-nio.git
[1/16] Fetching swift-nio-ssl-support
[17/85963] Fetching swift-nio-ssl-support, swift-nio
Fetched https://github.com/apple/swift-nio-ssl-support.git (2.92s)
Fetched https://github.com/apple/swift-nio.git (2.96s)
Computing version for https://github.com/apple/swift-nio-ssl-support.git
Computed https://github.com/apple/swift-nio-ssl-support.git at 1.0.0 (3.15s)
Computing version for https://github.com/apple/swift-nio.git
Computed https://github.com/apple/swift-nio.git at 1.14.4 (0.22s)
Fetching https://github.com/apple/swift-nio-zlib-support.git
[1/15] Fetching swift-nio-zlib-support
Fetched https://github.com/apple/swift-nio-zlib-support.git (0.41s)
Computing version for https://github.com/apple/swift-nio-zlib-support.git
Computed https://github.com/apple/swift-nio-zlib-support.git at 1.0.0 (0.60s)
Computing version for https://github.com/vapor/vapor.git
Computed https://github.com/vapor/vapor.git at 3.3.3 (0.20s)
Fetching https://github.com/vapor/url-encoded-form.git
Fetching https://github.com/vapor/core.git
Fetching https://github.com/vapor/validation.git
Fetching https://github.com/vapor/service.git
Fetching https://github.com/vapor/websocket.git
Fetching https://github.com/vapor/template-kit.git
[1/381] Fetching url-encoded-form
[177/1300] Fetching url-encoded-form, service
[377/2582] Fetching url-encoded-form, service, template-kit
[646/3161] Fetching url-encoded-form, service, template-kit, validation
[3162/23304] Fetching url-encoded-form, service, template-kit, validation, core
Fetched https://github.com/vapor/validation.git (0.44s)
[2784/22725] Fetching url-encoded-form, service, template-kit, core
Fetching https://github.com/vapor/console.git
Fetched https://github.com/vapor/template-kit.git (0.45s)
Fetching https://github.com/vapor/routing.git
[1703/21443] Fetching url-encoded-form, service, core
Fetched https://github.com/vapor/url-encoded-form.git (0.80s)
Fetching https://github.com/vapor/crypto.git
Fetched https://github.com/vapor/core.git (0.80s)
Fetching https://github.com/vapor/database-kit.git
[1/6843] Fetching console
[5065/28393] Fetching console, routing
[7922/31063] Fetching console, routing, websocket
Fetched https://github.com/vapor/console.git (0.53s)
[7917/24220] Fetching routing, websocket
Fetching https://github.com/vapor/multipart.git
Fetched https://github.com/vapor/websocket.git (1.09s)
Fetched https://github.com/vapor/service.git (1.10s)
Fetching https://github.com/vapor/http.git
[16163/21550] Fetching routing
[21551/24336] Fetching routing, crypto
[23697/25517] Fetching routing, crypto, database-kit
Fetched https://github.com/vapor/database-kit.git (0.50s)
Fetched https://github.com/vapor/crypto.git (0.50s)
Fetched https://github.com/vapor/routing.git (0.91s)
[1/6278] Fetching multipart
[1634/31745] Fetching multipart, http
Fetched https://github.com/vapor/http.git (0.82s)
[1696/6278] Fetching multipart
Fetched https://github.com/vapor/multipart.git (1.09s)
Computing version for https://github.com/vapor/http.git
Computed https://github.com/vapor/http.git at 3.4.0 (2.26s)
Computing version for https://github.com/vapor/validation.git
Computed https://github.com/vapor/validation.git at 2.1.1 (0.19s)
Computing version for https://github.com/vapor/service.git
Computed https://github.com/vapor/service.git at 1.0.2 (0.18s)
Computing version for https://github.com/vapor/routing.git
Computed https://github.com/vapor/routing.git at 3.1.0 (0.19s)
Computing version for https://github.com/vapor/websocket.git
Computed https://github.com/vapor/websocket.git at 1.1.2 (0.19s)
Computing version for https://github.com/vapor/crypto.git
Computed https://github.com/vapor/crypto.git at 3.4.1 (0.18s)
Computing version for https://github.com/vapor/console.git
Computed https://github.com/vapor/console.git at 3.1.1 (0.19s)
Computing version for https://github.com/vapor/database-kit.git
Computed https://github.com/vapor/database-kit.git at 1.3.3 (0.19s)
Computing version for https://github.com/vapor/url-encoded-form.git
Computed https://github.com/vapor/url-encoded-form.git at 1.1.0 (0.19s)
Computing version for https://github.com/vapor/template-kit.git
Computed https://github.com/vapor/template-kit.git at 1.5.0 (0.19s)
Computing version for https://github.com/vapor/multipart.git
Computed https://github.com/vapor/multipart.git at 3.1.3 (0.19s)
Computing version for https://github.com/vapor/core.git
Computed https://github.com/vapor/core.git at 3.10.1 (0.19s)
Creating working copy for https://github.com/AAAstorga/Menkyo.git
Working copy of https://github.com/AAAstorga/Menkyo.git resolved at 1.2.5
Creating working copy for https://github.com/apple/swift-nio-ssl-support.git
Working copy of https://github.com/apple/swift-nio-ssl-support.git resolved at 1.0.0
Creating working copy for https://github.com/vapor/validation.git
Working copy of https://github.com/vapor/validation.git resolved at 2.1.1
Creating working copy for https://github.com/apple/swift-nio-zlib-support.git
Working copy of https://github.com/apple/swift-nio-zlib-support.git resolved at 1.0.0
Creating working copy for https://github.com/vapor/url-encoded-form.git
Working copy of https://github.com/vapor/url-encoded-form.git resolved at 1.1.0
Creating working copy for https://github.com/vapor/websocket.git
Working copy of https://github.com/vapor/websocket.git resolved at 1.1.2
Creating working copy for https://github.com/vapor/crypto.git
Working copy of https://github.com/vapor/crypto.git resolved at 3.4.1
Creating working copy for https://github.com/apple/swift-nio.git
Working copy of https://github.com/apple/swift-nio.git resolved at 1.14.4
Creating working copy for https://github.com/vapor/console.git
Working copy of https://github.com/vapor/console.git resolved at 3.1.1
Creating working copy for https://github.com/apple/swift-nio-ssl.git
Working copy of https://github.com/apple/swift-nio-ssl.git resolved at 1.4.0
Creating working copy for https://github.com/vapor/service.git
Working copy of https://github.com/vapor/service.git resolved at 1.0.2
Creating working copy for https://github.com/vapor/http.git
Working copy of https://github.com/vapor/http.git resolved at 3.4.0
Creating working copy for https://github.com/vapor/database-kit.git
Working copy of https://github.com/vapor/database-kit.git resolved at 1.3.3
Creating working copy for https://github.com/vapor/routing.git
Working copy of https://github.com/vapor/routing.git resolved at 3.1.0
Creating working copy for https://github.com/vapor/vapor.git
Working copy of https://github.com/vapor/vapor.git resolved at 3.3.3
Creating working copy for https://github.com/vapor/template-kit.git
Working copy of https://github.com/vapor/template-kit.git resolved at 1.5.0
Creating working copy for https://github.com/vapor/multipart.git
Working copy of https://github.com/vapor/multipart.git resolved at 3.1.3
Creating working copy for https://github.com/vapor/core.git
Working copy of https://github.com/vapor/core.git resolved at 3.10.1
warning: 'swift-nio-ssl-support': ignoring declared target(s) 'swift-nio-ssl-support' in the system package
warning: 'swift-nio-zlib-support': ignoring declared target(s) 'swift-nio-zlib-support' in the system package
warning: 'swift-nio-ssl-support': ignoring declared target(s) 'swift-nio-ssl-support' in the system package
warning: 'swift-nio-zlib-support': ignoring declared target(s) 'swift-nio-zlib-support' in the system package
warning: 'swift-nio-ssl-support': couldn't find pc file for openssl
Building for debugging...
[Computing dependencies]
[Constructing description]
[Pre-planning 1 / 1236]
[Planning deferred tasks]
[Starting]
[160 / 462] Crypto
In file included from /host/spi-builder-workspace/.build/checkouts/swift-nio-ssl/Sources/CNIOOpenSSL/shims.c:16:
/host/spi-builder-workspace/.build/checkouts/swift-nio-ssl/Sources/CNIOOpenSSL/include/c_nio_openssl.h:17:10: fatal error: 'openssl/conf.h' file not found
   17 | #include <openssl/conf.h>
      |          ^~~~~~~~~~~~~~~~
1 error generated.
error: CompileC /host/spi-builder-workspace/.build/out/Intermediates.noindex/swift-nio-ssl.build/Debug-android-aarch64/CNIOOpenSSL-t.build/Objects-normal/aarch64/shims.o /host/spi-builder-workspace/.build/checkouts/swift-nio-ssl/Sources/CNIOOpenSSL/shims.c normal aarch64 c com.apple.compilers.llvm.clang.1_0.compiler failed with a nonzero exit code. Command line:     cd /host

    Using response file: /host/spi-builder-workspace/.build/out/Intermediates.noindex/swift-nio-ssl.build/Debug-android-aarch64/CNIOOpenSSL-t.build/Objects-normal/aarch64/9f65232cb83f8421e3a495a5062eba382369c975104ee97bafc405ab795bfc5e-common-args.resp

    /root/.local/share/swiftly/toolchains/6.4.x-snapshot-2026-09-04/usr/bin/clang -x c -target aarch64-unknown-linux-android28 -fmessage-length\=0 -fdiagnostics-show-note-include-stack -fmacro-backtrace-limit\=0 -fcolor-diagnostics -Wno-trigraphs -Wno-missing-field-initializers -Wno-missing-prototypes -Wno-return-type -Wno-missing-braces -Wparentheses -Wswitch -Wno-unused-function -Wno-unused-label -Wno-unused-parameter -Wno-unused-variable -Wunused-value -Wno-empty-body -Wno-uninitialized -Wno-unknown-pragmas -w -Wno-shadow -Wno-four-char-constants -Wno-conversion -Wno-constant-conversion -Wno-int-conversion -Wno-bool-conversion -Wno-enum-conversion -Wno-float-conversion -Wno-non-literal-null-conversion -Wno-objc-literal-conversion -Wno-shorten-64-to-32 -Wpointer-sign -Wno-newline-eof -Wno-implicit-fallthrough -fstrict-aliasing -Wdeprecated-declarations -Wno-sign-conversion -Wno-infinite-recursion -Wno-comma -Wno-block-capture-autoreleasing -Wno-strict-prototypes -Wno-semicolon-before-method-body --sysroot /android-ndk/android-ndk-r27d/toolchains/llvm/prebuilt/linux-x86_64/sysroot @/host/spi-builder-workspace/.build/out/Intermediates.noindex/swift-nio-ssl.build/Debug-android-aarch64/CNIOOpenSSL-t.build/Objects-normal/aarch64/9f65232cb83f8421e3a495a5062eba382369c975104ee97bafc405ab795bfc5e-common-args.resp -MMD -MT dependencies -MF /host/spi-builder-workspace/.build/out/Intermediates.noindex/swift-nio-ssl.build/Debug-android-aarch64/CNIOOpenSSL-t.build/Objects-normal/aarch64/shims.d --serialize-diagnostics /host/spi-builder-workspace/.build/out/Intermediates.noindex/swift-nio-ssl.build/Debug-android-aarch64/CNIOOpenSSL-t.build/Objects-normal/aarch64/shims.dia -c /host/spi-builder-workspace/.build/checkouts/swift-nio-ssl/Sources/CNIOOpenSSL/shims.c -o /host/spi-builder-workspace/.build/out/Intermediates.noindex/swift-nio-ssl.build/Debug-android-aarch64/CNIOOpenSSL-t.build/Objects-normal/aarch64/shims.o
In file included from /host/spi-builder-workspace/.build/checkouts/swift-nio-ssl/Sources/CNIOOpenSSL/helpers.c:14:
/host/spi-builder-workspace/.build/checkouts/swift-nio-ssl/Sources/CNIOOpenSSL/include/c_nio_openssl.h:17:10: fatal error: 'openssl/conf.h' file not found
   17 | #include <openssl/conf.h>
      |          ^~~~~~~~~~~~~~~~
1 error generated.
error: CompileC /host/spi-builder-workspace/.build/out/Intermediates.noindex/swift-nio-ssl.build/Debug-android-aarch64/CNIOOpenSSL-t.build/Objects-normal/aarch64/helpers.o /host/spi-builder-workspace/.build/checkouts/swift-nio-ssl/Sources/CNIOOpenSSL/helpers.c normal aarch64 c com.apple.compilers.llvm.clang.1_0.compiler failed with a nonzero exit code. Command line:     cd /host

    Using response file: /host/spi-builder-workspace/.build/out/Intermediates.noindex/swift-nio-ssl.build/Debug-android-aarch64/CNIOOpenSSL-t.build/Objects-normal/aarch64/9f65232cb83f8421e3a495a5062eba382369c975104ee97bafc405ab795bfc5e-common-args.resp

    /root/.local/share/swiftly/toolchains/6.4.x-snapshot-2026-09-04/usr/bin/clang -x c -target aarch64-unknown-linux-android28 -fmessage-length\=0 -fdiagnostics-show-note-include-stack -fmacro-backtrace-limit\=0 -fcolor-diagnostics -Wno-trigraphs -Wno-missing-field-initializers -Wno-missing-prototypes -Wno-return-type -Wno-missing-braces -Wparentheses -Wswitch -Wno-unused-function -Wno-unused-label -Wno-unused-parameter -Wno-unused-variable -Wunused-value -Wno-empty-body -Wno-uninitialized -Wno-unknown-pragmas -w -Wno-shadow -Wno-four-char-constants -Wno-conversion -Wno-constant-conversion -Wno-int-conversion -Wno-bool-conversion -Wno-enum-conversion -Wno-float-conversion -Wno-non-literal-null-conversion -Wno-objc-literal-conversion -Wno-shorten-64-to-32 -Wpointer-sign -Wno-newline-eof -Wno-implicit-fallthrough -fstrict-aliasing -Wdeprecated-declarations -Wno-sign-conversion -Wno-infinite-recursion -Wno-comma -Wno-block-capture-autoreleasing -Wno-strict-prototypes -Wno-semicolon-before-method-body --sysroot /android-ndk/android-ndk-r27d/toolchains/llvm/prebuilt/linux-x86_64/sysroot @/host/spi-builder-workspace/.build/out/Intermediates.noindex/swift-nio-ssl.build/Debug-android-aarch64/CNIOOpenSSL-t.build/Objects-normal/aarch64/9f65232cb83f8421e3a495a5062eba382369c975104ee97bafc405ab795bfc5e-common-args.resp -MMD -MT dependencies -MF /host/spi-builder-workspace/.build/out/Intermediates.noindex/swift-nio-ssl.build/Debug-android-aarch64/CNIOOpenSSL-t.build/Objects-normal/aarch64/helpers.d --serialize-diagnostics /host/spi-builder-workspace/.build/out/Intermediates.noindex/swift-nio-ssl.build/Debug-android-aarch64/CNIOOpenSSL-t.build/Objects-normal/aarch64/helpers.dia -c /host/spi-builder-workspace/.build/checkouts/swift-nio-ssl/Sources/CNIOOpenSSL/helpers.c -o /host/spi-builder-workspace/.build/out/Intermediates.noindex/swift-nio-ssl.build/Debug-android-aarch64/CNIOOpenSSL-t.build/Objects-normal/aarch64/helpers.o
error: Build failed
BUILD FAILURE 6.4 android