Build Information
Failed to build LWFirstPod, reference 0.1.8 (d913b3), with Swift 6.4 for watchOS using Xcode 27.0 on 24 Sep 2026 09:37:13 UTC.
Build Command
env DEVELOPER_DIR=/Applications/Xcode-27.0.0-Release.Candidate.app xcrun xcodebuild -IDEClonedSourcePackagesDirPathOverride=$PWD/.dependencies -skipMacroValidation -skipPackagePluginValidation -derivedDataPath $PWD/.derivedData build -scheme LWFirstPod -destination generic/platform=watchOSBuild Log
========================================
RunAll
========================================
Builder version: 5.1.0
Interrupt handler set up.
========================================
Checkout
========================================
Clone URL: https://github.com/harshil-gandhi-us/LWFirstPod.git
Reference: 0.1.8
Initialized empty Git repository in /Users/admin/builder/spi-builder-workspace/.git/
From https://github.com/harshil-gandhi-us/LWFirstPod
* tag 0.1.8 -> FETCH_HEAD
HEAD is now at d913b3c Optimize the Code for Objetive c
Cloned https://github.com/harshil-gandhi-us/LWFirstPod.git
Revision (git rev-parse @):
d913b3c312cb98a192bc7b758cae501fd14ae78a
SUCCESS checkout https://github.com/harshil-gandhi-us/LWFirstPod.git at 0.1.8
========================================
Build
========================================
Selected platform: watchOS
Swift version: 6.4
Building package at path: $PWD
https://github.com/harshil-gandhi-us/LWFirstPod.git
Command line invocation:
/Applications/Xcode-27.0.0-Release.Candidate.app/Contents/Developer/usr/bin/xcodebuild -IDEClonedSourcePackagesDirPathOverride=/Users/admin/builder/spi-builder-workspace/.dependencies -resolvePackageDependencies
resolved source packages:
{
"dependencies" : [
{
"identity" : "reachability.swift",
"requirement" : {
"range" : [
{
"lower_bound" : "5.1.0",
"upper_bound" : "6.0.0"
}
]
},
"type" : "sourceControl",
"url" : "https://github.com/ashleymills/Reachability.swift"
}
],
"manifest_display_name" : "LWFirstPod",
"name" : "LWFirstPod",
"path" : "/Users/admin/builder/spi-builder-workspace",
"platforms" : [
{
"name" : "ios",
"version" : "13.0"
}
],
"products" : [
{
"name" : "LWFirstPod",
"targets" : [
"LWFirstPod",
"LWFirstPodObjC"
],
"type" : {
"library" : [
"automatic"
]
}
}
],
"targets" : [
{
"c99name" : "LWFirstPodTests",
"module_type" : "SwiftTarget",
"name" : "LWFirstPodTests",
"path" : "Example/Tests",
"sources" : [
"Tests.swift"
],
"target_dependencies" : [
"LWFirstPod"
],
"type" : "test"
},
{
"c99name" : "LWFirstPodObjC",
"module_type" : "ClangTarget",
"name" : "LWFirstPodObjC",
"path" : "LWFirstPod/ObjCBridge",
"product_memberships" : [
"LWFirstPod"
],
"sources" : [
"LWFirstPodObjC.m"
],
"target_dependencies" : [
"LWFirstPod"
],
"type" : "library"
},
{
"c99name" : "LWFirstPod",
"module_type" : "SwiftTarget",
"name" : "LWFirstPod",
"path" : "LWFirstPod/Classes",
"product_dependencies" : [
"Reachability"
],
"product_memberships" : [
"LWFirstPod"
],
"sources" : [
"LWDeviceInfo.swift"
],
"type" : "library"
}
],
"tools_version" : "5.5"
}
{
"project" : {
"configurations" : [
"Debug",
"Release"
],
"name" : "Pods",
"schemes" : [
"LWFirstPod",
"Pods-LWFirstPod_Example",
"Pods-LWFirstPod_Tests",
"ReachabilitySwift",
"ReachabilitySwift-ReachabilitySwift"
],
"targets" : [
"LWFirstPod",
"Pods-LWFirstPod_Example",
"Pods-LWFirstPod_Tests",
"ReachabilitySwift",
"ReachabilitySwift-ReachabilitySwift"
]
}
}
{
"workspace" : {
"name" : "LWFirstPod",
"schemes" : [
"LWFirstPod"
]
}
}
2026-09-24 05:37:05.031 xcodebuild[622:3888] [MT] IDERunDestination: Supported platforms for the buildables in the current scheme is empty.
Running build ...
env DEVELOPER_DIR=/Applications/Xcode-27.0.0-Release.Candidate.app xcrun xcodebuild -IDEClonedSourcePackagesDirPathOverride=$PWD/.dependencies -skipMacroValidation -skipPackagePluginValidation -derivedDataPath $PWD/.derivedData build -scheme LWFirstPod -destination generic/platform=watchOS
Command line invocation:
/Applications/Xcode-27.0.0-Release.Candidate.app/Contents/Developer/usr/bin/xcodebuild -IDEClonedSourcePackagesDirPathOverride=/Users/admin/builder/spi-builder-workspace/.dependencies -skipMacroValidation -skipPackagePluginValidation -derivedDataPath /Users/admin/builder/spi-builder-workspace/.derivedData build -scheme LWFirstPod -destination generic/platform=watchOS
Resolve Package Graph
Resolve Package Graph
Resolved source packages:
Reachability: https://github.com/ashleymills/Reachability.swift @ 5.2.4
LWFirstPod: /Users/admin/builder/spi-builder-workspace
ComputePackagePrebuildTargetDependencyGraph
Prepare packages
CreateBuildRequest
SendProjectDescription
CreateBuildOperation
ComputeTargetDependencyGraph
note: Building targets in dependency order
note: Target dependency graph (6 targets)
Target 'LWFirstPod-product' in project 'LWFirstPod'
➜ Explicit dependency on target 'LWFirstPod' in project 'LWFirstPod'
➜ Explicit dependency on target 'LWFirstPodObjC' in project 'LWFirstPod'
➜ Explicit dependency on target 'Reachability-product' in project 'Reachability'
Target 'LWFirstPodObjC' in project 'LWFirstPod'
➜ Explicit dependency on target 'LWFirstPod' in project 'LWFirstPod'
➜ Explicit dependency on target 'Reachability-product' in project 'Reachability'
Target 'LWFirstPod' in project 'LWFirstPod'
➜ Explicit dependency on target 'Reachability-product' in project 'Reachability'
Target 'Reachability-product' in project 'Reachability'
➜ Explicit dependency on target 'Reachability' in project 'Reachability'
➜ Explicit dependency on target 'Reachability_Reachability' in project 'Reachability'
Target 'Reachability' in project 'Reachability'
➜ Explicit dependency on target 'Reachability_Reachability' in project 'Reachability'
Target 'Reachability_Reachability' in project 'Reachability' (no dependencies)
GatherProvisioningInputs
CreateBuildDescription
ExecuteExternalTool /Applications/Xcode-27.0.0-Release.Candidate.app/Contents/Developer/Toolchains/XcodeDefault.xctoolchain/usr/bin/clang -v -E -dM -arch arm64 -isysroot /Applications/Xcode-27.0.0-Release.Candidate.app/Contents/Developer/Platforms/WatchOS.platform/Developer/SDKs/WatchOS27.0.sdk -x objective-c -c /dev/null
ExecuteExternalTool /Applications/Xcode-27.0.0-Release.Candidate.app/Contents/Developer/Toolchains/XcodeDefault.xctoolchain/usr/bin/swiftc --version
ExecuteExternalTool /Applications/Xcode-27.0.0-Release.Candidate.app/Contents/Developer/Toolchains/XcodeDefault.xctoolchain/usr/bin/clang -v -E -dM -isysroot /Applications/Xcode-27.0.0-Release.Candidate.app/Contents/Developer/Platforms/WatchOS.platform/Developer/SDKs/WatchOS27.0.sdk -x c -c /dev/null
ExecuteExternalTool /Applications/Xcode-27.0.0-Release.Candidate.app/Contents/Developer/Toolchains/XcodeDefault.xctoolchain/usr/bin/clang -v -E -dM -arch arm64 -isysroot /Applications/Xcode-27.0.0-Release.Candidate.app/Contents/Developer/Platforms/WatchOS.platform/Developer/SDKs/WatchOS27.0.sdk -x c -c /dev/null
ExecuteExternalTool /Applications/Xcode-27.0.0-Release.Candidate.app/Contents/Developer/Toolchains/XcodeDefault.xctoolchain/usr/bin/ld -version_details
ExecuteExternalTool /Applications/Xcode-27.0.0-Release.Candidate.app/Contents/Developer/Toolchains/XcodeDefault.xctoolchain/usr/bin/clang -v -E -dM -arch arm64_32 -isysroot /Applications/Xcode-27.0.0-Release.Candidate.app/Contents/Developer/Platforms/WatchOS.platform/Developer/SDKs/WatchOS27.0.sdk -x objective-c -c /dev/null
ExecuteExternalTool /Applications/Xcode-27.0.0-Release.Candidate.app/Contents/Developer/Toolchains/XcodeDefault.xctoolchain/usr/bin/clang -v -E -dM -arch arm64_32 -isysroot /Applications/Xcode-27.0.0-Release.Candidate.app/Contents/Developer/Platforms/WatchOS.platform/Developer/SDKs/WatchOS27.0.sdk -x c -c /dev/null
Build description signature: 740d526c80bd9fdbf1bc19e3ac8daa15
Build description path: /Users/admin/builder/spi-builder-workspace/.derivedData/Build/Intermediates.noindex/XCBuildData/740d526c80bd9fdbf1bc19e3ac8daa15.xcbuilddata
CreateBuildDirectory /Users/admin/builder/spi-builder-workspace/.derivedData/SDKExplicitPrecompiledModules
cd /Users/admin/builder/spi-builder-workspace/.swiftpm/xcode
builtin-create-build-directory /Users/admin/builder/spi-builder-workspace/.derivedData/SDKExplicitPrecompiledModules
CreateBuildDirectory /Users/admin/builder/spi-builder-workspace/.derivedData/ModuleCache.noindex
cd /Users/admin/builder/spi-builder-workspace/.swiftpm/xcode
builtin-create-build-directory /Users/admin/builder/spi-builder-workspace/.derivedData/ModuleCache.noindex
CreateBuildDirectory /Users/admin/builder/spi-builder-workspace/.derivedData/Build/Products
cd /Users/admin/builder/spi-builder-workspace/.swiftpm/xcode
builtin-create-build-directory /Users/admin/builder/spi-builder-workspace/.derivedData/Build/Products
CreateBuildDirectory /Users/admin/builder/spi-builder-workspace/.derivedData/Build/Intermediates.noindex
cd /Users/admin/builder/spi-builder-workspace/.swiftpm/xcode
builtin-create-build-directory /Users/admin/builder/spi-builder-workspace/.derivedData/Build/Intermediates.noindex
CreateBuildDirectory /Users/admin/builder/spi-builder-workspace/.derivedData/CompilationCache.noindex
cd /Users/admin/builder/spi-builder-workspace/.swiftpm/xcode
builtin-create-build-directory /Users/admin/builder/spi-builder-workspace/.derivedData/CompilationCache.noindex
ClangStatCache /Applications/Xcode-27.0.0-Release.Candidate.app/Contents/Developer/Toolchains/XcodeDefault.xctoolchain/usr/bin/clang-stat-cache /Applications/Xcode-27.0.0-Release.Candidate.app/Contents/Developer/Platforms/WatchOS.platform/Developer/SDKs/WatchOS27.0.sdk /Users/admin/builder/spi-builder-workspace/.derivedData/SDKStatCaches.noindex/watchos27.0-24R360-e829b21a6f8c9b70876ba0858053c04477534ef55a1706bf4c1112bbb242f0a2.sdkstatcache
cd /Users/admin/builder/spi-builder-workspace/.swiftpm/xcode
/Applications/Xcode-27.0.0-Release.Candidate.app/Contents/Developer/Toolchains/XcodeDefault.xctoolchain/usr/bin/clang-stat-cache /Applications/Xcode-27.0.0-Release.Candidate.app/Contents/Developer/Platforms/WatchOS.platform/Developer/SDKs/WatchOS27.0.sdk -o /Users/admin/builder/spi-builder-workspace/.derivedData/SDKStatCaches.noindex/watchos27.0-24R360-e829b21a6f8c9b70876ba0858053c04477534ef55a1706bf4c1112bbb242f0a2.sdkstatcache
CreateBuildDirectory /Users/admin/builder/spi-builder-workspace/.derivedData/Build/Intermediates.noindex/PrecompiledHeaders
cd /Users/admin/builder/spi-builder-workspace/.swiftpm/xcode
builtin-create-build-directory /Users/admin/builder/spi-builder-workspace/.derivedData/Build/Intermediates.noindex/PrecompiledHeaders
CreateBuildDirectory /Users/admin/builder/spi-builder-workspace/.derivedData/Build/Intermediates.noindex/SwiftExplicitPrecompiledModules
cd /Users/admin/builder/spi-builder-workspace/.swiftpm/xcode
builtin-create-build-directory /Users/admin/builder/spi-builder-workspace/.derivedData/Build/Intermediates.noindex/SwiftExplicitPrecompiledModules
CreateBuildDirectory /Users/admin/builder/spi-builder-workspace/.derivedData/Build/Products/Debug-watchos
cd /Users/admin/builder/spi-builder-workspace/.swiftpm/xcode
builtin-create-build-directory /Users/admin/builder/spi-builder-workspace/.derivedData/Build/Products/Debug-watchos
CreateBuildDirectory /Users/admin/builder/spi-builder-workspace/.derivedData/Build/Intermediates.noindex/ExplicitPrecompiledModules
cd /Users/admin/builder/spi-builder-workspace/.swiftpm/xcode
builtin-create-build-directory /Users/admin/builder/spi-builder-workspace/.derivedData/Build/Intermediates.noindex/ExplicitPrecompiledModules
CreateBuildDirectory /Users/admin/builder/spi-builder-workspace/.derivedData/Build/Intermediates.noindex/EagerLinkingTBDs/Debug-watchos
cd /Users/admin/builder/spi-builder-workspace/.swiftpm/xcode
builtin-create-build-directory /Users/admin/builder/spi-builder-workspace/.derivedData/Build/Intermediates.noindex/EagerLinkingTBDs/Debug-watchos
CreateBuildDirectory /Users/admin/builder/spi-builder-workspace/.derivedData/Build/Products/Debug-watchos/PackageFrameworks
cd /Users/admin/builder/spi-builder-workspace/.swiftpm/xcode
builtin-create-build-directory /Users/admin/builder/spi-builder-workspace/.derivedData/Build/Products/Debug-watchos/PackageFrameworks
MkDir /Users/admin/builder/spi-builder-workspace/.derivedData/Build/Products/Debug-watchos/Reachability_Reachability.bundle (in target 'Reachability_Reachability' from project 'Reachability')
cd /Users/admin/builder/spi-builder-workspace/.dependencies/checkouts/Reachability.swift
/bin/mkdir -p /Users/admin/builder/spi-builder-workspace/.derivedData/Build/Products/Debug-watchos/Reachability_Reachability.bundle
WriteAuxiliaryFile /Users/admin/builder/spi-builder-workspace/.derivedData/Build/Intermediates.noindex/Reachability.build/Debug-watchos/Reachability-t.build/Reachability.DependencyStaticMetadataFileList (in target 'Reachability' from project 'Reachability')
cd /Users/admin/builder/spi-builder-workspace/.dependencies/checkouts/Reachability.swift
write-file /Users/admin/builder/spi-builder-workspace/.derivedData/Build/Intermediates.noindex/Reachability.build/Debug-watchos/Reachability-t.build/Reachability.DependencyStaticMetadataFileList
WriteAuxiliaryFile /Users/admin/builder/spi-builder-workspace/.derivedData/Build/Intermediates.noindex/Reachability.build/Debug-watchos/Reachability-t.build/Reachability.DependencyMetadataFileList (in target 'Reachability' from project 'Reachability')
cd /Users/admin/builder/spi-builder-workspace/.dependencies/checkouts/Reachability.swift
write-file /Users/admin/builder/spi-builder-workspace/.derivedData/Build/Intermediates.noindex/Reachability.build/Debug-watchos/Reachability-t.build/Reachability.DependencyMetadataFileList
WriteAuxiliaryFile /Users/admin/builder/spi-builder-workspace/.derivedData/Build/Intermediates.noindex/Reachability.build/Debug-watchos/Reachability_Reachability-b.build/Reachability_Reachability.DependencyMetadataFileList (in target 'Reachability_Reachability' from project 'Reachability')
cd /Users/admin/builder/spi-builder-workspace/.dependencies/checkouts/Reachability.swift
write-file /Users/admin/builder/spi-builder-workspace/.derivedData/Build/Intermediates.noindex/Reachability.build/Debug-watchos/Reachability_Reachability-b.build/Reachability_Reachability.DependencyMetadataFileList
WriteAuxiliaryFile /Users/admin/builder/spi-builder-workspace/.derivedData/Build/Intermediates.noindex/Reachability.build/Debug-watchos/Reachability_Reachability-b.build/empty-Reachability_Reachability.plist (in target 'Reachability_Reachability' from project 'Reachability')
cd /Users/admin/builder/spi-builder-workspace/.dependencies/checkouts/Reachability.swift
write-file /Users/admin/builder/spi-builder-workspace/.derivedData/Build/Intermediates.noindex/Reachability.build/Debug-watchos/Reachability_Reachability-b.build/empty-Reachability_Reachability.plist
WriteAuxiliaryFile /Users/admin/builder/spi-builder-workspace/.derivedData/Build/Intermediates.noindex/Reachability.build/Debug-watchos/Reachability-t.build/Reachability.modulemap (in target 'Reachability' from project 'Reachability')
cd /Users/admin/builder/spi-builder-workspace/.dependencies/checkouts/Reachability.swift
write-file /Users/admin/builder/spi-builder-workspace/.derivedData/Build/Intermediates.noindex/Reachability.build/Debug-watchos/Reachability-t.build/Reachability.modulemap
WriteAuxiliaryFile /Users/admin/builder/spi-builder-workspace/.derivedData/Build/Intermediates.noindex/Reachability.build/Debug-watchos/Reachability_Reachability-b.build/Reachability_Reachability.DependencyStaticMetadataFileList (in target 'Reachability_Reachability' from project 'Reachability')
cd /Users/admin/builder/spi-builder-workspace/.dependencies/checkouts/Reachability.swift
write-file /Users/admin/builder/spi-builder-workspace/.derivedData/Build/Intermediates.noindex/Reachability.build/Debug-watchos/Reachability_Reachability-b.build/Reachability_Reachability.DependencyStaticMetadataFileList
WriteAuxiliaryFile /Users/admin/builder/spi-builder-workspace/.derivedData/Build/Intermediates.noindex/Reachability.build/Debug-watchos/Reachability-t.build/Objects-normal/arm64_32/Reachability.SwiftFileList (in target 'Reachability' from project 'Reachability')
cd /Users/admin/builder/spi-builder-workspace/.dependencies/checkouts/Reachability.swift
write-file /Users/admin/builder/spi-builder-workspace/.derivedData/Build/Intermediates.noindex/Reachability.build/Debug-watchos/Reachability-t.build/Objects-normal/arm64_32/Reachability.SwiftFileList
WriteAuxiliaryFile /Users/admin/builder/spi-builder-workspace/.derivedData/Build/Intermediates.noindex/Reachability.build/Debug-watchos/Reachability-t.build/Objects-normal/arm64_32/Reachability.SwiftConstValuesFileList (in target 'Reachability' from project 'Reachability')
cd /Users/admin/builder/spi-builder-workspace/.dependencies/checkouts/Reachability.swift
write-file /Users/admin/builder/spi-builder-workspace/.derivedData/Build/Intermediates.noindex/Reachability.build/Debug-watchos/Reachability-t.build/Objects-normal/arm64_32/Reachability.SwiftConstValuesFileList
WriteAuxiliaryFile /Users/admin/builder/spi-builder-workspace/.derivedData/Build/Intermediates.noindex/Reachability.build/Debug-watchos/Reachability-t.build/Objects-normal/arm64_32/Reachability_const_extract_protocols.json (in target 'Reachability' from project 'Reachability')
cd /Users/admin/builder/spi-builder-workspace/.dependencies/checkouts/Reachability.swift
write-file /Users/admin/builder/spi-builder-workspace/.derivedData/Build/Intermediates.noindex/Reachability.build/Debug-watchos/Reachability-t.build/Objects-normal/arm64_32/Reachability_const_extract_protocols.json
WriteAuxiliaryFile /Users/admin/builder/spi-builder-workspace/.derivedData/Build/Intermediates.noindex/Reachability.build/Debug-watchos/Reachability-t.build/Objects-normal/arm64_32/Reachability.LinkFileList (in target 'Reachability' from project 'Reachability')
cd /Users/admin/builder/spi-builder-workspace/.dependencies/checkouts/Reachability.swift
write-file /Users/admin/builder/spi-builder-workspace/.derivedData/Build/Intermediates.noindex/Reachability.build/Debug-watchos/Reachability-t.build/Objects-normal/arm64_32/Reachability.LinkFileList
WriteAuxiliaryFile /Users/admin/builder/spi-builder-workspace/.derivedData/Build/Intermediates.noindex/Reachability.build/Debug-watchos/Reachability-t.build/Objects-normal/arm64_32/Reachability-OutputFileMap.json (in target 'Reachability' from project 'Reachability')
cd /Users/admin/builder/spi-builder-workspace/.dependencies/checkouts/Reachability.swift
write-file /Users/admin/builder/spi-builder-workspace/.derivedData/Build/Intermediates.noindex/Reachability.build/Debug-watchos/Reachability-t.build/Objects-normal/arm64_32/Reachability-OutputFileMap.json
WriteAuxiliaryFile /Users/admin/builder/spi-builder-workspace/.derivedData/Build/Intermediates.noindex/Reachability.build/Debug-watchos/Reachability-t.build/Objects-normal/arm64/Reachability.LinkFileList (in target 'Reachability' from project 'Reachability')
cd /Users/admin/builder/spi-builder-workspace/.dependencies/checkouts/Reachability.swift
write-file /Users/admin/builder/spi-builder-workspace/.derivedData/Build/Intermediates.noindex/Reachability.build/Debug-watchos/Reachability-t.build/Objects-normal/arm64/Reachability.LinkFileList
WriteAuxiliaryFile /Users/admin/builder/spi-builder-workspace/.derivedData/Build/Intermediates.noindex/Reachability.build/Debug-watchos/Reachability-t.build/Objects-normal/arm64/Reachability_const_extract_protocols.json (in target 'Reachability' from project 'Reachability')
cd /Users/admin/builder/spi-builder-workspace/.dependencies/checkouts/Reachability.swift
write-file /Users/admin/builder/spi-builder-workspace/.derivedData/Build/Intermediates.noindex/Reachability.build/Debug-watchos/Reachability-t.build/Objects-normal/arm64/Reachability_const_extract_protocols.json
WriteAuxiliaryFile /Users/admin/builder/spi-builder-workspace/.derivedData/Build/Intermediates.noindex/Reachability.build/Debug-watchos/Reachability-t.build/Objects-normal/arm64/Reachability.SwiftFileList (in target 'Reachability' from project 'Reachability')
cd /Users/admin/builder/spi-builder-workspace/.dependencies/checkouts/Reachability.swift
write-file /Users/admin/builder/spi-builder-workspace/.derivedData/Build/Intermediates.noindex/Reachability.build/Debug-watchos/Reachability-t.build/Objects-normal/arm64/Reachability.SwiftFileList
WriteAuxiliaryFile /Users/admin/builder/spi-builder-workspace/.derivedData/Build/Intermediates.noindex/Reachability.build/Debug-watchos/Reachability-t.build/Objects-normal/arm64/Reachability.SwiftConstValuesFileList (in target 'Reachability' from project 'Reachability')
cd /Users/admin/builder/spi-builder-workspace/.dependencies/checkouts/Reachability.swift
write-file /Users/admin/builder/spi-builder-workspace/.derivedData/Build/Intermediates.noindex/Reachability.build/Debug-watchos/Reachability-t.build/Objects-normal/arm64/Reachability.SwiftConstValuesFileList
WriteAuxiliaryFile /Users/admin/builder/spi-builder-workspace/.derivedData/Build/Intermediates.noindex/Reachability.build/Debug-watchos/Reachability-t.build/Objects-normal/arm64/Reachability-OutputFileMap.json (in target 'Reachability' from project 'Reachability')
cd /Users/admin/builder/spi-builder-workspace/.dependencies/checkouts/Reachability.swift
write-file /Users/admin/builder/spi-builder-workspace/.derivedData/Build/Intermediates.noindex/Reachability.build/Debug-watchos/Reachability-t.build/Objects-normal/arm64/Reachability-OutputFileMap.json
Copy /Users/admin/builder/spi-builder-workspace/.derivedData/Build/Intermediates.noindex/GeneratedModuleMaps-watchos/Reachability.modulemap /Users/admin/builder/spi-builder-workspace/.derivedData/Build/Intermediates.noindex/Reachability.build/Debug-watchos/Reachability-t.build/Reachability.modulemap (in target 'Reachability' from project 'Reachability')
cd /Users/admin/builder/spi-builder-workspace/.dependencies/checkouts/Reachability.swift
builtin-copy -exclude .DS_Store -exclude CVS -exclude .svn -exclude .git -exclude .hg -resolve-src-symlinks /Users/admin/builder/spi-builder-workspace/.derivedData/Build/Intermediates.noindex/Reachability.build/Debug-watchos/Reachability-t.build/Reachability.modulemap /Users/admin/builder/spi-builder-workspace/.derivedData/Build/Intermediates.noindex/GeneratedModuleMaps-watchos
WriteAuxiliaryFile /Users/admin/builder/spi-builder-workspace/.derivedData/Build/Intermediates.noindex/Reachability.build/Debug-watchos/Reachability-t.build/DerivedSources/resource_bundle_accessor.swift (in target 'Reachability' from project 'Reachability')
cd /Users/admin/builder/spi-builder-workspace/.dependencies/checkouts/Reachability.swift
write-file /Users/admin/builder/spi-builder-workspace/.derivedData/Build/Intermediates.noindex/Reachability.build/Debug-watchos/Reachability-t.build/DerivedSources/resource_bundle_accessor.swift
WriteAuxiliaryFile /Users/admin/builder/spi-builder-workspace/.derivedData/Build/Intermediates.noindex/LWFirstPod.build/Debug-watchos/LWFirstPodObjC-t.build/Objects-normal/arm64_32/LWFirstPodObjC.LinkFileList (in target 'LWFirstPodObjC' from project 'LWFirstPod')
cd /Users/admin/builder/spi-builder-workspace
write-file /Users/admin/builder/spi-builder-workspace/.derivedData/Build/Intermediates.noindex/LWFirstPod.build/Debug-watchos/LWFirstPodObjC-t.build/Objects-normal/arm64_32/LWFirstPodObjC.LinkFileList
WriteAuxiliaryFile /Users/admin/builder/spi-builder-workspace/.derivedData/Build/Intermediates.noindex/LWFirstPod.build/Debug-watchos/LWFirstPodObjC-t.build/Objects-normal/arm64_32/e6072d4f65d7061329687fe24e3d63a7-common-args.resp (in target 'LWFirstPodObjC' from project 'LWFirstPod')
cd /Users/admin/builder/spi-builder-workspace
write-file /Users/admin/builder/spi-builder-workspace/.derivedData/Build/Intermediates.noindex/LWFirstPod.build/Debug-watchos/LWFirstPodObjC-t.build/Objects-normal/arm64_32/e6072d4f65d7061329687fe24e3d63a7-common-args.resp
-fobjc-arc -fmodules -gmodules '-fmodules-cache-path=/Users/admin/builder/spi-builder-workspace/.derivedData/ModuleCache.noindex' '-fmodule-name=LWFirstPodObjC' -fpascal-strings -O0 -DSWIFT_PACKAGE '-DDEBUG=1' '-DOBJC_OLD_DISPATCH_PROTOTYPES=1' -g -fprofile-instr-generate -fcoverage-mapping -I/Users/admin/builder/spi-builder-workspace/.derivedData/Build/Products/Debug-watchos/include -I/Users/admin/builder/spi-builder-workspace/LWFirstPod/ObjCBridge -I/Users/admin/builder/spi-builder-workspace/.derivedData/Build/Intermediates.noindex/LWFirstPod.build/Debug-watchos/LWFirstPodObjC-t.build/DerivedSources-normal/arm64_32 -I/Users/admin/builder/spi-builder-workspace/.derivedData/Build/Intermediates.noindex/LWFirstPod.build/Debug-watchos/LWFirstPodObjC-t.build/DerivedSources/arm64_32 -I/Users/admin/builder/spi-builder-workspace/.derivedData/Build/Intermediates.noindex/LWFirstPod.build/Debug-watchos/LWFirstPodObjC-t.build/DerivedSources -F/Users/admin/builder/spi-builder-workspace/.derivedData/Build/Products/Debug-watchos/PackageFrameworks -F/Users/admin/builder/spi-builder-workspace/.derivedData/Build/Products/Debug-watchos -iframework /Applications/Xcode-27.0.0-Release.Candidate.app/Contents/Developer/Platforms/WatchOS.platform/Developer/Library/Frameworks -iframework /Applications/Xcode-27.0.0-Release.Candidate.app/Contents/Developer/Platforms/WatchOS.platform/Developer/SDKs/WatchOS27.0.sdk/Developer/Library/Frameworks '-fmodule-map-file=/Users/admin/builder/spi-builder-workspace/.derivedData/Build/Intermediates.noindex/GeneratedModuleMaps-watchos/Reachability.modulemap' '-fmodule-map-file=/Users/admin/builder/spi-builder-workspace/.derivedData/Build/Intermediates.noindex/GeneratedModuleMaps-watchos/LWFirstPod.modulemap' -DXcode
WriteAuxiliaryFile /Users/admin/builder/spi-builder-workspace/.derivedData/Build/Intermediates.noindex/LWFirstPod.build/Debug-watchos/LWFirstPodObjC-t.build/Objects-normal/arm64/e6072d4f65d7061329687fe24e3d63a7-common-args.resp (in target 'LWFirstPodObjC' from project 'LWFirstPod')
cd /Users/admin/builder/spi-builder-workspace
write-file /Users/admin/builder/spi-builder-workspace/.derivedData/Build/Intermediates.noindex/LWFirstPod.build/Debug-watchos/LWFirstPodObjC-t.build/Objects-normal/arm64/e6072d4f65d7061329687fe24e3d63a7-common-args.resp
-fobjc-arc -fmodules -gmodules '-fmodules-cache-path=/Users/admin/builder/spi-builder-workspace/.derivedData/ModuleCache.noindex' '-fmodule-name=LWFirstPodObjC' -fpascal-strings -O0 -DSWIFT_PACKAGE '-DDEBUG=1' '-DOBJC_OLD_DISPATCH_PROTOTYPES=1' -g -fprofile-instr-generate -fcoverage-mapping -I/Users/admin/builder/spi-builder-workspace/.derivedData/Build/Products/Debug-watchos/include -I/Users/admin/builder/spi-builder-workspace/LWFirstPod/ObjCBridge -I/Users/admin/builder/spi-builder-workspace/.derivedData/Build/Intermediates.noindex/LWFirstPod.build/Debug-watchos/LWFirstPodObjC-t.build/DerivedSources-normal/arm64 -I/Users/admin/builder/spi-builder-workspace/.derivedData/Build/Intermediates.noindex/LWFirstPod.build/Debug-watchos/LWFirstPodObjC-t.build/DerivedSources/arm64 -I/Users/admin/builder/spi-builder-workspace/.derivedData/Build/Intermediates.noindex/LWFirstPod.build/Debug-watchos/LWFirstPodObjC-t.build/DerivedSources -F/Users/admin/builder/spi-builder-workspace/.derivedData/Build/Products/Debug-watchos/PackageFrameworks -F/Users/admin/builder/spi-builder-workspace/.derivedData/Build/Products/Debug-watchos -iframework /Applications/Xcode-27.0.0-Release.Candidate.app/Contents/Developer/Platforms/WatchOS.platform/Developer/Library/Frameworks -iframework /Applications/Xcode-27.0.0-Release.Candidate.app/Contents/Developer/Platforms/WatchOS.platform/Developer/SDKs/WatchOS27.0.sdk/Developer/Library/Frameworks '-fmodule-map-file=/Users/admin/builder/spi-builder-workspace/.derivedData/Build/Intermediates.noindex/GeneratedModuleMaps-watchos/Reachability.modulemap' '-fmodule-map-file=/Users/admin/builder/spi-builder-workspace/.derivedData/Build/Intermediates.noindex/GeneratedModuleMaps-watchos/LWFirstPod.modulemap' -DXcode
WriteAuxiliaryFile /Users/admin/builder/spi-builder-workspace/.derivedData/Build/Intermediates.noindex/LWFirstPod.build/Debug-watchos/LWFirstPodObjC-t.build/Objects-normal/arm64/LWFirstPodObjC.LinkFileList (in target 'LWFirstPodObjC' from project 'LWFirstPod')
cd /Users/admin/builder/spi-builder-workspace
write-file /Users/admin/builder/spi-builder-workspace/.derivedData/Build/Intermediates.noindex/LWFirstPod.build/Debug-watchos/LWFirstPodObjC-t.build/Objects-normal/arm64/LWFirstPodObjC.LinkFileList
WriteAuxiliaryFile /Users/admin/builder/spi-builder-workspace/.derivedData/Build/Intermediates.noindex/LWFirstPod.build/Debug-watchos/LWFirstPodObjC-t.build/LWFirstPodObjC.DependencyStaticMetadataFileList (in target 'LWFirstPodObjC' from project 'LWFirstPod')
cd /Users/admin/builder/spi-builder-workspace
write-file /Users/admin/builder/spi-builder-workspace/.derivedData/Build/Intermediates.noindex/LWFirstPod.build/Debug-watchos/LWFirstPodObjC-t.build/LWFirstPodObjC.DependencyStaticMetadataFileList
WriteAuxiliaryFile /Users/admin/builder/spi-builder-workspace/.derivedData/Build/Intermediates.noindex/LWFirstPod.build/Debug-watchos/LWFirstPodObjC-t.build/LWFirstPodObjC.modulemap (in target 'LWFirstPodObjC' from project 'LWFirstPod')
cd /Users/admin/builder/spi-builder-workspace
write-file /Users/admin/builder/spi-builder-workspace/.derivedData/Build/Intermediates.noindex/LWFirstPod.build/Debug-watchos/LWFirstPodObjC-t.build/LWFirstPodObjC.modulemap
WriteAuxiliaryFile /Users/admin/builder/spi-builder-workspace/.derivedData/Build/Intermediates.noindex/LWFirstPod.build/Debug-watchos/LWFirstPodObjC-t.build/LWFirstPodObjC.DependencyMetadataFileList (in target 'LWFirstPodObjC' from project 'LWFirstPod')
cd /Users/admin/builder/spi-builder-workspace
write-file /Users/admin/builder/spi-builder-workspace/.derivedData/Build/Intermediates.noindex/LWFirstPod.build/Debug-watchos/LWFirstPodObjC-t.build/LWFirstPodObjC.DependencyMetadataFileList
WriteAuxiliaryFile /Users/admin/builder/spi-builder-workspace/.derivedData/Build/Intermediates.noindex/LWFirstPod.build/Debug-watchos/LWFirstPod-t.build/Objects-normal/arm64_32/LWFirstPod.SwiftConstValuesFileList (in target 'LWFirstPod' from project 'LWFirstPod')
cd /Users/admin/builder/spi-builder-workspace
write-file /Users/admin/builder/spi-builder-workspace/.derivedData/Build/Intermediates.noindex/LWFirstPod.build/Debug-watchos/LWFirstPod-t.build/Objects-normal/arm64_32/LWFirstPod.SwiftConstValuesFileList
WriteAuxiliaryFile /Users/admin/builder/spi-builder-workspace/.derivedData/Build/Intermediates.noindex/LWFirstPod.build/Debug-watchos/LWFirstPod-t.build/Objects-normal/arm64_32/LWFirstPod_const_extract_protocols.json (in target 'LWFirstPod' from project 'LWFirstPod')
cd /Users/admin/builder/spi-builder-workspace
write-file /Users/admin/builder/spi-builder-workspace/.derivedData/Build/Intermediates.noindex/LWFirstPod.build/Debug-watchos/LWFirstPod-t.build/Objects-normal/arm64_32/LWFirstPod_const_extract_protocols.json
WriteAuxiliaryFile /Users/admin/builder/spi-builder-workspace/.derivedData/Build/Intermediates.noindex/LWFirstPod.build/Debug-watchos/LWFirstPod-t.build/Objects-normal/arm64_32/LWFirstPod.LinkFileList (in target 'LWFirstPod' from project 'LWFirstPod')
cd /Users/admin/builder/spi-builder-workspace
write-file /Users/admin/builder/spi-builder-workspace/.derivedData/Build/Intermediates.noindex/LWFirstPod.build/Debug-watchos/LWFirstPod-t.build/Objects-normal/arm64_32/LWFirstPod.LinkFileList
WriteAuxiliaryFile /Users/admin/builder/spi-builder-workspace/.derivedData/Build/Intermediates.noindex/LWFirstPod.build/Debug-watchos/LWFirstPod-t.build/Objects-normal/arm64_32/LWFirstPod.SwiftFileList (in target 'LWFirstPod' from project 'LWFirstPod')
cd /Users/admin/builder/spi-builder-workspace
write-file /Users/admin/builder/spi-builder-workspace/.derivedData/Build/Intermediates.noindex/LWFirstPod.build/Debug-watchos/LWFirstPod-t.build/Objects-normal/arm64_32/LWFirstPod.SwiftFileList
WriteAuxiliaryFile /Users/admin/builder/spi-builder-workspace/.derivedData/Build/Intermediates.noindex/LWFirstPod.build/Debug-watchos/LWFirstPod-t.build/Objects-normal/arm64_32/LWFirstPod-OutputFileMap.json (in target 'LWFirstPod' from project 'LWFirstPod')
cd /Users/admin/builder/spi-builder-workspace
write-file /Users/admin/builder/spi-builder-workspace/.derivedData/Build/Intermediates.noindex/LWFirstPod.build/Debug-watchos/LWFirstPod-t.build/Objects-normal/arm64_32/LWFirstPod-OutputFileMap.json
WriteAuxiliaryFile /Users/admin/builder/spi-builder-workspace/.derivedData/Build/Intermediates.noindex/LWFirstPod.build/Debug-watchos/LWFirstPod-t.build/Objects-normal/arm64/LWFirstPod_const_extract_protocols.json (in target 'LWFirstPod' from project 'LWFirstPod')
cd /Users/admin/builder/spi-builder-workspace
write-file /Users/admin/builder/spi-builder-workspace/.derivedData/Build/Intermediates.noindex/LWFirstPod.build/Debug-watchos/LWFirstPod-t.build/Objects-normal/arm64/LWFirstPod_const_extract_protocols.json
WriteAuxiliaryFile /Users/admin/builder/spi-builder-workspace/.derivedData/Build/Intermediates.noindex/LWFirstPod.build/Debug-watchos/LWFirstPod-t.build/Objects-normal/arm64/LWFirstPod.SwiftConstValuesFileList (in target 'LWFirstPod' from project 'LWFirstPod')
cd /Users/admin/builder/spi-builder-workspace
write-file /Users/admin/builder/spi-builder-workspace/.derivedData/Build/Intermediates.noindex/LWFirstPod.build/Debug-watchos/LWFirstPod-t.build/Objects-normal/arm64/LWFirstPod.SwiftConstValuesFileList
WriteAuxiliaryFile /Users/admin/builder/spi-builder-workspace/.derivedData/Build/Intermediates.noindex/LWFirstPod.build/Debug-watchos/LWFirstPod-t.build/Objects-normal/arm64/LWFirstPod.SwiftFileList (in target 'LWFirstPod' from project 'LWFirstPod')
cd /Users/admin/builder/spi-builder-workspace
write-file /Users/admin/builder/spi-builder-workspace/.derivedData/Build/Intermediates.noindex/LWFirstPod.build/Debug-watchos/LWFirstPod-t.build/Objects-normal/arm64/LWFirstPod.SwiftFileList
WriteAuxiliaryFile /Users/admin/builder/spi-builder-workspace/.derivedData/Build/Intermediates.noindex/LWFirstPod.build/Debug-watchos/LWFirstPod-t.build/Objects-normal/arm64/LWFirstPod.LinkFileList (in target 'LWFirstPod' from project 'LWFirstPod')
cd /Users/admin/builder/spi-builder-workspace
write-file /Users/admin/builder/spi-builder-workspace/.derivedData/Build/Intermediates.noindex/LWFirstPod.build/Debug-watchos/LWFirstPod-t.build/Objects-normal/arm64/LWFirstPod.LinkFileList
Copy /Users/admin/builder/spi-builder-workspace/.derivedData/Build/Intermediates.noindex/GeneratedModuleMaps-watchos/LWFirstPodObjC.modulemap /Users/admin/builder/spi-builder-workspace/.derivedData/Build/Intermediates.noindex/LWFirstPod.build/Debug-watchos/LWFirstPodObjC-t.build/LWFirstPodObjC.modulemap (in target 'LWFirstPodObjC' from project 'LWFirstPod')
cd /Users/admin/builder/spi-builder-workspace
builtin-copy -exclude .DS_Store -exclude CVS -exclude .svn -exclude .git -exclude .hg -resolve-src-symlinks /Users/admin/builder/spi-builder-workspace/.derivedData/Build/Intermediates.noindex/LWFirstPod.build/Debug-watchos/LWFirstPodObjC-t.build/LWFirstPodObjC.modulemap /Users/admin/builder/spi-builder-workspace/.derivedData/Build/Intermediates.noindex/GeneratedModuleMaps-watchos
WriteAuxiliaryFile /Users/admin/builder/spi-builder-workspace/.derivedData/Build/Intermediates.noindex/LWFirstPod.build/Debug-watchos/LWFirstPod-t.build/Objects-normal/arm64/LWFirstPod-OutputFileMap.json (in target 'LWFirstPod' from project 'LWFirstPod')
cd /Users/admin/builder/spi-builder-workspace
write-file /Users/admin/builder/spi-builder-workspace/.derivedData/Build/Intermediates.noindex/LWFirstPod.build/Debug-watchos/LWFirstPod-t.build/Objects-normal/arm64/LWFirstPod-OutputFileMap.json
WriteAuxiliaryFile /Users/admin/builder/spi-builder-workspace/.derivedData/Build/Intermediates.noindex/LWFirstPod.build/Debug-watchos/LWFirstPod-t.build/LWFirstPod.DependencyStaticMetadataFileList (in target 'LWFirstPod' from project 'LWFirstPod')
cd /Users/admin/builder/spi-builder-workspace
write-file /Users/admin/builder/spi-builder-workspace/.derivedData/Build/Intermediates.noindex/LWFirstPod.build/Debug-watchos/LWFirstPod-t.build/LWFirstPod.DependencyStaticMetadataFileList
WriteAuxiliaryFile /Users/admin/builder/spi-builder-workspace/.derivedData/Build/Intermediates.noindex/LWFirstPod.build/Debug-watchos/LWFirstPod-t.build/LWFirstPod.modulemap (in target 'LWFirstPod' from project 'LWFirstPod')
cd /Users/admin/builder/spi-builder-workspace
write-file /Users/admin/builder/spi-builder-workspace/.derivedData/Build/Intermediates.noindex/LWFirstPod.build/Debug-watchos/LWFirstPod-t.build/LWFirstPod.modulemap
WriteAuxiliaryFile /Users/admin/builder/spi-builder-workspace/.derivedData/Build/Intermediates.noindex/LWFirstPod.build/Debug-watchos/LWFirstPod-t.build/LWFirstPod.DependencyMetadataFileList (in target 'LWFirstPod' from project 'LWFirstPod')
cd /Users/admin/builder/spi-builder-workspace
write-file /Users/admin/builder/spi-builder-workspace/.derivedData/Build/Intermediates.noindex/LWFirstPod.build/Debug-watchos/LWFirstPod-t.build/LWFirstPod.DependencyMetadataFileList
Copy /Users/admin/builder/spi-builder-workspace/.derivedData/Build/Intermediates.noindex/GeneratedModuleMaps-watchos/LWFirstPod.modulemap /Users/admin/builder/spi-builder-workspace/.derivedData/Build/Intermediates.noindex/LWFirstPod.build/Debug-watchos/LWFirstPod-t.build/LWFirstPod.modulemap (in target 'LWFirstPod' from project 'LWFirstPod')
cd /Users/admin/builder/spi-builder-workspace
builtin-copy -exclude .DS_Store -exclude CVS -exclude .svn -exclude .git -exclude .hg -resolve-src-symlinks /Users/admin/builder/spi-builder-workspace/.derivedData/Build/Intermediates.noindex/LWFirstPod.build/Debug-watchos/LWFirstPod-t.build/LWFirstPod.modulemap /Users/admin/builder/spi-builder-workspace/.derivedData/Build/Intermediates.noindex/GeneratedModuleMaps-watchos
CpResource /Users/admin/builder/spi-builder-workspace/.derivedData/Build/Products/Debug-watchos/Reachability_Reachability.bundle/PrivacyInfo.xcprivacy /Users/admin/builder/spi-builder-workspace/.dependencies/checkouts/Reachability.swift/Sources/PrivacyInfo.xcprivacy (in target 'Reachability_Reachability' from project 'Reachability')
cd /Users/admin/builder/spi-builder-workspace/.dependencies/checkouts/Reachability.swift
builtin-copy -exclude .DS_Store -exclude CVS -exclude .svn -exclude .git -exclude .hg -resolve-src-symlinks /Users/admin/builder/spi-builder-workspace/.dependencies/checkouts/Reachability.swift/Sources/PrivacyInfo.xcprivacy /Users/admin/builder/spi-builder-workspace/.derivedData/Build/Products/Debug-watchos/Reachability_Reachability.bundle
ProcessInfoPlistFile /Users/admin/builder/spi-builder-workspace/.derivedData/Build/Products/Debug-watchos/Reachability_Reachability.bundle/Info.plist /Users/admin/builder/spi-builder-workspace/.derivedData/Build/Intermediates.noindex/Reachability.build/Debug-watchos/Reachability_Reachability-b.build/empty-Reachability_Reachability.plist (in target 'Reachability_Reachability' from project 'Reachability')
cd /Users/admin/builder/spi-builder-workspace/.dependencies/checkouts/Reachability.swift
builtin-infoPlistUtility /Users/admin/builder/spi-builder-workspace/.derivedData/Build/Intermediates.noindex/Reachability.build/Debug-watchos/Reachability_Reachability-b.build/empty-Reachability_Reachability.plist -producttype com.apple.product-type.bundle -expandbuildsettings -format binary -platform watchos -o /Users/admin/builder/spi-builder-workspace/.derivedData/Build/Products/Debug-watchos/Reachability_Reachability.bundle/Info.plist
RegisterExecutionPolicyException /Users/admin/builder/spi-builder-workspace/.derivedData/Build/Products/Debug-watchos/Reachability_Reachability.bundle (in target 'Reachability_Reachability' from project 'Reachability')
cd /Users/admin/builder/spi-builder-workspace/.dependencies/checkouts/Reachability.swift
builtin-RegisterExecutionPolicyException /Users/admin/builder/spi-builder-workspace/.derivedData/Build/Products/Debug-watchos/Reachability_Reachability.bundle
Touch /Users/admin/builder/spi-builder-workspace/.derivedData/Build/Products/Debug-watchos/Reachability_Reachability.bundle (in target 'Reachability_Reachability' from project 'Reachability')
cd /Users/admin/builder/spi-builder-workspace/.dependencies/checkouts/Reachability.swift
/usr/bin/touch -c /Users/admin/builder/spi-builder-workspace/.derivedData/Build/Products/Debug-watchos/Reachability_Reachability.bundle
SwiftDriver Reachability normal arm64_32 com.apple.xcode.tools.swift.compiler (in target 'Reachability' from project 'Reachability')
cd /Users/admin/builder/spi-builder-workspace/.swiftpm/xcode
builtin-SwiftDriver -- /Applications/Xcode-27.0.0-Release.Candidate.app/Contents/Developer/Toolchains/XcodeDefault.xctoolchain/usr/bin/swiftc -parse-as-library -module-name Reachability -Onone @/Users/admin/builder/spi-builder-workspace/.derivedData/Build/Intermediates.noindex/Reachability.build/Debug-watchos/Reachability-t.build/Objects-normal/arm64_32/Reachability.SwiftFileList -DSWIFT_PACKAGE -DDEBUG -DSWIFT_MODULE_RESOURCE_BUNDLE_AVAILABLE -DXcode -plugin-path /Applications/Xcode-27.0.0-Release.Candidate.app/Contents/Developer/Toolchains/XcodeDefault.xctoolchain/usr/lib/swift/host/plugins/testing -enable-experimental-feature DebugDescriptionMacro -sdk /Applications/Xcode-27.0.0-Release.Candidate.app/Contents/Developer/Platforms/WatchOS.platform/Developer/SDKs/WatchOS27.0.sdk -target arm64_32-apple-watchos9.0 -g -module-cache-path /Users/admin/builder/spi-builder-workspace/.derivedData/ModuleCache.noindex -Xfrontend -serialize-debugging-options -profile-coverage-mapping -profile-generate -enable-testing -suppress-warnings -index-store-path /Users/admin/builder/spi-builder-workspace/.derivedData/Index.noindex/DataStore -Xcc -D_LIBCPP_HARDENING_MODE\=_LIBCPP_HARDENING_MODE_DEBUG -swift-version 5 -I /Users/admin/builder/spi-builder-workspace/.derivedData/Build/Products/Debug-watchos -Isystem /Applications/Xcode-27.0.0-Release.Candidate.app/Contents/Developer/Platforms/WatchOS.platform/Developer/usr/lib -F /Users/admin/builder/spi-builder-workspace/.derivedData/Build/Products/Debug-watchos -F /Applications/Xcode-27.0.0-Release.Candidate.app/Contents/Developer/Platforms/WatchOS.platform/Developer/Library/Frameworks -F /Applications/Xcode-27.0.0-Release.Candidate.app/Contents/Developer/Platforms/WatchOS.platform/Developer/SDKs/WatchOS27.0.sdk/Developer/Library/Frameworks -c -j10 -enable-batch-mode -incremental -Xcc -ivfsstatcache -Xcc /Users/admin/builder/spi-builder-workspace/.derivedData/SDKStatCaches.noindex/watchos27.0-24R360-e829b21a6f8c9b70876ba0858053c04477534ef55a1706bf4c1112bbb242f0a2.sdkstatcache -output-file-map /Users/admin/builder/spi-builder-workspace/.derivedData/Build/Intermediates.noindex/Reachability.build/Debug-watchos/Reachability-t.build/Objects-normal/arm64_32/Reachability-OutputFileMap.json -save-temps -no-color-diagnostics -explicit-module-build -module-cache-path /Users/admin/builder/spi-builder-workspace/.derivedData/Build/Intermediates.noindex/SwiftExplicitPrecompiledModules -clang-scanner-module-cache-path /Users/admin/builder/spi-builder-workspace/.derivedData/ModuleCache.noindex -sdk-module-cache-path /Users/admin/builder/spi-builder-workspace/.derivedData/SDKExplicitPrecompiledModules -emit-dependencies -emit-module -emit-module-path /Users/admin/builder/spi-builder-workspace/.derivedData/Build/Intermediates.noindex/Reachability.build/Debug-watchos/Reachability-t.build/Objects-normal/arm64_32/Reachability.swiftmodule -serialize-diagnostics -dependency-scan-serialize-diagnostics-path /Users/admin/builder/spi-builder-workspace/.derivedData/Build/Intermediates.noindex/Reachability.build/Debug-watchos/Reachability-t.build/Objects-normal/arm64_32/Reachability-dependency-scan.dia -validate-clang-modules-once -clang-build-session-file /Users/admin/builder/spi-builder-workspace/.derivedData/ModuleCache.noindex/Session.modulevalidation -Xcc -fmodules-prune-interval\=86400 -Xcc -fmodules-prune-after\=345600 -emit-const-values -const-gather-protocols-list /Users/admin/builder/spi-builder-workspace/.derivedData/Build/Intermediates.noindex/Reachability.build/Debug-watchos/Reachability-t.build/Objects-normal/arm64_32/Reachability_const_extract_protocols.json -Xcc -I/Users/admin/builder/spi-builder-workspace/.derivedData/Build/Products/Debug-watchos/include -Xcc -I/Users/admin/builder/spi-builder-workspace/.derivedData/Build/Intermediates.noindex/Reachability.build/Debug-watchos/Reachability-t.build/DerivedSources-normal/arm64_32 -Xcc -I/Users/admin/builder/spi-builder-workspace/.derivedData/Build/Intermediates.noindex/Reachability.build/Debug-watchos/Reachability-t.build/DerivedSources/arm64_32 -Xcc -I/Users/admin/builder/spi-builder-workspace/.derivedData/Build/Intermediates.noindex/Reachability.build/Debug-watchos/Reachability-t.build/DerivedSources -Xcc -DSWIFT_PACKAGE -Xcc -DDEBUG\=1 -emit-objc-header -emit-objc-header-path /Users/admin/builder/spi-builder-workspace/.derivedData/Build/Intermediates.noindex/Reachability.build/Debug-watchos/Reachability-t.build/Objects-normal/arm64_32/Reachability-Swift.h -working-directory /Users/admin/builder/spi-builder-workspace/.swiftpm/xcode -experimental-emit-module-separately -disable-cmo
/Users/admin/builder/spi-builder-workspace/.dependencies/checkouts/Reachability.swift/Sources/Reachability.swift:28:8: error: Unable to resolve module dependency: 'SystemConfiguration' (in target 'Reachability' from project 'Reachability')
note: A dependency of main module 'Reachability'
/Users/admin/builder/spi-builder-workspace/.dependencies/checkouts/Reachability.swift/Sources/Reachability.swift:28:8: note: A dependency of main module 'Reachability'
import SystemConfiguration
^ (in target 'Reachability' from project 'Reachability')
SwiftDriver Reachability normal arm64 com.apple.xcode.tools.swift.compiler (in target 'Reachability' from project 'Reachability')
cd /Users/admin/builder/spi-builder-workspace/.swiftpm/xcode
builtin-SwiftDriver -- /Applications/Xcode-27.0.0-Release.Candidate.app/Contents/Developer/Toolchains/XcodeDefault.xctoolchain/usr/bin/swiftc -parse-as-library -module-name Reachability -Onone @/Users/admin/builder/spi-builder-workspace/.derivedData/Build/Intermediates.noindex/Reachability.build/Debug-watchos/Reachability-t.build/Objects-normal/arm64/Reachability.SwiftFileList -DSWIFT_PACKAGE -DDEBUG -DSWIFT_MODULE_RESOURCE_BUNDLE_AVAILABLE -DXcode -plugin-path /Applications/Xcode-27.0.0-Release.Candidate.app/Contents/Developer/Toolchains/XcodeDefault.xctoolchain/usr/lib/swift/host/plugins/testing -enable-experimental-feature DebugDescriptionMacro -sdk /Applications/Xcode-27.0.0-Release.Candidate.app/Contents/Developer/Platforms/WatchOS.platform/Developer/SDKs/WatchOS27.0.sdk -target arm64-apple-watchos9.0 -g -module-cache-path /Users/admin/builder/spi-builder-workspace/.derivedData/ModuleCache.noindex -Xfrontend -serialize-debugging-options -profile-coverage-mapping -profile-generate -enable-testing -suppress-warnings -index-store-path /Users/admin/builder/spi-builder-workspace/.derivedData/Index.noindex/DataStore -Xcc -D_LIBCPP_HARDENING_MODE\=_LIBCPP_HARDENING_MODE_DEBUG -swift-version 5 -I /Users/admin/builder/spi-builder-workspace/.derivedData/Build/Products/Debug-watchos -Isystem /Applications/Xcode-27.0.0-Release.Candidate.app/Contents/Developer/Platforms/WatchOS.platform/Developer/usr/lib -F /Users/admin/builder/spi-builder-workspace/.derivedData/Build/Products/Debug-watchos -F /Applications/Xcode-27.0.0-Release.Candidate.app/Contents/Developer/Platforms/WatchOS.platform/Developer/Library/Frameworks -F /Applications/Xcode-27.0.0-Release.Candidate.app/Contents/Developer/Platforms/WatchOS.platform/Developer/SDKs/WatchOS27.0.sdk/Developer/Library/Frameworks -c -j10 -enable-batch-mode -incremental -Xcc -ivfsstatcache -Xcc /Users/admin/builder/spi-builder-workspace/.derivedData/SDKStatCaches.noindex/watchos27.0-24R360-e829b21a6f8c9b70876ba0858053c04477534ef55a1706bf4c1112bbb242f0a2.sdkstatcache -output-file-map /Users/admin/builder/spi-builder-workspace/.derivedData/Build/Intermediates.noindex/Reachability.build/Debug-watchos/Reachability-t.build/Objects-normal/arm64/Reachability-OutputFileMap.json -save-temps -no-color-diagnostics -explicit-module-build -module-cache-path /Users/admin/builder/spi-builder-workspace/.derivedData/Build/Intermediates.noindex/SwiftExplicitPrecompiledModules -clang-scanner-module-cache-path /Users/admin/builder/spi-builder-workspace/.derivedData/ModuleCache.noindex -sdk-module-cache-path /Users/admin/builder/spi-builder-workspace/.derivedData/SDKExplicitPrecompiledModules -emit-dependencies -emit-module -emit-module-path /Users/admin/builder/spi-builder-workspace/.derivedData/Build/Intermediates.noindex/Reachability.build/Debug-watchos/Reachability-t.build/Objects-normal/arm64/Reachability.swiftmodule -serialize-diagnostics -dependency-scan-serialize-diagnostics-path /Users/admin/builder/spi-builder-workspace/.derivedData/Build/Intermediates.noindex/Reachability.build/Debug-watchos/Reachability-t.build/Objects-normal/arm64/Reachability-dependency-scan.dia -validate-clang-modules-once -clang-build-session-file /Users/admin/builder/spi-builder-workspace/.derivedData/ModuleCache.noindex/Session.modulevalidation -Xcc -fmodules-prune-interval\=86400 -Xcc -fmodules-prune-after\=345600 -emit-const-values -const-gather-protocols-list /Users/admin/builder/spi-builder-workspace/.derivedData/Build/Intermediates.noindex/Reachability.build/Debug-watchos/Reachability-t.build/Objects-normal/arm64/Reachability_const_extract_protocols.json -Xcc -I/Users/admin/builder/spi-builder-workspace/.derivedData/Build/Products/Debug-watchos/include -Xcc -I/Users/admin/builder/spi-builder-workspace/.derivedData/Build/Intermediates.noindex/Reachability.build/Debug-watchos/Reachability-t.build/DerivedSources-normal/arm64 -Xcc -I/Users/admin/builder/spi-builder-workspace/.derivedData/Build/Intermediates.noindex/Reachability.build/Debug-watchos/Reachability-t.build/DerivedSources/arm64 -Xcc -I/Users/admin/builder/spi-builder-workspace/.derivedData/Build/Intermediates.noindex/Reachability.build/Debug-watchos/Reachability-t.build/DerivedSources -Xcc -DSWIFT_PACKAGE -Xcc -DDEBUG\=1 -emit-objc-header -emit-objc-header-path /Users/admin/builder/spi-builder-workspace/.derivedData/Build/Intermediates.noindex/Reachability.build/Debug-watchos/Reachability-t.build/Objects-normal/arm64/Reachability-Swift.h -working-directory /Users/admin/builder/spi-builder-workspace/.swiftpm/xcode -experimental-emit-module-separately -disable-cmo
/Users/admin/builder/spi-builder-workspace/.dependencies/checkouts/Reachability.swift/Sources/Reachability.swift:28:8: error: Unable to resolve module dependency: 'SystemConfiguration' (in target 'Reachability' from project 'Reachability')
note: A dependency of main module 'Reachability'
/Users/admin/builder/spi-builder-workspace/.dependencies/checkouts/Reachability.swift/Sources/Reachability.swift:28:8: note: A dependency of main module 'Reachability'
import SystemConfiguration
^ (in target 'Reachability' from project 'Reachability')
PruneExplicitPrecompiledModules /Users/admin/builder/spi-builder-workspace/.derivedData/SDKExplicitPrecompiledModules
PruneExplicitPrecompiledModules /Users/admin/builder/spi-builder-workspace/.derivedData/Build/Intermediates.noindex/ExplicitPrecompiledModules
PruneExplicitPrecompiledModules /Users/admin/builder/spi-builder-workspace/.derivedData/Build/Intermediates.noindex/SwiftExplicitPrecompiledModules
2026-09-24 05:37:07.309 xcodebuild[707:4494] [MT] IDERunDestination: Supported platforms for the buildables in the current scheme is empty.
** BUILD FAILED **
The following build commands failed:
SwiftDriver Reachability normal arm64_32 com.apple.xcode.tools.swift.compiler (in target 'Reachability' from project 'Reachability')
SwiftDriver Reachability normal arm64 com.apple.xcode.tools.swift.compiler (in target 'Reachability' from project 'Reachability')
Building workspace LWFirstPod with scheme LWFirstPod
(3 failures)
Command line invocation:
/Applications/Xcode-27.0.0-Release.Candidate.app/Contents/Developer/usr/bin/xcodebuild -IDEClonedSourcePackagesDirPathOverride=/Users/admin/builder/spi-builder-workspace/.dependencies -resolvePackageDependencies
Resolve Package Graph
Resolved source packages:
Reachability: https://github.com/ashleymills/Reachability.swift @ 5.2.4
LWFirstPod: /Users/admin/builder/spi-builder-workspace
resolved source packages: Reachability, LWFirstPod
2026-09-24 05:37:10.448 xcodebuild[739:4749] [MT] IDERunDestination: Supported platforms for the buildables in the current scheme is empty.
{
"dependencies" : [
{
"identity" : "reachability.swift",
"requirement" : {
"range" : [
{
"lower_bound" : "5.1.0",
"upper_bound" : "6.0.0"
}
]
},
"type" : "sourceControl",
"url" : "https://github.com/ashleymills/Reachability.swift"
}
],
"manifest_display_name" : "LWFirstPod",
"name" : "LWFirstPod",
"path" : "/Users/admin/builder/spi-builder-workspace",
"platforms" : [
{
"name" : "ios",
"version" : "13.0"
}
],
"products" : [
{
"name" : "LWFirstPod",
"targets" : [
"LWFirstPod",
"LWFirstPodObjC"
],
"type" : {
"library" : [
"automatic"
]
}
}
],
"targets" : [
{
"c99name" : "LWFirstPodTests",
"module_type" : "SwiftTarget",
"name" : "LWFirstPodTests",
"path" : "Example/Tests",
"sources" : [
"Tests.swift"
],
"target_dependencies" : [
"LWFirstPod"
],
"type" : "test"
},
{
"c99name" : "LWFirstPodObjC",
"module_type" : "ClangTarget",
"name" : "LWFirstPodObjC",
"path" : "LWFirstPod/ObjCBridge",
"product_memberships" : [
"LWFirstPod"
],
"sources" : [
"LWFirstPodObjC.m"
],
"target_dependencies" : [
"LWFirstPod"
],
"type" : "library"
},
{
"c99name" : "LWFirstPod",
"module_type" : "SwiftTarget",
"name" : "LWFirstPod",
"path" : "LWFirstPod/Classes",
"product_dependencies" : [
"Reachability"
],
"product_memberships" : [
"LWFirstPod"
],
"sources" : [
"LWDeviceInfo.swift"
],
"type" : "library"
}
],
"tools_version" : "5.5"
}
{
"workspace" : {
"name" : "LWFirstPod",
"schemes" : [
"LWFirstPod"
]
}
}
2026-09-24 05:37:11.758 xcodebuild[747:4807] [MT] IDERunDestination: Supported platforms for the buildables in the current scheme is empty.
Running build ...
env DEVELOPER_DIR=/Applications/Xcode-27.0.0-Release.Candidate.app xcrun xcodebuild -IDEClonedSourcePackagesDirPathOverride=$PWD/.dependencies -skipMacroValidation -skipPackagePluginValidation -derivedDataPath $PWD/.derivedData build -scheme LWFirstPod -destination generic/platform=watchOS
Command line invocation:
/Applications/Xcode-27.0.0-Release.Candidate.app/Contents/Developer/usr/bin/xcodebuild -IDEClonedSourcePackagesDirPathOverride=/Users/admin/builder/spi-builder-workspace/.dependencies -skipMacroValidation -skipPackagePluginValidation -derivedDataPath /Users/admin/builder/spi-builder-workspace/.derivedData build -scheme LWFirstPod -destination generic/platform=watchOS
Resolve Package Graph
Resolved source packages:
LWFirstPod: /Users/admin/builder/spi-builder-workspace
Reachability: https://github.com/ashleymills/Reachability.swift @ 5.2.4
ComputePackagePrebuildTargetDependencyGraph
Prepare packages
CreateBuildRequest
SendProjectDescription
CreateBuildOperation
ComputeTargetDependencyGraph
note: Building targets in dependency order
note: Target dependency graph (6 targets)
Target 'LWFirstPod-product' in project 'LWFirstPod'
➜ Explicit dependency on target 'LWFirstPod' in project 'LWFirstPod'
➜ Explicit dependency on target 'LWFirstPodObjC' in project 'LWFirstPod'
➜ Explicit dependency on target 'Reachability-product' in project 'Reachability'
Target 'LWFirstPodObjC' in project 'LWFirstPod'
➜ Explicit dependency on target 'LWFirstPod' in project 'LWFirstPod'
➜ Explicit dependency on target 'Reachability-product' in project 'Reachability'
Target 'LWFirstPod' in project 'LWFirstPod'
➜ Explicit dependency on target 'Reachability-product' in project 'Reachability'
Target 'Reachability-product' in project 'Reachability'
➜ Explicit dependency on target 'Reachability' in project 'Reachability'
➜ Explicit dependency on target 'Reachability_Reachability' in project 'Reachability'
Target 'Reachability' in project 'Reachability'
➜ Explicit dependency on target 'Reachability_Reachability' in project 'Reachability'
Target 'Reachability_Reachability' in project 'Reachability' (no dependencies)
GatherProvisioningInputs
CreateBuildDescription
ClangStatCache /Applications/Xcode-27.0.0-Release.Candidate.app/Contents/Developer/Toolchains/XcodeDefault.xctoolchain/usr/bin/clang-stat-cache /Applications/Xcode-27.0.0-Release.Candidate.app/Contents/Developer/Platforms/WatchOS.platform/Developer/SDKs/WatchOS27.0.sdk /Users/admin/builder/spi-builder-workspace/.derivedData/SDKStatCaches.noindex/watchos27.0-24R360-e829b21a6f8c9b70876ba0858053c04477534ef55a1706bf4c1112bbb242f0a2.sdkstatcache
cd /Users/admin/builder/spi-builder-workspace/.swiftpm/xcode
/Applications/Xcode-27.0.0-Release.Candidate.app/Contents/Developer/Toolchains/XcodeDefault.xctoolchain/usr/bin/clang-stat-cache /Applications/Xcode-27.0.0-Release.Candidate.app/Contents/Developer/Platforms/WatchOS.platform/Developer/SDKs/WatchOS27.0.sdk -o /Users/admin/builder/spi-builder-workspace/.derivedData/SDKStatCaches.noindex/watchos27.0-24R360-e829b21a6f8c9b70876ba0858053c04477534ef55a1706bf4c1112bbb242f0a2.sdkstatcache
SwiftDriver Reachability normal arm64 com.apple.xcode.tools.swift.compiler (in target 'Reachability' from project 'Reachability')
cd /Users/admin/builder/spi-builder-workspace/.swiftpm/xcode
builtin-SwiftDriver -- /Applications/Xcode-27.0.0-Release.Candidate.app/Contents/Developer/Toolchains/XcodeDefault.xctoolchain/usr/bin/swiftc -parse-as-library -module-name Reachability -Onone @/Users/admin/builder/spi-builder-workspace/.derivedData/Build/Intermediates.noindex/Reachability.build/Debug-watchos/Reachability-t.build/Objects-normal/arm64/Reachability.SwiftFileList -DSWIFT_PACKAGE -DDEBUG -DSWIFT_MODULE_RESOURCE_BUNDLE_AVAILABLE -DXcode -plugin-path /Applications/Xcode-27.0.0-Release.Candidate.app/Contents/Developer/Toolchains/XcodeDefault.xctoolchain/usr/lib/swift/host/plugins/testing -enable-experimental-feature DebugDescriptionMacro -sdk /Applications/Xcode-27.0.0-Release.Candidate.app/Contents/Developer/Platforms/WatchOS.platform/Developer/SDKs/WatchOS27.0.sdk -target arm64-apple-watchos9.0 -g -module-cache-path /Users/admin/builder/spi-builder-workspace/.derivedData/ModuleCache.noindex -Xfrontend -serialize-debugging-options -profile-coverage-mapping -profile-generate -enable-testing -suppress-warnings -index-store-path /Users/admin/builder/spi-builder-workspace/.derivedData/Index.noindex/DataStore -Xcc -D_LIBCPP_HARDENING_MODE\=_LIBCPP_HARDENING_MODE_DEBUG -swift-version 5 -I /Users/admin/builder/spi-builder-workspace/.derivedData/Build/Products/Debug-watchos -Isystem /Applications/Xcode-27.0.0-Release.Candidate.app/Contents/Developer/Platforms/WatchOS.platform/Developer/usr/lib -F /Users/admin/builder/spi-builder-workspace/.derivedData/Build/Products/Debug-watchos -F /Applications/Xcode-27.0.0-Release.Candidate.app/Contents/Developer/Platforms/WatchOS.platform/Developer/Library/Frameworks -F /Applications/Xcode-27.0.0-Release.Candidate.app/Contents/Developer/Platforms/WatchOS.platform/Developer/SDKs/WatchOS27.0.sdk/Developer/Library/Frameworks -c -j10 -enable-batch-mode -incremental -Xcc -ivfsstatcache -Xcc /Users/admin/builder/spi-builder-workspace/.derivedData/SDKStatCaches.noindex/watchos27.0-24R360-e829b21a6f8c9b70876ba0858053c04477534ef55a1706bf4c1112bbb242f0a2.sdkstatcache -output-file-map /Users/admin/builder/spi-builder-workspace/.derivedData/Build/Intermediates.noindex/Reachability.build/Debug-watchos/Reachability-t.build/Objects-normal/arm64/Reachability-OutputFileMap.json -save-temps -no-color-diagnostics -explicit-module-build -module-cache-path /Users/admin/builder/spi-builder-workspace/.derivedData/Build/Intermediates.noindex/SwiftExplicitPrecompiledModules -clang-scanner-module-cache-path /Users/admin/builder/spi-builder-workspace/.derivedData/ModuleCache.noindex -sdk-module-cache-path /Users/admin/builder/spi-builder-workspace/.derivedData/SDKExplicitPrecompiledModules -emit-dependencies -emit-module -emit-module-path /Users/admin/builder/spi-builder-workspace/.derivedData/Build/Intermediates.noindex/Reachability.build/Debug-watchos/Reachability-t.build/Objects-normal/arm64/Reachability.swiftmodule -serialize-diagnostics -dependency-scan-serialize-diagnostics-path /Users/admin/builder/spi-builder-workspace/.derivedData/Build/Intermediates.noindex/Reachability.build/Debug-watchos/Reachability-t.build/Objects-normal/arm64/Reachability-dependency-scan.dia -validate-clang-modules-once -clang-build-session-file /Users/admin/builder/spi-builder-workspace/.derivedData/ModuleCache.noindex/Session.modulevalidation -Xcc -fmodules-prune-interval\=86400 -Xcc -fmodules-prune-after\=345600 -emit-const-values -const-gather-protocols-list /Users/admin/builder/spi-builder-workspace/.derivedData/Build/Intermediates.noindex/Reachability.build/Debug-watchos/Reachability-t.build/Objects-normal/arm64/Reachability_const_extract_protocols.json -Xcc -I/Users/admin/builder/spi-builder-workspace/.derivedData/Build/Products/Debug-watchos/include -Xcc -I/Users/admin/builder/spi-builder-workspace/.derivedData/Build/Intermediates.noindex/Reachability.build/Debug-watchos/Reachability-t.build/DerivedSources-normal/arm64 -Xcc -I/Users/admin/builder/spi-builder-workspace/.derivedData/Build/Intermediates.noindex/Reachability.build/Debug-watchos/Reachability-t.build/DerivedSources/arm64 -Xcc -I/Users/admin/builder/spi-builder-workspace/.derivedData/Build/Intermediates.noindex/Reachability.build/Debug-watchos/Reachability-t.build/DerivedSources -Xcc -DSWIFT_PACKAGE -Xcc -DDEBUG\=1 -emit-objc-header -emit-objc-header-path /Users/admin/builder/spi-builder-workspace/.derivedData/Build/Intermediates.noindex/Reachability.build/Debug-watchos/Reachability-t.build/Objects-normal/arm64/Reachability-Swift.h -working-directory /Users/admin/builder/spi-builder-workspace/.swiftpm/xcode -experimental-emit-module-separately -disable-cmo
/Users/admin/builder/spi-builder-workspace/.dependencies/checkouts/Reachability.swift/Sources/Reachability.swift:28:8: error: Unable to resolve module dependency: 'SystemConfiguration' (in target 'Reachability' from project 'Reachability')
note: A dependency of main module 'Reachability'
/Users/admin/builder/spi-builder-workspace/.dependencies/checkouts/Reachability.swift/Sources/Reachability.swift:28:8: note: A dependency of main module 'Reachability'
import SystemConfiguration
^ (in target 'Reachability' from project 'Reachability')
SwiftDriver Reachability normal arm64_32 com.apple.xcode.tools.swift.compiler (in target 'Reachability' from project 'Reachability')
cd /Users/admin/builder/spi-builder-workspace/.swiftpm/xcode
builtin-SwiftDriver -- /Applications/Xcode-27.0.0-Release.Candidate.app/Contents/Developer/Toolchains/XcodeDefault.xctoolchain/usr/bin/swiftc -parse-as-library -module-name Reachability -Onone @/Users/admin/builder/spi-builder-workspace/.derivedData/Build/Intermediates.noindex/Reachability.build/Debug-watchos/Reachability-t.build/Objects-normal/arm64_32/Reachability.SwiftFileList -DSWIFT_PACKAGE -DDEBUG -DSWIFT_MODULE_RESOURCE_BUNDLE_AVAILABLE -DXcode -plugin-path /Applications/Xcode-27.0.0-Release.Candidate.app/Contents/Developer/Toolchains/XcodeDefault.xctoolchain/usr/lib/swift/host/plugins/testing -enable-experimental-feature DebugDescriptionMacro -sdk /Applications/Xcode-27.0.0-Release.Candidate.app/Contents/Developer/Platforms/WatchOS.platform/Developer/SDKs/WatchOS27.0.sdk -target arm64_32-apple-watchos9.0 -g -module-cache-path /Users/admin/builder/spi-builder-workspace/.derivedData/ModuleCache.noindex -Xfrontend -serialize-debugging-options -profile-coverage-mapping -profile-generate -enable-testing -suppress-warnings -index-store-path /Users/admin/builder/spi-builder-workspace/.derivedData/Index.noindex/DataStore -Xcc -D_LIBCPP_HARDENING_MODE\=_LIBCPP_HARDENING_MODE_DEBUG -swift-version 5 -I /Users/admin/builder/spi-builder-workspace/.derivedData/Build/Products/Debug-watchos -Isystem /Applications/Xcode-27.0.0-Release.Candidate.app/Contents/Developer/Platforms/WatchOS.platform/Developer/usr/lib -F /Users/admin/builder/spi-builder-workspace/.derivedData/Build/Products/Debug-watchos -F /Applications/Xcode-27.0.0-Release.Candidate.app/Contents/Developer/Platforms/WatchOS.platform/Developer/Library/Frameworks -F /Applications/Xcode-27.0.0-Release.Candidate.app/Contents/Developer/Platforms/WatchOS.platform/Developer/SDKs/WatchOS27.0.sdk/Developer/Library/Frameworks -c -j10 -enable-batch-mode -incremental -Xcc -ivfsstatcache -Xcc /Users/admin/builder/spi-builder-workspace/.derivedData/SDKStatCaches.noindex/watchos27.0-24R360-e829b21a6f8c9b70876ba0858053c04477534ef55a1706bf4c1112bbb242f0a2.sdkstatcache -output-file-map /Users/admin/builder/spi-builder-workspace/.derivedData/Build/Intermediates.noindex/Reachability.build/Debug-watchos/Reachability-t.build/Objects-normal/arm64_32/Reachability-OutputFileMap.json -save-temps -no-color-diagnostics -explicit-module-build -module-cache-path /Users/admin/builder/spi-builder-workspace/.derivedData/Build/Intermediates.noindex/SwiftExplicitPrecompiledModules -clang-scanner-module-cache-path /Users/admin/builder/spi-builder-workspace/.derivedData/ModuleCache.noindex -sdk-module-cache-path /Users/admin/builder/spi-builder-workspace/.derivedData/SDKExplicitPrecompiledModules -emit-dependencies -emit-module -emit-module-path /Users/admin/builder/spi-builder-workspace/.derivedData/Build/Intermediates.noindex/Reachability.build/Debug-watchos/Reachability-t.build/Objects-normal/arm64_32/Reachability.swiftmodule -serialize-diagnostics -dependency-scan-serialize-diagnostics-path /Users/admin/builder/spi-builder-workspace/.derivedData/Build/Intermediates.noindex/Reachability.build/Debug-watchos/Reachability-t.build/Objects-normal/arm64_32/Reachability-dependency-scan.dia -validate-clang-modules-once -clang-build-session-file /Users/admin/builder/spi-builder-workspace/.derivedData/ModuleCache.noindex/Session.modulevalidation -Xcc -fmodules-prune-interval\=86400 -Xcc -fmodules-prune-after\=345600 -emit-const-values -const-gather-protocols-list /Users/admin/builder/spi-builder-workspace/.derivedData/Build/Intermediates.noindex/Reachability.build/Debug-watchos/Reachability-t.build/Objects-normal/arm64_32/Reachability_const_extract_protocols.json -Xcc -I/Users/admin/builder/spi-builder-workspace/.derivedData/Build/Products/Debug-watchos/include -Xcc -I/Users/admin/builder/spi-builder-workspace/.derivedData/Build/Intermediates.noindex/Reachability.build/Debug-watchos/Reachability-t.build/DerivedSources-normal/arm64_32 -Xcc -I/Users/admin/builder/spi-builder-workspace/.derivedData/Build/Intermediates.noindex/Reachability.build/Debug-watchos/Reachability-t.build/DerivedSources/arm64_32 -Xcc -I/Users/admin/builder/spi-builder-workspace/.derivedData/Build/Intermediates.noindex/Reachability.build/Debug-watchos/Reachability-t.build/DerivedSources -Xcc -DSWIFT_PACKAGE -Xcc -DDEBUG\=1 -emit-objc-header -emit-objc-header-path /Users/admin/builder/spi-builder-workspace/.derivedData/Build/Intermediates.noindex/Reachability.build/Debug-watchos/Reachability-t.build/Objects-normal/arm64_32/Reachability-Swift.h -working-directory /Users/admin/builder/spi-builder-workspace/.swiftpm/xcode -experimental-emit-module-separately -disable-cmo
/Users/admin/builder/spi-builder-workspace/.dependencies/checkouts/Reachability.swift/Sources/Reachability.swift:28:8: error: Unable to resolve module dependency: 'SystemConfiguration' (in target 'Reachability' from project 'Reachability')
note: A dependency of main module 'Reachability'
/Users/admin/builder/spi-builder-workspace/.dependencies/checkouts/Reachability.swift/Sources/Reachability.swift:28:8: note: A dependency of main module 'Reachability'
import SystemConfiguration
^ (in target 'Reachability' from project 'Reachability')
PruneExplicitPrecompiledModules /Users/admin/builder/spi-builder-workspace/.derivedData/SDKExplicitPrecompiledModules
PruneExplicitPrecompiledModules /Users/admin/builder/spi-builder-workspace/.derivedData/Build/Intermediates.noindex/ExplicitPrecompiledModules
PruneExplicitPrecompiledModules /Users/admin/builder/spi-builder-workspace/.derivedData/Build/Intermediates.noindex/SwiftExplicitPrecompiledModules
2026-09-24 05:37:12.831 xcodebuild[748:4831] [MT] IDERunDestination: Supported platforms for the buildables in the current scheme is empty.
** BUILD FAILED **
The following build commands failed:
SwiftDriver Reachability normal arm64 com.apple.xcode.tools.swift.compiler (in target 'Reachability' from project 'Reachability')
SwiftDriver Reachability normal arm64_32 com.apple.xcode.tools.swift.compiler (in target 'Reachability' from project 'Reachability')
Building workspace LWFirstPod with scheme LWFirstPod
(3 failures)
BUILD FAILURE 6.4 watchOS