The Swift Package Index logo.Swift Package Index

Build Information

Failed to build GoogleCloudLogging, reference master (8787f7), with Swift 6.4 for Wasm on 18 Sep 2026 11:49:18 UTC.

Build Command

bash -c docker run --pull=always --rm -v "checkouts-54344845-0":/host -w "$PWD" -e JAVA_HOME="/root/.sdkman/candidates/java/current" -e SPI_BUILD="1" -e SPI_PROCESSING="1" registry.gitlab.com/saguaro1/spi-images:wasm-6.4-latest swift build --swift-sdk swift-6.4.x-DEVELOPMENT-SNAPSHOT-2026-09-04-a_wasm 2>&1

Build Log

========================================
RunAll
========================================
Builder version: 5.1.0
Interrupt handler set up.
========================================
Checkout
========================================
Clone URL: https://github.com/DnV1eX/GoogleCloudLogging.git
Reference: master
Initialized empty Git repository in /host/spi-builder-workspace/.git/
hint: Using 'master' as the name for the initial branch. This default branch name
hint: is subject to change. To configure the initial branch name to use in all
hint: of your new repositories, which will suppress this warning, call:
hint:
hint: 	git config --global init.defaultBranch <name>
hint:
hint: Names commonly chosen instead of 'master' are 'main', 'trunk' and
hint: 'development'. The just-created branch can be renamed via this command:
hint:
hint: 	git branch -m <name>
From https://github.com/DnV1eX/GoogleCloudLogging
 * branch            master     -> FETCH_HEAD
 * [new branch]      master     -> origin/master
HEAD is now at 8787f77 Update README.md
Cloned https://github.com/DnV1eX/GoogleCloudLogging.git
Revision (git rev-parse @):
8787f77000cdd89c080cb6ac0b71552805ce86f4
SUCCESS checkout https://github.com/DnV1eX/GoogleCloudLogging.git at master
========================================
Build
========================================
Selected platform:         wasm
Swift version:             6.4
Building package at path:  $PWD
https://github.com/DnV1eX/GoogleCloudLogging.git
Running build ...
bash -c docker run --pull=always --rm -v "checkouts-54344845-0":/host -w "$PWD" -e JAVA_HOME="/root/.sdkman/candidates/java/current" -e SPI_BUILD="1" -e SPI_PROCESSING="1" registry.gitlab.com/saguaro1/spi-images:wasm-6.4-latest swift build --swift-sdk swift-6.4.x-DEVELOPMENT-SNAPSHOT-2026-09-04-a_wasm 2>&1
wasm-6.4-latest: Pulling from saguaro1/spi-images
Digest: sha256:4328fdb43c680d205c1d6761b1e3267aa38277eefdda9ddfb17b6a0f1a77857a
Status: Image is up to date for registry.gitlab.com/saguaro1/spi-images:wasm-6.4-latest
Fetching https://github.com/apple/swift-log.git
[1/8096] Fetching swift-log
Fetched https://github.com/apple/swift-log.git (0.54s)
Computing version for https://github.com/apple/swift-log.git
Computed https://github.com/apple/swift-log.git at 1.15.1 (0.76s)
Creating working copy for https://github.com/apple/swift-log.git
Working copy of https://github.com/apple/swift-log.git resolved at 1.15.1
Building for debugging...
[Pre-planning 1 / 96]
[22 / 37] Logging
[32 / 47] Logging
[40 / 51] GoogleCloudLogging
[41 / 51] Logging
error: SwiftCompile normal wasm32 failed with a nonzero exit code. Command line:     cd /host

/host/spi-builder-workspace/Sources/GoogleCloudLogging/GoogleCloudLogHandler.swift:148:23: error: cannot find type 'DispatchSourceTimer' in scope
146 |     static let fileHandleQueue = DispatchQueue(label: "GoogleCloudLogHandler.FileHandle")
147 |
148 |     static let timer: DispatchSourceTimer = {
    |                       `- error: cannot find type 'DispatchSourceTimer' in scope
149 |         let timer = DispatchSource.makeTimerSource()
150 |         timer.setEventHandler(handler: uploadOnSchedule)
/host/spi-builder-workspace/Sources/GoogleCloudLogging/GoogleCloudLogHandler.swift:146:34: error: cannot find 'DispatchQueue' in scope
144 |     @Atomic static var logging: GoogleCloudLogging?
145 |
146 |     static let fileHandleQueue = DispatchQueue(label: "GoogleCloudLogHandler.FileHandle")
    |                                  `- error: cannot find 'DispatchQueue' in scope
147 |
148 |     static let timer: DispatchSourceTimer = {
/host/spi-builder-workspace/Sources/GoogleCloudLogging/GoogleCloudLogHandler.swift:149:21: error: cannot find 'DispatchSource' in scope
147 |
148 |     static let timer: DispatchSourceTimer = {
149 |         let timer = DispatchSource.makeTimerSource()
    |                     `- error: cannot find 'DispatchSource' in scope
150 |         timer.setEventHandler(handler: uploadOnSchedule)
151 |         timer.activate()
/host/spi-builder-workspace/Sources/GoogleCloudLogging/GoogleCloudLogHandler.swift:25:15: warning: deprecated default implementation is used to satisfy instance method 'log(event:)' required by protocol 'LogHandler': You should implement this method instead of using the default implementation [#]8;;https://docs.swift.org/compiler/documentation/diagnostics/deprecated-declaration\DeprecatedDeclaration]8;;\]
 23 |
 24 | /// Customizable SwiftLog logging backend for Google Cloud Logging via REST API v2 with offline functionality.
 25 | public struct GoogleCloudLogHandler: LogHandler {
    |               `- warning: deprecated default implementation is used to satisfy instance method 'log(event:)' required by protocol 'LogHandler': You should implement this method instead of using the default implementation [#]8;;https://docs.swift.org/compiler/documentation/diagnostics/deprecated-declaration\DeprecatedDeclaration]8;;\]
 26 |
 27 |     /// Predefined metadata key strings.
/host/spi-builder-workspace/.build/checkouts/swift-log/Sources/Logging/LogHandler.swift:249:17: note: 'log(event:)' declared here
136 |     ///
137 |     /// - Parameter event: The log event containing the level, message, metadata, and source location.
138 |     func log(event: LogEvent)
    |          `- note: requirement 'log(event:)' declared here
139 |
140 |     /// Please do _not_ implement this method when you create a `LogHandler` implementation.
    :
247 |     ///   Implement ``log(event:)`` in your ``LogHandler`` instead.
248 |     @available(*, deprecated, message: "You should implement this method instead of using the default implementation")
249 |     public func log(event: LogEvent) {
    |                 `- note: 'log(event:)' declared here
250 |         self.log(
251 |             level: event.level,
/host/spi-builder-workspace/Sources/GoogleCloudLogging/GoogleCloudLogHandler.swift:438:25: error: cannot find 'DispatchQueue' in scope
436 | public class Atomic<T> {
437 |
438 |     private let queue = DispatchQueue(label: "GoogleCloudLogHandler.AtomicProperty", attributes: .concurrent)
    |                         `- error: cannot find 'DispatchQueue' in scope
439 |     private var value: T
440 |     public var wrappedValue: T {
/host/spi-builder-workspace/Sources/GoogleCloudLogging/GoogleCloudLogHandler.swift:488:11: error: cannot find type 'DispatchSourceTimer' in scope
486 |
487 |
488 | extension DispatchSourceTimer {
    |           `- error: cannot find type 'DispatchSourceTimer' in scope
489 |
490 |     func schedule(delay: TimeInterval?, repeating: TimeInterval?) {
/host/spi-builder-workspace/Sources/GoogleCloudLogging/GoogleCloudLogging.swift:32:29: error: 'URLResponse' is unavailable: This type has moved to the FoundationNetworking module. Import that module to use it.
 30 |     enum TokenRequestError: Error {
 31 |         case invalidURL(String)
 32 |         case noDataReceived(URLResponse?)
    |                             `- error: 'URLResponse' is unavailable: This type has moved to the FoundationNetworking module. Import that module to use it.
 33 |         case errorReceived(Response.Error)
 34 |         case wrongTokenType(Token)
Foundation.URLResponse:2:18: note: 'URLResponse' has been explicitly marked unavailable here
1 | @available(*, unavailable, message: "This type has moved to the FoundationNetworking module. Import that module to use it.")
2 | public typealias URLResponse = AnyObject
  |                  `- note: 'URLResponse' has been explicitly marked unavailable here
/host/spi-builder-workspace/Sources/GoogleCloudLogging/GoogleCloudLogging.swift:40:29: error: 'URLResponse' is unavailable: This type has moved to the FoundationNetworking module. Import that module to use it.
 38 |         case noEntriesToSend
 39 |         case tokenExpired(Token)
 40 |         case noDataReceived(URLResponse?)
    |                             `- error: 'URLResponse' is unavailable: This type has moved to the FoundationNetworking module. Import that module to use it.
 41 |         case errorReceived(Response.Error)
 42 |     }
Foundation.URLResponse:2:18: note: 'URLResponse' has been explicitly marked unavailable here
1 | @available(*, unavailable, message: "This type has moved to the FoundationNetworking module. Import that module to use it.")
2 | public typealias URLResponse = AnyObject
  |                  `- note: 'URLResponse' has been explicitly marked unavailable here
/host/spi-builder-workspace/Sources/GoogleCloudLogging/GoogleCloudLogging.swift:213:34: error: cannot find 'DispatchQueue' in scope
211 |     private var accessToken: Token?
212 |
213 |     let completionHandlerQueue = DispatchQueue(label: "GoogleCloudLogging.CompletionHandler")
    |                                  `- error: cannot find 'DispatchQueue' in scope
214 |     let accessTokenQueue = DispatchQueue(label: "GoogleCloudLogging.AccessToken")
215 |
/host/spi-builder-workspace/Sources/GoogleCloudLogging/GoogleCloudLogging.swift:214:28: error: cannot find 'DispatchQueue' in scope
212 |
213 |     let completionHandlerQueue = DispatchQueue(label: "GoogleCloudLogging.CompletionHandler")
214 |     let accessTokenQueue = DispatchQueue(label: "GoogleCloudLogging.AccessToken")
    |                            `- error: cannot find 'DispatchQueue' in scope
215 |
216 |     let session: URLSession
/host/spi-builder-workspace/Sources/GoogleCloudLogging/GoogleCloudLogging.swift:216:18: error: 'URLSession' is unavailable: This type has moved to the FoundationNetworking module. Import that module to use it.
214 |     let accessTokenQueue = DispatchQueue(label: "GoogleCloudLogging.AccessToken")
215 |
216 |     let session: URLSession
    |                  `- error: 'URLSession' is unavailable: This type has moved to the FoundationNetworking module. Import that module to use it.
217 |
218 |
Foundation.URLSession:2:18: note: 'URLSession' has been explicitly marked unavailable here
1 | @available(*, unavailable, message: "This type has moved to the FoundationNetworking module. Import that module to use it.")
2 | public typealias URLSession = AnyObject
  |                  `- note: 'URLSession' has been explicitly marked unavailable here
[#DeprecatedDeclaration]: <https://docs.swift.org/compiler/documentation/diagnostics/deprecated-declaration>
Failed frontend command:
/usr/bin/swift-frontend -frontend -emit-module -experimental-skip-non-inlinable-function-bodies-without-types /host/spi-builder-workspace/Sources/GoogleCloudLogging/GoogleCloudLogHandler.swift /host/spi-builder-workspace/Sources/GoogleCloudLogging/GoogleCloudLogging.swift -target wasm32-unknown-wasip1 -disable-objc-interop -sdk /root/.swiftpm/swift-sdks/swift-6.4.x-DEVELOPMENT-SNAPSHOT-2026-09-04-a_wasm.artifactbundle/swift-6.4.x-DEVELOPMENT-SNAPSHOT-2026-09-04-a_wasm/wasm32-unknown-wasip1/WASI.sdk -sysroot /root/.swiftpm/swift-sdks/swift-6.4.x-DEVELOPMENT-SNAPSHOT-2026-09-04-a_wasm.artifactbundle/swift-6.4.x-DEVELOPMENT-SNAPSHOT-2026-09-04-a_wasm/wasm32-unknown-wasip1/WASI.sdk -I /host/spi-builder-workspace/.build/out/Products/Debug-webassembly-wasm32 -module-cache-path /host/spi-builder-workspace/.build/out/ModuleCache.noindex -color-diagnostics -Xcc -fcolor-diagnostics -enable-testing -g -debug-info-format\=dwarf -dwarf-version\=4 -swift-version 5 -Onone -D SWIFT_PACKAGE -D DEBUG -D SWIFT_MODULE_RESOURCE_BUNDLE_UNAVAILABLE -D Xcode -serialize-debugging-options -enable-experimental-feature DebugDescriptionMacro -empty-abi-descriptor -external-plugin-path /usr/lib/swift/host/plugins/testing\#/usr/bin/swift-plugin-server -validate-clang-modules-once -clang-build-session-file /host/spi-builder-workspace/.build/out/ModuleCache.noindex/Session.modulevalidation -Xcc -working-directory -Xcc /host -resource-dir /root/.swiftpm/swift-sdks/swift-6.4.x-DEVELOPMENT-SNAPSHOT-2026-09-04-a_wasm.artifactbundle/swift-6.4.x-DEVELOPMENT-SNAPSHOT-2026-09-04-a_wasm/wasm32-unknown-wasip1/swift.xctoolchain/usr/lib/swift_static -use-static-resource-dir -enable-anonymous-context-mangled-names -file-compilation-dir /host -Xcc -resource-dir -Xcc /root/.swiftpm/swift-sdks/swift-6.4.x-DEVELOPMENT-SNAPSHOT-2026-09-04-a_wasm.artifactbundle/swift-6.4.x-DEVELOPMENT-SNAPSHOT-2026-09-04-a_wasm/wasm32-unknown-wasip1/swift.xctoolchain/usr/lib/swift_static/clang -Xcc -D_LIBCPP_HARDENING_MODE\=_LIBCPP_HARDENING_MODE_DEBUG -Xcc -fmodules-prune-interval\=86400 -Xcc -fmodules-prune-after\=345600 -Xcc -I/host/spi-builder-workspace/.build/out/Products/Debug-webassembly-wasm32/include -Xcc -I/host/spi-builder-workspace/.build/out/Intermediates.noindex/GoogleCloudLogging.build/Debug-webassembly-wasm32/GoogleCloudLogging-t.build/DerivedSources-normal/wasm32 -Xcc -I/host/spi-builder-workspace/.build/out/Intermediates.noindex/GoogleCloudLogging.build/Debug-webassembly-wasm32/GoogleCloudLogging-t.build/DerivedSources/wasm32 -Xcc -I/host/spi-builder-workspace/.build/out/Intermediates.noindex/GoogleCloudLogging.build/Debug-webassembly-wasm32/GoogleCloudLogging-t.build/DerivedSources -Xcc -DSWIFT_PACKAGE -Xcc -DDEBUG\=1 -no-auto-bridging-header-chaining -module-name GoogleCloudLogging -const-gather-protocols-file /host/spi-builder-workspace/.build/out/Intermediates.noindex/GoogleCloudLogging.build/Debug-webassembly-wasm32/GoogleCloudLogging-t.build/Objects-normal/wasm32/GoogleCloudLogging_const_extract_protocols.json -in-process-plugin-server-path /usr/lib/swift/host/libSwiftInProcPluginServer.so -plugin-path /usr/lib/swift/host/plugins -plugin-path /usr/local/lib/swift/host/plugins -emit-module-doc-path /host/spi-builder-workspace/.build/out/Intermediates.noindex/GoogleCloudLogging.build/Debug-webassembly-wasm32/GoogleCloudLogging-t.build/Objects-normal/wasm32/Modules/GoogleCloudLogging.swiftdoc -emit-module-source-info-path /host/spi-builder-workspace/.build/out/Intermediates.noindex/GoogleCloudLogging.build/Debug-webassembly-wasm32/GoogleCloudLogging-t.build/Objects-normal/wasm32/Modules/GoogleCloudLogging.swiftsourceinfo -emit-objc-header-path /host/spi-builder-workspace/.build/out/Intermediates.noindex/GoogleCloudLogging.build/Debug-webassembly-wasm32/GoogleCloudLogging-t.build/Objects-normal/wasm32/GoogleCloudLogging-Swift.h -serialize-diagnostics-path /host/spi-builder-workspace/.build/out/Intermediates.noindex/GoogleCloudLogging.build/Debug-webassembly-wasm32/GoogleCloudLogging-t.build/Objects-normal/wasm32/GoogleCloudLogging-primary-emit-module.dia -emit-dependencies-path /host/spi-builder-workspace/.build/out/Intermediates.noindex/GoogleCloudLogging.build/Debug-webassembly-wasm32/GoogleCloudLogging-t.build/Objects-normal/wasm32/GoogleCloudLogging-primary-emit-module.d -parse-as-library -o /host/spi-builder-workspace/.build/out/Intermediates.noindex/GoogleCloudLogging.build/Debug-webassembly-wasm32/GoogleCloudLogging-t.build/Objects-normal/wasm32/Modules/GoogleCloudLogging.swiftmodule
error: Build failed
BUILD FAILURE 6.4 wasm