The Swift Package Index logo.Swift Package Index

Build Information

Failed to build CleanroomDataTransactions, reference master (ca9ff5), with Swift 6.4 for watchOS using Xcode 27.0 on 16 Sep 2026 20:19:11 UTC.

Build Command

env DEVELOPER_DIR=/Applications/Xcode-27.0.0-Release.Candidate.app xcrun xcodebuild -IDEClonedSourcePackagesDirPathOverride=$PWD/.dependencies -skipMacroValidation -skipPackagePluginValidation -derivedDataPath $PWD/.derivedData build -scheme CleanroomDataTransactions -destination generic/platform=watchOS

Build Log

========================================
RunAll
========================================
Builder version: 5.1.0
Interrupt handler set up.
========================================
Checkout
========================================
Clone URL: https://github.com/emaloney/cleanroomdatatransactions.git
Reference: master
Initialized empty Git repository in /Users/admin/builder/spi-builder-workspace/.git/
From https://github.com/emaloney/cleanroomdatatransactions
 * branch            master     -> FETCH_HEAD
 * [new branch]      master     -> origin/master
HEAD is now at ca9ff51 Release 8.1.0 (build 38)
Cloned https://github.com/emaloney/cleanroomdatatransactions.git
Revision (git rev-parse @):
ca9ff51fa888a9f48e6497fd9cad580b71b91e33
SUCCESS checkout https://github.com/emaloney/cleanroomdatatransactions.git at master
========================================
Build
========================================
Selected platform:         watchOS
Swift version:             6.4
Building package at path:  $PWD
https://github.com/emaloney/cleanroomdatatransactions.git
Command line invocation:
    /Applications/Xcode-27.0.0-Release.Candidate.app/Contents/Developer/usr/bin/xcodebuild -IDEClonedSourcePackagesDirPathOverride=/Users/admin/builder/spi-builder-workspace/.dependencies -resolvePackageDependencies
resolved source packages:
{
  "dependencies" : [
  ],
  "manifest_display_name" : "CleanroomDataTransactions",
  "name" : "CleanroomDataTransactions",
  "path" : "/Users/admin/builder/spi-builder-workspace",
  "platforms" : [
  ],
  "products" : [
    {
      "name" : "CleanroomDataTransactions",
      "targets" : [
        "CleanroomDataTransactions"
      ],
      "type" : {
        "library" : [
          "automatic"
        ]
      }
    }
  ],
  "targets" : [
    {
      "c99name" : "CleanroomDataTransactions",
      "module_type" : "SwiftTarget",
      "name" : "CleanroomDataTransactions",
      "path" : "Sources",
      "product_memberships" : [
        "CleanroomDataTransactions"
      ],
      "sources" : [
        "DataTransaction.swift",
        "DataTransactionError.swift",
        "DispatchQueueExtension.swift",
        "EncodingExtensions.swift",
        "FetchImageTransaction.swift",
        "HTTPRequestMethod.swift",
        "HTTPResponseMetadata.swift",
        "HTTPResponseStatus.swift",
        "HTTPTransaction.swift",
        "HTTPTransactionConfigurator.swift",
        "HTTPTransactionControl.swift",
        "HTTPTransactionTracer.swift",
        "ImageConstruction.swift",
        "JSONDecodableTransaction.swift",
        "JSONExtractionExtensions.swift",
        "JSONKey.swift",
        "JSONTransaction.swift",
        "JSONTypes.swift",
        "MIMEType.swift"
      ],
      "type" : "library"
    }
  ],
  "tools_version" : "4.0"
}
{
  "project" : {
    "configurations" : [
      "Debug",
      "Release"
    ],
    "name" : "CleanroomDataTransactions",
    "schemes" : [
      "CleanroomDataTransactions"
    ],
    "targets" : [
      "CleanroomDataTransactions",
      "CleanroomDataTransactionsTests"
    ]
  }
}
Running build ...
env DEVELOPER_DIR=/Applications/Xcode-27.0.0-Release.Candidate.app xcrun xcodebuild -IDEClonedSourcePackagesDirPathOverride=$PWD/.dependencies -skipMacroValidation -skipPackagePluginValidation -derivedDataPath $PWD/.derivedData build -scheme CleanroomDataTransactions -destination generic/platform=watchOS
Command line invocation:
    /Applications/Xcode-27.0.0-Release.Candidate.app/Contents/Developer/usr/bin/xcodebuild -IDEClonedSourcePackagesDirPathOverride=/Users/admin/builder/spi-builder-workspace/.dependencies -skipMacroValidation -skipPackagePluginValidation -derivedDataPath /Users/admin/builder/spi-builder-workspace/.derivedData build -scheme CleanroomDataTransactions -destination generic/platform=watchOS
ComputePackagePrebuildTargetDependencyGraph
Prepare packages
CreateBuildRequest
SendProjectDescription
CreateBuildOperation
ComputeTargetDependencyGraph
note: Building targets in dependency order
note: Target dependency graph (1 target)
    Target 'CleanroomDataTransactions' in project 'CleanroomDataTransactions' (no dependencies)
GatherProvisioningInputs
CreateBuildDescription
ExecuteExternalTool /Applications/Xcode-27.0.0-Release.Candidate.app/Contents/Developer/Toolchains/XcodeDefault.xctoolchain/usr/bin/clang -v -E -dM -isysroot /Applications/Xcode-27.0.0-Release.Candidate.app/Contents/Developer/Platforms/WatchOS.platform/Developer/SDKs/WatchOS27.0.sdk -x c -c /dev/null
ExecuteExternalTool /Applications/Xcode-27.0.0-Release.Candidate.app/Contents/Developer/Toolchains/XcodeDefault.xctoolchain/usr/bin/swiftc --version
Build description signature: c5c1a3276291af5ba80c1e7521519de8
Build description path: /Users/admin/builder/spi-builder-workspace/.derivedData/Build/Intermediates.noindex/XCBuildData/c5c1a3276291af5ba80c1e7521519de8.xcbuilddata
/Users/admin/builder/spi-builder-workspace/CleanroomDataTransactions.xcodeproj: error: The watchOS deployment target 'WATCHOS_DEPLOYMENT_TARGET' is set to 2.0, but the range of supported deployment target versions is 9.0 to 27.0.x. (in target 'CleanroomDataTransactions' from project 'CleanroomDataTransactions')
error: The armv7k architecture is deprecated. You should update your ARCHS build setting to remove the armv7k architecture. (in target 'CleanroomDataTransactions' from project 'CleanroomDataTransactions')
warning: None of the architectures in ARCHS (arm64, armv7k, arm64_32) are valid. Consider setting ARCHS to $(ARCHS_STANDARD) or updating it to include at least one value from VALID_ARCHS (armv7k). (in target 'CleanroomDataTransactions' from project 'CleanroomDataTransactions')
** BUILD FAILED **
The following build commands failed:
	Building project CleanroomDataTransactions with scheme CleanroomDataTransactions
(1 failure)
Command line invocation:
    /Applications/Xcode-27.0.0-Release.Candidate.app/Contents/Developer/usr/bin/xcodebuild -IDEClonedSourcePackagesDirPathOverride=/Users/admin/builder/spi-builder-workspace/.dependencies -resolvePackageDependencies
resolved source packages:
{
  "dependencies" : [
  ],
  "manifest_display_name" : "CleanroomDataTransactions",
  "name" : "CleanroomDataTransactions",
  "path" : "/Users/admin/builder/spi-builder-workspace",
  "platforms" : [
  ],
  "products" : [
    {
      "name" : "CleanroomDataTransactions",
      "targets" : [
        "CleanroomDataTransactions"
      ],
      "type" : {
        "library" : [
          "automatic"
        ]
      }
    }
  ],
  "targets" : [
    {
      "c99name" : "CleanroomDataTransactions",
      "module_type" : "SwiftTarget",
      "name" : "CleanroomDataTransactions",
      "path" : "Sources",
      "product_memberships" : [
        "CleanroomDataTransactions"
      ],
      "sources" : [
        "DataTransaction.swift",
        "DataTransactionError.swift",
        "DispatchQueueExtension.swift",
        "EncodingExtensions.swift",
        "FetchImageTransaction.swift",
        "HTTPRequestMethod.swift",
        "HTTPResponseMetadata.swift",
        "HTTPResponseStatus.swift",
        "HTTPTransaction.swift",
        "HTTPTransactionConfigurator.swift",
        "HTTPTransactionControl.swift",
        "HTTPTransactionTracer.swift",
        "ImageConstruction.swift",
        "JSONDecodableTransaction.swift",
        "JSONExtractionExtensions.swift",
        "JSONKey.swift",
        "JSONTransaction.swift",
        "JSONTypes.swift",
        "MIMEType.swift"
      ],
      "type" : "library"
    }
  ],
  "tools_version" : "4.0"
}
{
  "project" : {
    "configurations" : [
      "Debug",
      "Release"
    ],
    "name" : "CleanroomDataTransactions",
    "schemes" : [
      "CleanroomDataTransactions"
    ],
    "targets" : [
      "CleanroomDataTransactions",
      "CleanroomDataTransactionsTests"
    ]
  }
}
Running build ...
env DEVELOPER_DIR=/Applications/Xcode-27.0.0-Release.Candidate.app xcrun xcodebuild -IDEClonedSourcePackagesDirPathOverride=$PWD/.dependencies -skipMacroValidation -skipPackagePluginValidation -derivedDataPath $PWD/.derivedData build -scheme CleanroomDataTransactions -destination generic/platform=watchOS
Command line invocation:
    /Applications/Xcode-27.0.0-Release.Candidate.app/Contents/Developer/usr/bin/xcodebuild -IDEClonedSourcePackagesDirPathOverride=/Users/admin/builder/spi-builder-workspace/.dependencies -skipMacroValidation -skipPackagePluginValidation -derivedDataPath /Users/admin/builder/spi-builder-workspace/.derivedData build -scheme CleanroomDataTransactions -destination generic/platform=watchOS
ComputePackagePrebuildTargetDependencyGraph
Prepare packages
CreateBuildRequest
SendProjectDescription
CreateBuildOperation
ComputeTargetDependencyGraph
note: Building targets in dependency order
note: Target dependency graph (1 target)
    Target 'CleanroomDataTransactions' in project 'CleanroomDataTransactions' (no dependencies)
GatherProvisioningInputs
CreateBuildDescription
error: The armv7k architecture is deprecated. You should update your ARCHS build setting to remove the armv7k architecture. (in target 'CleanroomDataTransactions' from project 'CleanroomDataTransactions')
/Users/admin/builder/spi-builder-workspace/CleanroomDataTransactions.xcodeproj: error: The watchOS deployment target 'WATCHOS_DEPLOYMENT_TARGET' is set to 2.0, but the range of supported deployment target versions is 9.0 to 27.0.x. (in target 'CleanroomDataTransactions' from project 'CleanroomDataTransactions')
warning: None of the architectures in ARCHS (arm64, armv7k, arm64_32) are valid. Consider setting ARCHS to $(ARCHS_STANDARD) or updating it to include at least one value from VALID_ARCHS (armv7k). (in target 'CleanroomDataTransactions' from project 'CleanroomDataTransactions')
** BUILD FAILED **
The following build commands failed:
	Building project CleanroomDataTransactions with scheme CleanroomDataTransactions
(1 failure)
BUILD FAILURE 6.4 watchOS