The Swift Package Index logo.Swift Package Index

Build Information

Failed to build Mockingbird, reference 0.20.0 (6e0d47), with Swift 6.4 for Android on 20 Sep 2026 14:05:25 UTC.

Build Command

bash -c docker run --pull=always --rm -v "checkouts-53886769-0":/host -w "$PWD" -e JAVA_HOME="/root/.sdkman/candidates/java/current" -e SPI_BUILD="1" -e SPI_PROCESSING="1" registry.gitlab.com/saguaro1/spi-images:android-6.4-latest swift build --swift-sdk aarch64-unknown-linux-android28 2>&1

Build Log

========================================
RunAll
========================================
Builder version: 5.1.0
Interrupt handler set up.
========================================
Checkout
========================================
Clone URL: https://github.com/typealiased/mockingbird.git
Reference: 0.20.0
Initialized empty Git repository in /host/spi-builder-workspace/.git/
hint: Using 'master' as the name for the initial branch. This default branch name
hint: is subject to change. To configure the initial branch name to use in all
hint: of your new repositories, which will suppress this warning, call:
hint:
hint: 	git config --global init.defaultBranch <name>
hint:
hint: Names commonly chosen instead of 'master' are 'main', 'trunk' and
hint: 'development'. The just-created branch can be renamed via this command:
hint:
hint: 	git branch -m <name>
From https://github.com/typealiased/mockingbird
 * tag               0.20.0     -> FETCH_HEAD
HEAD is now at 6e0d473 Fix parsing async keywords in void methods (#290)
Cloned https://github.com/typealiased/mockingbird.git
Revision (git rev-parse @):
6e0d473df6b975719e145f6aebf90990c634700e
SUCCESS checkout https://github.com/typealiased/mockingbird.git at 0.20.0
========================================
Build
========================================
Selected platform:         android
Swift version:             6.4
Building package at path:  $PWD
https://github.com/typealiased/mockingbird.git
Running build ...
bash -c docker run --pull=always --rm -v "checkouts-53886769-0":/host -w "$PWD" -e JAVA_HOME="/root/.sdkman/candidates/java/current" -e SPI_BUILD="1" -e SPI_PROCESSING="1" registry.gitlab.com/saguaro1/spi-images:android-6.4-latest swift build --swift-sdk aarch64-unknown-linux-android28 2>&1
android-6.4-latest: Pulling from saguaro1/spi-images
Digest: sha256:abadcff584c273feba50641b454858d377ba30b35ea7287a94f45ebd8afd0ea0
Status: Image is up to date for registry.gitlab.com/saguaro1/spi-images:android-6.4-latest
Building for debugging...
[Pre-planning 1 / 126]
[Starting]
In file included from /host/spi-builder-workspace/Sources/MockingbirdFramework/Objective-C/Bridge/sources/MKBTypeFacade.m:1:
/host/spi-builder-workspace/Sources/MockingbirdFramework/Objective-C/Bridge/sources/../include/MKBTypeFacade.h:1:9: fatal error: 'Foundation/Foundation.h' file not found
    1 | #import <Foundation/Foundation.h>
      |         ^~~~~~~~~~~~~~~~~~~~~~~~~
1 error generated.
error: CompileC /host/spi-builder-workspace/.build/out/Intermediates.noindex/Mockingbird.build/Debug-android-aarch64/MockingbirdBridge-t.build/Objects-normal/aarch64/MKBTypeFacade.o /host/spi-builder-workspace/Sources/MockingbirdFramework/Objective-C/Bridge/sources/MKBTypeFacade.m normal aarch64 objective-c com.apple.compilers.llvm.clang.1_0.compiler failed with a nonzero exit code. Command line:     cd /host

    Using response file: /host/spi-builder-workspace/.build/out/Intermediates.noindex/Mockingbird.build/Debug-android-aarch64/MockingbirdBridge-t.build/Objects-normal/aarch64/6f95552a3397ee1cec971b90cf334075d5f321c3a3b0689ad55c3d1e24702600-common-args.resp

    /root/.local/share/swiftly/toolchains/6.4.x-snapshot-2026-09-04/usr/bin/clang -x objective-c -target aarch64-unknown-linux-android28 -fmessage-length\=0 -fdiagnostics-show-note-include-stack -fmacro-backtrace-limit\=0 -fcolor-diagnostics -Wno-trigraphs -Wno-missing-field-initializers -Wno-missing-prototypes -Wno-return-type -Wno-implicit-atomic-properties -Wno-objc-interface-ivars -Wno-arc-repeated-use-of-weak -Wno-missing-braces -Wparentheses -Wswitch -Wno-unused-function -Wno-unused-label -Wno-unused-parameter -Wno-unused-variable -Wunused-value -Wno-empty-body -Wno-uninitialized -Wno-unknown-pragmas -Wno-shadow -Wno-four-char-constants -Wno-conversion -Wno-constant-conversion -Wno-int-conversion -Wno-bool-conversion -Wno-enum-conversion -Wno-float-conversion -Wno-non-literal-null-conversion -Wno-objc-literal-conversion -Wno-shorten-64-to-32 -Wpointer-sign -Wno-newline-eof -Wno-selector -Wno-strict-selector-match -Wno-undeclared-selector -Wno-deprecated-implementations -Wno-implicit-fallthrough -fstrict-aliasing -Wprotocol -Wdeprecated-declarations -Wno-sign-conversion -Wno-infinite-recursion -Wno-comma -Wno-block-capture-autoreleasing -Wno-strict-prototypes -Wno-semicolon-before-method-body --sysroot /android-ndk/android-ndk-r27d/toolchains/llvm/prebuilt/linux-x86_64/sysroot @/host/spi-builder-workspace/.build/out/Intermediates.noindex/Mockingbird.build/Debug-android-aarch64/MockingbirdBridge-t.build/Objects-normal/aarch64/6f95552a3397ee1cec971b90cf334075d5f321c3a3b0689ad55c3d1e24702600-common-args.resp -MMD -MT dependencies -MF /host/spi-builder-workspace/.build/out/Intermediates.noindex/Mockingbird.build/Debug-android-aarch64/MockingbirdBridge-t.build/Objects-normal/aarch64/MKBTypeFacade.d --serialize-diagnostics /host/spi-builder-workspace/.build/out/Intermediates.noindex/Mockingbird.build/Debug-android-aarch64/MockingbirdBridge-t.build/Objects-normal/aarch64/MKBTypeFacade.dia -c /host/spi-builder-workspace/Sources/MockingbirdFramework/Objective-C/Bridge/sources/MKBTypeFacade.m -o /host/spi-builder-workspace/.build/out/Intermediates.noindex/Mockingbird.build/Debug-android-aarch64/MockingbirdBridge-t.build/Objects-normal/aarch64/MKBTypeFacade.o
In file included from /host/spi-builder-workspace/Sources/MockingbirdFramework/Objective-C/Bridge/sources/MKBTestUtils.m:1:
/host/spi-builder-workspace/Sources/MockingbirdFramework/Objective-C/Bridge/sources/../include/MKBTestUtils.h:1:9: fatal error: 'Foundation/Foundation.h' file not found
    1 | #import <Foundation/Foundation.h>
      |         ^~~~~~~~~~~~~~~~~~~~~~~~~
1 error generated.
error: CompileC /host/spi-builder-workspace/.build/out/Intermediates.noindex/Mockingbird.build/Debug-android-aarch64/MockingbirdBridge-t.build/Objects-normal/aarch64/MKBTestUtils.o /host/spi-builder-workspace/Sources/MockingbirdFramework/Objective-C/Bridge/sources/MKBTestUtils.m normal aarch64 objective-c com.apple.compilers.llvm.clang.1_0.compiler failed with a nonzero exit code. Command line:     cd /host

    Using response file: /host/spi-builder-workspace/.build/out/Intermediates.noindex/Mockingbird.build/Debug-android-aarch64/MockingbirdBridge-t.build/Objects-normal/aarch64/6f95552a3397ee1cec971b90cf334075d5f321c3a3b0689ad55c3d1e24702600-common-args.resp

    /root/.local/share/swiftly/toolchains/6.4.x-snapshot-2026-09-04/usr/bin/clang -x objective-c -target aarch64-unknown-linux-android28 -fmessage-length\=0 -fdiagnostics-show-note-include-stack -fmacro-backtrace-limit\=0 -fcolor-diagnostics -Wno-trigraphs -Wno-missing-field-initializers -Wno-missing-prototypes -Wno-return-type -Wno-implicit-atomic-properties -Wno-objc-interface-ivars -Wno-arc-repeated-use-of-weak -Wno-missing-braces -Wparentheses -Wswitch -Wno-unused-function -Wno-unused-label -Wno-unused-parameter -Wno-unused-variable -Wunused-value -Wno-empty-body -Wno-uninitialized -Wno-unknown-pragmas -Wno-shadow -Wno-four-char-constants -Wno-conversion -Wno-constant-conversion -Wno-int-conversion -Wno-bool-conversion -Wno-enum-conversion -Wno-float-conversion -Wno-non-literal-null-conversion -Wno-objc-literal-conversion -Wno-shorten-64-to-32 -Wpointer-sign -Wno-newline-eof -Wno-selector -Wno-strict-selector-match -Wno-undeclared-selector -Wno-deprecated-implementations -Wno-implicit-fallthrough -fstrict-aliasing -Wprotocol -Wdeprecated-declarations -Wno-sign-conversion -Wno-infinite-recursion -Wno-comma -Wno-block-capture-autoreleasing -Wno-strict-prototypes -Wno-semicolon-before-method-body --sysroot /android-ndk/android-ndk-r27d/toolchains/llvm/prebuilt/linux-x86_64/sysroot @/host/spi-builder-workspace/.build/out/Intermediates.noindex/Mockingbird.build/Debug-android-aarch64/MockingbirdBridge-t.build/Objects-normal/aarch64/6f95552a3397ee1cec971b90cf334075d5f321c3a3b0689ad55c3d1e24702600-common-args.resp -MMD -MT dependencies -MF /host/spi-builder-workspace/.build/out/Intermediates.noindex/Mockingbird.build/Debug-android-aarch64/MockingbirdBridge-t.build/Objects-normal/aarch64/MKBTestUtils.d --serialize-diagnostics /host/spi-builder-workspace/.build/out/Intermediates.noindex/Mockingbird.build/Debug-android-aarch64/MockingbirdBridge-t.build/Objects-normal/aarch64/MKBTestUtils.dia -c /host/spi-builder-workspace/Sources/MockingbirdFramework/Objective-C/Bridge/sources/MKBTestUtils.m -o /host/spi-builder-workspace/.build/out/Intermediates.noindex/Mockingbird.build/Debug-android-aarch64/MockingbirdBridge-t.build/Objects-normal/aarch64/MKBTestUtils.o
In file included from /host/spi-builder-workspace/Sources/MockingbirdFramework/Objective-C/Bridge/sources/MKBTestExpectation.m:1:
/host/spi-builder-workspace/Sources/MockingbirdFramework/Objective-C/Bridge/sources/../include/MKBTestExpectation.h:1:9: fatal error: 'XCTest/XCTest.h' file not found
    1 | #import <XCTest/XCTest.h>
      |         ^~~~~~~~~~~~~~~~~
1 error generated.
error: CompileC /host/spi-builder-workspace/.build/out/Intermediates.noindex/Mockingbird.build/Debug-android-aarch64/MockingbirdBridge-t.build/Objects-normal/aarch64/MKBTestExpectation.o /host/spi-builder-workspace/Sources/MockingbirdFramework/Objective-C/Bridge/sources/MKBTestExpectation.m normal aarch64 objective-c com.apple.compilers.llvm.clang.1_0.compiler failed with a nonzero exit code. Command line:     cd /host

    Using response file: /host/spi-builder-workspace/.build/out/Intermediates.noindex/Mockingbird.build/Debug-android-aarch64/MockingbirdBridge-t.build/Objects-normal/aarch64/6f95552a3397ee1cec971b90cf334075d5f321c3a3b0689ad55c3d1e24702600-common-args.resp

    /root/.local/share/swiftly/toolchains/6.4.x-snapshot-2026-09-04/usr/bin/clang -x objective-c -target aarch64-unknown-linux-android28 -fmessage-length\=0 -fdiagnostics-show-note-include-stack -fmacro-backtrace-limit\=0 -fcolor-diagnostics -Wno-trigraphs -Wno-missing-field-initializers -Wno-missing-prototypes -Wno-return-type -Wno-implicit-atomic-properties -Wno-objc-interface-ivars -Wno-arc-repeated-use-of-weak -Wno-missing-braces -Wparentheses -Wswitch -Wno-unused-function -Wno-unused-label -Wno-unused-parameter -Wno-unused-variable -Wunused-value -Wno-empty-body -Wno-uninitialized -Wno-unknown-pragmas -Wno-shadow -Wno-four-char-constants -Wno-conversion -Wno-constant-conversion -Wno-int-conversion -Wno-bool-conversion -Wno-enum-conversion -Wno-float-conversion -Wno-non-literal-null-conversion -Wno-objc-literal-conversion -Wno-shorten-64-to-32 -Wpointer-sign -Wno-newline-eof -Wno-selector -Wno-strict-selector-match -Wno-undeclared-selector -Wno-deprecated-implementations -Wno-implicit-fallthrough -fstrict-aliasing -Wprotocol -Wdeprecated-declarations -Wno-sign-conversion -Wno-infinite-recursion -Wno-comma -Wno-block-capture-autoreleasing -Wno-strict-prototypes -Wno-semicolon-before-method-body --sysroot /android-ndk/android-ndk-r27d/toolchains/llvm/prebuilt/linux-x86_64/sysroot @/host/spi-builder-workspace/.build/out/Intermediates.noindex/Mockingbird.build/Debug-android-aarch64/MockingbirdBridge-t.build/Objects-normal/aarch64/6f95552a3397ee1cec971b90cf334075d5f321c3a3b0689ad55c3d1e24702600-common-args.resp -MMD -MT dependencies -MF /host/spi-builder-workspace/.build/out/Intermediates.noindex/Mockingbird.build/Debug-android-aarch64/MockingbirdBridge-t.build/Objects-normal/aarch64/MKBTestExpectation.d --serialize-diagnostics /host/spi-builder-workspace/.build/out/Intermediates.noindex/Mockingbird.build/Debug-android-aarch64/MockingbirdBridge-t.build/Objects-normal/aarch64/MKBTestExpectation.dia -c /host/spi-builder-workspace/Sources/MockingbirdFramework/Objective-C/Bridge/sources/MKBTestExpectation.m -o /host/spi-builder-workspace/.build/out/Intermediates.noindex/Mockingbird.build/Debug-android-aarch64/MockingbirdBridge-t.build/Objects-normal/aarch64/MKBTestExpectation.o
In file included from /host/spi-builder-workspace/Sources/MockingbirdFramework/Objective-C/Bridge/sources/MKBMocking.m:1:
/host/spi-builder-workspace/Sources/MockingbirdFramework/Objective-C/Bridge/sources/../include/MKBMocking.h:1:9: fatal error: 'Foundation/Foundation.h' file not found
    1 | #import <Foundation/Foundation.h>
      |         ^~~~~~~~~~~~~~~~~~~~~~~~~
1 error generated.
error: CompileC /host/spi-builder-workspace/.build/out/Intermediates.noindex/Mockingbird.build/Debug-android-aarch64/MockingbirdBridge-t.build/Objects-normal/aarch64/MKBMocking.o /host/spi-builder-workspace/Sources/MockingbirdFramework/Objective-C/Bridge/sources/MKBMocking.m normal aarch64 objective-c com.apple.compilers.llvm.clang.1_0.compiler failed with a nonzero exit code. Command line:     cd /host

    Using response file: /host/spi-builder-workspace/.build/out/Intermediates.noindex/Mockingbird.build/Debug-android-aarch64/MockingbirdBridge-t.build/Objects-normal/aarch64/6f95552a3397ee1cec971b90cf334075d5f321c3a3b0689ad55c3d1e24702600-common-args.resp

    /root/.local/share/swiftly/toolchains/6.4.x-snapshot-2026-09-04/usr/bin/clang -x objective-c -target aarch64-unknown-linux-android28 -fmessage-length\=0 -fdiagnostics-show-note-include-stack -fmacro-backtrace-limit\=0 -fcolor-diagnostics -Wno-trigraphs -Wno-missing-field-initializers -Wno-missing-prototypes -Wno-return-type -Wno-implicit-atomic-properties -Wno-objc-interface-ivars -Wno-arc-repeated-use-of-weak -Wno-missing-braces -Wparentheses -Wswitch -Wno-unused-function -Wno-unused-label -Wno-unused-parameter -Wno-unused-variable -Wunused-value -Wno-empty-body -Wno-uninitialized -Wno-unknown-pragmas -Wno-shadow -Wno-four-char-constants -Wno-conversion -Wno-constant-conversion -Wno-int-conversion -Wno-bool-conversion -Wno-enum-conversion -Wno-float-conversion -Wno-non-literal-null-conversion -Wno-objc-literal-conversion -Wno-shorten-64-to-32 -Wpointer-sign -Wno-newline-eof -Wno-selector -Wno-strict-selector-match -Wno-undeclared-selector -Wno-deprecated-implementations -Wno-implicit-fallthrough -fstrict-aliasing -Wprotocol -Wdeprecated-declarations -Wno-sign-conversion -Wno-infinite-recursion -Wno-comma -Wno-block-capture-autoreleasing -Wno-strict-prototypes -Wno-semicolon-before-method-body --sysroot /android-ndk/android-ndk-r27d/toolchains/llvm/prebuilt/linux-x86_64/sysroot @/host/spi-builder-workspace/.build/out/Intermediates.noindex/Mockingbird.build/Debug-android-aarch64/MockingbirdBridge-t.build/Objects-normal/aarch64/6f95552a3397ee1cec971b90cf334075d5f321c3a3b0689ad55c3d1e24702600-common-args.resp -MMD -MT dependencies -MF /host/spi-builder-workspace/.build/out/Intermediates.noindex/Mockingbird.build/Debug-android-aarch64/MockingbirdBridge-t.build/Objects-normal/aarch64/MKBMocking.d --serialize-diagnostics /host/spi-builder-workspace/.build/out/Intermediates.noindex/Mockingbird.build/Debug-android-aarch64/MockingbirdBridge-t.build/Objects-normal/aarch64/MKBMocking.dia -c /host/spi-builder-workspace/Sources/MockingbirdFramework/Objective-C/Bridge/sources/MKBMocking.m -o /host/spi-builder-workspace/.build/out/Intermediates.noindex/Mockingbird.build/Debug-android-aarch64/MockingbirdBridge-t.build/Objects-normal/aarch64/MKBMocking.o
error: Build failed
BUILD FAILURE 6.4 android