The Swift Package Index logo.Swift Package Index

Build Information

Failed to build HTMLKit, reference 3.0.0-alpha.17 (9cef6c), with Swift 6.4 for watchOS using Xcode 27.0 on 19 Sep 2026 14:15:50 UTC.

Build Command

env DEVELOPER_DIR=/Applications/Xcode-27.0.0-Release.Candidate.app xcrun xcodebuild -IDEClonedSourcePackagesDirPathOverride=$PWD/.dependencies -skipMacroValidation -skipPackagePluginValidation -derivedDataPath $PWD/.derivedData build -scheme HTMLKit-Package -destination generic/platform=watchOS

Build Log

SwiftDriver HTMLKitComponents normal arm64 com.apple.xcode.tools.swift.compiler (in target 'HTMLKitComponents' from project 'HTMLKit')
    cd /Users/admin/builder/spi-builder-workspace/.swiftpm/xcode
    builtin-SwiftDriver -- /Applications/Xcode-27.0.0-Release.Candidate.app/Contents/Developer/Toolchains/XcodeDefault.xctoolchain/usr/bin/swiftc -parse-as-library -module-name HTMLKitComponents -Onone @/Users/admin/builder/spi-builder-workspace/.derivedData/Build/Intermediates.noindex/HTMLKit.build/Debug-watchos/HTMLKitComponents-t.build/Objects-normal/arm64/HTMLKitComponents.SwiftFileList -DSWIFT_PACKAGE -DDEBUG -DSWIFT_MODULE_RESOURCE_BUNDLE_AVAILABLE -Xcc -fmodule-map-file\=/Users/admin/builder/spi-builder-workspace/.dependencies/checkouts/swift-atomics/Sources/_AtomicsShims/include/module.modulemap -Xcc -fmodule-map-file\=/Users/admin/builder/spi-builder-workspace/.derivedData/Build/Intermediates.noindex/GeneratedModuleMaps-watchos/CNIOPosix.modulemap -Xcc -fmodule-map-file\=/Users/admin/builder/spi-builder-workspace/.derivedData/Build/Intermediates.noindex/GeneratedModuleMaps-watchos/CNIOWASI.modulemap -Xcc -fmodule-map-file\=/Users/admin/builder/spi-builder-workspace/.dependencies/checkouts/swift-nio/Sources/CNIOWindows/include/module.modulemap -Xcc -fmodule-map-file\=/Users/admin/builder/spi-builder-workspace/.derivedData/Build/Intermediates.noindex/GeneratedModuleMaps-watchos/CNIOLinux.modulemap -Xcc -fmodule-map-file\=/Users/admin/builder/spi-builder-workspace/.derivedData/Build/Intermediates.noindex/GeneratedModuleMaps-watchos/CNIODarwin.modulemap -Xcc -fmodule-map-file\=/Users/admin/builder/spi-builder-workspace/.derivedData/Build/Intermediates.noindex/GeneratedModuleMaps-watchos/CNIOFreeBSD.modulemap -Xcc -fmodule-map-file\=/Users/admin/builder/spi-builder-workspace/.derivedData/Build/Intermediates.noindex/GeneratedModuleMaps-watchos/CNIOOpenBSD.modulemap -Xcc -fmodule-map-file\=/Users/admin/builder/spi-builder-workspace/.derivedData/Build/Intermediates.noindex/GeneratedModuleMaps-watchos/CNIOAtomics.modulemap -DXcode -plugin-path /Applications/Xcode-27.0.0-Release.Candidate.app/Contents/Developer/Toolchains/XcodeDefault.xctoolchain/usr/lib/swift/host/plugins/testing -enable-experimental-feature DebugDescriptionMacro -sdk /Applications/Xcode-27.0.0-Release.Candidate.app/Contents/Developer/Platforms/WatchOS.platform/Developer/SDKs/WatchOS27.0.sdk -target arm64-apple-watchos9.0 -g -module-cache-path /Users/admin/builder/spi-builder-workspace/.derivedData/ModuleCache.noindex -Xfrontend -serialize-debugging-options -profile-coverage-mapping -profile-generate -enable-testing -index-store-path /Users/admin/builder/spi-builder-workspace/.derivedData/Index.noindex/DataStore -Xcc -D_LIBCPP_HARDENING_MODE\=_LIBCPP_HARDENING_MODE_DEBUG -swift-version 5 -I /Users/admin/builder/spi-builder-workspace/.derivedData/Build/Products/Debug-watchos -Isystem /Applications/Xcode-27.0.0-Release.Candidate.app/Contents/Developer/Platforms/WatchOS.platform/Developer/usr/lib -F /Users/admin/builder/spi-builder-workspace/.derivedData/Build/Products/Debug-watchos/PackageFrameworks -F /Users/admin/builder/spi-builder-workspace/.derivedData/Build/Products/Debug-watchos -F /Applications/Xcode-27.0.0-Release.Candidate.app/Contents/Developer/Platforms/WatchOS.platform/Developer/Library/Frameworks -F /Applications/Xcode-27.0.0-Release.Candidate.app/Contents/Developer/Platforms/WatchOS.platform/Developer/SDKs/WatchOS27.0.sdk/Developer/Library/Frameworks -c -j10 -enable-batch-mode -incremental -Xcc -ivfsstatcache -Xcc /Users/admin/builder/spi-builder-workspace/.derivedData/SDKStatCaches.noindex/watchos27.0-24R360-e829b21a6f8c9b70876ba0858053c04477534ef55a1706bf4c1112bbb242f0a2.sdkstatcache -output-file-map /Users/admin/builder/spi-builder-workspace/.derivedData/Build/Intermediates.noindex/HTMLKit.build/Debug-watchos/HTMLKitComponents-t.build/Objects-normal/arm64/HTMLKitComponents-OutputFileMap.json -save-temps -no-color-diagnostics -explicit-module-build -module-cache-path /Users/admin/builder/spi-builder-workspace/.derivedData/Build/Intermediates.noindex/SwiftExplicitPrecompiledModules -clang-scanner-module-cache-path /Users/admin/builder/spi-builder-workspace/.derivedData/ModuleCache.noindex -sdk-module-cache-path /Users/admin/builder/spi-builder-workspace/.derivedData/SDKExplicitPrecompiledModules -emit-dependencies -emit-module -emit-module-path /Users/admin/builder/spi-builder-workspace/.derivedData/Build/Intermediates.noindex/HTMLKit.build/Debug-watchos/HTMLKitComponents-t.build/Objects-normal/arm64/HTMLKitComponents.swiftmodule -serialize-diagnostics -dependency-scan-serialize-diagnostics-path /Users/admin/builder/spi-builder-workspace/.derivedData/Build/Intermediates.noindex/HTMLKit.build/Debug-watchos/HTMLKitComponents-t.build/Objects-normal/arm64/HTMLKitComponents-dependency-scan.dia -validate-clang-modules-once -clang-build-session-file /Users/admin/builder/spi-builder-workspace/.derivedData/ModuleCache.noindex/Session.modulevalidation -Xcc -fmodules-prune-interval\=86400 -Xcc -fmodules-prune-after\=345600 -package-name spi_builder_workspace -emit-const-values -const-gather-protocols-list /Users/admin/builder/spi-builder-workspace/.derivedData/Build/Intermediates.noindex/HTMLKit.build/Debug-watchos/HTMLKitComponents-t.build/Objects-normal/arm64/HTMLKitComponents_const_extract_protocols.json -Xcc -I/Users/admin/builder/spi-builder-workspace/.dependencies/checkouts/swift-atomics/Sources/_AtomicsShims/include -Xcc -I/Users/admin/builder/spi-builder-workspace/.dependencies/checkouts/swift-nio/Sources/CNIOPosix/include -Xcc -I/Users/admin/builder/spi-builder-workspace/.dependencies/checkouts/swift-nio/Sources/CNIOWASI/include -Xcc -I/Users/admin/builder/spi-builder-workspace/.dependencies/checkouts/swift-nio/Sources/CNIOWindows/include -Xcc -I/Users/admin/builder/spi-builder-workspace/.dependencies/checkouts/swift-nio/Sources/CNIOLinux/include -Xcc -I/Users/admin/builder/spi-builder-workspace/.dependencies/checkouts/swift-nio/Sources/CNIODarwin/include -Xcc -I/Users/admin/builder/spi-builder-workspace/.dependencies/checkouts/swift-nio/Sources/CNIOFreeBSD/include -Xcc -I/Users/admin/builder/spi-builder-workspace/.dependencies/checkouts/swift-nio/Sources/CNIOOpenBSD/include -Xcc -I/Users/admin/builder/spi-builder-workspace/.dependencies/checkouts/swift-nio/Sources/CNIOAtomics/include -Xcc -I/Users/admin/builder/spi-builder-workspace/.derivedData/Build/Products/Debug-watchos/include -Xcc -I/Users/admin/builder/spi-builder-workspace/.derivedData/Build/Intermediates.noindex/HTMLKit.build/Debug-watchos/HTMLKitComponents-t.build/DerivedSources-normal/arm64 -Xcc -I/Users/admin/builder/spi-builder-workspace/.derivedData/Build/Intermediates.noindex/HTMLKit.build/Debug-watchos/HTMLKitComponents-t.build/DerivedSources/arm64 -Xcc -I/Users/admin/builder/spi-builder-workspace/.derivedData/Build/Intermediates.noindex/HTMLKit.build/Debug-watchos/HTMLKitComponents-t.build/DerivedSources -Xcc -DSWIFT_PACKAGE -Xcc -DDEBUG\=1 -emit-objc-header -emit-objc-header-path /Users/admin/builder/spi-builder-workspace/.derivedData/Build/Intermediates.noindex/HTMLKit.build/Debug-watchos/HTMLKitComponents-t.build/Objects-normal/arm64/HTMLKitComponents-Swift.h -working-directory /Users/admin/builder/spi-builder-workspace/.swiftpm/xcode -experimental-emit-module-separately -disable-cmo
SwiftDriver HTMLKit normal arm64_32 com.apple.xcode.tools.swift.compiler (in target 'HTMLKit' from project 'HTMLKit')
    cd /Users/admin/builder/spi-builder-workspace/.swiftpm/xcode
    builtin-SwiftDriver -- /Applications/Xcode-27.0.0-Release.Candidate.app/Contents/Developer/Toolchains/XcodeDefault.xctoolchain/usr/bin/swiftc -parse-as-library -module-name HTMLKit -Onone @/Users/admin/builder/spi-builder-workspace/.derivedData/Build/Intermediates.noindex/HTMLKit.build/Debug-watchos/HTMLKit-t.build/Objects-normal/arm64_32/HTMLKit.SwiftFileList -DSWIFT_PACKAGE -DDEBUG -DSWIFT_MODULE_RESOURCE_BUNDLE_UNAVAILABLE -Xcc -fmodule-map-file\=/Users/admin/builder/spi-builder-workspace/.dependencies/checkouts/swift-atomics/Sources/_AtomicsShims/include/module.modulemap -Xcc -fmodule-map-file\=/Users/admin/builder/spi-builder-workspace/.derivedData/Build/Intermediates.noindex/GeneratedModuleMaps-watchos/CNIOPosix.modulemap -Xcc -fmodule-map-file\=/Users/admin/builder/spi-builder-workspace/.derivedData/Build/Intermediates.noindex/GeneratedModuleMaps-watchos/CNIOWASI.modulemap -Xcc -fmodule-map-file\=/Users/admin/builder/spi-builder-workspace/.dependencies/checkouts/swift-nio/Sources/CNIOWindows/include/module.modulemap -Xcc -fmodule-map-file\=/Users/admin/builder/spi-builder-workspace/.derivedData/Build/Intermediates.noindex/GeneratedModuleMaps-watchos/CNIOLinux.modulemap -Xcc -fmodule-map-file\=/Users/admin/builder/spi-builder-workspace/.derivedData/Build/Intermediates.noindex/GeneratedModuleMaps-watchos/CNIODarwin.modulemap -Xcc -fmodule-map-file\=/Users/admin/builder/spi-builder-workspace/.derivedData/Build/Intermediates.noindex/GeneratedModuleMaps-watchos/CNIOFreeBSD.modulemap -Xcc -fmodule-map-file\=/Users/admin/builder/spi-builder-workspace/.derivedData/Build/Intermediates.noindex/GeneratedModuleMaps-watchos/CNIOOpenBSD.modulemap -Xcc -fmodule-map-file\=/Users/admin/builder/spi-builder-workspace/.derivedData/Build/Intermediates.noindex/GeneratedModuleMaps-watchos/CNIOAtomics.modulemap -DXcode -enable-experimental-feature StrictConcurrency\=complete -plugin-path /Applications/Xcode-27.0.0-Release.Candidate.app/Contents/Developer/Toolchains/XcodeDefault.xctoolchain/usr/lib/swift/host/plugins/testing -enable-experimental-feature DebugDescriptionMacro -sdk /Applications/Xcode-27.0.0-Release.Candidate.app/Contents/Developer/Platforms/WatchOS.platform/Developer/SDKs/WatchOS27.0.sdk -target arm64_32-apple-watchos9.0 -g -module-cache-path /Users/admin/builder/spi-builder-workspace/.derivedData/ModuleCache.noindex -Xfrontend -serialize-debugging-options -profile-coverage-mapping -profile-generate -enable-testing -index-store-path /Users/admin/builder/spi-builder-workspace/.derivedData/Index.noindex/DataStore -Xcc -D_LIBCPP_HARDENING_MODE\=_LIBCPP_HARDENING_MODE_DEBUG -swift-version 5 -I /Users/admin/builder/spi-builder-workspace/.derivedData/Build/Products/Debug-watchos -Isystem /Applications/Xcode-27.0.0-Release.Candidate.app/Contents/Developer/Platforms/WatchOS.platform/Developer/usr/lib -F /Users/admin/builder/spi-builder-workspace/.derivedData/Build/Products/Debug-watchos/PackageFrameworks -F /Users/admin/builder/spi-builder-workspace/.derivedData/Build/Products/Debug-watchos -F /Applications/Xcode-27.0.0-Release.Candidate.app/Contents/Developer/Platforms/WatchOS.platform/Developer/Library/Frameworks -F /Applications/Xcode-27.0.0-Release.Candidate.app/Contents/Developer/Platforms/WatchOS.platform/Developer/SDKs/WatchOS27.0.sdk/Developer/Library/Frameworks -c -j10 -enable-batch-mode -incremental -Xcc -ivfsstatcache -Xcc /Users/admin/builder/spi-builder-workspace/.derivedData/SDKStatCaches.noindex/watchos27.0-24R360-e829b21a6f8c9b70876ba0858053c04477534ef55a1706bf4c1112bbb242f0a2.sdkstatcache -output-file-map /Users/admin/builder/spi-builder-workspace/.derivedData/Build/Intermediates.noindex/HTMLKit.build/Debug-watchos/HTMLKit-t.build/Objects-normal/arm64_32/HTMLKit-OutputFileMap.json -save-temps -no-color-diagnostics -explicit-module-build -module-cache-path /Users/admin/builder/spi-builder-workspace/.derivedData/Build/Intermediates.noindex/SwiftExplicitPrecompiledModules -clang-scanner-module-cache-path /Users/admin/builder/spi-builder-workspace/.derivedData/ModuleCache.noindex -sdk-module-cache-path /Users/admin/builder/spi-builder-workspace/.derivedData/SDKExplicitPrecompiledModules -emit-dependencies -emit-module -emit-module-path /Users/admin/builder/spi-builder-workspace/.derivedData/Build/Intermediates.noindex/HTMLKit.build/Debug-watchos/HTMLKit-t.build/Objects-normal/arm64_32/HTMLKit.swiftmodule -serialize-diagnostics -dependency-scan-serialize-diagnostics-path /Users/admin/builder/spi-builder-workspace/.derivedData/Build/Intermediates.noindex/HTMLKit.build/Debug-watchos/HTMLKit-t.build/Objects-normal/arm64_32/HTMLKit-dependency-scan.dia -validate-clang-modules-once -clang-build-session-file /Users/admin/builder/spi-builder-workspace/.derivedData/ModuleCache.noindex/Session.modulevalidation -Xcc -fmodules-prune-interval\=86400 -Xcc -fmodules-prune-after\=345600 -package-name spi_builder_workspace -emit-const-values -const-gather-protocols-list /Users/admin/builder/spi-builder-workspace/.derivedData/Build/Intermediates.noindex/HTMLKit.build/Debug-watchos/HTMLKit-t.build/Objects-normal/arm64_32/HTMLKit_const_extract_protocols.json -Xcc -I/Users/admin/builder/spi-builder-workspace/.dependencies/checkouts/swift-atomics/Sources/_AtomicsShims/include -Xcc -I/Users/admin/builder/spi-builder-workspace/.dependencies/checkouts/swift-nio/Sources/CNIOPosix/include -Xcc -I/Users/admin/builder/spi-builder-workspace/.dependencies/checkouts/swift-nio/Sources/CNIOWASI/include -Xcc -I/Users/admin/builder/spi-builder-workspace/.dependencies/checkouts/swift-nio/Sources/CNIOWindows/include -Xcc -I/Users/admin/builder/spi-builder-workspace/.dependencies/checkouts/swift-nio/Sources/CNIOLinux/include -Xcc -I/Users/admin/builder/spi-builder-workspace/.dependencies/checkouts/swift-nio/Sources/CNIODarwin/include -Xcc -I/Users/admin/builder/spi-builder-workspace/.dependencies/checkouts/swift-nio/Sources/CNIOFreeBSD/include -Xcc -I/Users/admin/builder/spi-builder-workspace/.dependencies/checkouts/swift-nio/Sources/CNIOOpenBSD/include -Xcc -I/Users/admin/builder/spi-builder-workspace/.dependencies/checkouts/swift-nio/Sources/CNIOAtomics/include -Xcc -I/Users/admin/builder/spi-builder-workspace/.derivedData/Build/Products/Debug-watchos/include -Xcc -I/Users/admin/builder/spi-builder-workspace/.derivedData/Build/Intermediates.noindex/HTMLKit.build/Debug-watchos/HTMLKit-t.build/DerivedSources-normal/arm64_32 -Xcc -I/Users/admin/builder/spi-builder-workspace/.derivedData/Build/Intermediates.noindex/HTMLKit.build/Debug-watchos/HTMLKit-t.build/DerivedSources/arm64_32 -Xcc -I/Users/admin/builder/spi-builder-workspace/.derivedData/Build/Intermediates.noindex/HTMLKit.build/Debug-watchos/HTMLKit-t.build/DerivedSources -Xcc -DSWIFT_PACKAGE -Xcc -DDEBUG\=1 -emit-objc-header -emit-objc-header-path /Users/admin/builder/spi-builder-workspace/.derivedData/Build/Intermediates.noindex/HTMLKit.build/Debug-watchos/HTMLKit-t.build/Objects-normal/arm64_32/HTMLKit-Swift.h -working-directory /Users/admin/builder/spi-builder-workspace/.swiftpm/xcode -experimental-emit-module-separately -disable-cmo
SwiftDriver HTMLKit normal arm64 com.apple.xcode.tools.swift.compiler (in target 'HTMLKit' from project 'HTMLKit')
    cd /Users/admin/builder/spi-builder-workspace/.swiftpm/xcode
    builtin-SwiftDriver -- /Applications/Xcode-27.0.0-Release.Candidate.app/Contents/Developer/Toolchains/XcodeDefault.xctoolchain/usr/bin/swiftc -parse-as-library -module-name HTMLKit -Onone @/Users/admin/builder/spi-builder-workspace/.derivedData/Build/Intermediates.noindex/HTMLKit.build/Debug-watchos/HTMLKit-t.build/Objects-normal/arm64/HTMLKit.SwiftFileList -DSWIFT_PACKAGE -DDEBUG -DSWIFT_MODULE_RESOURCE_BUNDLE_UNAVAILABLE -Xcc -fmodule-map-file\=/Users/admin/builder/spi-builder-workspace/.dependencies/checkouts/swift-atomics/Sources/_AtomicsShims/include/module.modulemap -Xcc -fmodule-map-file\=/Users/admin/builder/spi-builder-workspace/.derivedData/Build/Intermediates.noindex/GeneratedModuleMaps-watchos/CNIOPosix.modulemap -Xcc -fmodule-map-file\=/Users/admin/builder/spi-builder-workspace/.derivedData/Build/Intermediates.noindex/GeneratedModuleMaps-watchos/CNIOWASI.modulemap -Xcc -fmodule-map-file\=/Users/admin/builder/spi-builder-workspace/.dependencies/checkouts/swift-nio/Sources/CNIOWindows/include/module.modulemap -Xcc -fmodule-map-file\=/Users/admin/builder/spi-builder-workspace/.derivedData/Build/Intermediates.noindex/GeneratedModuleMaps-watchos/CNIOLinux.modulemap -Xcc -fmodule-map-file\=/Users/admin/builder/spi-builder-workspace/.derivedData/Build/Intermediates.noindex/GeneratedModuleMaps-watchos/CNIODarwin.modulemap -Xcc -fmodule-map-file\=/Users/admin/builder/spi-builder-workspace/.derivedData/Build/Intermediates.noindex/GeneratedModuleMaps-watchos/CNIOFreeBSD.modulemap -Xcc -fmodule-map-file\=/Users/admin/builder/spi-builder-workspace/.derivedData/Build/Intermediates.noindex/GeneratedModuleMaps-watchos/CNIOOpenBSD.modulemap -Xcc -fmodule-map-file\=/Users/admin/builder/spi-builder-workspace/.derivedData/Build/Intermediates.noindex/GeneratedModuleMaps-watchos/CNIOAtomics.modulemap -DXcode -enable-experimental-feature StrictConcurrency\=complete -plugin-path /Applications/Xcode-27.0.0-Release.Candidate.app/Contents/Developer/Toolchains/XcodeDefault.xctoolchain/usr/lib/swift/host/plugins/testing -enable-experimental-feature DebugDescriptionMacro -sdk /Applications/Xcode-27.0.0-Release.Candidate.app/Contents/Developer/Platforms/WatchOS.platform/Developer/SDKs/WatchOS27.0.sdk -target arm64-apple-watchos9.0 -g -module-cache-path /Users/admin/builder/spi-builder-workspace/.derivedData/ModuleCache.noindex -Xfrontend -serialize-debugging-options -profile-coverage-mapping -profile-generate -enable-testing -index-store-path /Users/admin/builder/spi-builder-workspace/.derivedData/Index.noindex/DataStore -Xcc -D_LIBCPP_HARDENING_MODE\=_LIBCPP_HARDENING_MODE_DEBUG -swift-version 5 -I /Users/admin/builder/spi-builder-workspace/.derivedData/Build/Products/Debug-watchos -Isystem /Applications/Xcode-27.0.0-Release.Candidate.app/Contents/Developer/Platforms/WatchOS.platform/Developer/usr/lib -F /Users/admin/builder/spi-builder-workspace/.derivedData/Build/Products/Debug-watchos/PackageFrameworks -F /Users/admin/builder/spi-builder-workspace/.derivedData/Build/Products/Debug-watchos -F /Applications/Xcode-27.0.0-Release.Candidate.app/Contents/Developer/Platforms/WatchOS.platform/Developer/Library/Frameworks -F /Applications/Xcode-27.0.0-Release.Candidate.app/Contents/Developer/Platforms/WatchOS.platform/Developer/SDKs/WatchOS27.0.sdk/Developer/Library/Frameworks -c -j10 -enable-batch-mode -incremental -Xcc -ivfsstatcache -Xcc /Users/admin/builder/spi-builder-workspace/.derivedData/SDKStatCaches.noindex/watchos27.0-24R360-e829b21a6f8c9b70876ba0858053c04477534ef55a1706bf4c1112bbb242f0a2.sdkstatcache -output-file-map /Users/admin/builder/spi-builder-workspace/.derivedData/Build/Intermediates.noindex/HTMLKit.build/Debug-watchos/HTMLKit-t.build/Objects-normal/arm64/HTMLKit-OutputFileMap.json -save-temps -no-color-diagnostics -explicit-module-build -module-cache-path /Users/admin/builder/spi-builder-workspace/.derivedData/Build/Intermediates.noindex/SwiftExplicitPrecompiledModules -clang-scanner-module-cache-path /Users/admin/builder/spi-builder-workspace/.derivedData/ModuleCache.noindex -sdk-module-cache-path /Users/admin/builder/spi-builder-workspace/.derivedData/SDKExplicitPrecompiledModules -emit-dependencies -emit-module -emit-module-path /Users/admin/builder/spi-builder-workspace/.derivedData/Build/Intermediates.noindex/HTMLKit.build/Debug-watchos/HTMLKit-t.build/Objects-normal/arm64/HTMLKit.swiftmodule -serialize-diagnostics -dependency-scan-serialize-diagnostics-path /Users/admin/builder/spi-builder-workspace/.derivedData/Build/Intermediates.noindex/HTMLKit.build/Debug-watchos/HTMLKit-t.build/Objects-normal/arm64/HTMLKit-dependency-scan.dia -validate-clang-modules-once -clang-build-session-file /Users/admin/builder/spi-builder-workspace/.derivedData/ModuleCache.noindex/Session.modulevalidation -Xcc -fmodules-prune-interval\=86400 -Xcc -fmodules-prune-after\=345600 -package-name spi_builder_workspace -emit-const-values -const-gather-protocols-list /Users/admin/builder/spi-builder-workspace/.derivedData/Build/Intermediates.noindex/HTMLKit.build/Debug-watchos/HTMLKit-t.build/Objects-normal/arm64/HTMLKit_const_extract_protocols.json -Xcc -I/Users/admin/builder/spi-builder-workspace/.dependencies/checkouts/swift-atomics/Sources/_AtomicsShims/include -Xcc -I/Users/admin/builder/spi-builder-workspace/.dependencies/checkouts/swift-nio/Sources/CNIOPosix/include -Xcc -I/Users/admin/builder/spi-builder-workspace/.dependencies/checkouts/swift-nio/Sources/CNIOWASI/include -Xcc -I/Users/admin/builder/spi-builder-workspace/.dependencies/checkouts/swift-nio/Sources/CNIOWindows/include -Xcc -I/Users/admin/builder/spi-builder-workspace/.dependencies/checkouts/swift-nio/Sources/CNIOLinux/include -Xcc -I/Users/admin/builder/spi-builder-workspace/.dependencies/checkouts/swift-nio/Sources/CNIODarwin/include -Xcc -I/Users/admin/builder/spi-builder-workspace/.dependencies/checkouts/swift-nio/Sources/CNIOFreeBSD/include -Xcc -I/Users/admin/builder/spi-builder-workspace/.dependencies/checkouts/swift-nio/Sources/CNIOOpenBSD/include -Xcc -I/Users/admin/builder/spi-builder-workspace/.dependencies/checkouts/swift-nio/Sources/CNIOAtomics/include -Xcc -I/Users/admin/builder/spi-builder-workspace/.derivedData/Build/Products/Debug-watchos/include -Xcc -I/Users/admin/builder/spi-builder-workspace/.derivedData/Build/Intermediates.noindex/HTMLKit.build/Debug-watchos/HTMLKit-t.build/DerivedSources-normal/arm64 -Xcc -I/Users/admin/builder/spi-builder-workspace/.derivedData/Build/Intermediates.noindex/HTMLKit.build/Debug-watchos/HTMLKit-t.build/DerivedSources/arm64 -Xcc -I/Users/admin/builder/spi-builder-workspace/.derivedData/Build/Intermediates.noindex/HTMLKit.build/Debug-watchos/HTMLKit-t.build/DerivedSources -Xcc -DSWIFT_PACKAGE -Xcc -DDEBUG\=1 -emit-objc-header -emit-objc-header-path /Users/admin/builder/spi-builder-workspace/.derivedData/Build/Intermediates.noindex/HTMLKit.build/Debug-watchos/HTMLKit-t.build/Objects-normal/arm64/HTMLKit-Swift.h -working-directory /Users/admin/builder/spi-builder-workspace/.swiftpm/xcode -experimental-emit-module-separately -disable-cmo
SwiftDriver AsyncHTTPClient normal arm64 com.apple.xcode.tools.swift.compiler (in target 'AsyncHTTPClient' from project 'async-http-client')
    cd /Users/admin/builder/spi-builder-workspace/.swiftpm/xcode
    builtin-SwiftDriver -- /Applications/Xcode-27.0.0-Release.Candidate.app/Contents/Developer/Toolchains/XcodeDefault.xctoolchain/usr/bin/swiftc -parse-as-library -module-name AsyncHTTPClient -Onone @/Users/admin/builder/spi-builder-workspace/.derivedData/Build/Intermediates.noindex/async-http-client.build/Debug-watchos/AsyncHTTPClient-t.build/Objects-normal/arm64/AsyncHTTPClient.SwiftFileList -DSWIFT_PACKAGE -DDEBUG -DSWIFT_MODULE_RESOURCE_BUNDLE_UNAVAILABLE -Xcc -fmodule-map-file\=/Users/admin/builder/spi-builder-workspace/.derivedData/Build/Intermediates.noindex/GeneratedModuleMaps-watchos/CNIOLLHTTP.modulemap -Xcc -fmodule-map-file\=/Users/admin/builder/spi-builder-workspace/.derivedData/Build/Intermediates.noindex/GeneratedModuleMaps-watchos/CNIOBoringSSLShims.modulemap -Xcc -fmodule-map-file\=/Users/admin/builder/spi-builder-workspace/.dependencies/checkouts/swift-nio-ssl/Sources/CNIOBoringSSL/include/module.modulemap -Xcc -fmodule-map-file\=/Users/admin/builder/spi-builder-workspace/.derivedData/Build/Intermediates.noindex/GeneratedModuleMaps-watchos/CNIOExtrasZlib.modulemap -Xcc -fmodule-map-file\=/Users/admin/builder/spi-builder-workspace/.derivedData/Build/Intermediates.noindex/GeneratedModuleMaps-watchos/CNIOPosix.modulemap -Xcc -fmodule-map-file\=/Users/admin/builder/spi-builder-workspace/.derivedData/Build/Intermediates.noindex/GeneratedModuleMaps-watchos/CNIOWASI.modulemap -Xcc -fmodule-map-file\=/Users/admin/builder/spi-builder-workspace/.dependencies/checkouts/swift-nio/Sources/CNIOWindows/include/module.modulemap -Xcc -fmodule-map-file\=/Users/admin/builder/spi-builder-workspace/.derivedData/Build/Intermediates.noindex/GeneratedModuleMaps-watchos/CNIOLinux.modulemap -Xcc -fmodule-map-file\=/Users/admin/builder/spi-builder-workspace/.derivedData/Build/Intermediates.noindex/GeneratedModuleMaps-watchos/CNIODarwin.modulemap -Xcc -fmodule-map-file\=/Users/admin/builder/spi-builder-workspace/.derivedData/Build/Intermediates.noindex/GeneratedModuleMaps-watchos/CNIOFreeBSD.modulemap -Xcc -fmodule-map-file\=/Users/admin/builder/spi-builder-workspace/.derivedData/Build/Intermediates.noindex/GeneratedModuleMaps-watchos/CNIOOpenBSD.modulemap -Xcc -fmodule-map-file\=/Users/admin/builder/spi-builder-workspace/.derivedData/Build/Intermediates.noindex/GeneratedModuleMaps-watchos/CNIOAtomics.modulemap -Xcc -fmodule-map-file\=/Users/admin/builder/spi-builder-workspace/.dependencies/checkouts/swift-atomics/Sources/_AtomicsShims/include/module.modulemap -Xcc -fmodule-map-file\=/Users/admin/builder/spi-builder-workspace/.dependencies/checkouts/swift-numerics/Sources/_NumericsShims/include/module.modulemap -Xcc -fmodule-map-file\=/Users/admin/builder/spi-builder-workspace/.dependencies/checkouts/swift-system/Sources/CSystem/include/module.modulemap -Xcc -fmodule-map-file\=/Users/admin/builder/spi-builder-workspace/.derivedData/Build/Intermediates.noindex/GeneratedModuleMaps-watchos/CAsyncHTTPClient.modulemap -DXcode -enable-upcoming-feature MemberImportVisibility -plugin-path /Applications/Xcode-27.0.0-Release.Candidate.app/Contents/Developer/Toolchains/XcodeDefault.xctoolchain/usr/lib/swift/host/plugins/testing -enable-experimental-feature DebugDescriptionMacro -sdk /Applications/Xcode-27.0.0-Release.Candidate.app/Contents/Developer/Platforms/WatchOS.platform/Developer/SDKs/WatchOS27.0.sdk -target arm64-apple-watchos9.0 -g -module-cache-path /Users/admin/builder/spi-builder-workspace/.derivedData/ModuleCache.noindex -Xfrontend -serialize-debugging-options -profile-coverage-mapping -profile-generate -enable-testing -suppress-warnings -index-store-path /Users/admin/builder/spi-builder-workspace/.derivedData/Index.noindex/DataStore -Xcc -D_LIBCPP_HARDENING_MODE\=_LIBCPP_HARDENING_MODE_DEBUG -swift-version 6 -I /Users/admin/builder/spi-builder-workspace/.derivedData/Build/Products/Debug-watchos -Isystem /Applications/Xcode-27.0.0-Release.Candidate.app/Contents/Developer/Platforms/WatchOS.platform/Developer/usr/lib -F /Users/admin/builder/spi-builder-workspace/.derivedData/Build/Products/Debug-watchos/PackageFrameworks -F /Users/admin/builder/spi-builder-workspace/.derivedData/Build/Products/Debug-watchos -F /Applications/Xcode-27.0.0-Release.Candidate.app/Contents/Developer/Platforms/WatchOS.platform/Developer/Library/Frameworks -F /Applications/Xcode-27.0.0-Release.Candidate.app/Contents/Developer/Platforms/WatchOS.platform/Developer/SDKs/WatchOS27.0.sdk/Developer/Library/Frameworks -c -j10 -enable-batch-mode -incremental -Xcc -ivfsstatcache -Xcc /Users/admin/builder/spi-builder-workspace/.derivedData/SDKStatCaches.noindex/watchos27.0-24R360-e829b21a6f8c9b70876ba0858053c04477534ef55a1706bf4c1112bbb242f0a2.sdkstatcache -output-file-map /Users/admin/builder/spi-builder-workspace/.derivedData/Build/Intermediates.noindex/async-http-client.build/Debug-watchos/AsyncHTTPClient-t.build/Objects-normal/arm64/AsyncHTTPClient-OutputFileMap.json -save-temps -no-color-diagnostics -explicit-module-build -module-cache-path /Users/admin/builder/spi-builder-workspace/.derivedData/Build/Intermediates.noindex/SwiftExplicitPrecompiledModules -clang-scanner-module-cache-path /Users/admin/builder/spi-builder-workspace/.derivedData/ModuleCache.noindex -sdk-module-cache-path /Users/admin/builder/spi-builder-workspace/.derivedData/SDKExplicitPrecompiledModules -emit-dependencies -emit-module -emit-module-path /Users/admin/builder/spi-builder-workspace/.derivedData/Build/Intermediates.noindex/async-http-client.build/Debug-watchos/AsyncHTTPClient-t.build/Objects-normal/arm64/AsyncHTTPClient.swiftmodule -serialize-diagnostics -dependency-scan-serialize-diagnostics-path /Users/admin/builder/spi-builder-workspace/.derivedData/Build/Intermediates.noindex/async-http-client.build/Debug-watchos/AsyncHTTPClient-t.build/Objects-normal/arm64/AsyncHTTPClient-dependency-scan.dia -user-module-version 1.36.1 -validate-clang-modules-once -clang-build-session-file /Users/admin/builder/spi-builder-workspace/.derivedData/ModuleCache.noindex/Session.modulevalidation -Xcc -fmodules-prune-interval\=86400 -Xcc -fmodules-prune-after\=345600 -package-name async_http_client -emit-const-values -const-gather-protocols-list /Users/admin/builder/spi-builder-workspace/.derivedData/Build/Intermediates.noindex/async-http-client.build/Debug-watchos/AsyncHTTPClient-t.build/Objects-normal/arm64/AsyncHTTPClient_const_extract_protocols.json -Xcc -I/Users/admin/builder/spi-builder-workspace/.dependencies/checkouts/swift-nio/Sources/CNIOLLHTTP/include -Xcc -I/Users/admin/builder/spi-builder-workspace/.dependencies/checkouts/swift-nio-ssl/Sources/CNIOBoringSSLShims/include -Xcc -I/Users/admin/builder/spi-builder-workspace/.dependencies/checkouts/swift-nio-ssl/Sources/CNIOBoringSSL/include -Xcc -I/Users/admin/builder/spi-builder-workspace/.dependencies/checkouts/swift-nio-extras/Sources/CNIOExtrasZlib/include -Xcc -I/Users/admin/builder/spi-builder-workspace/.dependencies/checkouts/swift-nio/Sources/CNIOPosix/include -Xcc -I/Users/admin/builder/spi-builder-workspace/.dependencies/checkouts/swift-nio/Sources/CNIOWASI/include -Xcc -I/Users/admin/builder/spi-builder-workspace/.dependencies/checkouts/swift-nio/Sources/CNIOWindows/include -Xcc -I/Users/admin/builder/spi-builder-workspace/.dependencies/checkouts/swift-nio/Sources/CNIOLinux/include -Xcc -I/Users/admin/builder/spi-builder-workspace/.dependencies/checkouts/swift-nio/Sources/CNIODarwin/include -Xcc -I/Users/admin/builder/spi-builder-workspace/.dependencies/checkouts/swift-nio/Sources/CNIOFreeBSD/include -Xcc -I/Users/admin/builder/spi-builder-workspace/.dependencies/checkouts/swift-nio/Sources/CNIOOpenBSD/include -Xcc -I/Users/admin/builder/spi-builder-workspace/.dependencies/checkouts/swift-nio/Sources/CNIOAtomics/include -Xcc -I/Users/admin/builder/spi-builder-workspace/.dependencies/checkouts/swift-atomics/Sources/_AtomicsShims/include -Xcc -I/Users/admin/builder/spi-builder-workspace/.dependencies/checkouts/swift-numerics/Sources/_NumericsShims/include -Xcc -I/Users/admin/builder/spi-builder-workspace/.dependencies/checkouts/swift-system/Sources/CSystem/include -Xcc -I/Users/admin/builder/spi-builder-workspace/.dependencies/checkouts/async-http-client/Sources/CAsyncHTTPClient/include -Xcc -I/Users/admin/builder/spi-builder-workspace/.derivedData/Build/Products/Debug-watchos/include -Xcc -I/Users/admin/builder/spi-builder-workspace/.derivedData/Build/Intermediates.noindex/async-http-client.build/Debug-watchos/AsyncHTTPClient-t.build/DerivedSources-normal/arm64 -Xcc -I/Users/admin/builder/spi-builder-workspace/.derivedData/Build/Intermediates.noindex/async-http-client.build/Debug-watchos/AsyncHTTPClient-t.build/DerivedSources/arm64 -Xcc -I/Users/admin/builder/spi-builder-workspace/.derivedData/Build/Intermediates.noindex/async-http-client.build/Debug-watchos/AsyncHTTPClient-t.build/DerivedSources -Xcc -DSWIFT_PACKAGE -Xcc -DDEBUG\=1 -emit-objc-header -emit-objc-header-path /Users/admin/builder/spi-builder-workspace/.derivedData/Build/Intermediates.noindex/async-http-client.build/Debug-watchos/AsyncHTTPClient-t.build/Objects-normal/arm64/AsyncHTTPClient-Swift.h -working-directory /Users/admin/builder/spi-builder-workspace/.swiftpm/xcode -experimental-emit-module-separately -disable-cmo
Ld /Users/admin/builder/spi-builder-workspace/.derivedData/Build/Intermediates.noindex/swift-nio.build/Debug-watchos/NIO-t.build/Objects-normal/arm64_32/Binary/NIO.o normal arm64_32 (in target 'NIO' from project 'swift-nio')
    cd /Users/admin/builder/spi-builder-workspace/.dependencies/checkouts/swift-nio
    /Applications/Xcode-27.0.0-Release.Candidate.app/Contents/Developer/Toolchains/XcodeDefault.xctoolchain/usr/bin/clang -Xlinker -reproducible -target arm64_32-apple-watchos9.0 -r -isysroot /Applications/Xcode-27.0.0-Release.Candidate.app/Contents/Developer/Platforms/WatchOS.platform/Developer/SDKs/WatchOS27.0.sdk -O0 -w -Xlinker -no_warn_duplicate_libraries -F/Users/admin/builder/spi-builder-workspace/.derivedData/Build/Intermediates.noindex/EagerLinkingTBDs/Debug-watchos -F/Users/admin/builder/spi-builder-workspace/.derivedData/Build/Products/Debug-watchos/PackageFrameworks -F/Users/admin/builder/spi-builder-workspace/.derivedData/Build/Products/Debug-watchos -iframework /Applications/Xcode-27.0.0-Release.Candidate.app/Contents/Developer/Platforms/WatchOS.platform/Developer/Library/Frameworks -iframework /Applications/Xcode-27.0.0-Release.Candidate.app/Contents/Developer/Platforms/WatchOS.platform/Developer/SDKs/WatchOS27.0.sdk/Developer/Library/Frameworks -filelist /Users/admin/builder/spi-builder-workspace/.derivedData/Build/Intermediates.noindex/swift-nio.build/Debug-watchos/NIO-t.build/Objects-normal/arm64_32/NIO.LinkFileList -nostdlib -Xlinker -object_path_lto -Xlinker /Users/admin/builder/spi-builder-workspace/.derivedData/Build/Intermediates.noindex/swift-nio.build/Debug-watchos/NIO-t.build/Objects-normal/arm64_32/NIO_lto.o -Xlinker -no_deduplicate -Xlinker -debug_variant -Xlinker -dependency_info -Xlinker /Users/admin/builder/spi-builder-workspace/.derivedData/Build/Intermediates.noindex/swift-nio.build/Debug-watchos/NIO-t.build/Objects-normal/arm64_32/NIO_dependency_info.dat -fobjc-link-runtime -L/Applications/Xcode-27.0.0-Release.Candidate.app/Contents/Developer/Toolchains/XcodeDefault.xctoolchain/usr/lib/swift/watchos -L/usr/lib/swift -Xlinker -add_ast_path -Xlinker /Users/admin/builder/spi-builder-workspace/.derivedData/Build/Intermediates.noindex/swift-nio.build/Debug-watchos/NIO-t.build/Objects-normal/arm64_32/NIO.swiftmodule -o /Users/admin/builder/spi-builder-workspace/.derivedData/Build/Intermediates.noindex/swift-nio.build/Debug-watchos/NIO-t.build/Objects-normal/arm64_32/Binary/NIO.o
Ld /Users/admin/builder/spi-builder-workspace/.derivedData/Build/Intermediates.noindex/swift-nio.build/Debug-watchos/NIO-t.build/Objects-normal/arm64/Binary/NIO.o normal arm64 (in target 'NIO' from project 'swift-nio')
    cd /Users/admin/builder/spi-builder-workspace/.dependencies/checkouts/swift-nio
    /Applications/Xcode-27.0.0-Release.Candidate.app/Contents/Developer/Toolchains/XcodeDefault.xctoolchain/usr/bin/clang -Xlinker -reproducible -target arm64-apple-watchos9.0 -r -isysroot /Applications/Xcode-27.0.0-Release.Candidate.app/Contents/Developer/Platforms/WatchOS.platform/Developer/SDKs/WatchOS27.0.sdk -O0 -w -Xlinker -no_warn_duplicate_libraries -F/Users/admin/builder/spi-builder-workspace/.derivedData/Build/Intermediates.noindex/EagerLinkingTBDs/Debug-watchos -F/Users/admin/builder/spi-builder-workspace/.derivedData/Build/Products/Debug-watchos/PackageFrameworks -F/Users/admin/builder/spi-builder-workspace/.derivedData/Build/Products/Debug-watchos -iframework /Applications/Xcode-27.0.0-Release.Candidate.app/Contents/Developer/Platforms/WatchOS.platform/Developer/Library/Frameworks -iframework /Applications/Xcode-27.0.0-Release.Candidate.app/Contents/Developer/Platforms/WatchOS.platform/Developer/SDKs/WatchOS27.0.sdk/Developer/Library/Frameworks -filelist /Users/admin/builder/spi-builder-workspace/.derivedData/Build/Intermediates.noindex/swift-nio.build/Debug-watchos/NIO-t.build/Objects-normal/arm64/NIO.LinkFileList -nostdlib -Xlinker -object_path_lto -Xlinker /Users/admin/builder/spi-builder-workspace/.derivedData/Build/Intermediates.noindex/swift-nio.build/Debug-watchos/NIO-t.build/Objects-normal/arm64/NIO_lto.o -Xlinker -no_deduplicate -Xlinker -debug_variant -Xlinker -dependency_info -Xlinker /Users/admin/builder/spi-builder-workspace/.derivedData/Build/Intermediates.noindex/swift-nio.build/Debug-watchos/NIO-t.build/Objects-normal/arm64/NIO_dependency_info.dat -fobjc-link-runtime -L/Applications/Xcode-27.0.0-Release.Candidate.app/Contents/Developer/Toolchains/XcodeDefault.xctoolchain/usr/lib/swift/watchos -L/usr/lib/swift -Xlinker -add_ast_path -Xlinker /Users/admin/builder/spi-builder-workspace/.derivedData/Build/Intermediates.noindex/swift-nio.build/Debug-watchos/NIO-t.build/Objects-normal/arm64/NIO.swiftmodule -o /Users/admin/builder/spi-builder-workspace/.derivedData/Build/Intermediates.noindex/swift-nio.build/Debug-watchos/NIO-t.build/Objects-normal/arm64/Binary/NIO.o
CreateUniversalBinary /Users/admin/builder/spi-builder-workspace/.derivedData/Build/Products/Debug-watchos/NIO.o normal arm64\ arm64_32 (in target 'NIO' from project 'swift-nio')
    cd /Users/admin/builder/spi-builder-workspace/.dependencies/checkouts/swift-nio
    /Applications/Xcode-27.0.0-Release.Candidate.app/Contents/Developer/Toolchains/XcodeDefault.xctoolchain/usr/bin/lipo -create /Users/admin/builder/spi-builder-workspace/.derivedData/Build/Intermediates.noindex/swift-nio.build/Debug-watchos/NIO-t.build/Objects-normal/arm64/Binary/NIO.o /Users/admin/builder/spi-builder-workspace/.derivedData/Build/Intermediates.noindex/swift-nio.build/Debug-watchos/NIO-t.build/Objects-normal/arm64_32/Binary/NIO.o -output /Users/admin/builder/spi-builder-workspace/.derivedData/Build/Products/Debug-watchos/NIO.o
Ld /Users/admin/builder/spi-builder-workspace/.derivedData/Build/Intermediates.noindex/async-kit.build/Debug-watchos/AsyncKit-t.build/Objects-normal/arm64_32/Binary/AsyncKit.o normal arm64_32 (in target 'AsyncKit' from project 'async-kit')
    cd /Users/admin/builder/spi-builder-workspace/.dependencies/checkouts/async-kit
    /Applications/Xcode-27.0.0-Release.Candidate.app/Contents/Developer/Toolchains/XcodeDefault.xctoolchain/usr/bin/clang -Xlinker -reproducible -target arm64_32-apple-watchos9.0 -r -isysroot /Applications/Xcode-27.0.0-Release.Candidate.app/Contents/Developer/Platforms/WatchOS.platform/Developer/SDKs/WatchOS27.0.sdk -O0 -w -Xlinker -no_warn_duplicate_libraries -F/Users/admin/builder/spi-builder-workspace/.derivedData/Build/Intermediates.noindex/EagerLinkingTBDs/Debug-watchos -F/Users/admin/builder/spi-builder-workspace/.derivedData/Build/Products/Debug-watchos/PackageFrameworks -F/Users/admin/builder/spi-builder-workspace/.derivedData/Build/Products/Debug-watchos -iframework /Applications/Xcode-27.0.0-Release.Candidate.app/Contents/Developer/Platforms/WatchOS.platform/Developer/Library/Frameworks -iframework /Applications/Xcode-27.0.0-Release.Candidate.app/Contents/Developer/Platforms/WatchOS.platform/Developer/SDKs/WatchOS27.0.sdk/Developer/Library/Frameworks -filelist /Users/admin/builder/spi-builder-workspace/.derivedData/Build/Intermediates.noindex/async-kit.build/Debug-watchos/AsyncKit-t.build/Objects-normal/arm64_32/AsyncKit.LinkFileList -nostdlib -Xlinker -object_path_lto -Xlinker /Users/admin/builder/spi-builder-workspace/.derivedData/Build/Intermediates.noindex/async-kit.build/Debug-watchos/AsyncKit-t.build/Objects-normal/arm64_32/AsyncKit_lto.o -Xlinker -no_deduplicate -Xlinker -debug_variant -Xlinker -dependency_info -Xlinker /Users/admin/builder/spi-builder-workspace/.derivedData/Build/Intermediates.noindex/async-kit.build/Debug-watchos/AsyncKit-t.build/Objects-normal/arm64_32/AsyncKit_dependency_info.dat -fobjc-link-runtime -L/Applications/Xcode-27.0.0-Release.Candidate.app/Contents/Developer/Toolchains/XcodeDefault.xctoolchain/usr/lib/swift/watchos -L/usr/lib/swift -Xlinker -add_ast_path -Xlinker /Users/admin/builder/spi-builder-workspace/.derivedData/Build/Intermediates.noindex/async-kit.build/Debug-watchos/AsyncKit-t.build/Objects-normal/arm64_32/AsyncKit.swiftmodule -o /Users/admin/builder/spi-builder-workspace/.derivedData/Build/Intermediates.noindex/async-kit.build/Debug-watchos/AsyncKit-t.build/Objects-normal/arm64_32/Binary/AsyncKit.o
Ld /Users/admin/builder/spi-builder-workspace/.derivedData/Build/Intermediates.noindex/async-kit.build/Debug-watchos/AsyncKit-t.build/Objects-normal/arm64/Binary/AsyncKit.o normal arm64 (in target 'AsyncKit' from project 'async-kit')
    cd /Users/admin/builder/spi-builder-workspace/.dependencies/checkouts/async-kit
    /Applications/Xcode-27.0.0-Release.Candidate.app/Contents/Developer/Toolchains/XcodeDefault.xctoolchain/usr/bin/clang -Xlinker -reproducible -target arm64-apple-watchos9.0 -r -isysroot /Applications/Xcode-27.0.0-Release.Candidate.app/Contents/Developer/Platforms/WatchOS.platform/Developer/SDKs/WatchOS27.0.sdk -O0 -w -Xlinker -no_warn_duplicate_libraries -F/Users/admin/builder/spi-builder-workspace/.derivedData/Build/Intermediates.noindex/EagerLinkingTBDs/Debug-watchos -F/Users/admin/builder/spi-builder-workspace/.derivedData/Build/Products/Debug-watchos/PackageFrameworks -F/Users/admin/builder/spi-builder-workspace/.derivedData/Build/Products/Debug-watchos -iframework /Applications/Xcode-27.0.0-Release.Candidate.app/Contents/Developer/Platforms/WatchOS.platform/Developer/Library/Frameworks -iframework /Applications/Xcode-27.0.0-Release.Candidate.app/Contents/Developer/Platforms/WatchOS.platform/Developer/SDKs/WatchOS27.0.sdk/Developer/Library/Frameworks -filelist /Users/admin/builder/spi-builder-workspace/.derivedData/Build/Intermediates.noindex/async-kit.build/Debug-watchos/AsyncKit-t.build/Objects-normal/arm64/AsyncKit.LinkFileList -nostdlib -Xlinker -object_path_lto -Xlinker /Users/admin/builder/spi-builder-workspace/.derivedData/Build/Intermediates.noindex/async-kit.build/Debug-watchos/AsyncKit-t.build/Objects-normal/arm64/AsyncKit_lto.o -Xlinker -no_deduplicate -Xlinker -debug_variant -Xlinker -dependency_info -Xlinker /Users/admin/builder/spi-builder-workspace/.derivedData/Build/Intermediates.noindex/async-kit.build/Debug-watchos/AsyncKit-t.build/Objects-normal/arm64/AsyncKit_dependency_info.dat -fobjc-link-runtime -L/Applications/Xcode-27.0.0-Release.Candidate.app/Contents/Developer/Toolchains/XcodeDefault.xctoolchain/usr/lib/swift/watchos -L/usr/lib/swift -Xlinker -add_ast_path -Xlinker /Users/admin/builder/spi-builder-workspace/.derivedData/Build/Intermediates.noindex/async-kit.build/Debug-watchos/AsyncKit-t.build/Objects-normal/arm64/AsyncKit.swiftmodule -o /Users/admin/builder/spi-builder-workspace/.derivedData/Build/Intermediates.noindex/async-kit.build/Debug-watchos/AsyncKit-t.build/Objects-normal/arm64/Binary/AsyncKit.o
CreateUniversalBinary /Users/admin/builder/spi-builder-workspace/.derivedData/Build/Products/Debug-watchos/AsyncKit.o normal arm64\ arm64_32 (in target 'AsyncKit' from project 'async-kit')
    cd /Users/admin/builder/spi-builder-workspace/.dependencies/checkouts/async-kit
    /Applications/Xcode-27.0.0-Release.Candidate.app/Contents/Developer/Toolchains/XcodeDefault.xctoolchain/usr/bin/lipo -create /Users/admin/builder/spi-builder-workspace/.derivedData/Build/Intermediates.noindex/async-kit.build/Debug-watchos/AsyncKit-t.build/Objects-normal/arm64/Binary/AsyncKit.o /Users/admin/builder/spi-builder-workspace/.derivedData/Build/Intermediates.noindex/async-kit.build/Debug-watchos/AsyncKit-t.build/Objects-normal/arm64_32/Binary/AsyncKit.o -output /Users/admin/builder/spi-builder-workspace/.derivedData/Build/Products/Debug-watchos/AsyncKit.o
ExtractAppIntentsMetadata (in target 'NIO' from project 'swift-nio')
    cd /Users/admin/builder/spi-builder-workspace/.dependencies/checkouts/swift-nio
    /Applications/Xcode-27.0.0-Release.Candidate.app/Contents/Developer/Toolchains/XcodeDefault.xctoolchain/usr/bin/appintentsmetadataprocessor --toolchain-dir /var/run/com.apple.security.cryptexd/mnt/com.apple.MobileAsset.MetalToolchain-v27.1.266.1.lvp7lF/Metal.xctoolchain --module-name NIO --sdk-root /Applications/Xcode-27.0.0-Release.Candidate.app/Contents/Developer/Platforms/WatchOS.platform/Developer/SDKs/WatchOS27.0.sdk --xcode-version 27A266a --platform-family watchOS --deployment-target 9.0 --bundle-identifier swift-nio.NIO --output /Users/admin/builder/spi-builder-workspace/.derivedData/Build/Products/Debug-watchos/NIO.appintents --target-triple arm64-apple-watchos9.0 --target-triple arm64_32-apple-watchos9.0 --binary-file /Users/admin/builder/spi-builder-workspace/.derivedData/Build/Products/Debug-watchos/NIO.o --dependency-file /Users/admin/builder/spi-builder-workspace/.derivedData/Build/Intermediates.noindex/swift-nio.build/Debug-watchos/NIO-t.build/Objects-normal/arm64/NIO_dependency_info.dat --dependency-file /Users/admin/builder/spi-builder-workspace/.derivedData/Build/Intermediates.noindex/swift-nio.build/Debug-watchos/NIO-t.build/Objects-normal/arm64_32/NIO_dependency_info.dat --stringsdata-file /Users/admin/builder/spi-builder-workspace/.derivedData/Build/Intermediates.noindex/swift-nio.build/Debug-watchos/NIO-t.build/Objects-normal/arm64/ExtractedAppShortcutsMetadata.stringsdata --stringsdata-file /Users/admin/builder/spi-builder-workspace/.derivedData/Build/Intermediates.noindex/swift-nio.build/Debug-watchos/NIO-t.build/Objects-normal/arm64_32/ExtractedAppShortcutsMetadata.stringsdata --source-file-list /Users/admin/builder/spi-builder-workspace/.derivedData/Build/Intermediates.noindex/swift-nio.build/Debug-watchos/NIO-t.build/Objects-normal/arm64/NIO.SwiftFileList --source-file-list /Users/admin/builder/spi-builder-workspace/.derivedData/Build/Intermediates.noindex/swift-nio.build/Debug-watchos/NIO-t.build/Objects-normal/arm64_32/NIO.SwiftFileList --metadata-file-list /Users/admin/builder/spi-builder-workspace/.derivedData/Build/Intermediates.noindex/swift-nio.build/Debug-watchos/NIO-t.build/NIO.DependencyMetadataFileList --static-metadata-file-list /Users/admin/builder/spi-builder-workspace/.derivedData/Build/Intermediates.noindex/swift-nio.build/Debug-watchos/NIO-t.build/NIO.DependencyStaticMetadataFileList --swift-const-vals-list /Users/admin/builder/spi-builder-workspace/.derivedData/Build/Intermediates.noindex/swift-nio.build/Debug-watchos/NIO-t.build/Objects-normal/arm64/NIO.SwiftConstValuesFileList --swift-const-vals-list /Users/admin/builder/spi-builder-workspace/.derivedData/Build/Intermediates.noindex/swift-nio.build/Debug-watchos/NIO-t.build/Objects-normal/arm64_32/NIO.SwiftConstValuesFileList --force --compile-time-extraction --deployment-aware-processing --no-app-shortcuts-localization
2026-09-19 10:15:48.227 appintentsmetadataprocessor[7793:28357] Starting appintentsmetadataprocessor export
2026-09-19 10:15:48.317 appintentsmetadataprocessor[7793:28357] Extracted no relevant App Intents symbols, skipping writing output
Ld /Users/admin/builder/spi-builder-workspace/.derivedData/Build/Intermediates.noindex/swift-nio.build/Debug-watchos/_NIOFileSystemFoundationCompat-t.build/Objects-normal/arm64_32/Binary/_NIOFileSystemFoundationCompat.o normal arm64_32 (in target '_NIOFileSystemFoundationCompat' from project 'swift-nio')
    cd /Users/admin/builder/spi-builder-workspace/.dependencies/checkouts/swift-nio
    /Applications/Xcode-27.0.0-Release.Candidate.app/Contents/Developer/Toolchains/XcodeDefault.xctoolchain/usr/bin/clang -Xlinker -reproducible -target arm64_32-apple-watchos9.0 -r -isysroot /Applications/Xcode-27.0.0-Release.Candidate.app/Contents/Developer/Platforms/WatchOS.platform/Developer/SDKs/WatchOS27.0.sdk -O0 -w -Xlinker -no_warn_duplicate_libraries -F/Users/admin/builder/spi-builder-workspace/.derivedData/Build/Intermediates.noindex/EagerLinkingTBDs/Debug-watchos -F/Users/admin/builder/spi-builder-workspace/.derivedData/Build/Products/Debug-watchos/PackageFrameworks -F/Users/admin/builder/spi-builder-workspace/.derivedData/Build/Products/Debug-watchos -iframework /Applications/Xcode-27.0.0-Release.Candidate.app/Contents/Developer/Platforms/WatchOS.platform/Developer/Library/Frameworks -iframework /Applications/Xcode-27.0.0-Release.Candidate.app/Contents/Developer/Platforms/WatchOS.platform/Developer/SDKs/WatchOS27.0.sdk/Developer/Library/Frameworks -filelist /Users/admin/builder/spi-builder-workspace/.derivedData/Build/Intermediates.noindex/swift-nio.build/Debug-watchos/_NIOFileSystemFoundationCompat-t.build/Objects-normal/arm64_32/_NIOFileSystemFoundationCompat.LinkFileList -nostdlib -Xlinker -object_path_lto -Xlinker /Users/admin/builder/spi-builder-workspace/.derivedData/Build/Intermediates.noindex/swift-nio.build/Debug-watchos/_NIOFileSystemFoundationCompat-t.build/Objects-normal/arm64_32/_NIOFileSystemFoundationCompat_lto.o -Xlinker -no_deduplicate -Xlinker -debug_variant -Xlinker -dependency_info -Xlinker /Users/admin/builder/spi-builder-workspace/.derivedData/Build/Intermediates.noindex/swift-nio.build/Debug-watchos/_NIOFileSystemFoundationCompat-t.build/Objects-normal/arm64_32/_NIOFileSystemFoundationCompat_dependency_info.dat -fobjc-link-runtime -L/Applications/Xcode-27.0.0-Release.Candidate.app/Contents/Developer/Toolchains/XcodeDefault.xctoolchain/usr/lib/swift/watchos -L/usr/lib/swift -Xlinker -add_ast_path -Xlinker /Users/admin/builder/spi-builder-workspace/.derivedData/Build/Intermediates.noindex/swift-nio.build/Debug-watchos/_NIOFileSystemFoundationCompat-t.build/Objects-normal/arm64_32/_NIOFileSystemFoundationCompat.swiftmodule -o /Users/admin/builder/spi-builder-workspace/.derivedData/Build/Intermediates.noindex/swift-nio.build/Debug-watchos/_NIOFileSystemFoundationCompat-t.build/Objects-normal/arm64_32/Binary/_NIOFileSystemFoundationCompat.o
Ld /Users/admin/builder/spi-builder-workspace/.derivedData/Build/Intermediates.noindex/swift-nio.build/Debug-watchos/_NIOFileSystemFoundationCompat-t.build/Objects-normal/arm64/Binary/_NIOFileSystemFoundationCompat.o normal arm64 (in target '_NIOFileSystemFoundationCompat' from project 'swift-nio')
    cd /Users/admin/builder/spi-builder-workspace/.dependencies/checkouts/swift-nio
    /Applications/Xcode-27.0.0-Release.Candidate.app/Contents/Developer/Toolchains/XcodeDefault.xctoolchain/usr/bin/clang -Xlinker -reproducible -target arm64-apple-watchos9.0 -r -isysroot /Applications/Xcode-27.0.0-Release.Candidate.app/Contents/Developer/Platforms/WatchOS.platform/Developer/SDKs/WatchOS27.0.sdk -O0 -w -Xlinker -no_warn_duplicate_libraries -F/Users/admin/builder/spi-builder-workspace/.derivedData/Build/Intermediates.noindex/EagerLinkingTBDs/Debug-watchos -F/Users/admin/builder/spi-builder-workspace/.derivedData/Build/Products/Debug-watchos/PackageFrameworks -F/Users/admin/builder/spi-builder-workspace/.derivedData/Build/Products/Debug-watchos -iframework /Applications/Xcode-27.0.0-Release.Candidate.app/Contents/Developer/Platforms/WatchOS.platform/Developer/Library/Frameworks -iframework /Applications/Xcode-27.0.0-Release.Candidate.app/Contents/Developer/Platforms/WatchOS.platform/Developer/SDKs/WatchOS27.0.sdk/Developer/Library/Frameworks -filelist /Users/admin/builder/spi-builder-workspace/.derivedData/Build/Intermediates.noindex/swift-nio.build/Debug-watchos/_NIOFileSystemFoundationCompat-t.build/Objects-normal/arm64/_NIOFileSystemFoundationCompat.LinkFileList -nostdlib -Xlinker -object_path_lto -Xlinker /Users/admin/builder/spi-builder-workspace/.derivedData/Build/Intermediates.noindex/swift-nio.build/Debug-watchos/_NIOFileSystemFoundationCompat-t.build/Objects-normal/arm64/_NIOFileSystemFoundationCompat_lto.o -Xlinker -no_deduplicate -Xlinker -debug_variant -Xlinker -dependency_info -Xlinker /Users/admin/builder/spi-builder-workspace/.derivedData/Build/Intermediates.noindex/swift-nio.build/Debug-watchos/_NIOFileSystemFoundationCompat-t.build/Objects-normal/arm64/_NIOFileSystemFoundationCompat_dependency_info.dat -fobjc-link-runtime -L/Applications/Xcode-27.0.0-Release.Candidate.app/Contents/Developer/Toolchains/XcodeDefault.xctoolchain/usr/lib/swift/watchos -L/usr/lib/swift -Xlinker -add_ast_path -Xlinker /Users/admin/builder/spi-builder-workspace/.derivedData/Build/Intermediates.noindex/swift-nio.build/Debug-watchos/_NIOFileSystemFoundationCompat-t.build/Objects-normal/arm64/_NIOFileSystemFoundationCompat.swiftmodule -o /Users/admin/builder/spi-builder-workspace/.derivedData/Build/Intermediates.noindex/swift-nio.build/Debug-watchos/_NIOFileSystemFoundationCompat-t.build/Objects-normal/arm64/Binary/_NIOFileSystemFoundationCompat.o
CreateUniversalBinary /Users/admin/builder/spi-builder-workspace/.derivedData/Build/Products/Debug-watchos/_NIOFileSystemFoundationCompat.o normal arm64\ arm64_32 (in target '_NIOFileSystemFoundationCompat' from project 'swift-nio')
    cd /Users/admin/builder/spi-builder-workspace/.dependencies/checkouts/swift-nio
    /Applications/Xcode-27.0.0-Release.Candidate.app/Contents/Developer/Toolchains/XcodeDefault.xctoolchain/usr/bin/lipo -create /Users/admin/builder/spi-builder-workspace/.derivedData/Build/Intermediates.noindex/swift-nio.build/Debug-watchos/_NIOFileSystemFoundationCompat-t.build/Objects-normal/arm64/Binary/_NIOFileSystemFoundationCompat.o /Users/admin/builder/spi-builder-workspace/.derivedData/Build/Intermediates.noindex/swift-nio.build/Debug-watchos/_NIOFileSystemFoundationCompat-t.build/Objects-normal/arm64_32/Binary/_NIOFileSystemFoundationCompat.o -output /Users/admin/builder/spi-builder-workspace/.derivedData/Build/Products/Debug-watchos/_NIOFileSystemFoundationCompat.o
Ld /Users/admin/builder/spi-builder-workspace/.derivedData/Build/Intermediates.noindex/swift-nio.build/Debug-watchos/NIOFileSystem-t.build/Objects-normal/arm64_32/Binary/NIOFileSystem.o normal arm64_32 (in target 'NIOFileSystem' from project 'swift-nio')
    cd /Users/admin/builder/spi-builder-workspace/.dependencies/checkouts/swift-nio
    /Applications/Xcode-27.0.0-Release.Candidate.app/Contents/Developer/Toolchains/XcodeDefault.xctoolchain/usr/bin/clang -Xlinker -reproducible -target arm64_32-apple-watchos9.0 -r -isysroot /Applications/Xcode-27.0.0-Release.Candidate.app/Contents/Developer/Platforms/WatchOS.platform/Developer/SDKs/WatchOS27.0.sdk -O0 -w -Xlinker -no_warn_duplicate_libraries -F/Users/admin/builder/spi-builder-workspace/.derivedData/Build/Intermediates.noindex/EagerLinkingTBDs/Debug-watchos -F/Users/admin/builder/spi-builder-workspace/.derivedData/Build/Products/Debug-watchos/PackageFrameworks -F/Users/admin/builder/spi-builder-workspace/.derivedData/Build/Products/Debug-watchos -iframework /Applications/Xcode-27.0.0-Release.Candidate.app/Contents/Developer/Platforms/WatchOS.platform/Developer/Library/Frameworks -iframework /Applications/Xcode-27.0.0-Release.Candidate.app/Contents/Developer/Platforms/WatchOS.platform/Developer/SDKs/WatchOS27.0.sdk/Developer/Library/Frameworks -filelist /Users/admin/builder/spi-builder-workspace/.derivedData/Build/Intermediates.noindex/swift-nio.build/Debug-watchos/NIOFileSystem-t.build/Objects-normal/arm64_32/NIOFileSystem.LinkFileList -nostdlib -Xlinker -object_path_lto -Xlinker /Users/admin/builder/spi-builder-workspace/.derivedData/Build/Intermediates.noindex/swift-nio.build/Debug-watchos/NIOFileSystem-t.build/Objects-normal/arm64_32/NIOFileSystem_lto.o -Xlinker -no_deduplicate -Xlinker -debug_variant -Xlinker -dependency_info -Xlinker /Users/admin/builder/spi-builder-workspace/.derivedData/Build/Intermediates.noindex/swift-nio.build/Debug-watchos/NIOFileSystem-t.build/Objects-normal/arm64_32/NIOFileSystem_dependency_info.dat -fobjc-link-runtime -L/Applications/Xcode-27.0.0-Release.Candidate.app/Contents/Developer/Toolchains/XcodeDefault.xctoolchain/usr/lib/swift/watchos -L/usr/lib/swift -Xlinker -add_ast_path -Xlinker /Users/admin/builder/spi-builder-workspace/.derivedData/Build/Intermediates.noindex/swift-nio.build/Debug-watchos/NIOFileSystem-t.build/Objects-normal/arm64_32/NIOFileSystem.swiftmodule -o /Users/admin/builder/spi-builder-workspace/.derivedData/Build/Intermediates.noindex/swift-nio.build/Debug-watchos/NIOFileSystem-t.build/Objects-normal/arm64_32/Binary/NIOFileSystem.o
Ld /Users/admin/builder/spi-builder-workspace/.derivedData/Build/Intermediates.noindex/swift-nio.build/Debug-watchos/NIOFileSystem-t.build/Objects-normal/arm64/Binary/NIOFileSystem.o normal arm64 (in target 'NIOFileSystem' from project 'swift-nio')
    cd /Users/admin/builder/spi-builder-workspace/.dependencies/checkouts/swift-nio
    /Applications/Xcode-27.0.0-Release.Candidate.app/Contents/Developer/Toolchains/XcodeDefault.xctoolchain/usr/bin/clang -Xlinker -reproducible -target arm64-apple-watchos9.0 -r -isysroot /Applications/Xcode-27.0.0-Release.Candidate.app/Contents/Developer/Platforms/WatchOS.platform/Developer/SDKs/WatchOS27.0.sdk -O0 -w -Xlinker -no_warn_duplicate_libraries -F/Users/admin/builder/spi-builder-workspace/.derivedData/Build/Intermediates.noindex/EagerLinkingTBDs/Debug-watchos -F/Users/admin/builder/spi-builder-workspace/.derivedData/Build/Products/Debug-watchos/PackageFrameworks -F/Users/admin/builder/spi-builder-workspace/.derivedData/Build/Products/Debug-watchos -iframework /Applications/Xcode-27.0.0-Release.Candidate.app/Contents/Developer/Platforms/WatchOS.platform/Developer/Library/Frameworks -iframework /Applications/Xcode-27.0.0-Release.Candidate.app/Contents/Developer/Platforms/WatchOS.platform/Developer/SDKs/WatchOS27.0.sdk/Developer/Library/Frameworks -filelist /Users/admin/builder/spi-builder-workspace/.derivedData/Build/Intermediates.noindex/swift-nio.build/Debug-watchos/NIOFileSystem-t.build/Objects-normal/arm64/NIOFileSystem.LinkFileList -nostdlib -Xlinker -object_path_lto -Xlinker /Users/admin/builder/spi-builder-workspace/.derivedData/Build/Intermediates.noindex/swift-nio.build/Debug-watchos/NIOFileSystem-t.build/Objects-normal/arm64/NIOFileSystem_lto.o -Xlinker -no_deduplicate -Xlinker -debug_variant -Xlinker -dependency_info -Xlinker /Users/admin/builder/spi-builder-workspace/.derivedData/Build/Intermediates.noindex/swift-nio.build/Debug-watchos/NIOFileSystem-t.build/Objects-normal/arm64/NIOFileSystem_dependency_info.dat -fobjc-link-runtime -L/Applications/Xcode-27.0.0-Release.Candidate.app/Contents/Developer/Toolchains/XcodeDefault.xctoolchain/usr/lib/swift/watchos -L/usr/lib/swift -Xlinker -add_ast_path -Xlinker /Users/admin/builder/spi-builder-workspace/.derivedData/Build/Intermediates.noindex/swift-nio.build/Debug-watchos/NIOFileSystem-t.build/Objects-normal/arm64/NIOFileSystem.swiftmodule -o /Users/admin/builder/spi-builder-workspace/.derivedData/Build/Intermediates.noindex/swift-nio.build/Debug-watchos/NIOFileSystem-t.build/Objects-normal/arm64/Binary/NIOFileSystem.o
CreateUniversalBinary /Users/admin/builder/spi-builder-workspace/.derivedData/Build/Products/Debug-watchos/NIOFileSystem.o normal arm64\ arm64_32 (in target 'NIOFileSystem' from project 'swift-nio')
    cd /Users/admin/builder/spi-builder-workspace/.dependencies/checkouts/swift-nio
    /Applications/Xcode-27.0.0-Release.Candidate.app/Contents/Developer/Toolchains/XcodeDefault.xctoolchain/usr/bin/lipo -create /Users/admin/builder/spi-builder-workspace/.derivedData/Build/Intermediates.noindex/swift-nio.build/Debug-watchos/NIOFileSystem-t.build/Objects-normal/arm64/Binary/NIOFileSystem.o /Users/admin/builder/spi-builder-workspace/.derivedData/Build/Intermediates.noindex/swift-nio.build/Debug-watchos/NIOFileSystem-t.build/Objects-normal/arm64_32/Binary/NIOFileSystem.o -output /Users/admin/builder/spi-builder-workspace/.derivedData/Build/Products/Debug-watchos/NIOFileSystem.o
ExtractAppIntentsMetadata (in target 'AsyncKit' from project 'async-kit')
    cd /Users/admin/builder/spi-builder-workspace/.dependencies/checkouts/async-kit
    /Applications/Xcode-27.0.0-Release.Candidate.app/Contents/Developer/Toolchains/XcodeDefault.xctoolchain/usr/bin/appintentsmetadataprocessor --toolchain-dir /var/run/com.apple.security.cryptexd/mnt/com.apple.MobileAsset.MetalToolchain-v27.1.266.1.lvp7lF/Metal.xctoolchain --module-name AsyncKit --sdk-root /Applications/Xcode-27.0.0-Release.Candidate.app/Contents/Developer/Platforms/WatchOS.platform/Developer/SDKs/WatchOS27.0.sdk --xcode-version 27A266a --platform-family watchOS --deployment-target 9.0 --bundle-identifier async-kit.AsyncKit --output /Users/admin/builder/spi-builder-workspace/.derivedData/Build/Products/Debug-watchos/AsyncKit.appintents --target-triple arm64-apple-watchos9.0 --target-triple arm64_32-apple-watchos9.0 --binary-file /Users/admin/builder/spi-builder-workspace/.derivedData/Build/Products/Debug-watchos/AsyncKit.o --dependency-file /Users/admin/builder/spi-builder-workspace/.derivedData/Build/Intermediates.noindex/async-kit.build/Debug-watchos/AsyncKit-t.build/Objects-normal/arm64/AsyncKit_dependency_info.dat --dependency-file /Users/admin/builder/spi-builder-workspace/.derivedData/Build/Intermediates.noindex/async-kit.build/Debug-watchos/AsyncKit-t.build/Objects-normal/arm64_32/AsyncKit_dependency_info.dat --stringsdata-file /Users/admin/builder/spi-builder-workspace/.derivedData/Build/Intermediates.noindex/async-kit.build/Debug-watchos/AsyncKit-t.build/Objects-normal/arm64/ExtractedAppShortcutsMetadata.stringsdata --stringsdata-file /Users/admin/builder/spi-builder-workspace/.derivedData/Build/Intermediates.noindex/async-kit.build/Debug-watchos/AsyncKit-t.build/Objects-normal/arm64_32/ExtractedAppShortcutsMetadata.stringsdata --source-file-list /Users/admin/builder/spi-builder-workspace/.derivedData/Build/Intermediates.noindex/async-kit.build/Debug-watchos/AsyncKit-t.build/Objects-normal/arm64/AsyncKit.SwiftFileList --source-file-list /Users/admin/builder/spi-builder-workspace/.derivedData/Build/Intermediates.noindex/async-kit.build/Debug-watchos/AsyncKit-t.build/Objects-normal/arm64_32/AsyncKit.SwiftFileList --metadata-file-list /Users/admin/builder/spi-builder-workspace/.derivedData/Build/Intermediates.noindex/async-kit.build/Debug-watchos/AsyncKit-t.build/AsyncKit.DependencyMetadataFileList --static-metadata-file-list /Users/admin/builder/spi-builder-workspace/.derivedData/Build/Intermediates.noindex/async-kit.build/Debug-watchos/AsyncKit-t.build/AsyncKit.DependencyStaticMetadataFileList --swift-const-vals-list /Users/admin/builder/spi-builder-workspace/.derivedData/Build/Intermediates.noindex/async-kit.build/Debug-watchos/AsyncKit-t.build/Objects-normal/arm64/AsyncKit.SwiftConstValuesFileList --swift-const-vals-list /Users/admin/builder/spi-builder-workspace/.derivedData/Build/Intermediates.noindex/async-kit.build/Debug-watchos/AsyncKit-t.build/Objects-normal/arm64_32/AsyncKit.SwiftConstValuesFileList --force --compile-time-extraction --deployment-aware-processing --no-app-shortcuts-localization
2026-09-19 10:15:48.419 appintentsmetadataprocessor[7804:28429] Starting appintentsmetadataprocessor export
2026-09-19 10:15:48.480 appintentsmetadataprocessor[7804:28429] Extracted no relevant App Intents symbols, skipping writing output
ExtractAppIntentsMetadata (in target '_NIOFileSystemFoundationCompat' from project 'swift-nio')
    cd /Users/admin/builder/spi-builder-workspace/.dependencies/checkouts/swift-nio
    /Applications/Xcode-27.0.0-Release.Candidate.app/Contents/Developer/Toolchains/XcodeDefault.xctoolchain/usr/bin/appintentsmetadataprocessor --toolchain-dir /var/run/com.apple.security.cryptexd/mnt/com.apple.MobileAsset.MetalToolchain-v27.1.266.1.lvp7lF/Metal.xctoolchain --module-name _NIOFileSystemFoundationCompat --sdk-root /Applications/Xcode-27.0.0-Release.Candidate.app/Contents/Developer/Platforms/WatchOS.platform/Developer/SDKs/WatchOS27.0.sdk --xcode-version 27A266a --platform-family watchOS --deployment-target 9.0 --bundle-identifier swift-nio.-NIOFileSystemFoundationCompat --output /Users/admin/builder/spi-builder-workspace/.derivedData/Build/Products/Debug-watchos/_NIOFileSystemFoundationCompat.appintents --target-triple arm64-apple-watchos9.0 --target-triple arm64_32-apple-watchos9.0 --binary-file /Users/admin/builder/spi-builder-workspace/.derivedData/Build/Products/Debug-watchos/_NIOFileSystemFoundationCompat.o --dependency-file /Users/admin/builder/spi-builder-workspace/.derivedData/Build/Intermediates.noindex/swift-nio.build/Debug-watchos/_NIOFileSystemFoundationCompat-t.build/Objects-normal/arm64/_NIOFileSystemFoundationCompat_dependency_info.dat --dependency-file /Users/admin/builder/spi-builder-workspace/.derivedData/Build/Intermediates.noindex/swift-nio.build/Debug-watchos/_NIOFileSystemFoundationCompat-t.build/Objects-normal/arm64_32/_NIOFileSystemFoundationCompat_dependency_info.dat --stringsdata-file /Users/admin/builder/spi-builder-workspace/.derivedData/Build/Intermediates.noindex/swift-nio.build/Debug-watchos/_NIOFileSystemFoundationCompat-t.build/Objects-normal/arm64/ExtractedAppShortcutsMetadata.stringsdata --stringsdata-file /Users/admin/builder/spi-builder-workspace/.derivedData/Build/Intermediates.noindex/swift-nio.build/Debug-watchos/_NIOFileSystemFoundationCompat-t.build/Objects-normal/arm64_32/ExtractedAppShortcutsMetadata.stringsdata --source-file-list /Users/admin/builder/spi-builder-workspace/.derivedData/Build/Intermediates.noindex/swift-nio.build/Debug-watchos/_NIOFileSystemFoundationCompat-t.build/Objects-normal/arm64/_NIOFileSystemFoundationCompat.SwiftFileList --source-file-list /Users/admin/builder/spi-builder-workspace/.derivedData/Build/Intermediates.noindex/swift-nio.build/Debug-watchos/_NIOFileSystemFoundationCompat-t.build/Objects-normal/arm64_32/_NIOFileSystemFoundationCompat.SwiftFileList --metadata-file-list /Users/admin/builder/spi-builder-workspace/.derivedData/Build/Intermediates.noindex/swift-nio.build/Debug-watchos/_NIOFileSystemFoundationCompat-t.build/_NIOFileSystemFoundationCompat.DependencyMetadataFileList --static-metadata-file-list /Users/admin/builder/spi-builder-workspace/.derivedData/Build/Intermediates.noindex/swift-nio.build/Debug-watchos/_NIOFileSystemFoundationCompat-t.build/_NIOFileSystemFoundationCompat.DependencyStaticMetadataFileList --swift-const-vals-list /Users/admin/builder/spi-builder-workspace/.derivedData/Build/Intermediates.noindex/swift-nio.build/Debug-watchos/_NIOFileSystemFoundationCompat-t.build/Objects-normal/arm64/_NIOFileSystemFoundationCompat.SwiftConstValuesFileList --swift-const-vals-list /Users/admin/builder/spi-builder-workspace/.derivedData/Build/Intermediates.noindex/swift-nio.build/Debug-watchos/_NIOFileSystemFoundationCompat-t.build/Objects-normal/arm64_32/_NIOFileSystemFoundationCompat.SwiftConstValuesFileList --force --compile-time-extraction --deployment-aware-processing --no-app-shortcuts-localization
2026-09-19 10:15:48.517 appintentsmetadataprocessor[7805:28442] Starting appintentsmetadataprocessor export
2026-09-19 10:15:48.621 appintentsmetadataprocessor[7805:28442] Extracted no relevant App Intents symbols, skipping writing output
ExtractAppIntentsMetadata (in target 'NIOFileSystem' from project 'swift-nio')
    cd /Users/admin/builder/spi-builder-workspace/.dependencies/checkouts/swift-nio
    /Applications/Xcode-27.0.0-Release.Candidate.app/Contents/Developer/Toolchains/XcodeDefault.xctoolchain/usr/bin/appintentsmetadataprocessor --toolchain-dir /var/run/com.apple.security.cryptexd/mnt/com.apple.MobileAsset.MetalToolchain-v27.1.266.1.lvp7lF/Metal.xctoolchain --module-name NIOFileSystem --sdk-root /Applications/Xcode-27.0.0-Release.Candidate.app/Contents/Developer/Platforms/WatchOS.platform/Developer/SDKs/WatchOS27.0.sdk --xcode-version 27A266a --platform-family watchOS --deployment-target 9.0 --bundle-identifier swift-nio.NIOFileSystem --output /Users/admin/builder/spi-builder-workspace/.derivedData/Build/Products/Debug-watchos/NIOFileSystem.appintents --target-triple arm64-apple-watchos9.0 --target-triple arm64_32-apple-watchos9.0 --binary-file /Users/admin/builder/spi-builder-workspace/.derivedData/Build/Products/Debug-watchos/NIOFileSystem.o --dependency-file /Users/admin/builder/spi-builder-workspace/.derivedData/Build/Intermediates.noindex/swift-nio.build/Debug-watchos/NIOFileSystem-t.build/Objects-normal/arm64/NIOFileSystem_dependency_info.dat --dependency-file /Users/admin/builder/spi-builder-workspace/.derivedData/Build/Intermediates.noindex/swift-nio.build/Debug-watchos/NIOFileSystem-t.build/Objects-normal/arm64_32/NIOFileSystem_dependency_info.dat --stringsdata-file /Users/admin/builder/spi-builder-workspace/.derivedData/Build/Intermediates.noindex/swift-nio.build/Debug-watchos/NIOFileSystem-t.build/Objects-normal/arm64/ExtractedAppShortcutsMetadata.stringsdata --stringsdata-file /Users/admin/builder/spi-builder-workspace/.derivedData/Build/Intermediates.noindex/swift-nio.build/Debug-watchos/NIOFileSystem-t.build/Objects-normal/arm64_32/ExtractedAppShortcutsMetadata.stringsdata --source-file-list /Users/admin/builder/spi-builder-workspace/.derivedData/Build/Intermediates.noindex/swift-nio.build/Debug-watchos/NIOFileSystem-t.build/Objects-normal/arm64/NIOFileSystem.SwiftFileList --source-file-list /Users/admin/builder/spi-builder-workspace/.derivedData/Build/Intermediates.noindex/swift-nio.build/Debug-watchos/NIOFileSystem-t.build/Objects-normal/arm64_32/NIOFileSystem.SwiftFileList --metadata-file-list /Users/admin/builder/spi-builder-workspace/.derivedData/Build/Intermediates.noindex/swift-nio.build/Debug-watchos/NIOFileSystem-t.build/NIOFileSystem.DependencyMetadataFileList --static-metadata-file-list /Users/admin/builder/spi-builder-workspace/.derivedData/Build/Intermediates.noindex/swift-nio.build/Debug-watchos/NIOFileSystem-t.build/NIOFileSystem.DependencyStaticMetadataFileList --swift-const-vals-list /Users/admin/builder/spi-builder-workspace/.derivedData/Build/Intermediates.noindex/swift-nio.build/Debug-watchos/NIOFileSystem-t.build/Objects-normal/arm64/NIOFileSystem.SwiftConstValuesFileList --swift-const-vals-list /Users/admin/builder/spi-builder-workspace/.derivedData/Build/Intermediates.noindex/swift-nio.build/Debug-watchos/NIOFileSystem-t.build/Objects-normal/arm64_32/NIOFileSystem.SwiftConstValuesFileList --force --compile-time-extraction --deployment-aware-processing --no-app-shortcuts-localization
2026-09-19 10:15:48.636 appintentsmetadataprocessor[7806:28475] Starting appintentsmetadataprocessor export
2026-09-19 10:15:48.692 appintentsmetadataprocessor[7806:28475] Extracted no relevant App Intents symbols, skipping writing output
Ld /Users/admin/builder/spi-builder-workspace/.derivedData/Build/Intermediates.noindex/swift-nio.build/Debug-watchos/NIOTLS-t.build/Objects-normal/arm64_32/Binary/NIOTLS.o normal arm64_32 (in target 'NIOTLS' from project 'swift-nio')
    cd /Users/admin/builder/spi-builder-workspace/.dependencies/checkouts/swift-nio
    /Applications/Xcode-27.0.0-Release.Candidate.app/Contents/Developer/Toolchains/XcodeDefault.xctoolchain/usr/bin/clang -Xlinker -reproducible -target arm64_32-apple-watchos9.0 -r -isysroot /Applications/Xcode-27.0.0-Release.Candidate.app/Contents/Developer/Platforms/WatchOS.platform/Developer/SDKs/WatchOS27.0.sdk -O0 -w -Xlinker -no_warn_duplicate_libraries -F/Users/admin/builder/spi-builder-workspace/.derivedData/Build/Intermediates.noindex/EagerLinkingTBDs/Debug-watchos -F/Users/admin/builder/spi-builder-workspace/.derivedData/Build/Products/Debug-watchos/PackageFrameworks -F/Users/admin/builder/spi-builder-workspace/.derivedData/Build/Products/Debug-watchos -iframework /Applications/Xcode-27.0.0-Release.Candidate.app/Contents/Developer/Platforms/WatchOS.platform/Developer/Library/Frameworks -iframework /Applications/Xcode-27.0.0-Release.Candidate.app/Contents/Developer/Platforms/WatchOS.platform/Developer/SDKs/WatchOS27.0.sdk/Developer/Library/Frameworks -filelist /Users/admin/builder/spi-builder-workspace/.derivedData/Build/Intermediates.noindex/swift-nio.build/Debug-watchos/NIOTLS-t.build/Objects-normal/arm64_32/NIOTLS.LinkFileList -nostdlib -Xlinker -object_path_lto -Xlinker /Users/admin/builder/spi-builder-workspace/.derivedData/Build/Intermediates.noindex/swift-nio.build/Debug-watchos/NIOTLS-t.build/Objects-normal/arm64_32/NIOTLS_lto.o -Xlinker -no_deduplicate -Xlinker -debug_variant -Xlinker -dependency_info -Xlinker /Users/admin/builder/spi-builder-workspace/.derivedData/Build/Intermediates.noindex/swift-nio.build/Debug-watchos/NIOTLS-t.build/Objects-normal/arm64_32/NIOTLS_dependency_info.dat -fobjc-link-runtime -L/Applications/Xcode-27.0.0-Release.Candidate.app/Contents/Developer/Toolchains/XcodeDefault.xctoolchain/usr/lib/swift/watchos -L/usr/lib/swift -Xlinker -add_ast_path -Xlinker /Users/admin/builder/spi-builder-workspace/.derivedData/Build/Intermediates.noindex/swift-nio.build/Debug-watchos/NIOTLS-t.build/Objects-normal/arm64_32/NIOTLS.swiftmodule -o /Users/admin/builder/spi-builder-workspace/.derivedData/Build/Intermediates.noindex/swift-nio.build/Debug-watchos/NIOTLS-t.build/Objects-normal/arm64_32/Binary/NIOTLS.o
Ld /Users/admin/builder/spi-builder-workspace/.derivedData/Build/Intermediates.noindex/swift-nio.build/Debug-watchos/NIOTLS-t.build/Objects-normal/arm64/Binary/NIOTLS.o normal arm64 (in target 'NIOTLS' from project 'swift-nio')
    cd /Users/admin/builder/spi-builder-workspace/.dependencies/checkouts/swift-nio
    /Applications/Xcode-27.0.0-Release.Candidate.app/Contents/Developer/Toolchains/XcodeDefault.xctoolchain/usr/bin/clang -Xlinker -reproducible -target arm64-apple-watchos9.0 -r -isysroot /Applications/Xcode-27.0.0-Release.Candidate.app/Contents/Developer/Platforms/WatchOS.platform/Developer/SDKs/WatchOS27.0.sdk -O0 -w -Xlinker -no_warn_duplicate_libraries -F/Users/admin/builder/spi-builder-workspace/.derivedData/Build/Intermediates.noindex/EagerLinkingTBDs/Debug-watchos -F/Users/admin/builder/spi-builder-workspace/.derivedData/Build/Products/Debug-watchos/PackageFrameworks -F/Users/admin/builder/spi-builder-workspace/.derivedData/Build/Products/Debug-watchos -iframework /Applications/Xcode-27.0.0-Release.Candidate.app/Contents/Developer/Platforms/WatchOS.platform/Developer/Library/Frameworks -iframework /Applications/Xcode-27.0.0-Release.Candidate.app/Contents/Developer/Platforms/WatchOS.platform/Developer/SDKs/WatchOS27.0.sdk/Developer/Library/Frameworks -filelist /Users/admin/builder/spi-builder-workspace/.derivedData/Build/Intermediates.noindex/swift-nio.build/Debug-watchos/NIOTLS-t.build/Objects-normal/arm64/NIOTLS.LinkFileList -nostdlib -Xlinker -object_path_lto -Xlinker /Users/admin/builder/spi-builder-workspace/.derivedData/Build/Intermediates.noindex/swift-nio.build/Debug-watchos/NIOTLS-t.build/Objects-normal/arm64/NIOTLS_lto.o -Xlinker -no_deduplicate -Xlinker -debug_variant -Xlinker -dependency_info -Xlinker /Users/admin/builder/spi-builder-workspace/.derivedData/Build/Intermediates.noindex/swift-nio.build/Debug-watchos/NIOTLS-t.build/Objects-normal/arm64/NIOTLS_dependency_info.dat -fobjc-link-runtime -L/Applications/Xcode-27.0.0-Release.Candidate.app/Contents/Developer/Toolchains/XcodeDefault.xctoolchain/usr/lib/swift/watchos -L/usr/lib/swift -Xlinker -add_ast_path -Xlinker /Users/admin/builder/spi-builder-workspace/.derivedData/Build/Intermediates.noindex/swift-nio.build/Debug-watchos/NIOTLS-t.build/Objects-normal/arm64/NIOTLS.swiftmodule -o /Users/admin/builder/spi-builder-workspace/.derivedData/Build/Intermediates.noindex/swift-nio.build/Debug-watchos/NIOTLS-t.build/Objects-normal/arm64/Binary/NIOTLS.o
Ld /Users/admin/builder/spi-builder-workspace/.derivedData/Build/Intermediates.noindex/swift-nio.build/Debug-watchos/NIOHTTP1-t.build/Objects-normal/arm64_32/Binary/NIOHTTP1.o normal arm64_32 (in target 'NIOHTTP1' from project 'swift-nio')
    cd /Users/admin/builder/spi-builder-workspace/.dependencies/checkouts/swift-nio
    /Applications/Xcode-27.0.0-Release.Candidate.app/Contents/Developer/Toolchains/XcodeDefault.xctoolchain/usr/bin/clang -Xlinker -reproducible -target arm64_32-apple-watchos9.0 -r -isysroot /Applications/Xcode-27.0.0-Release.Candidate.app/Contents/Developer/Platforms/WatchOS.platform/Developer/SDKs/WatchOS27.0.sdk -O0 -w -Xlinker -no_warn_duplicate_libraries -F/Users/admin/builder/spi-builder-workspace/.derivedData/Build/Intermediates.noindex/EagerLinkingTBDs/Debug-watchos -F/Users/admin/builder/spi-builder-workspace/.derivedData/Build/Products/Debug-watchos/PackageFrameworks -F/Users/admin/builder/spi-builder-workspace/.derivedData/Build/Products/Debug-watchos -iframework /Applications/Xcode-27.0.0-Release.Candidate.app/Contents/Developer/Platforms/WatchOS.platform/Developer/Library/Frameworks -iframework /Applications/Xcode-27.0.0-Release.Candidate.app/Contents/Developer/Platforms/WatchOS.platform/Developer/SDKs/WatchOS27.0.sdk/Developer/Library/Frameworks -filelist /Users/admin/builder/spi-builder-workspace/.derivedData/Build/Intermediates.noindex/swift-nio.build/Debug-watchos/NIOHTTP1-t.build/Objects-normal/arm64_32/NIOHTTP1.LinkFileList -nostdlib -Xlinker -object_path_lto -Xlinker /Users/admin/builder/spi-builder-workspace/.derivedData/Build/Intermediates.noindex/swift-nio.build/Debug-watchos/NIOHTTP1-t.build/Objects-normal/arm64_32/NIOHTTP1_lto.o -Xlinker -no_deduplicate -Xlinker -debug_variant -Xlinker -dependency_info -Xlinker /Users/admin/builder/spi-builder-workspace/.derivedData/Build/Intermediates.noindex/swift-nio.build/Debug-watchos/NIOHTTP1-t.build/Objects-normal/arm64_32/NIOHTTP1_dependency_info.dat -fobjc-link-runtime -L/Applications/Xcode-27.0.0-Release.Candidate.app/Contents/Developer/Toolchains/XcodeDefault.xctoolchain/usr/lib/swift/watchos -L/usr/lib/swift -Xlinker -add_ast_path -Xlinker /Users/admin/builder/spi-builder-workspace/.derivedData/Build/Intermediates.noindex/swift-nio.build/Debug-watchos/NIOHTTP1-t.build/Objects-normal/arm64_32/NIOHTTP1.swiftmodule -o /Users/admin/builder/spi-builder-workspace/.derivedData/Build/Intermediates.noindex/swift-nio.build/Debug-watchos/NIOHTTP1-t.build/Objects-normal/arm64_32/Binary/NIOHTTP1.o
CreateUniversalBinary /Users/admin/builder/spi-builder-workspace/.derivedData/Build/Products/Debug-watchos/NIOTLS.o normal arm64\ arm64_32 (in target 'NIOTLS' from project 'swift-nio')
    cd /Users/admin/builder/spi-builder-workspace/.dependencies/checkouts/swift-nio
    /Applications/Xcode-27.0.0-Release.Candidate.app/Contents/Developer/Toolchains/XcodeDefault.xctoolchain/usr/bin/lipo -create /Users/admin/builder/spi-builder-workspace/.derivedData/Build/Intermediates.noindex/swift-nio.build/Debug-watchos/NIOTLS-t.build/Objects-normal/arm64/Binary/NIOTLS.o /Users/admin/builder/spi-builder-workspace/.derivedData/Build/Intermediates.noindex/swift-nio.build/Debug-watchos/NIOTLS-t.build/Objects-normal/arm64_32/Binary/NIOTLS.o -output /Users/admin/builder/spi-builder-workspace/.derivedData/Build/Products/Debug-watchos/NIOTLS.o
Ld /Users/admin/builder/spi-builder-workspace/.derivedData/Build/Intermediates.noindex/swift-nio.build/Debug-watchos/NIOHTTP1-t.build/Objects-normal/arm64/Binary/NIOHTTP1.o normal arm64 (in target 'NIOHTTP1' from project 'swift-nio')
    cd /Users/admin/builder/spi-builder-workspace/.dependencies/checkouts/swift-nio
    /Applications/Xcode-27.0.0-Release.Candidate.app/Contents/Developer/Toolchains/XcodeDefault.xctoolchain/usr/bin/clang -Xlinker -reproducible -target arm64-apple-watchos9.0 -r -isysroot /Applications/Xcode-27.0.0-Release.Candidate.app/Contents/Developer/Platforms/WatchOS.platform/Developer/SDKs/WatchOS27.0.sdk -O0 -w -Xlinker -no_warn_duplicate_libraries -F/Users/admin/builder/spi-builder-workspace/.derivedData/Build/Intermediates.noindex/EagerLinkingTBDs/Debug-watchos -F/Users/admin/builder/spi-builder-workspace/.derivedData/Build/Products/Debug-watchos/PackageFrameworks -F/Users/admin/builder/spi-builder-workspace/.derivedData/Build/Products/Debug-watchos -iframework /Applications/Xcode-27.0.0-Release.Candidate.app/Contents/Developer/Platforms/WatchOS.platform/Developer/Library/Frameworks -iframework /Applications/Xcode-27.0.0-Release.Candidate.app/Contents/Developer/Platforms/WatchOS.platform/Developer/SDKs/WatchOS27.0.sdk/Developer/Library/Frameworks -filelist /Users/admin/builder/spi-builder-workspace/.derivedData/Build/Intermediates.noindex/swift-nio.build/Debug-watchos/NIOHTTP1-t.build/Objects-normal/arm64/NIOHTTP1.LinkFileList -nostdlib -Xlinker -object_path_lto -Xlinker /Users/admin/builder/spi-builder-workspace/.derivedData/Build/Intermediates.noindex/swift-nio.build/Debug-watchos/NIOHTTP1-t.build/Objects-normal/arm64/NIOHTTP1_lto.o -Xlinker -no_deduplicate -Xlinker -debug_variant -Xlinker -dependency_info -Xlinker /Users/admin/builder/spi-builder-workspace/.derivedData/Build/Intermediates.noindex/swift-nio.build/Debug-watchos/NIOHTTP1-t.build/Objects-normal/arm64/NIOHTTP1_dependency_info.dat -fobjc-link-runtime -L/Applications/Xcode-27.0.0-Release.Candidate.app/Contents/Developer/Toolchains/XcodeDefault.xctoolchain/usr/lib/swift/watchos -L/usr/lib/swift -Xlinker -add_ast_path -Xlinker /Users/admin/builder/spi-builder-workspace/.derivedData/Build/Intermediates.noindex/swift-nio.build/Debug-watchos/NIOHTTP1-t.build/Objects-normal/arm64/NIOHTTP1.swiftmodule -o /Users/admin/builder/spi-builder-workspace/.derivedData/Build/Intermediates.noindex/swift-nio.build/Debug-watchos/NIOHTTP1-t.build/Objects-normal/arm64/Binary/NIOHTTP1.o
CreateUniversalBinary /Users/admin/builder/spi-builder-workspace/.derivedData/Build/Products/Debug-watchos/NIOHTTP1.o normal arm64\ arm64_32 (in target 'NIOHTTP1' from project 'swift-nio')
    cd /Users/admin/builder/spi-builder-workspace/.dependencies/checkouts/swift-nio
    /Applications/Xcode-27.0.0-Release.Candidate.app/Contents/Developer/Toolchains/XcodeDefault.xctoolchain/usr/bin/lipo -create /Users/admin/builder/spi-builder-workspace/.derivedData/Build/Intermediates.noindex/swift-nio.build/Debug-watchos/NIOHTTP1-t.build/Objects-normal/arm64/Binary/NIOHTTP1.o /Users/admin/builder/spi-builder-workspace/.derivedData/Build/Intermediates.noindex/swift-nio.build/Debug-watchos/NIOHTTP1-t.build/Objects-normal/arm64_32/Binary/NIOHTTP1.o -output /Users/admin/builder/spi-builder-workspace/.derivedData/Build/Products/Debug-watchos/NIOHTTP1.o
Ld /Users/admin/builder/spi-builder-workspace/.derivedData/Build/Intermediates.noindex/swift-nio.build/Debug-watchos/NIOFoundationCompat-t.build/Objects-normal/arm64_32/Binary/NIOFoundationCompat.o normal arm64_32 (in target 'NIOFoundationCompat' from project 'swift-nio')
    cd /Users/admin/builder/spi-builder-workspace/.dependencies/checkouts/swift-nio
    /Applications/Xcode-27.0.0-Release.Candidate.app/Contents/Developer/Toolchains/XcodeDefault.xctoolchain/usr/bin/clang -Xlinker -reproducible -target arm64_32-apple-watchos9.0 -r -isysroot /Applications/Xcode-27.0.0-Release.Candidate.app/Contents/Developer/Platforms/WatchOS.platform/Developer/SDKs/WatchOS27.0.sdk -O0 -w -Xlinker -no_warn_duplicate_libraries -F/Users/admin/builder/spi-builder-workspace/.derivedData/Build/Intermediates.noindex/EagerLinkingTBDs/Debug-watchos -F/Users/admin/builder/spi-builder-workspace/.derivedData/Build/Products/Debug-watchos/PackageFrameworks -F/Users/admin/builder/spi-builder-workspace/.derivedData/Build/Products/Debug-watchos -iframework /Applications/Xcode-27.0.0-Release.Candidate.app/Contents/Developer/Platforms/WatchOS.platform/Developer/Library/Frameworks -iframework /Applications/Xcode-27.0.0-Release.Candidate.app/Contents/Developer/Platforms/WatchOS.platform/Developer/SDKs/WatchOS27.0.sdk/Developer/Library/Frameworks -filelist /Users/admin/builder/spi-builder-workspace/.derivedData/Build/Intermediates.noindex/swift-nio.build/Debug-watchos/NIOFoundationCompat-t.build/Objects-normal/arm64_32/NIOFoundationCompat.LinkFileList -nostdlib -Xlinker -object_path_lto -Xlinker /Users/admin/builder/spi-builder-workspace/.derivedData/Build/Intermediates.noindex/swift-nio.build/Debug-watchos/NIOFoundationCompat-t.build/Objects-normal/arm64_32/NIOFoundationCompat_lto.o -Xlinker -no_deduplicate -Xlinker -debug_variant -Xlinker -dependency_info -Xlinker /Users/admin/builder/spi-builder-workspace/.derivedData/Build/Intermediates.noindex/swift-nio.build/Debug-watchos/NIOFoundationCompat-t.build/Objects-normal/arm64_32/NIOFoundationCompat_dependency_info.dat -fobjc-link-runtime -L/Applications/Xcode-27.0.0-Release.Candidate.app/Contents/Developer/Toolchains/XcodeDefault.xctoolchain/usr/lib/swift/watchos -L/usr/lib/swift -Xlinker -add_ast_path -Xlinker /Users/admin/builder/spi-builder-workspace/.derivedData/Build/Intermediates.noindex/swift-nio.build/Debug-watchos/NIOFoundationCompat-t.build/Objects-normal/arm64_32/NIOFoundationCompat.swiftmodule -o /Users/admin/builder/spi-builder-workspace/.derivedData/Build/Intermediates.noindex/swift-nio.build/Debug-watchos/NIOFoundationCompat-t.build/Objects-normal/arm64_32/Binary/NIOFoundationCompat.o
Ld /Users/admin/builder/spi-builder-workspace/.derivedData/Build/Intermediates.noindex/swift-nio.build/Debug-watchos/NIOFoundationCompat-t.build/Objects-normal/arm64/Binary/NIOFoundationCompat.o normal arm64 (in target 'NIOFoundationCompat' from project 'swift-nio')
    cd /Users/admin/builder/spi-builder-workspace/.dependencies/checkouts/swift-nio
    /Applications/Xcode-27.0.0-Release.Candidate.app/Contents/Developer/Toolchains/XcodeDefault.xctoolchain/usr/bin/clang -Xlinker -reproducible -target arm64-apple-watchos9.0 -r -isysroot /Applications/Xcode-27.0.0-Release.Candidate.app/Contents/Developer/Platforms/WatchOS.platform/Developer/SDKs/WatchOS27.0.sdk -O0 -w -Xlinker -no_warn_duplicate_libraries -F/Users/admin/builder/spi-builder-workspace/.derivedData/Build/Intermediates.noindex/EagerLinkingTBDs/Debug-watchos -F/Users/admin/builder/spi-builder-workspace/.derivedData/Build/Products/Debug-watchos/PackageFrameworks -F/Users/admin/builder/spi-builder-workspace/.derivedData/Build/Products/Debug-watchos -iframework /Applications/Xcode-27.0.0-Release.Candidate.app/Contents/Developer/Platforms/WatchOS.platform/Developer/Library/Frameworks -iframework /Applications/Xcode-27.0.0-Release.Candidate.app/Contents/Developer/Platforms/WatchOS.platform/Developer/SDKs/WatchOS27.0.sdk/Developer/Library/Frameworks -filelist /Users/admin/builder/spi-builder-workspace/.derivedData/Build/Intermediates.noindex/swift-nio.build/Debug-watchos/NIOFoundationCompat-t.build/Objects-normal/arm64/NIOFoundationCompat.LinkFileList -nostdlib -Xlinker -object_path_lto -Xlinker /Users/admin/builder/spi-builder-workspace/.derivedData/Build/Intermediates.noindex/swift-nio.build/Debug-watchos/NIOFoundationCompat-t.build/Objects-normal/arm64/NIOFoundationCompat_lto.o -Xlinker -no_deduplicate -Xlinker -debug_variant -Xlinker -dependency_info -Xlinker /Users/admin/builder/spi-builder-workspace/.derivedData/Build/Intermediates.noindex/swift-nio.build/Debug-watchos/NIOFoundationCompat-t.build/Objects-normal/arm64/NIOFoundationCompat_dependency_info.dat -fobjc-link-runtime -L/Applications/Xcode-27.0.0-Release.Candidate.app/Contents/Developer/Toolchains/XcodeDefault.xctoolchain/usr/lib/swift/watchos -L/usr/lib/swift -Xlinker -add_ast_path -Xlinker /Users/admin/builder/spi-builder-workspace/.derivedData/Build/Intermediates.noindex/swift-nio.build/Debug-watchos/NIOFoundationCompat-t.build/Objects-normal/arm64/NIOFoundationCompat.swiftmodule -o /Users/admin/builder/spi-builder-workspace/.derivedData/Build/Intermediates.noindex/swift-nio.build/Debug-watchos/NIOFoundationCompat-t.build/Objects-normal/arm64/Binary/NIOFoundationCompat.o
SwiftExplicitDependencyGeneratePcm arm64_32 /Users/admin/builder/spi-builder-workspace/.derivedData/SDKExplicitPrecompiledModules/Network-BKN0QUBAIFW11VZPQ7MWLIH3Y.pcm
SwiftExplicitDependencyGeneratePcm arm64 /Users/admin/builder/spi-builder-workspace/.derivedData/SDKExplicitPrecompiledModules/MachO-2U90NNSAQILBNBPS1SA4F8TYP.pcm
SwiftExplicitDependencyGeneratePcm arm64_32 /Users/admin/builder/spi-builder-workspace/.derivedData/SDKExplicitPrecompiledModules/_Builtin_stdatomic-1TY035TURL76BF2U98PZPPZRX.pcm
CreateUniversalBinary /Users/admin/builder/spi-builder-workspace/.derivedData/Build/Products/Debug-watchos/NIOFoundationCompat.o normal arm64\ arm64_32 (in target 'NIOFoundationCompat' from project 'swift-nio')
    cd /Users/admin/builder/spi-builder-workspace/.dependencies/checkouts/swift-nio
    /Applications/Xcode-27.0.0-Release.Candidate.app/Contents/Developer/Toolchains/XcodeDefault.xctoolchain/usr/bin/lipo -create /Users/admin/builder/spi-builder-workspace/.derivedData/Build/Intermediates.noindex/swift-nio.build/Debug-watchos/NIOFoundationCompat-t.build/Objects-normal/arm64/Binary/NIOFoundationCompat.o /Users/admin/builder/spi-builder-workspace/.derivedData/Build/Intermediates.noindex/swift-nio.build/Debug-watchos/NIOFoundationCompat-t.build/Objects-normal/arm64_32/Binary/NIOFoundationCompat.o -output /Users/admin/builder/spi-builder-workspace/.derivedData/Build/Products/Debug-watchos/NIOFoundationCompat.o
SwiftExplicitDependencyGeneratePcm arm64_32 /Users/admin/builder/spi-builder-workspace/.derivedData/SDKExplicitPrecompiledModules/os-E5IGB442IA6SBB25TTCOLK2OC.pcm
SwiftExplicitDependencyGeneratePcm arm64 /Users/admin/builder/spi-builder-workspace/.derivedData/Build/Intermediates.noindex/SwiftExplicitPrecompiledModules/CNIOSHA1-7Y34MCA9FIGYRO80CUUH9XD4V.pcm
SwiftExplicitDependencyGeneratePcm arm64 /Users/admin/builder/spi-builder-workspace/.derivedData/SDKExplicitPrecompiledModules/os-5DIL6Z9LFIGLMZAHM7X2T5435.pcm
ExtractAppIntentsMetadata (in target 'NIOTLS' from project 'swift-nio')
    cd /Users/admin/builder/spi-builder-workspace/.dependencies/checkouts/swift-nio
    /Applications/Xcode-27.0.0-Release.Candidate.app/Contents/Developer/Toolchains/XcodeDefault.xctoolchain/usr/bin/appintentsmetadataprocessor --toolchain-dir /var/run/com.apple.security.cryptexd/mnt/com.apple.MobileAsset.MetalToolchain-v27.1.266.1.lvp7lF/Metal.xctoolchain --module-name NIOTLS --sdk-root /Applications/Xcode-27.0.0-Release.Candidate.app/Contents/Developer/Platforms/WatchOS.platform/Developer/SDKs/WatchOS27.0.sdk --xcode-version 27A266a --platform-family watchOS --deployment-target 9.0 --bundle-identifier swift-nio.NIOTLS --output /Users/admin/builder/spi-builder-workspace/.derivedData/Build/Products/Debug-watchos/NIOTLS.appintents --target-triple arm64-apple-watchos9.0 --target-triple arm64_32-apple-watchos9.0 --binary-file /Users/admin/builder/spi-builder-workspace/.derivedData/Build/Products/Debug-watchos/NIOTLS.o --dependency-file /Users/admin/builder/spi-builder-workspace/.derivedData/Build/Intermediates.noindex/swift-nio.build/Debug-watchos/NIOTLS-t.build/Objects-normal/arm64/NIOTLS_dependency_info.dat --dependency-file /Users/admin/builder/spi-builder-workspace/.derivedData/Build/Intermediates.noindex/swift-nio.build/Debug-watchos/NIOTLS-t.build/Objects-normal/arm64_32/NIOTLS_dependency_info.dat --stringsdata-file /Users/admin/builder/spi-builder-workspace/.derivedData/Build/Intermediates.noindex/swift-nio.build/Debug-watchos/NIOTLS-t.build/Objects-normal/arm64/ExtractedAppShortcutsMetadata.stringsdata --stringsdata-file /Users/admin/builder/spi-builder-workspace/.derivedData/Build/Intermediates.noindex/swift-nio.build/Debug-watchos/NIOTLS-t.build/Objects-normal/arm64_32/ExtractedAppShortcutsMetadata.stringsdata --source-file-list /Users/admin/builder/spi-builder-workspace/.derivedData/Build/Intermediates.noindex/swift-nio.build/Debug-watchos/NIOTLS-t.build/Objects-normal/arm64/NIOTLS.SwiftFileList --source-file-list /Users/admin/builder/spi-builder-workspace/.derivedData/Build/Intermediates.noindex/swift-nio.build/Debug-watchos/NIOTLS-t.build/Objects-normal/arm64_32/NIOTLS.SwiftFileList --metadata-file-list /Users/admin/builder/spi-builder-workspace/.derivedData/Build/Intermediates.noindex/swift-nio.build/Debug-watchos/NIOTLS-t.build/NIOTLS.DependencyMetadataFileList --static-metadata-file-list /Users/admin/builder/spi-builder-workspace/.derivedData/Build/Intermediates.noindex/swift-nio.build/Debug-watchos/NIOTLS-t.build/NIOTLS.DependencyStaticMetadataFileList --swift-const-vals-list /Users/admin/builder/spi-builder-workspace/.derivedData/Build/Intermediates.noindex/swift-nio.build/Debug-watchos/NIOTLS-t.build/Objects-normal/arm64/NIOTLS.SwiftConstValuesFileList --swift-const-vals-list /Users/admin/builder/spi-builder-workspace/.derivedData/Build/Intermediates.noindex/swift-nio.build/Debug-watchos/NIOTLS-t.build/Objects-normal/arm64_32/NIOTLS.SwiftConstValuesFileList --force --compile-time-extraction --deployment-aware-processing --no-app-shortcuts-localization
2026-09-19 10:15:48.946 appintentsmetadataprocessor[7828:28561] Starting appintentsmetadataprocessor export
2026-09-19 10:15:49.004 appintentsmetadataprocessor[7828:28561] Extracted no relevant App Intents symbols, skipping writing output
ExtractAppIntentsMetadata (in target 'NIOHTTP1' from project 'swift-nio')
    cd /Users/admin/builder/spi-builder-workspace/.dependencies/checkouts/swift-nio
    /Applications/Xcode-27.0.0-Release.Candidate.app/Contents/Developer/Toolchains/XcodeDefault.xctoolchain/usr/bin/appintentsmetadataprocessor --toolchain-dir /var/run/com.apple.security.cryptexd/mnt/com.apple.MobileAsset.MetalToolchain-v27.1.266.1.lvp7lF/Metal.xctoolchain --module-name NIOHTTP1 --sdk-root /Applications/Xcode-27.0.0-Release.Candidate.app/Contents/Developer/Platforms/WatchOS.platform/Developer/SDKs/WatchOS27.0.sdk --xcode-version 27A266a --platform-family watchOS --deployment-target 9.0 --bundle-identifier swift-nio.NIOHTTP1 --output /Users/admin/builder/spi-builder-workspace/.derivedData/Build/Products/Debug-watchos/NIOHTTP1.appintents --target-triple arm64-apple-watchos9.0 --target-triple arm64_32-apple-watchos9.0 --binary-file /Users/admin/builder/spi-builder-workspace/.derivedData/Build/Products/Debug-watchos/NIOHTTP1.o --dependency-file /Users/admin/builder/spi-builder-workspace/.derivedData/Build/Intermediates.noindex/swift-nio.build/Debug-watchos/NIOHTTP1-t.build/Objects-normal/arm64/NIOHTTP1_dependency_info.dat --dependency-file /Users/admin/builder/spi-builder-workspace/.derivedData/Build/Intermediates.noindex/swift-nio.build/Debug-watchos/NIOHTTP1-t.build/Objects-normal/arm64_32/NIOHTTP1_dependency_info.dat --stringsdata-file /Users/admin/builder/spi-builder-workspace/.derivedData/Build/Intermediates.noindex/swift-nio.build/Debug-watchos/NIOHTTP1-t.build/Objects-normal/arm64/ExtractedAppShortcutsMetadata.stringsdata --stringsdata-file /Users/admin/builder/spi-builder-workspace/.derivedData/Build/Intermediates.noindex/swift-nio.build/Debug-watchos/NIOHTTP1-t.build/Objects-normal/arm64_32/ExtractedAppShortcutsMetadata.stringsdata --source-file-list /Users/admin/builder/spi-builder-workspace/.derivedData/Build/Intermediates.noindex/swift-nio.build/Debug-watchos/NIOHTTP1-t.build/Objects-normal/arm64/NIOHTTP1.SwiftFileList --source-file-list /Users/admin/builder/spi-builder-workspace/.derivedData/Build/Intermediates.noindex/swift-nio.build/Debug-watchos/NIOHTTP1-t.build/Objects-normal/arm64_32/NIOHTTP1.SwiftFileList --metadata-file-list /Users/admin/builder/spi-builder-workspace/.derivedData/Build/Intermediates.noindex/swift-nio.build/Debug-watchos/NIOHTTP1-t.build/NIOHTTP1.DependencyMetadataFileList --static-metadata-file-list /Users/admin/builder/spi-builder-workspace/.derivedData/Build/Intermediates.noindex/swift-nio.build/Debug-watchos/NIOHTTP1-t.build/NIOHTTP1.DependencyStaticMetadataFileList --swift-const-vals-list /Users/admin/builder/spi-builder-workspace/.derivedData/Build/Intermediates.noindex/swift-nio.build/Debug-watchos/NIOHTTP1-t.build/Objects-normal/arm64/NIOHTTP1.SwiftConstValuesFileList --swift-const-vals-list /Users/admin/builder/spi-builder-workspace/.derivedData/Build/Intermediates.noindex/swift-nio.build/Debug-watchos/NIOHTTP1-t.build/Objects-normal/arm64_32/NIOHTTP1.SwiftConstValuesFileList --force --compile-time-extraction --deployment-aware-processing --no-app-shortcuts-localization
2026-09-19 10:15:48.947 appintentsmetadataprocessor[7829:28562] Starting appintentsmetadataprocessor export
2026-09-19 10:15:49.007 appintentsmetadataprocessor[7829:28562] Extracted no relevant App Intents symbols, skipping writing output
SwiftEmitModule normal arm64_32 Emitting\ module\ for\ MultipartKit (in target 'MultipartKit' from project 'multipart-kit')
SwiftCompile normal arm64_32 (in target 'MultipartKit' from project 'multipart-kit')
    cd /Users/admin/builder/spi-builder-workspace/.swiftpm/xcode

SwiftEmitModule normal arm64_32 Emitting\ module\ for\ WebSocketKit (in target 'WebSocketKit' from project 'websocket-kit')
SwiftCompile normal arm64_32 (in target 'WebSocketKit' from project 'websocket-kit')
    cd /Users/admin/builder/spi-builder-workspace/.swiftpm/xcode

SwiftEmitModule normal arm64 Emitting\ module\ for\ WebSocketKit (in target 'WebSocketKit' from project 'websocket-kit')
SwiftCompile normal arm64 (in target 'WebSocketKit' from project 'websocket-kit')
    cd /Users/admin/builder/spi-builder-workspace/.swiftpm/xcode

SwiftCompile normal arm64_32 Compiling\ WebSocket+Connect.swift /Users/admin/builder/spi-builder-workspace/.dependencies/checkouts/websocket-kit/Sources/WebSocketKit/WebSocket+Connect.swift (in target 'WebSocketKit' from project 'websocket-kit')
SwiftCompile normal arm64_32 /Users/admin/builder/spi-builder-workspace/.dependencies/checkouts/websocket-kit/Sources/WebSocketKit/WebSocket+Connect.swift (in target 'WebSocketKit' from project 'websocket-kit')
    cd /Users/admin/builder/spi-builder-workspace/.swiftpm/xcode
    builtin-SwiftPerFileCompile WebSocket+Connect.swift
SwiftCompile normal arm64 Compiling\ WebSocket.swift /Users/admin/builder/spi-builder-workspace/.dependencies/checkouts/websocket-kit/Sources/WebSocketKit/WebSocket.swift (in target 'WebSocketKit' from project 'websocket-kit')
SwiftCompile normal arm64 /Users/admin/builder/spi-builder-workspace/.dependencies/checkouts/websocket-kit/Sources/WebSocketKit/WebSocket.swift (in target 'WebSocketKit' from project 'websocket-kit')
    cd /Users/admin/builder/spi-builder-workspace/.swiftpm/xcode
    builtin-SwiftPerFileCompile WebSocket.swift
SwiftDriverJobDiscovery normal arm64_32 Emitting module for WebSocketKit (in target 'WebSocketKit' from project 'websocket-kit')
SwiftDriver\ Compilation\ Requirements WebSocketKit normal arm64_32 com.apple.xcode.tools.swift.compiler (in target 'WebSocketKit' from project 'websocket-kit')
    cd /Users/admin/builder/spi-builder-workspace/.swiftpm/xcode
    builtin-Swift-Compilation-Requirements -- /Applications/Xcode-27.0.0-Release.Candidate.app/Contents/Developer/Toolchains/XcodeDefault.xctoolchain/usr/bin/swiftc -parse-as-library -module-name WebSocketKit -Onone @/Users/admin/builder/spi-builder-workspace/.derivedData/Build/Intermediates.noindex/websocket-kit.build/Debug-watchos/WebSocketKit-t.build/Objects-normal/arm64_32/WebSocketKit.SwiftFileList -DSWIFT_PACKAGE -DDEBUG -DSWIFT_MODULE_RESOURCE_BUNDLE_UNAVAILABLE -Xcc -fmodule-map-file\=/Users/admin/builder/spi-builder-workspace/.derivedData/Build/Intermediates.noindex/GeneratedModuleMaps-watchos/CNIOBoringSSLShims.modulemap -Xcc -fmodule-map-file\=/Users/admin/builder/spi-builder-workspace/.dependencies/checkouts/swift-nio-ssl/Sources/CNIOBoringSSL/include/module.modulemap -Xcc -fmodule-map-file\=/Users/admin/builder/spi-builder-workspace/.derivedData/Build/Intermediates.noindex/GeneratedModuleMaps-watchos/CNIOSHA1.modulemap -Xcc -fmodule-map-file\=/Users/admin/builder/spi-builder-workspace/.derivedData/Build/Intermediates.noindex/GeneratedModuleMaps-watchos/CNIOLLHTTP.modulemap -Xcc -fmodule-map-file\=/Users/admin/builder/spi-builder-workspace/.derivedData/Build/Intermediates.noindex/GeneratedModuleMaps-watchos/CNIOPosix.modulemap -Xcc -fmodule-map-file\=/Users/admin/builder/spi-builder-workspace/.derivedData/Build/Intermediates.noindex/GeneratedModuleMaps-watchos/CNIOWASI.modulemap -Xcc -fmodule-map-file\=/Users/admin/builder/spi-builder-workspace/.dependencies/checkouts/swift-nio/Sources/CNIOWindows/include/module.modulemap -Xcc -fmodule-map-file\=/Users/admin/builder/spi-builder-workspace/.derivedData/Build/Intermediates.noindex/GeneratedModuleMaps-watchos/CNIOLinux.modulemap -Xcc -fmodule-map-file\=/Users/admin/builder/spi-builder-workspace/.derivedData/Build/Intermediates.noindex/GeneratedModuleMaps-watchos/CNIODarwin.modulemap -Xcc -fmodule-map-file\=/Users/admin/builder/spi-builder-workspace/.derivedData/Build/Intermediates.noindex/GeneratedModuleMaps-watchos/CNIOFreeBSD.modulemap -Xcc -fmodule-map-file\=/Users/admin/builder/spi-builder-workspace/.derivedData/Build/Intermediates.noindex/GeneratedModuleMaps-watchos/CNIOOpenBSD.modulemap -Xcc -fmodule-map-file\=/Users/admin/builder/spi-builder-workspace/.derivedData/Build/Intermediates.noindex/GeneratedModuleMaps-watchos/CNIOAtomics.modulemap -Xcc -fmodule-map-file\=/Users/admin/builder/spi-builder-workspace/.dependencies/checkouts/swift-atomics/Sources/_AtomicsShims/include/module.modulemap -DXcode -enable-upcoming-feature ExistentialAny -enable-upcoming-feature ConciseMagicFile -enable-upcoming-feature ForwardTrailingClosures -enable-upcoming-feature DisableOutwardActorInference -enable-upcoming-feature MemberImportVisibility -enable-experimental-feature StrictConcurrency\=complete -plugin-path /Applications/Xcode-27.0.0-Release.Candidate.app/Contents/Developer/Toolchains/XcodeDefault.xctoolchain/usr/lib/swift/host/plugins/testing -enable-experimental-feature DebugDescriptionMacro -sdk /Applications/Xcode-27.0.0-Release.Candidate.app/Contents/Developer/Platforms/WatchOS.platform/Developer/SDKs/WatchOS27.0.sdk -target arm64_32-apple-watchos9.0 -g -module-cache-path /Users/admin/builder/spi-builder-workspace/.derivedData/ModuleCache.noindex -Xfrontend -serialize-debugging-options -profile-coverage-mapping -profile-generate -enable-testing -suppress-warnings -index-store-path /Users/admin/builder/spi-builder-workspace/.derivedData/Index.noindex/DataStore -Xcc -D_LIBCPP_HARDENING_MODE\=_LIBCPP_HARDENING_MODE_DEBUG -swift-version 5 -I /Users/admin/builder/spi-builder-workspace/.derivedData/Build/Products/Debug-watchos -Isystem /Applications/Xcode-27.0.0-Release.Candidate.app/Contents/Developer/Platforms/WatchOS.platform/Developer/usr/lib -F /Users/admin/builder/spi-builder-workspace/.derivedData/Build/Products/Debug-watchos/PackageFrameworks -F /Users/admin/builder/spi-builder-workspace/.derivedData/Build/Products/Debug-watchos -F /Applications/Xcode-27.0.0-Release.Candidate.app/Contents/Developer/Platforms/WatchOS.platform/Developer/Library/Frameworks -F /Applications/Xcode-27.0.0-Release.Candidate.app/Contents/Developer/Platforms/WatchOS.platform/Developer/SDKs/WatchOS27.0.sdk/Developer/Library/Frameworks -c -j10 -enable-batch-mode -incremental -Xcc -ivfsstatcache -Xcc /Users/admin/builder/spi-builder-workspace/.derivedData/SDKStatCaches.noindex/watchos27.0-24R360-e829b21a6f8c9b70876ba0858053c04477534ef55a1706bf4c1112bbb242f0a2.sdkstatcache -output-file-map /Users/admin/builder/spi-builder-workspace/.derivedData/Build/Intermediates.noindex/websocket-kit.build/Debug-watchos/WebSocketKit-t.build/Objects-normal/arm64_32/WebSocketKit-OutputFileMap.json -save-temps -no-color-diagnostics -explicit-module-build -module-cache-path /Users/admin/builder/spi-builder-workspace/.derivedData/Build/Intermediates.noindex/SwiftExplicitPrecompiledModules -clang-scanner-module-cache-path /Users/admin/builder/spi-builder-workspace/.derivedData/ModuleCache.noindex -sdk-module-cache-path /Users/admin/builder/spi-builder-workspace/.derivedData/SDKExplicitPrecompiledModules -emit-dependencies -emit-module -emit-module-path /Users/admin/builder/spi-builder-workspace/.derivedData/Build/Intermediates.noindex/websocket-kit.build/Debug-watchos/WebSocketKit-t.build/Objects-normal/arm64_32/WebSocketKit.swiftmodule -serialize-diagnostics -dependency-scan-serialize-diagnostics-path /Users/admin/builder/spi-builder-workspace/.derivedData/Build/Intermediates.noindex/websocket-kit.build/Debug-watchos/WebSocketKit-t.build/Objects-normal/arm64_32/WebSocketKit-dependency-scan.dia -validate-clang-modules-once -clang-build-session-file /Users/admin/builder/spi-builder-workspace/.derivedData/ModuleCache.noindex/Session.modulevalidation -Xcc -fmodules-prune-interval\=86400 -Xcc -fmodules-prune-after\=345600 -package-name websocket_kit -emit-const-values -const-gather-protocols-list /Users/admin/builder/spi-builder-workspace/.derivedData/Build/Intermediates.noindex/websocket-kit.build/Debug-watchos/WebSocketKit-t.build/Objects-normal/arm64_32/WebSocketKit_const_extract_protocols.json -Xcc -I/Users/admin/builder/spi-builder-workspace/.dependencies/checkouts/swift-nio-ssl/Sources/CNIOBoringSSLShims/include -Xcc -I/Users/admin/builder/spi-builder-workspace/.dependencies/checkouts/swift-nio-ssl/Sources/CNIOBoringSSL/include -Xcc -I/Users/admin/builder/spi-builder-workspace/.dependencies/checkouts/swift-nio/Sources/CNIOSHA1/include -Xcc -I/Users/admin/builder/spi-builder-workspace/.dependencies/checkouts/swift-nio/Sources/CNIOLLHTTP/include -Xcc -I/Users/admin/builder/spi-builder-workspace/.dependencies/checkouts/swift-nio/Sources/CNIOPosix/include -Xcc -I/Users/admin/builder/spi-builder-workspace/.dependencies/checkouts/swift-nio/Sources/CNIOWASI/include -Xcc -I/Users/admin/builder/spi-builder-workspace/.dependencies/checkouts/swift-nio/Sources/CNIOWindows/include -Xcc -I/Users/admin/builder/spi-builder-workspace/.dependencies/checkouts/swift-nio/Sources/CNIOLinux/include -Xcc -I/Users/admin/builder/spi-builder-workspace/.dependencies/checkouts/swift-nio/Sources/CNIODarwin/include -Xcc -I/Users/admin/builder/spi-builder-workspace/.dependencies/checkouts/swift-nio/Sources/CNIOFreeBSD/include -Xcc -I/Users/admin/builder/spi-builder-workspace/.dependencies/checkouts/swift-nio/Sources/CNIOOpenBSD/include -Xcc -I/Users/admin/builder/spi-builder-workspace/.dependencies/checkouts/swift-nio/Sources/CNIOAtomics/include -Xcc -I/Users/admin/builder/spi-builder-workspace/.dependencies/checkouts/swift-atomics/Sources/_AtomicsShims/include -Xcc -I/Users/admin/builder/spi-builder-workspace/.derivedData/Build/Products/Debug-watchos/include -Xcc -I/Users/admin/builder/spi-builder-workspace/.derivedData/Build/Intermediates.noindex/websocket-kit.build/Debug-watchos/WebSocketKit-t.build/DerivedSources-normal/arm64_32 -Xcc -I/Users/admin/builder/spi-builder-workspace/.derivedData/Build/Intermediates.noindex/websocket-kit.build/Debug-watchos/WebSocketKit-t.build/DerivedSources/arm64_32 -Xcc -I/Users/admin/builder/spi-builder-workspace/.derivedData/Build/Intermediates.noindex/websocket-kit.build/Debug-watchos/WebSocketKit-t.build/DerivedSources -Xcc -DSWIFT_PACKAGE -Xcc -DDEBUG\=1 -emit-objc-header -emit-objc-header-path /Users/admin/builder/spi-builder-workspace/.derivedData/Build/Intermediates.noindex/websocket-kit.build/Debug-watchos/WebSocketKit-t.build/Objects-normal/arm64_32/WebSocketKit-Swift.h -working-directory /Users/admin/builder/spi-builder-workspace/.swiftpm/xcode -experimental-emit-module-separately -disable-cmo
SwiftCompile normal arm64_32 Compiling\ HTTPUpgradeRequestHandler.swift /Users/admin/builder/spi-builder-workspace/.dependencies/checkouts/websocket-kit/Sources/WebSocketKit/HTTPUpgradeRequestHandler.swift (in target 'WebSocketKit' from project 'websocket-kit')
SwiftCompile normal arm64_32 /Users/admin/builder/spi-builder-workspace/.dependencies/checkouts/websocket-kit/Sources/WebSocketKit/HTTPUpgradeRequestHandler.swift (in target 'WebSocketKit' from project 'websocket-kit')
    cd /Users/admin/builder/spi-builder-workspace/.swiftpm/xcode
    builtin-SwiftPerFileCompile HTTPUpgradeRequestHandler.swift
Copy /Users/admin/builder/spi-builder-workspace/.derivedData/Build/Products/Debug-watchos/WebSocketKit.swiftmodule/arm64_32-apple-watchos.swiftmodule /Users/admin/builder/spi-builder-workspace/.derivedData/Build/Intermediates.noindex/websocket-kit.build/Debug-watchos/WebSocketKit-t.build/Objects-normal/arm64_32/WebSocketKit.swiftmodule (in target 'WebSocketKit' from project 'websocket-kit')
    cd /Users/admin/builder/spi-builder-workspace/.dependencies/checkouts/websocket-kit
    builtin-copy -exclude .DS_Store -exclude CVS -exclude .svn -exclude .git -exclude .hg -resolve-src-symlinks -rename /Users/admin/builder/spi-builder-workspace/.derivedData/Build/Intermediates.noindex/websocket-kit.build/Debug-watchos/WebSocketKit-t.build/Objects-normal/arm64_32/WebSocketKit.swiftmodule /Users/admin/builder/spi-builder-workspace/.derivedData/Build/Products/Debug-watchos/WebSocketKit.swiftmodule/arm64_32-apple-watchos.swiftmodule
SwiftDriverJobDiscovery normal arm64_32 Compiling WebSocket+Connect.swift (in target 'WebSocketKit' from project 'websocket-kit')
Copy /Users/admin/builder/spi-builder-workspace/.derivedData/Build/Products/Debug-watchos/WebSocketKit.swiftmodule/arm64_32-apple-watchos.swiftdoc /Users/admin/builder/spi-builder-workspace/.derivedData/Build/Intermediates.noindex/websocket-kit.build/Debug-watchos/WebSocketKit-t.build/Objects-normal/arm64_32/WebSocketKit.swiftdoc (in target 'WebSocketKit' from project 'websocket-kit')
    cd /Users/admin/builder/spi-builder-workspace/.dependencies/checkouts/websocket-kit
    builtin-copy -exclude .DS_Store -exclude CVS -exclude .svn -exclude .git -exclude .hg -resolve-src-symlinks -rename /Users/admin/builder/spi-builder-workspace/.derivedData/Build/Intermediates.noindex/websocket-kit.build/Debug-watchos/WebSocketKit-t.build/Objects-normal/arm64_32/WebSocketKit.swiftdoc /Users/admin/builder/spi-builder-workspace/.derivedData/Build/Products/Debug-watchos/WebSocketKit.swiftmodule/arm64_32-apple-watchos.swiftdoc
Copy /Users/admin/builder/spi-builder-workspace/.derivedData/Build/Products/Debug-watchos/WebSocketKit.swiftmodule/arm64_32-apple-watchos.abi.json /Users/admin/builder/spi-builder-workspace/.derivedData/Build/Intermediates.noindex/websocket-kit.build/Debug-watchos/WebSocketKit-t.build/Objects-normal/arm64_32/WebSocketKit.abi.json (in target 'WebSocketKit' from project 'websocket-kit')
    cd /Users/admin/builder/spi-builder-workspace/.dependencies/checkouts/websocket-kit
    builtin-copy -exclude .DS_Store -exclude CVS -exclude .svn -exclude .git -exclude .hg -resolve-src-symlinks -rename /Users/admin/builder/spi-builder-workspace/.derivedData/Build/Intermediates.noindex/websocket-kit.build/Debug-watchos/WebSocketKit-t.build/Objects-normal/arm64_32/WebSocketKit.abi.json /Users/admin/builder/spi-builder-workspace/.derivedData/Build/Products/Debug-watchos/WebSocketKit.swiftmodule/arm64_32-apple-watchos.abi.json
Copy /Users/admin/builder/spi-builder-workspace/.derivedData/Build/Products/Debug-watchos/WebSocketKit.swiftmodule/Project/arm64_32-apple-watchos.swiftsourceinfo /Users/admin/builder/spi-builder-workspace/.derivedData/Build/Intermediates.noindex/websocket-kit.build/Debug-watchos/WebSocketKit-t.build/Objects-normal/arm64_32/WebSocketKit.swiftsourceinfo (in target 'WebSocketKit' from project 'websocket-kit')
    cd /Users/admin/builder/spi-builder-workspace/.dependencies/checkouts/websocket-kit
    builtin-copy -exclude .DS_Store -exclude CVS -exclude .svn -exclude .git -exclude .hg -resolve-src-symlinks -rename /Users/admin/builder/spi-builder-workspace/.derivedData/Build/Intermediates.noindex/websocket-kit.build/Debug-watchos/WebSocketKit-t.build/Objects-normal/arm64_32/WebSocketKit.swiftsourceinfo /Users/admin/builder/spi-builder-workspace/.derivedData/Build/Products/Debug-watchos/WebSocketKit.swiftmodule/Project/arm64_32-apple-watchos.swiftsourceinfo
SwiftCompile normal arm64_32 Compiling\ Exports.swift /Users/admin/builder/spi-builder-workspace/.dependencies/checkouts/websocket-kit/Sources/WebSocketKit/Exports.swift (in target 'WebSocketKit' from project 'websocket-kit')
SwiftCompile normal arm64_32 /Users/admin/builder/spi-builder-workspace/.dependencies/checkouts/websocket-kit/Sources/WebSocketKit/Exports.swift (in target 'WebSocketKit' from project 'websocket-kit')
    cd /Users/admin/builder/spi-builder-workspace/.swiftpm/xcode
    builtin-SwiftPerFileCompile Exports.swift
SwiftCompile normal arm64_32 Compiling\ WebSocket+Concurrency.swift /Users/admin/builder/spi-builder-workspace/.dependencies/checkouts/websocket-kit/Sources/WebSocketKit/Concurrency/WebSocket+Concurrency.swift (in target 'WebSocketKit' from project 'websocket-kit')
SwiftCompile normal arm64_32 /Users/admin/builder/spi-builder-workspace/.dependencies/checkouts/websocket-kit/Sources/WebSocketKit/Concurrency/WebSocket+Concurrency.swift (in target 'WebSocketKit' from project 'websocket-kit')
    cd /Users/admin/builder/spi-builder-workspace/.swiftpm/xcode
    builtin-SwiftPerFileCompile WebSocket+Concurrency.swift
SwiftDriverJobDiscovery normal arm64 Emitting module for WebSocketKit (in target 'WebSocketKit' from project 'websocket-kit')
SwiftDriver\ Compilation\ Requirements WebSocketKit normal arm64 com.apple.xcode.tools.swift.compiler (in target 'WebSocketKit' from project 'websocket-kit')
    cd /Users/admin/builder/spi-builder-workspace/.swiftpm/xcode
    builtin-Swift-Compilation-Requirements -- /Applications/Xcode-27.0.0-Release.Candidate.app/Contents/Developer/Toolchains/XcodeDefault.xctoolchain/usr/bin/swiftc -parse-as-library -module-name WebSocketKit -Onone @/Users/admin/builder/spi-builder-workspace/.derivedData/Build/Intermediates.noindex/websocket-kit.build/Debug-watchos/WebSocketKit-t.build/Objects-normal/arm64/WebSocketKit.SwiftFileList -DSWIFT_PACKAGE -DDEBUG -DSWIFT_MODULE_RESOURCE_BUNDLE_UNAVAILABLE -Xcc -fmodule-map-file\=/Users/admin/builder/spi-builder-workspace/.derivedData/Build/Intermediates.noindex/GeneratedModuleMaps-watchos/CNIOBoringSSLShims.modulemap -Xcc -fmodule-map-file\=/Users/admin/builder/spi-builder-workspace/.dependencies/checkouts/swift-nio-ssl/Sources/CNIOBoringSSL/include/module.modulemap -Xcc -fmodule-map-file\=/Users/admin/builder/spi-builder-workspace/.derivedData/Build/Intermediates.noindex/GeneratedModuleMaps-watchos/CNIOSHA1.modulemap -Xcc -fmodule-map-file\=/Users/admin/builder/spi-builder-workspace/.derivedData/Build/Intermediates.noindex/GeneratedModuleMaps-watchos/CNIOLLHTTP.modulemap -Xcc -fmodule-map-file\=/Users/admin/builder/spi-builder-workspace/.derivedData/Build/Intermediates.noindex/GeneratedModuleMaps-watchos/CNIOPosix.modulemap -Xcc -fmodule-map-file\=/Users/admin/builder/spi-builder-workspace/.derivedData/Build/Intermediates.noindex/GeneratedModuleMaps-watchos/CNIOWASI.modulemap -Xcc -fmodule-map-file\=/Users/admin/builder/spi-builder-workspace/.dependencies/checkouts/swift-nio/Sources/CNIOWindows/include/module.modulemap -Xcc -fmodule-map-file\=/Users/admin/builder/spi-builder-workspace/.derivedData/Build/Intermediates.noindex/GeneratedModuleMaps-watchos/CNIOLinux.modulemap -Xcc -fmodule-map-file\=/Users/admin/builder/spi-builder-workspace/.derivedData/Build/Intermediates.noindex/GeneratedModuleMaps-watchos/CNIODarwin.modulemap -Xcc -fmodule-map-file\=/Users/admin/builder/spi-builder-workspace/.derivedData/Build/Intermediates.noindex/GeneratedModuleMaps-watchos/CNIOFreeBSD.modulemap -Xcc -fmodule-map-file\=/Users/admin/builder/spi-builder-workspace/.derivedData/Build/Intermediates.noindex/GeneratedModuleMaps-watchos/CNIOOpenBSD.modulemap -Xcc -fmodule-map-file\=/Users/admin/builder/spi-builder-workspace/.derivedData/Build/Intermediates.noindex/GeneratedModuleMaps-watchos/CNIOAtomics.modulemap -Xcc -fmodule-map-file\=/Users/admin/builder/spi-builder-workspace/.dependencies/checkouts/swift-atomics/Sources/_AtomicsShims/include/module.modulemap -DXcode -enable-upcoming-feature ExistentialAny -enable-upcoming-feature ConciseMagicFile -enable-upcoming-feature ForwardTrailingClosures -enable-upcoming-feature DisableOutwardActorInference -enable-upcoming-feature MemberImportVisibility -enable-experimental-feature StrictConcurrency\=complete -plugin-path /Applications/Xcode-27.0.0-Release.Candidate.app/Contents/Developer/Toolchains/XcodeDefault.xctoolchain/usr/lib/swift/host/plugins/testing -enable-experimental-feature DebugDescriptionMacro -sdk /Applications/Xcode-27.0.0-Release.Candidate.app/Contents/Developer/Platforms/WatchOS.platform/Developer/SDKs/WatchOS27.0.sdk -target arm64-apple-watchos9.0 -g -module-cache-path /Users/admin/builder/spi-builder-workspace/.derivedData/ModuleCache.noindex -Xfrontend -serialize-debugging-options -profile-coverage-mapping -profile-generate -enable-testing -suppress-warnings -index-store-path /Users/admin/builder/spi-builder-workspace/.derivedData/Index.noindex/DataStore -Xcc -D_LIBCPP_HARDENING_MODE\=_LIBCPP_HARDENING_MODE_DEBUG -swift-version 5 -I /Users/admin/builder/spi-builder-workspace/.derivedData/Build/Products/Debug-watchos -Isystem /Applications/Xcode-27.0.0-Release.Candidate.app/Contents/Developer/Platforms/WatchOS.platform/Developer/usr/lib -F /Users/admin/builder/spi-builder-workspace/.derivedData/Build/Products/Debug-watchos/PackageFrameworks -F /Users/admin/builder/spi-builder-workspace/.derivedData/Build/Products/Debug-watchos -F /Applications/Xcode-27.0.0-Release.Candidate.app/Contents/Developer/Platforms/WatchOS.platform/Developer/Library/Frameworks -F /Applications/Xcode-27.0.0-Release.Candidate.app/Contents/Developer/Platforms/WatchOS.platform/Developer/SDKs/WatchOS27.0.sdk/Developer/Library/Frameworks -c -j10 -enable-batch-mode -incremental -Xcc -ivfsstatcache -Xcc /Users/admin/builder/spi-builder-workspace/.derivedData/SDKStatCaches.noindex/watchos27.0-24R360-e829b21a6f8c9b70876ba0858053c04477534ef55a1706bf4c1112bbb242f0a2.sdkstatcache -output-file-map /Users/admin/builder/spi-builder-workspace/.derivedData/Build/Intermediates.noindex/websocket-kit.build/Debug-watchos/WebSocketKit-t.build/Objects-normal/arm64/WebSocketKit-OutputFileMap.json -save-temps -no-color-diagnostics -explicit-module-build -module-cache-path /Users/admin/builder/spi-builder-workspace/.derivedData/Build/Intermediates.noindex/SwiftExplicitPrecompiledModules -clang-scanner-module-cache-path /Users/admin/builder/spi-builder-workspace/.derivedData/ModuleCache.noindex -sdk-module-cache-path /Users/admin/builder/spi-builder-workspace/.derivedData/SDKExplicitPrecompiledModules -emit-dependencies -emit-module -emit-module-path /Users/admin/builder/spi-builder-workspace/.derivedData/Build/Intermediates.noindex/websocket-kit.build/Debug-watchos/WebSocketKit-t.build/Objects-normal/arm64/WebSocketKit.swiftmodule -serialize-diagnostics -dependency-scan-serialize-diagnostics-path /Users/admin/builder/spi-builder-workspace/.derivedData/Build/Intermediates.noindex/websocket-kit.build/Debug-watchos/WebSocketKit-t.build/Objects-normal/arm64/WebSocketKit-dependency-scan.dia -validate-clang-modules-once -clang-build-session-file /Users/admin/builder/spi-builder-workspace/.derivedData/ModuleCache.noindex/Session.modulevalidation -Xcc -fmodules-prune-interval\=86400 -Xcc -fmodules-prune-after\=345600 -package-name websocket_kit -emit-const-values -const-gather-protocols-list /Users/admin/builder/spi-builder-workspace/.derivedData/Build/Intermediates.noindex/websocket-kit.build/Debug-watchos/WebSocketKit-t.build/Objects-normal/arm64/WebSocketKit_const_extract_protocols.json -Xcc -I/Users/admin/builder/spi-builder-workspace/.dependencies/checkouts/swift-nio-ssl/Sources/CNIOBoringSSLShims/include -Xcc -I/Users/admin/builder/spi-builder-workspace/.dependencies/checkouts/swift-nio-ssl/Sources/CNIOBoringSSL/include -Xcc -I/Users/admin/builder/spi-builder-workspace/.dependencies/checkouts/swift-nio/Sources/CNIOSHA1/include -Xcc -I/Users/admin/builder/spi-builder-workspace/.dependencies/checkouts/swift-nio/Sources/CNIOLLHTTP/include -Xcc -I/Users/admin/builder/spi-builder-workspace/.dependencies/checkouts/swift-nio/Sources/CNIOPosix/include -Xcc -I/Users/admin/builder/spi-builder-workspace/.dependencies/checkouts/swift-nio/Sources/CNIOWASI/include -Xcc -I/Users/admin/builder/spi-builder-workspace/.dependencies/checkouts/swift-nio/Sources/CNIOWindows/include -Xcc -I/Users/admin/builder/spi-builder-workspace/.dependencies/checkouts/swift-nio/Sources/CNIOLinux/include -Xcc -I/Users/admin/builder/spi-builder-workspace/.dependencies/checkouts/swift-nio/Sources/CNIODarwin/include -Xcc -I/Users/admin/builder/spi-builder-workspace/.dependencies/checkouts/swift-nio/Sources/CNIOFreeBSD/include -Xcc -I/Users/admin/builder/spi-builder-workspace/.dependencies/checkouts/swift-nio/Sources/CNIOOpenBSD/include -Xcc -I/Users/admin/builder/spi-builder-workspace/.dependencies/checkouts/swift-nio/Sources/CNIOAtomics/include -Xcc -I/Users/admin/builder/spi-builder-workspace/.dependencies/checkouts/swift-atomics/Sources/_AtomicsShims/include -Xcc -I/Users/admin/builder/spi-builder-workspace/.derivedData/Build/Products/Debug-watchos/include -Xcc -I/Users/admin/builder/spi-builder-workspace/.derivedData/Build/Intermediates.noindex/websocket-kit.build/Debug-watchos/WebSocketKit-t.build/DerivedSources-normal/arm64 -Xcc -I/Users/admin/builder/spi-builder-workspace/.derivedData/Build/Intermediates.noindex/websocket-kit.build/Debug-watchos/WebSocketKit-t.build/DerivedSources/arm64 -Xcc -I/Users/admin/builder/spi-builder-workspace/.derivedData/Build/Intermediates.noindex/websocket-kit.build/Debug-watchos/WebSocketKit-t.build/DerivedSources -Xcc -DSWIFT_PACKAGE -Xcc -DDEBUG\=1 -emit-objc-header -emit-objc-header-path /Users/admin/builder/spi-builder-workspace/.derivedData/Build/Intermediates.noindex/websocket-kit.build/Debug-watchos/WebSocketKit-t.build/Objects-normal/arm64/WebSocketKit-Swift.h -working-directory /Users/admin/builder/spi-builder-workspace/.swiftpm/xcode -experimental-emit-module-separately -disable-cmo
SwiftDriverJobDiscovery normal arm64_32 Compiling Exports.swift (in target 'WebSocketKit' from project 'websocket-kit')
SwiftCompile normal arm64_32 Compiling\ WebSocket.swift /Users/admin/builder/spi-builder-workspace/.dependencies/checkouts/websocket-kit/Sources/WebSocketKit/WebSocket.swift (in target 'WebSocketKit' from project 'websocket-kit')
SwiftCompile normal arm64_32 /Users/admin/builder/spi-builder-workspace/.dependencies/checkouts/websocket-kit/Sources/WebSocketKit/WebSocket.swift (in target 'WebSocketKit' from project 'websocket-kit')
    cd /Users/admin/builder/spi-builder-workspace/.swiftpm/xcode
    builtin-SwiftPerFileCompile WebSocket.swift
SwiftMergeGeneratedHeaders /Users/admin/builder/spi-builder-workspace/.derivedData/Build/Intermediates.noindex/GeneratedModuleMaps-watchos/WebSocketKit-Swift.h /Users/admin/builder/spi-builder-workspace/.derivedData/Build/Intermediates.noindex/websocket-kit.build/Debug-watchos/WebSocketKit-t.build/Objects-normal/arm64/WebSocketKit-Swift.h /Users/admin/builder/spi-builder-workspace/.derivedData/Build/Intermediates.noindex/websocket-kit.build/Debug-watchos/WebSocketKit-t.build/Objects-normal/arm64_32/WebSocketKit-Swift.h (in target 'WebSocketKit' from project 'websocket-kit')
    cd /Users/admin/builder/spi-builder-workspace/.dependencies/checkouts/websocket-kit
    builtin-swiftHeaderTool -arch arm64 /Users/admin/builder/spi-builder-workspace/.derivedData/Build/Intermediates.noindex/websocket-kit.build/Debug-watchos/WebSocketKit-t.build/Objects-normal/arm64/WebSocketKit-Swift.h -arch arm64_32 /Users/admin/builder/spi-builder-workspace/.derivedData/Build/Intermediates.noindex/websocket-kit.build/Debug-watchos/WebSocketKit-t.build/Objects-normal/arm64_32/WebSocketKit-Swift.h -o /Users/admin/builder/spi-builder-workspace/.derivedData/Build/Intermediates.noindex/GeneratedModuleMaps-watchos/WebSocketKit-Swift.h
SwiftDriverJobDiscovery normal arm64_32 Compiling HTTPUpgradeRequestHandler.swift (in target 'WebSocketKit' from project 'websocket-kit')
Copy /Users/admin/builder/spi-builder-workspace/.derivedData/Build/Products/Debug-watchos/WebSocketKit.swiftmodule/arm64-apple-watchos.swiftmodule /Users/admin/builder/spi-builder-workspace/.derivedData/Build/Intermediates.noindex/websocket-kit.build/Debug-watchos/WebSocketKit-t.build/Objects-normal/arm64/WebSocketKit.swiftmodule (in target 'WebSocketKit' from project 'websocket-kit')
    cd /Users/admin/builder/spi-builder-workspace/.dependencies/checkouts/websocket-kit
    builtin-copy -exclude .DS_Store -exclude CVS -exclude .svn -exclude .git -exclude .hg -resolve-src-symlinks -rename /Users/admin/builder/spi-builder-workspace/.derivedData/Build/Intermediates.noindex/websocket-kit.build/Debug-watchos/WebSocketKit-t.build/Objects-normal/arm64/WebSocketKit.swiftmodule /Users/admin/builder/spi-builder-workspace/.derivedData/Build/Products/Debug-watchos/WebSocketKit.swiftmodule/arm64-apple-watchos.swiftmodule
Copy /Users/admin/builder/spi-builder-workspace/.derivedData/Build/Products/Debug-watchos/WebSocketKit.swiftmodule/arm64-apple-watchos.swiftdoc /Users/admin/builder/spi-builder-workspace/.derivedData/Build/Intermediates.noindex/websocket-kit.build/Debug-watchos/WebSocketKit-t.build/Objects-normal/arm64/WebSocketKit.swiftdoc (in target 'WebSocketKit' from project 'websocket-kit')
    cd /Users/admin/builder/spi-builder-workspace/.dependencies/checkouts/websocket-kit
    builtin-copy -exclude .DS_Store -exclude CVS -exclude .svn -exclude .git -exclude .hg -resolve-src-symlinks -rename /Users/admin/builder/spi-builder-workspace/.derivedData/Build/Intermediates.noindex/websocket-kit.build/Debug-watchos/WebSocketKit-t.build/Objects-normal/arm64/WebSocketKit.swiftdoc /Users/admin/builder/spi-builder-workspace/.derivedData/Build/Products/Debug-watchos/WebSocketKit.swiftmodule/arm64-apple-watchos.swiftdoc
Copy /Users/admin/builder/spi-builder-workspace/.derivedData/Build/Products/Debug-watchos/WebSocketKit.swiftmodule/arm64-apple-watchos.abi.json /Users/admin/builder/spi-builder-workspace/.derivedData/Build/Intermediates.noindex/websocket-kit.build/Debug-watchos/WebSocketKit-t.build/Objects-normal/arm64/WebSocketKit.abi.json (in target 'WebSocketKit' from project 'websocket-kit')
    cd /Users/admin/builder/spi-builder-workspace/.dependencies/checkouts/websocket-kit
    builtin-copy -exclude .DS_Store -exclude CVS -exclude .svn -exclude .git -exclude .hg -resolve-src-symlinks -rename /Users/admin/builder/spi-builder-workspace/.derivedData/Build/Intermediates.noindex/websocket-kit.build/Debug-watchos/WebSocketKit-t.build/Objects-normal/arm64/WebSocketKit.abi.json /Users/admin/builder/spi-builder-workspace/.derivedData/Build/Products/Debug-watchos/WebSocketKit.swiftmodule/arm64-apple-watchos.abi.json
Copy /Users/admin/builder/spi-builder-workspace/.derivedData/Build/Products/Debug-watchos/WebSocketKit.swiftmodule/Project/arm64-apple-watchos.swiftsourceinfo /Users/admin/builder/spi-builder-workspace/.derivedData/Build/Intermediates.noindex/websocket-kit.build/Debug-watchos/WebSocketKit-t.build/Objects-normal/arm64/WebSocketKit.swiftsourceinfo (in target 'WebSocketKit' from project 'websocket-kit')
    cd /Users/admin/builder/spi-builder-workspace/.dependencies/checkouts/websocket-kit
    builtin-copy -exclude .DS_Store -exclude CVS -exclude .svn -exclude .git -exclude .hg -resolve-src-symlinks -rename /Users/admin/builder/spi-builder-workspace/.derivedData/Build/Intermediates.noindex/websocket-kit.build/Debug-watchos/WebSocketKit-t.build/Objects-normal/arm64/WebSocketKit.swiftsourceinfo /Users/admin/builder/spi-builder-workspace/.derivedData/Build/Products/Debug-watchos/WebSocketKit.swiftmodule/Project/arm64-apple-watchos.swiftsourceinfo
SwiftCompile normal arm64_32 Compiling\ WebSocketClient.swift /Users/admin/builder/spi-builder-workspace/.dependencies/checkouts/websocket-kit/Sources/WebSocketKit/WebSocketClient.swift (in target 'WebSocketKit' from project 'websocket-kit')
SwiftCompile normal arm64_32 /Users/admin/builder/spi-builder-workspace/.dependencies/checkouts/websocket-kit/Sources/WebSocketKit/WebSocketClient.swift (in target 'WebSocketKit' from project 'websocket-kit')
    cd /Users/admin/builder/spi-builder-workspace/.swiftpm/xcode
    builtin-SwiftPerFileCompile WebSocketClient.swift
SwiftDriverJobDiscovery normal arm64 Compiling WebSocket.swift (in target 'WebSocketKit' from project 'websocket-kit')
SwiftCompile normal arm64 Compiling\ WebSocketClient.swift /Users/admin/builder/spi-builder-workspace/.dependencies/checkouts/websocket-kit/Sources/WebSocketKit/WebSocketClient.swift (in target 'WebSocketKit' from project 'websocket-kit')
SwiftCompile normal arm64 /Users/admin/builder/spi-builder-workspace/.dependencies/checkouts/websocket-kit/Sources/WebSocketKit/WebSocketClient.swift (in target 'WebSocketKit' from project 'websocket-kit')
    cd /Users/admin/builder/spi-builder-workspace/.swiftpm/xcode
    builtin-SwiftPerFileCompile WebSocketClient.swift
SwiftCompile normal arm64 Compiling\ WebSocket+Concurrency.swift /Users/admin/builder/spi-builder-workspace/.dependencies/checkouts/websocket-kit/Sources/WebSocketKit/Concurrency/WebSocket+Concurrency.swift (in target 'WebSocketKit' from project 'websocket-kit')
SwiftCompile normal arm64 /Users/admin/builder/spi-builder-workspace/.dependencies/checkouts/websocket-kit/Sources/WebSocketKit/Concurrency/WebSocket+Concurrency.swift (in target 'WebSocketKit' from project 'websocket-kit')
    cd /Users/admin/builder/spi-builder-workspace/.swiftpm/xcode
    builtin-SwiftPerFileCompile WebSocket+Concurrency.swift
SwiftDriverJobDiscovery normal arm64_32 Compiling WebSocket+Concurrency.swift (in target 'WebSocketKit' from project 'websocket-kit')
SwiftDriverJobDiscovery normal arm64_32 Compiling WebSocket.swift (in target 'WebSocketKit' from project 'websocket-kit')
SwiftCompile normal arm64 Compiling\ WebSocketHandler.swift /Users/admin/builder/spi-builder-workspace/.dependencies/checkouts/websocket-kit/Sources/WebSocketKit/WebSocketHandler.swift (in target 'WebSocketKit' from project 'websocket-kit')
SwiftCompile normal arm64 /Users/admin/builder/spi-builder-workspace/.dependencies/checkouts/websocket-kit/Sources/WebSocketKit/WebSocketHandler.swift (in target 'WebSocketKit' from project 'websocket-kit')
    cd /Users/admin/builder/spi-builder-workspace/.swiftpm/xcode
    builtin-SwiftPerFileCompile WebSocketHandler.swift
SwiftDriverJobDiscovery normal arm64 Compiling WebSocket+Concurrency.swift (in target 'WebSocketKit' from project 'websocket-kit')
SwiftCompile normal arm64 Compiling\ HTTPUpgradeRequestHandler.swift /Users/admin/builder/spi-builder-workspace/.dependencies/checkouts/websocket-kit/Sources/WebSocketKit/HTTPUpgradeRequestHandler.swift (in target 'WebSocketKit' from project 'websocket-kit')
SwiftCompile normal arm64 /Users/admin/builder/spi-builder-workspace/.dependencies/checkouts/websocket-kit/Sources/WebSocketKit/HTTPUpgradeRequestHandler.swift (in target 'WebSocketKit' from project 'websocket-kit')
    cd /Users/admin/builder/spi-builder-workspace/.swiftpm/xcode
    builtin-SwiftPerFileCompile HTTPUpgradeRequestHandler.swift
SwiftCompile normal arm64 Compiling\ Exports.swift /Users/admin/builder/spi-builder-workspace/.dependencies/checkouts/websocket-kit/Sources/WebSocketKit/Exports.swift (in target 'WebSocketKit' from project 'websocket-kit')
SwiftCompile normal arm64 /Users/admin/builder/spi-builder-workspace/.dependencies/checkouts/websocket-kit/Sources/WebSocketKit/Exports.swift (in target 'WebSocketKit' from project 'websocket-kit')
    cd /Users/admin/builder/spi-builder-workspace/.swiftpm/xcode
    builtin-SwiftPerFileCompile Exports.swift
SwiftEmitModule normal arm64 Emitting\ module\ for\ HTMLKitComponents (in target 'HTMLKitComponents' from project 'HTMLKit')
/Users/admin/builder/spi-builder-workspace/Sources/HTMLKitComponents/Components/Symbol.swift:351:41: error: cannot find type 'XMLNode' in scope
349 |     }
350 |
351 |     fileprivate static func parse(node: XMLNode) throws -> VectorElement? {
    |                                         `- error: cannot find type 'XMLNode' in scope
352 |
353 |         var tempAttributes: OrderedDictionary<String, AttributeData> = [:]
Failed frontend command:
SwiftCompile normal arm64 (in target 'HTMLKitComponents' from project 'HTMLKit')
    cd /Users/admin/builder/spi-builder-workspace/.swiftpm/xcode

/Applications/Xcode-27.0.0-Release.Candidate.app/Contents/Developer/Toolchains/XcodeDefault.xctoolchain/usr/bin/swift-frontend -frontend -emit-module -experimental-skip-non-inlinable-function-bodies-without-types /Users/admin/builder/spi-builder-workspace/.derivedData/Build/Intermediates.noindex/HTMLKit.build/Debug-watchos/HTMLKitComponents-t.build/DerivedSources/resource_bundle_accessor.swift /Users/admin/builder/spi-builder-workspace/Sources/HTMLKitComponents/Actions/SubmitAction.swift /Users/admin/builder/spi-builder-workspace/Sources/HTMLKitComponents/Actions/ViewAction.swift /Users/admin/builder/spi-builder-workspace/Sources/HTMLKitComponents/Builders/ActionBuilder.swift /Users/admin/builder/spi-builder-workspace/Sources/HTMLKitComponents/Components/Alert.swift /Users/admin/builder/spi-builder-workspace/Sources/HTMLKitComponents/Components/BarMark.swift /Users/admin/builder/spi-builder-workspace/Sources/HTMLKitComponents/Components/Button.swift /Users/admin/builder/spi-builder-workspace/Sources/HTMLKitComponents/Components/Card.swift /Users/admin/builder/spi-builder-workspace/Sources/HTMLKitComponents/Components/Carousel.swift /Users/admin/builder/spi-builder-workspace/Sources/HTMLKitComponents/Components/Chart.swift /Users/admin/builder/spi-builder-workspace/Sources/HTMLKitComponents/Components/CheckField.swift /Users/admin/builder/spi-builder-workspace/Sources/HTMLKitComponents/Components/DatePicker.swift /Users/admin/builder/spi-builder-workspace/Sources/HTMLKitComponents/Components/Disclosure.swift /Users/admin/builder/spi-builder-workspace/Sources/HTMLKitComponents/Components/Divider.swift /Users/admin/builder/spi-builder-workspace/Sources/HTMLKitComponents/Components/Dropdown.swift /Users/admin/builder/spi-builder-workspace/Sources/HTMLKitComponents/Components/FieldLabel.swift /Users/admin/builder/spi-builder-workspace/Sources/HTMLKitComponents/Components/FileDialog.swift /Users/admin/builder/spi-builder-workspace/Sources/HTMLKitComponents/Components/Form.swift /Users/admin/builder/spi-builder-workspace/Sources/HTMLKitComponents/Components/Grid.swift /Users/admin/builder/spi-builder-workspace/Sources/HTMLKitComponents/Components/Grouping.swift /Users/admin/builder/spi-builder-workspace/Sources/HTMLKitComponents/Components/HStack.swift /Users/admin/builder/spi-builder-workspace/Sources/HTMLKitComponents/Components/Image.swift /Users/admin/builder/spi-builder-workspace/Sources/HTMLKitComponents/Components/Link.swift /Users/admin/builder/spi-builder-workspace/Sources/HTMLKitComponents/Components/LinkButton.swift /Users/admin/builder/spi-builder-workspace/Sources/HTMLKitComponents/Components/List.swift /Users/admin/builder/spi-builder-workspace/Sources/HTMLKitComponents/Components/Modal.swift /Users/admin/builder/spi-builder-workspace/Sources/HTMLKitComponents/Components/Navigation.swift /Users/admin/builder/spi-builder-workspace/Sources/HTMLKitComponents/Components/Pane.swift /Users/admin/builder/spi-builder-workspace/Sources/HTMLKitComponents/Components/Picker.swift /Users/admin/builder/spi-builder-workspace/Sources/HTMLKitComponents/Components/Progress.swift /Users/admin/builder/spi-builder-workspace/Sources/HTMLKitComponents/Components/RadioSelect.swift /Users/admin/builder/spi-builder-workspace/Sources/HTMLKitComponents/Components/Scroll.swift /Users/admin/builder/spi-builder-workspace/Sources/HTMLKitComponents/Components/SearchField.swift /Users/admin/builder/spi-builder-workspace/Sources/HTMLKitComponents/Components/SectorMark.swift /Users/admin/builder/spi-builder-workspace/Sources/HTMLKitComponents/Components/SecureField.swift /Users/admin/builder/spi-builder-workspace/Sources/HTMLKitComponents/Components/SelectField.swift /Users/admin/builder/spi-builder-workspace/Sources/HTMLKitComponents/Components/Slide.swift /Users/admin/builder/spi-builder-workspace/Sources/HTMLKitComponents/Components/Slider.swift /Users/admin/builder/spi-builder-workspace/Sources/HTMLKitComponents/Components/Snippet.swift /Users/admin/builder/spi-builder-workspace/Sources/HTMLKitComponents/Components/Symbol.swift /Users/admin/builder/spi-builder-workspace/Sources/HTMLKitComponents/Components/Tabs.swift /Users/admin/builder/spi-builder-workspace/Sources/HTMLKitComponents/Components/Text.swift /Users/admin/builder/spi-builder-workspace/Sources/HTMLKitComponents/Components/TextEditor.swift /Users/admin/builder/spi-builder-workspace/Sources/HTMLKitComponents/Components/TextField.swift /Users/admin/builder/spi-builder-workspace/Sources/HTMLKitComponents/Components/TextPad.swift /Users/admin/builder/spi-builder-workspace/Sources/HTMLKitComponents/Components/VStack.swift /Users/admin/builder/spi-builder-workspace/Sources/HTMLKitComponents/Components/Video.swift /Users/admin/builder/spi-builder-workspace/Sources/HTMLKitComponents/Components/ZStack.swift /Users/admin/builder/spi-builder-workspace/Sources/HTMLKitComponents/Events/DragEvent.swift /Users/admin/builder/spi-builder-workspace/Sources/HTMLKitComponents/Events/FormEvent.swift /Users/admin/builder/spi-builder-workspace/Sources/HTMLKitComponents/Events/MouseEvent.swift /Users/admin/builder/spi-builder-workspace/Sources/HTMLKitComponents/Events/PressEvent.swift /Users/admin/builder/spi-builder-workspace/Sources/HTMLKitComponents/Extensions/Components+Button.swift /Users/admin/builder/spi-builder-workspace/Sources/HTMLKitComponents/Extensions/Components+Image.swift /Users/admin/builder/spi-builder-workspace/Sources/HTMLKitComponents/Extensions/Components+Input.swift /Users/admin/builder/spi-builder-workspace/Sources/HTMLKitComponents/Modifiers/ButtonModifier.swift /Users/admin/builder/spi-builder-workspace/Sources/HTMLKitComponents/Modifiers/GraphicsModifier.swift /Users/admin/builder/spi-builder-workspace/Sources/HTMLKitComponents/Modifiers/ImageModifier.swift /Users/admin/builder/spi-builder-workspace/Sources/HTMLKitComponents/Modifiers/InputModifier.swift /Users/admin/builder/spi-builder-workspace/Sources/HTMLKitComponents/Modifiers/TextModifier.swift /Users/admin/builder/spi-builder-workspace/Sources/HTMLKitComponents/Modifiers/ViewModifier.swift /Users/admin/builder/spi-builder-workspace/Sources/HTMLKitComponents/Options.swift /Users/admin/builder/spi-builder-workspace/Sources/HTMLKitComponents/Primitives/Action.swift /Users/admin/builder/spi-builder-workspace/Sources/HTMLKitComponents/Primitives/Configurations.swift /Users/admin/builder/spi-builder-workspace/Sources/HTMLKitComponents/Primitives/DynamicSource.swift /Users/admin/builder/spi-builder-workspace/Sources/HTMLKitComponents/Primitives/DynamicString.swift /Users/admin/builder/spi-builder-workspace/Sources/HTMLKitComponents/Properties/Actionable.swift /Users/admin/builder/spi-builder-workspace/Sources/HTMLKitComponents/Properties/Identifiable.swift /Users/admin/builder/spi-builder-workspace/Sources/HTMLKitComponents/Properties/Modifiable.swift /Users/admin/builder/spi-builder-workspace/Sources/HTMLKitComponents/Properties/Selectable.swift /Users/admin/builder/spi-builder-workspace/Sources/HTMLKitComponents/Tokens.swift /Users/admin/builder/spi-builder-workspace/Sources/HTMLKitComponents/Validator.swift -target arm64-apple-watchos9.0 -disable-cross-import-overlay-search -load-resolved-plugin /Applications/Xcode-27.0.0-Release.Candidate.app/Contents/Developer/Platforms/WatchOS.platform/Developer/usr/lib/swift/host/plugins/libFoundationMacros.dylib\#/Applications/Xcode-27.0.0-Release.Candidate.app/Contents/Developer/Platforms/WatchOS.platform/Developer/usr/bin/swift-plugin-server\#FoundationMacros -load-resolved-plugin /Applications/Xcode-27.0.0-Release.Candidate.app/Contents/Developer/Platforms/WatchOS.platform/Developer/usr/lib/swift/host/plugins/libObservationMacros.dylib\#/Applications/Xcode-27.0.0-Release.Candidate.app/Contents/Developer/Platforms/WatchOS.platform/Developer/usr/bin/swift-plugin-server\#ObservationMacros -load-resolved-plugin /Applications/Xcode-27.0.0-Release.Candidate.app/Contents/Developer/Platforms/WatchOS.platform/Developer/usr/lib/swift/host/plugins/libSwiftMacros.dylib\#/Applications/Xcode-27.0.0-Release.Candidate.app/Contents/Developer/Platforms/WatchOS.platform/Developer/usr/bin/swift-plugin-server\#SwiftMacros -disable-implicit-swift-modules -Xcc -fno-implicit-modules -Xcc -fno-implicit-module-maps -explicit-swift-module-map-file /Users/admin/builder/spi-builder-workspace/.derivedData/Build/Intermediates.noindex/HTMLKit.build/Debug-watchos/HTMLKitComponents-t.build/Objects-normal/arm64/HTMLKitComponents-dependencies-1.json -Xllvm -aarch64-use-tbi -enable-objc-interop -stack-check -sdk /Applications/Xcode-27.0.0-Release.Candidate.app/Contents/Developer/Platforms/WatchOS.platform/Developer/SDKs/WatchOS27.0.sdk -I /Users/admin/builder/spi-builder-workspace/.derivedData/Build/Products/Debug-watchos -Isystem /Applications/Xcode-27.0.0-Release.Candidate.app/Contents/Developer/Platforms/WatchOS.platform/Developer/usr/lib -F /Users/admin/builder/spi-builder-workspace/.derivedData/Build/Products/Debug-watchos/PackageFrameworks -F /Users/admin/builder/spi-builder-workspace/.derivedData/Build/Products/Debug-watchos -F /Applications/Xcode-27.0.0-Release.Candidate.app/Contents/Developer/Platforms/WatchOS.platform/Developer/Library/Frameworks -F /Applications/Xcode-27.0.0-Release.Candidate.app/Contents/Developer/Platforms/WatchOS.platform/Developer/SDKs/WatchOS27.0.sdk/Developer/Library/Frameworks -module-cache-path /Users/admin/builder/spi-builder-workspace/.derivedData/Build/Intermediates.noindex/SwiftExplicitPrecompiledModules -no-color-diagnostics -Xcc -fno-color-diagnostics -enable-testing -g -debug-info-format\=dwarf -dwarf-version\=4 -profile-generate -profile-coverage-mapping -swift-version 5 -Onone -D SWIFT_PACKAGE -D DEBUG -D SWIFT_MODULE_RESOURCE_BUNDLE_AVAILABLE -D Xcode -serialize-debugging-options -enable-experimental-feature DebugDescriptionMacro -empty-abi-descriptor -validate-clang-modules-once -clang-build-session-file /Users/admin/builder/spi-builder-workspace/.derivedData/ModuleCache.noindex/Session.modulevalidation -Xcc -working-directory -Xcc /Users/admin/builder/spi-builder-workspace/.swiftpm/xcode -enable-anonymous-context-mangled-names -file-compilation-dir /Users/admin/builder/spi-builder-workspace/.swiftpm/xcode -Xcc -fmodule-map-file\=/Users/admin/builder/spi-builder-workspace/.dependencies/checkouts/swift-atomics/Sources/_AtomicsShims/include/module.modulemap -Xcc -fmodule-map-file\=/Users/admin/builder/spi-builder-workspace/.derivedData/Build/Intermediates.noindex/GeneratedModuleMaps-watchos/CNIOPosix.modulemap -Xcc -fmodule-map-file\=/Users/admin/builder/spi-builder-workspace/.derivedData/Build/Intermediates.noindex/GeneratedModuleMaps-watchos/CNIOWASI.modulemap -Xcc -fmodule-map-file\=/Users/admin/builder/spi-builder-workspace/.dependencies/checkouts/swift-nio/Sources/CNIOWindows/include/module.modulemap -Xcc -fmodule-map-file\=/Users/admin/builder/spi-builder-workspace/.derivedData/Build/Intermediates.noindex/GeneratedModuleMaps-watchos/CNIOLinux.modulemap -Xcc -fmodule-map-file\=/Users/admin/builder/spi-builder-workspace/.derivedData/Build/Intermediates.noindex/GeneratedModuleMaps-watchos/CNIODarwin.modulemap -Xcc -fmodule-map-file\=/Users/admin/builder/spi-builder-workspace/.derivedData/Build/Intermediates.noindex/GeneratedModuleMaps-watchos/CNIOFreeBSD.modulemap -Xcc -fmodule-map-file\=/Users/admin/builder/spi-builder-workspace/.derivedData/Build/Intermediates.noindex/GeneratedModuleMaps-watchos/CNIOOpenBSD.modulemap -Xcc -fmodule-map-file\=/Users/admin/builder/spi-builder-workspace/.derivedData/Build/Intermediates.noindex/GeneratedModuleMaps-watchos/CNIOAtomics.modulemap -Xcc -D_LIBCPP_HARDENING_MODE\=_LIBCPP_HARDENING_MODE_DEBUG -Xcc -ivfsstatcache -Xcc /Users/admin/builder/spi-builder-workspace/.derivedData/SDKStatCaches.noindex/watchos27.0-24R360-e829b21a6f8c9b70876ba0858053c04477534ef55a1706bf4c1112bbb242f0a2.sdkstatcache -Xcc -fmodules-prune-interval\=86400 -Xcc -fmodules-prune-after\=345600 -Xcc -I/Users/admin/builder/spi-builder-workspace/.dependencies/checkouts/swift-atomics/Sources/_AtomicsShims/include -Xcc -I/Users/admin/builder/spi-builder-workspace/.dependencies/checkouts/swift-nio/Sources/CNIOPosix/include -Xcc -I/Users/admin/builder/spi-builder-workspace/.dependencies/checkouts/swift-nio/Sources/CNIOWASI/include -Xcc -I/Users/admin/builder/spi-builder-workspace/.dependencies/checkouts/swift-nio/Sources/CNIOWindows/include -Xcc -I/Users/admin/builder/spi-builder-workspace/.dependencies/checkouts/swift-nio/Sources/CNIOLinux/include -Xcc -I/Users/admin/builder/spi-builder-workspace/.dependencies/checkouts/swift-nio/Sources/CNIODarwin/include -Xcc -I/Users/admin/builder/spi-builder-workspace/.dependencies/checkouts/swift-nio/Sources/CNIOFreeBSD/include -Xcc -I/Users/admin/builder/spi-builder-workspace/.dependencies/checkouts/swift-nio/Sources/CNIOOpenBSD/include -Xcc -I/Users/admin/builder/spi-builder-workspace/.dependencies/checkouts/swift-nio/Sources/CNIOAtomics/include -Xcc -I/Users/admin/builder/spi-builder-workspace/.derivedData/Build/Products/Debug-watchos/include -Xcc -I/Users/admin/builder/spi-builder-workspace/.derivedData/Build/Intermediates.noindex/HTMLKit.build/Debug-watchos/HTMLKitComponents-t.build/DerivedSources-normal/arm64 -Xcc -I/Users/admin/builder/spi-builder-workspace/.derivedData/Build/Intermediates.noindex/HTMLKit.build/Debug-watchos/HTMLKitComponents-t.build/DerivedSources/arm64 -Xcc -I/Users/admin/builder/spi-builder-workspace/.derivedData/Build/Intermediates.noindex/HTMLKit.build/Debug-watchos/HTMLKitComponents-t.build/DerivedSources -Xcc -DSWIFT_PACKAGE -Xcc -DDEBUG\=1 -no-auto-bridging-header-chaining -module-name HTMLKitComponents -package-name spi_builder_workspace -const-gather-protocols-file /Users/admin/builder/spi-builder-workspace/.derivedData/Build/Intermediates.noindex/HTMLKit.build/Debug-watchos/HTMLKitComponents-t.build/Objects-normal/arm64/HTMLKitComponents_const_extract_protocols.json -disable-clang-spi -clang-target arm64-apple-watchos27.0 -target-sdk-version 27.0 -target-sdk-name watchos27.0 -in-process-plugin-server-path /Applications/Xcode-27.0.0-Release.Candidate.app/Contents/Developer/Toolchains/XcodeDefault.xctoolchain/usr/lib/swift/host/libSwiftInProcPluginServer.dylib -emit-module-doc-path /Users/admin/builder/spi-builder-workspace/.derivedData/Build/Intermediates.noindex/HTMLKit.build/Debug-watchos/HTMLKitComponents-t.build/Objects-normal/arm64/HTMLKitComponents.swiftdoc -emit-module-source-info-path /Users/admin/builder/spi-builder-workspace/.derivedData/Build/Intermediates.noindex/HTMLKit.build/Debug-watchos/HTMLKitComponents-t.build/Objects-normal/arm64/HTMLKitComponents.swiftsourceinfo -emit-objc-header-path /Users/admin/builder/spi-builder-workspace/.derivedData/Build/Intermediates.noindex/HTMLKit.build/Debug-watchos/HTMLKitComponents-t.build/Objects-normal/arm64/HTMLKitComponents-Swift.h -serialize-diagnostics-path /Users/admin/builder/spi-builder-workspace/.derivedData/Build/Intermediates.noindex/HTMLKit.build/Debug-watchos/HTMLKitComponents-t.build/Objects-normal/arm64/HTMLKitComponents-primary-emit-module.dia -emit-dependencies-path /Users/admin/builder/spi-builder-workspace/.derivedData/Build/Intermediates.noindex/HTMLKit.build/Debug-watchos/HTMLKitComponents-t.build/Objects-normal/arm64/HTMLKitComponents-primary-emit-module.d -parse-as-library -o /Users/admin/builder/spi-builder-workspace/.derivedData/Build/Intermediates.noindex/HTMLKit.build/Debug-watchos/HTMLKitComponents-t.build/Objects-normal/arm64/HTMLKitComponents.swiftmodule -emit-abi-descriptor-path /Users/admin/builder/spi-builder-workspace/.derivedData/Build/Intermediates.noindex/HTMLKit.build/Debug-watchos/HTMLKitComponents-t.build/Objects-normal/arm64/HTMLKitComponents.abi.json
SwiftEmitModule normal arm64_32 Emitting\ module\ for\ HTMLKitComponents (in target 'HTMLKitComponents' from project 'HTMLKit')
SwiftCompile normal arm64_32 (in target 'HTMLKitComponents' from project 'HTMLKit')
    cd /Users/admin/builder/spi-builder-workspace/.swiftpm/xcode

SwiftDriverJobDiscovery normal arm64_32 Compiling WebSocketClient.swift (in target 'WebSocketKit' from project 'websocket-kit')
SwiftCompile normal arm64 Compiling\ WebSocket+Connect.swift /Users/admin/builder/spi-builder-workspace/.dependencies/checkouts/websocket-kit/Sources/WebSocketKit/WebSocket+Connect.swift (in target 'WebSocketKit' from project 'websocket-kit')
SwiftCompile normal arm64 /Users/admin/builder/spi-builder-workspace/.dependencies/checkouts/websocket-kit/Sources/WebSocketKit/WebSocket+Connect.swift (in target 'WebSocketKit' from project 'websocket-kit')
    cd /Users/admin/builder/spi-builder-workspace/.swiftpm/xcode
    builtin-SwiftPerFileCompile WebSocket+Connect.swift
SwiftCompile normal arm64_32 Compiling\ WebSocketHandler.swift /Users/admin/builder/spi-builder-workspace/.dependencies/checkouts/websocket-kit/Sources/WebSocketKit/WebSocketHandler.swift (in target 'WebSocketKit' from project 'websocket-kit')
SwiftCompile normal arm64_32 /Users/admin/builder/spi-builder-workspace/.dependencies/checkouts/websocket-kit/Sources/WebSocketKit/WebSocketHandler.swift (in target 'WebSocketKit' from project 'websocket-kit')
    cd /Users/admin/builder/spi-builder-workspace/.swiftpm/xcode
    builtin-SwiftPerFileCompile WebSocketHandler.swift
SwiftExplicitDependencyGeneratePcm arm64_32 /Users/admin/builder/spi-builder-workspace/.derivedData/Build/Intermediates.noindex/SwiftExplicitPrecompiledModules/CAsyncHTTPClient-CDNX6JQNY9PP7UJ9C0RC9F5P0.pcm
SwiftDriverJobDiscovery normal arm64 Compiling Exports.swift (in target 'WebSocketKit' from project 'websocket-kit')
SwiftExplicitDependencyGeneratePcm arm64_32 /Users/admin/builder/spi-builder-workspace/.derivedData/SDKExplicitPrecompiledModules/xlocale-12MAC4XFU2EBZKUOCSENIDWI8.pcm
SwiftDriverJobDiscovery normal arm64 Compiling WebSocketHandler.swift (in target 'WebSocketKit' from project 'websocket-kit')
SwiftExplicitDependencyGeneratePcm arm64 /Users/admin/builder/spi-builder-workspace/.derivedData/SDKExplicitPrecompiledModules/xlocale-3D62VTOABWBHHVKGXMGQF81QU.pcm
SwiftDriverJobDiscovery normal arm64 Compiling WebSocketClient.swift (in target 'WebSocketKit' from project 'websocket-kit')
SwiftExplicitDependencyGeneratePcm arm64 /Users/admin/builder/spi-builder-workspace/.derivedData/Build/Intermediates.noindex/SwiftExplicitPrecompiledModules/CAsyncHTTPClient-91R4B2170UBFHLRBCODQC7ENS.pcm
SwiftExplicitDependencyGeneratePcm arm64_32 /Users/admin/builder/spi-builder-workspace/.derivedData/SDKExplicitPrecompiledModules/_Darwin_xlocale-BNGC7JC5WLRNR7ZQ6ZDTARPBJ.pcm
SwiftDriverJobDiscovery normal arm64 Compiling HTTPUpgradeRequestHandler.swift (in target 'WebSocketKit' from project 'websocket-kit')
SwiftCompile normal arm64_32 Compiling\ MultipartSerializer.swift,\ Utilities.swift /Users/admin/builder/spi-builder-workspace/.dependencies/checkouts/multipart-kit/Sources/MultipartKit/MultipartSerializer.swift /Users/admin/builder/spi-builder-workspace/.dependencies/checkouts/multipart-kit/Sources/MultipartKit/Utilities.swift (in target 'MultipartKit' from project 'multipart-kit')
SwiftCompile normal arm64_32 /Users/admin/builder/spi-builder-workspace/.dependencies/checkouts/multipart-kit/Sources/MultipartKit/MultipartSerializer.swift (in target 'MultipartKit' from project 'multipart-kit')
    cd /Users/admin/builder/spi-builder-workspace/.swiftpm/xcode
    builtin-SwiftPerFileCompile MultipartSerializer.swift
SwiftCompile normal arm64_32 /Users/admin/builder/spi-builder-workspace/.dependencies/checkouts/multipart-kit/Sources/MultipartKit/Utilities.swift (in target 'MultipartKit' from project 'multipart-kit')
    cd /Users/admin/builder/spi-builder-workspace/.swiftpm/xcode
    builtin-SwiftPerFileCompile Utilities.swift
SwiftExplicitDependencyGeneratePcm arm64 /Users/admin/builder/spi-builder-workspace/.derivedData/SDKExplicitPrecompiledModules/_Darwin_xlocale-CW35I0M6GMU0O9J3A7DH11QKR.pcm
SwiftCompile normal arm64_32 Compiling\ BasicCodingKey.swift,\ MultipartError.swift /Users/admin/builder/spi-builder-workspace/.dependencies/checkouts/multipart-kit/Sources/MultipartKit/BasicCodingKey.swift /Users/admin/builder/spi-builder-workspace/.dependencies/checkouts/multipart-kit/Sources/MultipartKit/Deprecated/MultipartError.swift (in target 'MultipartKit' from project 'multipart-kit')
SwiftCompile normal arm64_32 /Users/admin/builder/spi-builder-workspace/.dependencies/checkouts/multipart-kit/Sources/MultipartKit/BasicCodingKey.swift (in target 'MultipartKit' from project 'multipart-kit')
    cd /Users/admin/builder/spi-builder-workspace/.swiftpm/xcode
    builtin-SwiftPerFileCompile BasicCodingKey.swift
SwiftCompile normal arm64_32 /Users/admin/builder/spi-builder-workspace/.dependencies/checkouts/multipart-kit/Sources/MultipartKit/Deprecated/MultipartError.swift (in target 'MultipartKit' from project 'multipart-kit')
    cd /Users/admin/builder/spi-builder-workspace/.swiftpm/xcode
    builtin-SwiftPerFileCompile MultipartError.swift
Ld /Users/admin/builder/spi-builder-workspace/.derivedData/Build/Intermediates.noindex/swift-nio-extras.build/Debug-watchos/NIOSOCKS-t.build/Objects-normal/arm64_32/Binary/NIOSOCKS.o normal arm64_32 (in target 'NIOSOCKS' from project 'swift-nio-extras')
    cd /Users/admin/builder/spi-builder-workspace/.dependencies/checkouts/swift-nio-extras
    /Applications/Xcode-27.0.0-Release.Candidate.app/Contents/Developer/Toolchains/XcodeDefault.xctoolchain/usr/bin/clang -Xlinker -reproducible -target arm64_32-apple-watchos9.0 -r -isysroot /Applications/Xcode-27.0.0-Release.Candidate.app/Contents/Developer/Platforms/WatchOS.platform/Developer/SDKs/WatchOS27.0.sdk -O0 -w -Xlinker -no_warn_duplicate_libraries -F/Users/admin/builder/spi-builder-workspace/.derivedData/Build/Intermediates.noindex/EagerLinkingTBDs/Debug-watchos -F/Users/admin/builder/spi-builder-workspace/.derivedData/Build/Products/Debug-watchos/PackageFrameworks -F/Users/admin/builder/spi-builder-workspace/.derivedData/Build/Products/Debug-watchos -iframework /Applications/Xcode-27.0.0-Release.Candidate.app/Contents/Developer/Platforms/WatchOS.platform/Developer/Library/Frameworks -iframework /Applications/Xcode-27.0.0-Release.Candidate.app/Contents/Developer/Platforms/WatchOS.platform/Developer/SDKs/WatchOS27.0.sdk/Developer/Library/Frameworks -filelist /Users/admin/builder/spi-builder-workspace/.derivedData/Build/Intermediates.noindex/swift-nio-extras.build/Debug-watchos/NIOSOCKS-t.build/Objects-normal/arm64_32/NIOSOCKS.LinkFileList -nostdlib -Xlinker -object_path_lto -Xlinker /Users/admin/builder/spi-builder-workspace/.derivedData/Build/Intermediates.noindex/swift-nio-extras.build/Debug-watchos/NIOSOCKS-t.build/Objects-normal/arm64_32/NIOSOCKS_lto.o -Xlinker -no_deduplicate -Xlinker -debug_variant -Xlinker -dependency_info -Xlinker /Users/admin/builder/spi-builder-workspace/.derivedData/Build/Intermediates.noindex/swift-nio-extras.build/Debug-watchos/NIOSOCKS-t.build/Objects-normal/arm64_32/NIOSOCKS_dependency_info.dat -fobjc-link-runtime -L/Applications/Xcode-27.0.0-Release.Candidate.app/Contents/Developer/Toolchains/XcodeDefault.xctoolchain/usr/lib/swift/watchos -L/usr/lib/swift -Xlinker -add_ast_path -Xlinker /Users/admin/builder/spi-builder-workspace/.derivedData/Build/Intermediates.noindex/swift-nio-extras.build/Debug-watchos/NIOSOCKS-t.build/Objects-normal/arm64_32/NIOSOCKS.swiftmodule -o /Users/admin/builder/spi-builder-workspace/.derivedData/Build/Intermediates.noindex/swift-nio-extras.build/Debug-watchos/NIOSOCKS-t.build/Objects-normal/arm64_32/Binary/NIOSOCKS.o
Ld /Users/admin/builder/spi-builder-workspace/.derivedData/Build/Intermediates.noindex/swift-nio-extras.build/Debug-watchos/NIOSOCKS-t.build/Objects-normal/arm64/Binary/NIOSOCKS.o normal arm64 (in target 'NIOSOCKS' from project 'swift-nio-extras')
    cd /Users/admin/builder/spi-builder-workspace/.dependencies/checkouts/swift-nio-extras
    /Applications/Xcode-27.0.0-Release.Candidate.app/Contents/Developer/Toolchains/XcodeDefault.xctoolchain/usr/bin/clang -Xlinker -reproducible -target arm64-apple-watchos9.0 -r -isysroot /Applications/Xcode-27.0.0-Release.Candidate.app/Contents/Developer/Platforms/WatchOS.platform/Developer/SDKs/WatchOS27.0.sdk -O0 -w -Xlinker -no_warn_duplicate_libraries -F/Users/admin/builder/spi-builder-workspace/.derivedData/Build/Intermediates.noindex/EagerLinkingTBDs/Debug-watchos -F/Users/admin/builder/spi-builder-workspace/.derivedData/Build/Products/Debug-watchos/PackageFrameworks -F/Users/admin/builder/spi-builder-workspace/.derivedData/Build/Products/Debug-watchos -iframework /Applications/Xcode-27.0.0-Release.Candidate.app/Contents/Developer/Platforms/WatchOS.platform/Developer/Library/Frameworks -iframework /Applications/Xcode-27.0.0-Release.Candidate.app/Contents/Developer/Platforms/WatchOS.platform/Developer/SDKs/WatchOS27.0.sdk/Developer/Library/Frameworks -filelist /Users/admin/builder/spi-builder-workspace/.derivedData/Build/Intermediates.noindex/swift-nio-extras.build/Debug-watchos/NIOSOCKS-t.build/Objects-normal/arm64/NIOSOCKS.LinkFileList -nostdlib -Xlinker -object_path_lto -Xlinker /Users/admin/builder/spi-builder-workspace/.derivedData/Build/Intermediates.noindex/swift-nio-extras.build/Debug-watchos/NIOSOCKS-t.build/Objects-normal/arm64/NIOSOCKS_lto.o -Xlinker -no_deduplicate -Xlinker -debug_variant -Xlinker -dependency_info -Xlinker /Users/admin/builder/spi-builder-workspace/.derivedData/Build/Intermediates.noindex/swift-nio-extras.build/Debug-watchos/NIOSOCKS-t.build/Objects-normal/arm64/NIOSOCKS_dependency_info.dat -fobjc-link-runtime -L/Applications/Xcode-27.0.0-Release.Candidate.app/Contents/Developer/Toolchains/XcodeDefault.xctoolchain/usr/lib/swift/watchos -L/usr/lib/swift -Xlinker -add_ast_path -Xlinker /Users/admin/builder/spi-builder-workspace/.derivedData/Build/Intermediates.noindex/swift-nio-extras.build/Debug-watchos/NIOSOCKS-t.build/Objects-normal/arm64/NIOSOCKS.swiftmodule -o /Users/admin/builder/spi-builder-workspace/.derivedData/Build/Intermediates.noindex/swift-nio-extras.build/Debug-watchos/NIOSOCKS-t.build/Objects-normal/arm64/Binary/NIOSOCKS.o
SwiftDriverJobDiscovery normal arm64 Compiling WebSocket+Connect.swift (in target 'WebSocketKit' from project 'websocket-kit')
SwiftEmitModule normal arm64_32 Emitting\ module\ for\ AsyncHTTPClient (in target 'AsyncHTTPClient' from project 'async-http-client')
SwiftCompile normal arm64_32 (in target 'AsyncHTTPClient' from project 'async-http-client')
    cd /Users/admin/builder/spi-builder-workspace/.swiftpm/xcode

SwiftEmitModule normal arm64 Emitting\ module\ for\ AsyncHTTPClient (in target 'AsyncHTTPClient' from project 'async-http-client')
SwiftCompile normal arm64 (in target 'AsyncHTTPClient' from project 'async-http-client')
    cd /Users/admin/builder/spi-builder-workspace/.swiftpm/xcode

SwiftDriver\ Compilation WebSocketKit normal arm64 com.apple.xcode.tools.swift.compiler (in target 'WebSocketKit' from project 'websocket-kit')
    cd /Users/admin/builder/spi-builder-workspace/.swiftpm/xcode
    builtin-Swift-Compilation -- /Applications/Xcode-27.0.0-Release.Candidate.app/Contents/Developer/Toolchains/XcodeDefault.xctoolchain/usr/bin/swiftc -parse-as-library -module-name WebSocketKit -Onone @/Users/admin/builder/spi-builder-workspace/.derivedData/Build/Intermediates.noindex/websocket-kit.build/Debug-watchos/WebSocketKit-t.build/Objects-normal/arm64/WebSocketKit.SwiftFileList -DSWIFT_PACKAGE -DDEBUG -DSWIFT_MODULE_RESOURCE_BUNDLE_UNAVAILABLE -Xcc -fmodule-map-file\=/Users/admin/builder/spi-builder-workspace/.derivedData/Build/Intermediates.noindex/GeneratedModuleMaps-watchos/CNIOBoringSSLShims.modulemap -Xcc -fmodule-map-file\=/Users/admin/builder/spi-builder-workspace/.dependencies/checkouts/swift-nio-ssl/Sources/CNIOBoringSSL/include/module.modulemap -Xcc -fmodule-map-file\=/Users/admin/builder/spi-builder-workspace/.derivedData/Build/Intermediates.noindex/GeneratedModuleMaps-watchos/CNIOSHA1.modulemap -Xcc -fmodule-map-file\=/Users/admin/builder/spi-builder-workspace/.derivedData/Build/Intermediates.noindex/GeneratedModuleMaps-watchos/CNIOLLHTTP.modulemap -Xcc -fmodule-map-file\=/Users/admin/builder/spi-builder-workspace/.derivedData/Build/Intermediates.noindex/GeneratedModuleMaps-watchos/CNIOPosix.modulemap -Xcc -fmodule-map-file\=/Users/admin/builder/spi-builder-workspace/.derivedData/Build/Intermediates.noindex/GeneratedModuleMaps-watchos/CNIOWASI.modulemap -Xcc -fmodule-map-file\=/Users/admin/builder/spi-builder-workspace/.dependencies/checkouts/swift-nio/Sources/CNIOWindows/include/module.modulemap -Xcc -fmodule-map-file\=/Users/admin/builder/spi-builder-workspace/.derivedData/Build/Intermediates.noindex/GeneratedModuleMaps-watchos/CNIOLinux.modulemap -Xcc -fmodule-map-file\=/Users/admin/builder/spi-builder-workspace/.derivedData/Build/Intermediates.noindex/GeneratedModuleMaps-watchos/CNIODarwin.modulemap -Xcc -fmodule-map-file\=/Users/admin/builder/spi-builder-workspace/.derivedData/Build/Intermediates.noindex/GeneratedModuleMaps-watchos/CNIOFreeBSD.modulemap -Xcc -fmodule-map-file\=/Users/admin/builder/spi-builder-workspace/.derivedData/Build/Intermediates.noindex/GeneratedModuleMaps-watchos/CNIOOpenBSD.modulemap -Xcc -fmodule-map-file\=/Users/admin/builder/spi-builder-workspace/.derivedData/Build/Intermediates.noindex/GeneratedModuleMaps-watchos/CNIOAtomics.modulemap -Xcc -fmodule-map-file\=/Users/admin/builder/spi-builder-workspace/.dependencies/checkouts/swift-atomics/Sources/_AtomicsShims/include/module.modulemap -DXcode -enable-upcoming-feature ExistentialAny -enable-upcoming-feature ConciseMagicFile -enable-upcoming-feature ForwardTrailingClosures -enable-upcoming-feature DisableOutwardActorInference -enable-upcoming-feature MemberImportVisibility -enable-experimental-feature StrictConcurrency\=complete -plugin-path /Applications/Xcode-27.0.0-Release.Candidate.app/Contents/Developer/Toolchains/XcodeDefault.xctoolchain/usr/lib/swift/host/plugins/testing -enable-experimental-feature DebugDescriptionMacro -sdk /Applications/Xcode-27.0.0-Release.Candidate.app/Contents/Developer/Platforms/WatchOS.platform/Developer/SDKs/WatchOS27.0.sdk -target arm64-apple-watchos9.0 -g -module-cache-path /Users/admin/builder/spi-builder-workspace/.derivedData/ModuleCache.noindex -Xfrontend -serialize-debugging-options -profile-coverage-mapping -profile-generate -enable-testing -suppress-warnings -index-store-path /Users/admin/builder/spi-builder-workspace/.derivedData/Index.noindex/DataStore -Xcc -D_LIBCPP_HARDENING_MODE\=_LIBCPP_HARDENING_MODE_DEBUG -swift-version 5 -I /Users/admin/builder/spi-builder-workspace/.derivedData/Build/Products/Debug-watchos -Isystem /Applications/Xcode-27.0.0-Release.Candidate.app/Contents/Developer/Platforms/WatchOS.platform/Developer/usr/lib -F /Users/admin/builder/spi-builder-workspace/.derivedData/Build/Products/Debug-watchos/PackageFrameworks -F /Users/admin/builder/spi-builder-workspace/.derivedData/Build/Products/Debug-watchos -F /Applications/Xcode-27.0.0-Release.Candidate.app/Contents/Developer/Platforms/WatchOS.platform/Developer/Library/Frameworks -F /Applications/Xcode-27.0.0-Release.Candidate.app/Contents/Developer/Platforms/WatchOS.platform/Developer/SDKs/WatchOS27.0.sdk/Developer/Library/Frameworks -c -j10 -enable-batch-mode -incremental -Xcc -ivfsstatcache -Xcc /Users/admin/builder/spi-builder-workspace/.derivedData/SDKStatCaches.noindex/watchos27.0-24R360-e829b21a6f8c9b70876ba0858053c04477534ef55a1706bf4c1112bbb242f0a2.sdkstatcache -output-file-map /Users/admin/builder/spi-builder-workspace/.derivedData/Build/Intermediates.noindex/websocket-kit.build/Debug-watchos/WebSocketKit-t.build/Objects-normal/arm64/WebSocketKit-OutputFileMap.json -save-temps -no-color-diagnostics -explicit-module-build -module-cache-path /Users/admin/builder/spi-builder-workspace/.derivedData/Build/Intermediates.noindex/SwiftExplicitPrecompiledModules -clang-scanner-module-cache-path /Users/admin/builder/spi-builder-workspace/.derivedData/ModuleCache.noindex -sdk-module-cache-path /Users/admin/builder/spi-builder-workspace/.derivedData/SDKExplicitPrecompiledModules -emit-dependencies -emit-module -emit-module-path /Users/admin/builder/spi-builder-workspace/.derivedData/Build/Intermediates.noindex/websocket-kit.build/Debug-watchos/WebSocketKit-t.build/Objects-normal/arm64/WebSocketKit.swiftmodule -serialize-diagnostics -dependency-scan-serialize-diagnostics-path /Users/admin/builder/spi-builder-workspace/.derivedData/Build/Intermediates.noindex/websocket-kit.build/Debug-watchos/WebSocketKit-t.build/Objects-normal/arm64/WebSocketKit-dependency-scan.dia -validate-clang-modules-once -clang-build-session-file /Users/admin/builder/spi-builder-workspace/.derivedData/ModuleCache.noindex/Session.modulevalidation -Xcc -fmodules-prune-interval\=86400 -Xcc -fmodules-prune-after\=345600 -package-name websocket_kit -emit-const-values -const-gather-protocols-list /Users/admin/builder/spi-builder-workspace/.derivedData/Build/Intermediates.noindex/websocket-kit.build/Debug-watchos/WebSocketKit-t.build/Objects-normal/arm64/WebSocketKit_const_extract_protocols.json -Xcc -I/Users/admin/builder/spi-builder-workspace/.dependencies/checkouts/swift-nio-ssl/Sources/CNIOBoringSSLShims/include -Xcc -I/Users/admin/builder/spi-builder-workspace/.dependencies/checkouts/swift-nio-ssl/Sources/CNIOBoringSSL/include -Xcc -I/Users/admin/builder/spi-builder-workspace/.dependencies/checkouts/swift-nio/Sources/CNIOSHA1/include -Xcc -I/Users/admin/builder/spi-builder-workspace/.dependencies/checkouts/swift-nio/Sources/CNIOLLHTTP/include -Xcc -I/Users/admin/builder/spi-builder-workspace/.dependencies/checkouts/swift-nio/Sources/CNIOPosix/include -Xcc -I/Users/admin/builder/spi-builder-workspace/.dependencies/checkouts/swift-nio/Sources/CNIOWASI/include -Xcc -I/Users/admin/builder/spi-builder-workspace/.dependencies/checkouts/swift-nio/Sources/CNIOWindows/include -Xcc -I/Users/admin/builder/spi-builder-workspace/.dependencies/checkouts/swift-nio/Sources/CNIOLinux/include -Xcc -I/Users/admin/builder/spi-builder-workspace/.dependencies/checkouts/swift-nio/Sources/CNIODarwin/include -Xcc -I/Users/admin/builder/spi-builder-workspace/.dependencies/checkouts/swift-nio/Sources/CNIOFreeBSD/include -Xcc -I/Users/admin/builder/spi-builder-workspace/.dependencies/checkouts/swift-nio/Sources/CNIOOpenBSD/include -Xcc -I/Users/admin/builder/spi-builder-workspace/.dependencies/checkouts/swift-nio/Sources/CNIOAtomics/include -Xcc -I/Users/admin/builder/spi-builder-workspace/.dependencies/checkouts/swift-atomics/Sources/_AtomicsShims/include -Xcc -I/Users/admin/builder/spi-builder-workspace/.derivedData/Build/Products/Debug-watchos/include -Xcc -I/Users/admin/builder/spi-builder-workspace/.derivedData/Build/Intermediates.noindex/websocket-kit.build/Debug-watchos/WebSocketKit-t.build/DerivedSources-normal/arm64 -Xcc -I/Users/admin/builder/spi-builder-workspace/.derivedData/Build/Intermediates.noindex/websocket-kit.build/Debug-watchos/WebSocketKit-t.build/DerivedSources/arm64 -Xcc -I/Users/admin/builder/spi-builder-workspace/.derivedData/Build/Intermediates.noindex/websocket-kit.build/Debug-watchos/WebSocketKit-t.build/DerivedSources -Xcc -DSWIFT_PACKAGE -Xcc -DDEBUG\=1 -emit-objc-header -emit-objc-header-path /Users/admin/builder/spi-builder-workspace/.derivedData/Build/Intermediates.noindex/websocket-kit.build/Debug-watchos/WebSocketKit-t.build/Objects-normal/arm64/WebSocketKit-Swift.h -working-directory /Users/admin/builder/spi-builder-workspace/.swiftpm/xcode -experimental-emit-module-separately -disable-cmo
SwiftDriverJobDiscovery normal arm64_32 Compiling WebSocketHandler.swift (in target 'WebSocketKit' from project 'websocket-kit')
SwiftCompile normal arm64_32 Compiling\ FormDataDecoder.KeyedContainer.swift,\ FormDataDecoder.SingleValueContainer.swift /Users/admin/builder/spi-builder-workspace/.dependencies/checkouts/multipart-kit/Sources/MultipartKit/FormDataDecoder/FormDataDecoder.KeyedContainer.swift /Users/admin/builder/spi-builder-workspace/.dependencies/checkouts/multipart-kit/Sources/MultipartKit/FormDataDecoder/FormDataDecoder.SingleValueContainer.swift (in target 'MultipartKit' from project 'multipart-kit')
SwiftCompile normal arm64_32 /Users/admin/builder/spi-builder-workspace/.dependencies/checkouts/multipart-kit/Sources/MultipartKit/FormDataDecoder/FormDataDecoder.KeyedContainer.swift (in target 'MultipartKit' from project 'multipart-kit')
    cd /Users/admin/builder/spi-builder-workspace/.swiftpm/xcode
    builtin-SwiftPerFileCompile FormDataDecoder.KeyedContainer.swift
SwiftCompile normal arm64_32 /Users/admin/builder/spi-builder-workspace/.dependencies/checkouts/multipart-kit/Sources/MultipartKit/FormDataDecoder/FormDataDecoder.SingleValueContainer.swift (in target 'MultipartKit' from project 'multipart-kit')
    cd /Users/admin/builder/spi-builder-workspace/.swiftpm/xcode
    builtin-SwiftPerFileCompile FormDataDecoder.SingleValueContainer.swift
SwiftDriver\ Compilation WebSocketKit normal arm64_32 com.apple.xcode.tools.swift.compiler (in target 'WebSocketKit' from project 'websocket-kit')
    cd /Users/admin/builder/spi-builder-workspace/.swiftpm/xcode
    builtin-Swift-Compilation -- /Applications/Xcode-27.0.0-Release.Candidate.app/Contents/Developer/Toolchains/XcodeDefault.xctoolchain/usr/bin/swiftc -parse-as-library -module-name WebSocketKit -Onone @/Users/admin/builder/spi-builder-workspace/.derivedData/Build/Intermediates.noindex/websocket-kit.build/Debug-watchos/WebSocketKit-t.build/Objects-normal/arm64_32/WebSocketKit.SwiftFileList -DSWIFT_PACKAGE -DDEBUG -DSWIFT_MODULE_RESOURCE_BUNDLE_UNAVAILABLE -Xcc -fmodule-map-file\=/Users/admin/builder/spi-builder-workspace/.derivedData/Build/Intermediates.noindex/GeneratedModuleMaps-watchos/CNIOBoringSSLShims.modulemap -Xcc -fmodule-map-file\=/Users/admin/builder/spi-builder-workspace/.dependencies/checkouts/swift-nio-ssl/Sources/CNIOBoringSSL/include/module.modulemap -Xcc -fmodule-map-file\=/Users/admin/builder/spi-builder-workspace/.derivedData/Build/Intermediates.noindex/GeneratedModuleMaps-watchos/CNIOSHA1.modulemap -Xcc -fmodule-map-file\=/Users/admin/builder/spi-builder-workspace/.derivedData/Build/Intermediates.noindex/GeneratedModuleMaps-watchos/CNIOLLHTTP.modulemap -Xcc -fmodule-map-file\=/Users/admin/builder/spi-builder-workspace/.derivedData/Build/Intermediates.noindex/GeneratedModuleMaps-watchos/CNIOPosix.modulemap -Xcc -fmodule-map-file\=/Users/admin/builder/spi-builder-workspace/.derivedData/Build/Intermediates.noindex/GeneratedModuleMaps-watchos/CNIOWASI.modulemap -Xcc -fmodule-map-file\=/Users/admin/builder/spi-builder-workspace/.dependencies/checkouts/swift-nio/Sources/CNIOWindows/include/module.modulemap -Xcc -fmodule-map-file\=/Users/admin/builder/spi-builder-workspace/.derivedData/Build/Intermediates.noindex/GeneratedModuleMaps-watchos/CNIOLinux.modulemap -Xcc -fmodule-map-file\=/Users/admin/builder/spi-builder-workspace/.derivedData/Build/Intermediates.noindex/GeneratedModuleMaps-watchos/CNIODarwin.modulemap -Xcc -fmodule-map-file\=/Users/admin/builder/spi-builder-workspace/.derivedData/Build/Intermediates.noindex/GeneratedModuleMaps-watchos/CNIOFreeBSD.modulemap -Xcc -fmodule-map-file\=/Users/admin/builder/spi-builder-workspace/.derivedData/Build/Intermediates.noindex/GeneratedModuleMaps-watchos/CNIOOpenBSD.modulemap -Xcc -fmodule-map-file\=/Users/admin/builder/spi-builder-workspace/.derivedData/Build/Intermediates.noindex/GeneratedModuleMaps-watchos/CNIOAtomics.modulemap -Xcc -fmodule-map-file\=/Users/admin/builder/spi-builder-workspace/.dependencies/checkouts/swift-atomics/Sources/_AtomicsShims/include/module.modulemap -DXcode -enable-upcoming-feature ExistentialAny -enable-upcoming-feature ConciseMagicFile -enable-upcoming-feature ForwardTrailingClosures -enable-upcoming-feature DisableOutwardActorInference -enable-upcoming-feature MemberImportVisibility -enable-experimental-feature StrictConcurrency\=complete -plugin-path /Applications/Xcode-27.0.0-Release.Candidate.app/Contents/Developer/Toolchains/XcodeDefault.xctoolchain/usr/lib/swift/host/plugins/testing -enable-experimental-feature DebugDescriptionMacro -sdk /Applications/Xcode-27.0.0-Release.Candidate.app/Contents/Developer/Platforms/WatchOS.platform/Developer/SDKs/WatchOS27.0.sdk -target arm64_32-apple-watchos9.0 -g -module-cache-path /Users/admin/builder/spi-builder-workspace/.derivedData/ModuleCache.noindex -Xfrontend -serialize-debugging-options -profile-coverage-mapping -profile-generate -enable-testing -suppress-warnings -index-store-path /Users/admin/builder/spi-builder-workspace/.derivedData/Index.noindex/DataStore -Xcc -D_LIBCPP_HARDENING_MODE\=_LIBCPP_HARDENING_MODE_DEBUG -swift-version 5 -I /Users/admin/builder/spi-builder-workspace/.derivedData/Build/Products/Debug-watchos -Isystem /Applications/Xcode-27.0.0-Release.Candidate.app/Contents/Developer/Platforms/WatchOS.platform/Developer/usr/lib -F /Users/admin/builder/spi-builder-workspace/.derivedData/Build/Products/Debug-watchos/PackageFrameworks -F /Users/admin/builder/spi-builder-workspace/.derivedData/Build/Products/Debug-watchos -F /Applications/Xcode-27.0.0-Release.Candidate.app/Contents/Developer/Platforms/WatchOS.platform/Developer/Library/Frameworks -F /Applications/Xcode-27.0.0-Release.Candidate.app/Contents/Developer/Platforms/WatchOS.platform/Developer/SDKs/WatchOS27.0.sdk/Developer/Library/Frameworks -c -j10 -enable-batch-mode -incremental -Xcc -ivfsstatcache -Xcc /Users/admin/builder/spi-builder-workspace/.derivedData/SDKStatCaches.noindex/watchos27.0-24R360-e829b21a6f8c9b70876ba0858053c04477534ef55a1706bf4c1112bbb242f0a2.sdkstatcache -output-file-map /Users/admin/builder/spi-builder-workspace/.derivedData/Build/Intermediates.noindex/websocket-kit.build/Debug-watchos/WebSocketKit-t.build/Objects-normal/arm64_32/WebSocketKit-OutputFileMap.json -save-temps -no-color-diagnostics -explicit-module-build -module-cache-path /Users/admin/builder/spi-builder-workspace/.derivedData/Build/Intermediates.noindex/SwiftExplicitPrecompiledModules -clang-scanner-module-cache-path /Users/admin/builder/spi-builder-workspace/.derivedData/ModuleCache.noindex -sdk-module-cache-path /Users/admin/builder/spi-builder-workspace/.derivedData/SDKExplicitPrecompiledModules -emit-dependencies -emit-module -emit-module-path /Users/admin/builder/spi-builder-workspace/.derivedData/Build/Intermediates.noindex/websocket-kit.build/Debug-watchos/WebSocketKit-t.build/Objects-normal/arm64_32/WebSocketKit.swiftmodule -serialize-diagnostics -dependency-scan-serialize-diagnostics-path /Users/admin/builder/spi-builder-workspace/.derivedData/Build/Intermediates.noindex/websocket-kit.build/Debug-watchos/WebSocketKit-t.build/Objects-normal/arm64_32/WebSocketKit-dependency-scan.dia -validate-clang-modules-once -clang-build-session-file /Users/admin/builder/spi-builder-workspace/.derivedData/ModuleCache.noindex/Session.modulevalidation -Xcc -fmodules-prune-interval\=86400 -Xcc -fmodules-prune-after\=345600 -package-name websocket_kit -emit-const-values -const-gather-protocols-list /Users/admin/builder/spi-builder-workspace/.derivedData/Build/Intermediates.noindex/websocket-kit.build/Debug-watchos/WebSocketKit-t.build/Objects-normal/arm64_32/WebSocketKit_const_extract_protocols.json -Xcc -I/Users/admin/builder/spi-builder-workspace/.dependencies/checkouts/swift-nio-ssl/Sources/CNIOBoringSSLShims/include -Xcc -I/Users/admin/builder/spi-builder-workspace/.dependencies/checkouts/swift-nio-ssl/Sources/CNIOBoringSSL/include -Xcc -I/Users/admin/builder/spi-builder-workspace/.dependencies/checkouts/swift-nio/Sources/CNIOSHA1/include -Xcc -I/Users/admin/builder/spi-builder-workspace/.dependencies/checkouts/swift-nio/Sources/CNIOLLHTTP/include -Xcc -I/Users/admin/builder/spi-builder-workspace/.dependencies/checkouts/swift-nio/Sources/CNIOPosix/include -Xcc -I/Users/admin/builder/spi-builder-workspace/.dependencies/checkouts/swift-nio/Sources/CNIOWASI/include -Xcc -I/Users/admin/builder/spi-builder-workspace/.dependencies/checkouts/swift-nio/Sources/CNIOWindows/include -Xcc -I/Users/admin/builder/spi-builder-workspace/.dependencies/checkouts/swift-nio/Sources/CNIOLinux/include -Xcc -I/Users/admin/builder/spi-builder-workspace/.dependencies/checkouts/swift-nio/Sources/CNIODarwin/include -Xcc -I/Users/admin/builder/spi-builder-workspace/.dependencies/checkouts/swift-nio/Sources/CNIOFreeBSD/include -Xcc -I/Users/admin/builder/spi-builder-workspace/.dependencies/checkouts/swift-nio/Sources/CNIOOpenBSD/include -Xcc -I/Users/admin/builder/spi-builder-workspace/.dependencies/checkouts/swift-nio/Sources/CNIOAtomics/include -Xcc -I/Users/admin/builder/spi-builder-workspace/.dependencies/checkouts/swift-atomics/Sources/_AtomicsShims/include -Xcc -I/Users/admin/builder/spi-builder-workspace/.derivedData/Build/Products/Debug-watchos/include -Xcc -I/Users/admin/builder/spi-builder-workspace/.derivedData/Build/Intermediates.noindex/websocket-kit.build/Debug-watchos/WebSocketKit-t.build/DerivedSources-normal/arm64_32 -Xcc -I/Users/admin/builder/spi-builder-workspace/.derivedData/Build/Intermediates.noindex/websocket-kit.build/Debug-watchos/WebSocketKit-t.build/DerivedSources/arm64_32 -Xcc -I/Users/admin/builder/spi-builder-workspace/.derivedData/Build/Intermediates.noindex/websocket-kit.build/Debug-watchos/WebSocketKit-t.build/DerivedSources -Xcc -DSWIFT_PACKAGE -Xcc -DDEBUG\=1 -emit-objc-header -emit-objc-header-path /Users/admin/builder/spi-builder-workspace/.derivedData/Build/Intermediates.noindex/websocket-kit.build/Debug-watchos/WebSocketKit-t.build/Objects-normal/arm64_32/WebSocketKit-Swift.h -working-directory /Users/admin/builder/spi-builder-workspace/.swiftpm/xcode -experimental-emit-module-separately -disable-cmo
CreateUniversalBinary /Users/admin/builder/spi-builder-workspace/.derivedData/Build/Products/Debug-watchos/NIOSOCKS.o normal arm64\ arm64_32 (in target 'NIOSOCKS' from project 'swift-nio-extras')
    cd /Users/admin/builder/spi-builder-workspace/.dependencies/checkouts/swift-nio-extras
    /Applications/Xcode-27.0.0-Release.Candidate.app/Contents/Developer/Toolchains/XcodeDefault.xctoolchain/usr/bin/lipo -create /Users/admin/builder/spi-builder-workspace/.derivedData/Build/Intermediates.noindex/swift-nio-extras.build/Debug-watchos/NIOSOCKS-t.build/Objects-normal/arm64/Binary/NIOSOCKS.o /Users/admin/builder/spi-builder-workspace/.derivedData/Build/Intermediates.noindex/swift-nio-extras.build/Debug-watchos/NIOSOCKS-t.build/Objects-normal/arm64_32/Binary/NIOSOCKS.o -output /Users/admin/builder/spi-builder-workspace/.derivedData/Build/Products/Debug-watchos/NIOSOCKS.o
SwiftCompile normal arm64_32 Compiling\ FormDataEncoder.swift,\ Storage.swift /Users/admin/builder/spi-builder-workspace/.dependencies/checkouts/multipart-kit/Sources/MultipartKit/FormDataEncoder/FormDataEncoder.swift /Users/admin/builder/spi-builder-workspace/.dependencies/checkouts/multipart-kit/Sources/MultipartKit/FormDataEncoder/Storage.swift (in target 'MultipartKit' from project 'multipart-kit')
SwiftCompile normal arm64_32 /Users/admin/builder/spi-builder-workspace/.dependencies/checkouts/multipart-kit/Sources/MultipartKit/FormDataEncoder/FormDataEncoder.swift (in target 'MultipartKit' from project 'multipart-kit')
    cd /Users/admin/builder/spi-builder-workspace/.swiftpm/xcode
    builtin-SwiftPerFileCompile FormDataEncoder.swift
SwiftCompile normal arm64_32 /Users/admin/builder/spi-builder-workspace/.dependencies/checkouts/multipart-kit/Sources/MultipartKit/FormDataEncoder/Storage.swift (in target 'MultipartKit' from project 'multipart-kit')
    cd /Users/admin/builder/spi-builder-workspace/.swiftpm/xcode
    builtin-SwiftPerFileCompile Storage.swift
SwiftDriverJobDiscovery normal arm64_32 Compiling BasicCodingKey.swift, MultipartError.swift (in target 'MultipartKit' from project 'multipart-kit')
SwiftCompile normal arm64_32 Compiling\ FormDataEncoder.Encoder.swift,\ FormDataEncoder.KeyedContainer.swift /Users/admin/builder/spi-builder-workspace/.dependencies/checkouts/multipart-kit/Sources/MultipartKit/FormDataEncoder/FormDataEncoder.Encoder.swift /Users/admin/builder/spi-builder-workspace/.dependencies/checkouts/multipart-kit/Sources/MultipartKit/FormDataEncoder/FormDataEncoder.KeyedContainer.swift (in target 'MultipartKit' from project 'multipart-kit')
SwiftCompile normal arm64_32 /Users/admin/builder/spi-builder-workspace/.dependencies/checkouts/multipart-kit/Sources/MultipartKit/FormDataEncoder/FormDataEncoder.Encoder.swift (in target 'MultipartKit' from project 'multipart-kit')
    cd /Users/admin/builder/spi-builder-workspace/.swiftpm/xcode
    builtin-SwiftPerFileCompile FormDataEncoder.Encoder.swift
SwiftCompile normal arm64_32 /Users/admin/builder/spi-builder-workspace/.dependencies/checkouts/multipart-kit/Sources/MultipartKit/FormDataEncoder/FormDataEncoder.KeyedContainer.swift (in target 'MultipartKit' from project 'multipart-kit')
    cd /Users/admin/builder/spi-builder-workspace/.swiftpm/xcode
    builtin-SwiftPerFileCompile FormDataEncoder.KeyedContainer.swift
SwiftCompile normal arm64_32 Compiling\ MultipartPart.swift,\ MultipartPartConvertible.swift /Users/admin/builder/spi-builder-workspace/.dependencies/checkouts/multipart-kit/Sources/MultipartKit/MultipartPart.swift /Users/admin/builder/spi-builder-workspace/.dependencies/checkouts/multipart-kit/Sources/MultipartKit/MultipartPartConvertible.swift (in target 'MultipartKit' from project 'multipart-kit')
SwiftCompile normal arm64_32 /Users/admin/builder/spi-builder-workspace/.dependencies/checkouts/multipart-kit/Sources/MultipartKit/MultipartPart.swift (in target 'MultipartKit' from project 'multipart-kit')
    cd /Users/admin/builder/spi-builder-workspace/.swiftpm/xcode
    builtin-SwiftPerFileCompile MultipartPart.swift
SwiftCompile normal arm64_32 /Users/admin/builder/spi-builder-workspace/.dependencies/checkouts/multipart-kit/Sources/MultipartKit/MultipartPartConvertible.swift (in target 'MultipartKit' from project 'multipart-kit')
    cd /Users/admin/builder/spi-builder-workspace/.swiftpm/xcode
    builtin-SwiftPerFileCompile MultipartPartConvertible.swift
SwiftDriverJobDiscovery normal arm64_32 Compiling MultipartSerializer.swift, Utilities.swift (in target 'MultipartKit' from project 'multipart-kit')
SwiftCompile normal arm64_32 Compiling\ Exports.swift,\ FormDataDecoder.Decoder.swift /Users/admin/builder/spi-builder-workspace/.dependencies/checkouts/multipart-kit/Sources/MultipartKit/Exports.swift /Users/admin/builder/spi-builder-workspace/.dependencies/checkouts/multipart-kit/Sources/MultipartKit/FormDataDecoder/FormDataDecoder.Decoder.swift (in target 'MultipartKit' from project 'multipart-kit')
SwiftCompile normal arm64_32 /Users/admin/builder/spi-builder-workspace/.dependencies/checkouts/multipart-kit/Sources/MultipartKit/Exports.swift (in target 'MultipartKit' from project 'multipart-kit')
    cd /Users/admin/builder/spi-builder-workspace/.swiftpm/xcode
    builtin-SwiftPerFileCompile Exports.swift
SwiftCompile normal arm64_32 /Users/admin/builder/spi-builder-workspace/.dependencies/checkouts/multipart-kit/Sources/MultipartKit/FormDataDecoder/FormDataDecoder.Decoder.swift (in target 'MultipartKit' from project 'multipart-kit')
    cd /Users/admin/builder/spi-builder-workspace/.swiftpm/xcode
    builtin-SwiftPerFileCompile FormDataDecoder.Decoder.swift
SwiftDriverJobDiscovery normal arm64_32 Compiling FormDataEncoder.swift, Storage.swift (in target 'MultipartKit' from project 'multipart-kit')
SwiftCompile normal arm64_32 Compiling\ FormDataEncoder.SingleValueContainer.swift,\ FormDataEncoder.UnkeyedContainer.swift /Users/admin/builder/spi-builder-workspace/.dependencies/checkouts/multipart-kit/Sources/MultipartKit/FormDataEncoder/FormDataEncoder.SingleValueContainer.swift /Users/admin/builder/spi-builder-workspace/.dependencies/checkouts/multipart-kit/Sources/MultipartKit/FormDataEncoder/FormDataEncoder.UnkeyedContainer.swift (in target 'MultipartKit' from project 'multipart-kit')
SwiftCompile normal arm64_32 /Users/admin/builder/spi-builder-workspace/.dependencies/checkouts/multipart-kit/Sources/MultipartKit/FormDataEncoder/FormDataEncoder.SingleValueContainer.swift (in target 'MultipartKit' from project 'multipart-kit')
    cd /Users/admin/builder/spi-builder-workspace/.swiftpm/xcode
    builtin-SwiftPerFileCompile FormDataEncoder.SingleValueContainer.swift
SwiftCompile normal arm64_32 /Users/admin/builder/spi-builder-workspace/.dependencies/checkouts/multipart-kit/Sources/MultipartKit/FormDataEncoder/FormDataEncoder.UnkeyedContainer.swift (in target 'MultipartKit' from project 'multipart-kit')
    cd /Users/admin/builder/spi-builder-workspace/.swiftpm/xcode
    builtin-SwiftPerFileCompile FormDataEncoder.UnkeyedContainer.swift
SwiftEmitModule normal arm64_32 Emitting\ module\ for\ HTMLKit (in target 'HTMLKit' from project 'HTMLKit')
SwiftCompile normal arm64_32 (in target 'HTMLKit' from project 'HTMLKit')
    cd /Users/admin/builder/spi-builder-workspace/.swiftpm/xcode

SwiftEmitModule normal arm64 Emitting\ module\ for\ HTMLKit (in target 'HTMLKit' from project 'HTMLKit')
SwiftCompile normal arm64 (in target 'HTMLKit' from project 'HTMLKit')
    cd /Users/admin/builder/spi-builder-workspace/.swiftpm/xcode

SwiftDriverJobDiscovery normal arm64_32 Compiling FormDataDecoder.KeyedContainer.swift, FormDataDecoder.SingleValueContainer.swift (in target 'MultipartKit' from project 'multipart-kit')
SwiftCompile normal arm64_32 Compiling\ MultipartFormData.swift,\ MultipartParser.swift /Users/admin/builder/spi-builder-workspace/.dependencies/checkouts/multipart-kit/Sources/MultipartKit/MultipartFormData.swift /Users/admin/builder/spi-builder-workspace/.dependencies/checkouts/multipart-kit/Sources/MultipartKit/MultipartParser.swift (in target 'MultipartKit' from project 'multipart-kit')
SwiftCompile normal arm64_32 /Users/admin/builder/spi-builder-workspace/.dependencies/checkouts/multipart-kit/Sources/MultipartKit/MultipartFormData.swift (in target 'MultipartKit' from project 'multipart-kit')
    cd /Users/admin/builder/spi-builder-workspace/.swiftpm/xcode
    builtin-SwiftPerFileCompile MultipartFormData.swift
SwiftCompile normal arm64_32 /Users/admin/builder/spi-builder-workspace/.dependencies/checkouts/multipart-kit/Sources/MultipartKit/MultipartParser.swift (in target 'MultipartKit' from project 'multipart-kit')
    cd /Users/admin/builder/spi-builder-workspace/.swiftpm/xcode
    builtin-SwiftPerFileCompile MultipartParser.swift
SwiftDriverJobDiscovery normal arm64_32 Compiling FormDataEncoder.Encoder.swift, FormDataEncoder.KeyedContainer.swift (in target 'MultipartKit' from project 'multipart-kit')
SwiftCompile normal arm64_32 Compiling\ FormDataDecoder.UnkeyedContainer.swift,\ FormDataDecoder.swift /Users/admin/builder/spi-builder-workspace/.dependencies/checkouts/multipart-kit/Sources/MultipartKit/FormDataDecoder/FormDataDecoder.UnkeyedContainer.swift /Users/admin/builder/spi-builder-workspace/.dependencies/checkouts/multipart-kit/Sources/MultipartKit/FormDataDecoder/FormDataDecoder.swift (in target 'MultipartKit' from project 'multipart-kit')
SwiftCompile normal arm64_32 /Users/admin/builder/spi-builder-workspace/.dependencies/checkouts/multipart-kit/Sources/MultipartKit/FormDataDecoder/FormDataDecoder.UnkeyedContainer.swift (in target 'MultipartKit' from project 'multipart-kit')
    cd /Users/admin/builder/spi-builder-workspace/.swiftpm/xcode
    builtin-SwiftPerFileCompile FormDataDecoder.UnkeyedContainer.swift
SwiftCompile normal arm64_32 /Users/admin/builder/spi-builder-workspace/.dependencies/checkouts/multipart-kit/Sources/MultipartKit/FormDataDecoder/FormDataDecoder.swift (in target 'MultipartKit' from project 'multipart-kit')
    cd /Users/admin/builder/spi-builder-workspace/.swiftpm/xcode
    builtin-SwiftPerFileCompile FormDataDecoder.swift
SwiftDriverJobDiscovery normal arm64_32 Compiling Exports.swift, FormDataDecoder.Decoder.swift (in target 'MultipartKit' from project 'multipart-kit')
SwiftCompile normal arm64_32 Compiling\ PressEvent.swift,\ Components+Button.swift,\ Components+Image.swift,\ Components+Input.swift,\ ButtonModifier.swift,\ GraphicsModifier.swift,\ ImageModifier.swift /Users/admin/builder/spi-builder-workspace/Sources/HTMLKitComponents/Events/PressEvent.swift /Users/admin/builder/spi-builder-workspace/Sources/HTMLKitComponents/Extensions/Components+Button.swift /Users/admin/builder/spi-builder-workspace/Sources/HTMLKitComponents/Extensions/Components+Image.swift /Users/admin/builder/spi-builder-workspace/Sources/HTMLKitComponents/Extensions/Components+Input.swift /Users/admin/builder/spi-builder-workspace/Sources/HTMLKitComponents/Modifiers/ButtonModifier.swift /Users/admin/builder/spi-builder-workspace/Sources/HTMLKitComponents/Modifiers/GraphicsModifier.swift /Users/admin/builder/spi-builder-workspace/Sources/HTMLKitComponents/Modifiers/ImageModifier.swift (in target 'HTMLKitComponents' from project 'HTMLKit')
SwiftCompile normal arm64_32 /Users/admin/builder/spi-builder-workspace/Sources/HTMLKitComponents/Events/PressEvent.swift (in target 'HTMLKitComponents' from project 'HTMLKit')
    cd /Users/admin/builder/spi-builder-workspace/.swiftpm/xcode
    builtin-SwiftPerFileCompile PressEvent.swift
SwiftCompile normal arm64_32 /Users/admin/builder/spi-builder-workspace/Sources/HTMLKitComponents/Extensions/Components+Button.swift (in target 'HTMLKitComponents' from project 'HTMLKit')
    cd /Users/admin/builder/spi-builder-workspace/.swiftpm/xcode
    builtin-SwiftPerFileCompile Components+Button.swift
SwiftCompile normal arm64_32 /Users/admin/builder/spi-builder-workspace/Sources/HTMLKitComponents/Extensions/Components+Image.swift (in target 'HTMLKitComponents' from project 'HTMLKit')
    cd /Users/admin/builder/spi-builder-workspace/.swiftpm/xcode
    builtin-SwiftPerFileCompile Components+Image.swift
SwiftCompile normal arm64_32 /Users/admin/builder/spi-builder-workspace/Sources/HTMLKitComponents/Extensions/Components+Input.swift (in target 'HTMLKitComponents' from project 'HTMLKit')
    cd /Users/admin/builder/spi-builder-workspace/.swiftpm/xcode
    builtin-SwiftPerFileCompile Components+Input.swift
SwiftCompile normal arm64_32 /Users/admin/builder/spi-builder-workspace/Sources/HTMLKitComponents/Modifiers/ButtonModifier.swift (in target 'HTMLKitComponents' from project 'HTMLKit')
    cd /Users/admin/builder/spi-builder-workspace/.swiftpm/xcode
    builtin-SwiftPerFileCompile ButtonModifier.swift
SwiftCompile normal arm64_32 /Users/admin/builder/spi-builder-workspace/Sources/HTMLKitComponents/Modifiers/GraphicsModifier.swift (in target 'HTMLKitComponents' from project 'HTMLKit')
    cd /Users/admin/builder/spi-builder-workspace/.swiftpm/xcode
    builtin-SwiftPerFileCompile GraphicsModifier.swift
SwiftCompile normal arm64_32 /Users/admin/builder/spi-builder-workspace/Sources/HTMLKitComponents/Modifiers/ImageModifier.swift (in target 'HTMLKitComponents' from project 'HTMLKit')
    cd /Users/admin/builder/spi-builder-workspace/.swiftpm/xcode
    builtin-SwiftPerFileCompile ImageModifier.swift
SwiftDriverJobDiscovery normal arm64_32 Compiling FormDataEncoder.SingleValueContainer.swift, FormDataEncoder.UnkeyedContainer.swift (in target 'MultipartKit' from project 'multipart-kit')
SwiftCompile normal arm64_32 Compiling\ Slider.swift,\ Snippet.swift,\ Symbol.swift,\ Tabs.swift,\ Text.swift,\ TextEditor.swift,\ TextField.swift /Users/admin/builder/spi-builder-workspace/Sources/HTMLKitComponents/Components/Slider.swift /Users/admin/builder/spi-builder-workspace/Sources/HTMLKitComponents/Components/Snippet.swift /Users/admin/builder/spi-builder-workspace/Sources/HTMLKitComponents/Components/Symbol.swift /Users/admin/builder/spi-builder-workspace/Sources/HTMLKitComponents/Components/Tabs.swift /Users/admin/builder/spi-builder-workspace/Sources/HTMLKitComponents/Components/Text.swift /Users/admin/builder/spi-builder-workspace/Sources/HTMLKitComponents/Components/TextEditor.swift /Users/admin/builder/spi-builder-workspace/Sources/HTMLKitComponents/Components/TextField.swift (in target 'HTMLKitComponents' from project 'HTMLKit')
SwiftCompile normal arm64_32 /Users/admin/builder/spi-builder-workspace/Sources/HTMLKitComponents/Components/Slider.swift (in target 'HTMLKitComponents' from project 'HTMLKit')
    cd /Users/admin/builder/spi-builder-workspace/.swiftpm/xcode
    builtin-SwiftPerFileCompile Slider.swift
SwiftCompile normal arm64_32 /Users/admin/builder/spi-builder-workspace/Sources/HTMLKitComponents/Components/Snippet.swift (in target 'HTMLKitComponents' from project 'HTMLKit')
    cd /Users/admin/builder/spi-builder-workspace/.swiftpm/xcode
    builtin-SwiftPerFileCompile Snippet.swift
SwiftCompile normal arm64_32 /Users/admin/builder/spi-builder-workspace/Sources/HTMLKitComponents/Components/Symbol.swift (in target 'HTMLKitComponents' from project 'HTMLKit')
    cd /Users/admin/builder/spi-builder-workspace/.swiftpm/xcode
    builtin-SwiftPerFileCompile Symbol.swift
SwiftCompile normal arm64_32 /Users/admin/builder/spi-builder-workspace/Sources/HTMLKitComponents/Components/Tabs.swift (in target 'HTMLKitComponents' from project 'HTMLKit')
    cd /Users/admin/builder/spi-builder-workspace/.swiftpm/xcode
    builtin-SwiftPerFileCompile Tabs.swift
SwiftCompile normal arm64_32 /Users/admin/builder/spi-builder-workspace/Sources/HTMLKitComponents/Components/Text.swift (in target 'HTMLKitComponents' from project 'HTMLKit')
    cd /Users/admin/builder/spi-builder-workspace/.swiftpm/xcode
    builtin-SwiftPerFileCompile Text.swift
SwiftCompile normal arm64_32 /Users/admin/builder/spi-builder-workspace/Sources/HTMLKitComponents/Components/TextEditor.swift (in target 'HTMLKitComponents' from project 'HTMLKit')
    cd /Users/admin/builder/spi-builder-workspace/.swiftpm/xcode
    builtin-SwiftPerFileCompile TextEditor.swift
SwiftCompile normal arm64_32 /Users/admin/builder/spi-builder-workspace/Sources/HTMLKitComponents/Components/TextField.swift (in target 'HTMLKitComponents' from project 'HTMLKit')
    cd /Users/admin/builder/spi-builder-workspace/.swiftpm/xcode
    builtin-SwiftPerFileCompile TextField.swift
SwiftDriverJobDiscovery normal arm64_32 Compiling MultipartPart.swift, MultipartPartConvertible.swift (in target 'MultipartKit' from project 'multipart-kit')
PruneExplicitPrecompiledModules /Users/admin/builder/spi-builder-workspace/.derivedData/Build/Intermediates.noindex/ExplicitPrecompiledModules
PruneExplicitPrecompiledModules /Users/admin/builder/spi-builder-workspace/.derivedData/SDKExplicitPrecompiledModules
PruneExplicitPrecompiledModules /Users/admin/builder/spi-builder-workspace/.derivedData/Build/Intermediates.noindex/SwiftExplicitPrecompiledModules
2026-09-19 10:15:43.160 xcodebuild[7726:27874] [MT] IDERunDestination: Supported platforms for the buildables in the current scheme is empty.
** BUILD FAILED **
The following build commands failed:
	SwiftCompile normal arm64 (in target 'HTMLKitComponents' from project 'HTMLKit')
	SwiftEmitModule normal arm64 Emitting\ module\ for\ HTMLKitComponents (in target 'HTMLKitComponents' from project 'HTMLKit')
	Building workspace HTMLKit with scheme HTMLKit-Package
(3 failures)
BUILD FAILURE 6.4 watchOS