The Swift Package Index logo.Swift Package Index

Build Information

Failed to build PerfectLDAP, reference master (e351ef), with Swift 6.4 for watchOS using Xcode 27.0 on 16 Sep 2026 14:46:01 UTC.

Build Command

env DEVELOPER_DIR=/Applications/Xcode-27.0.0-Release.Candidate.app xcrun xcodebuild -IDEClonedSourcePackagesDirPathOverride=$PWD/.dependencies -skipMacroValidation -skipPackagePluginValidation -derivedDataPath $PWD/.derivedData build -scheme PerfectLDAP -destination generic/platform=watchOS

Build Log

========================================
RunAll
========================================
Builder version: 5.1.0
Interrupt handler set up.
========================================
Checkout
========================================
Clone URL: https://github.com/perfectlysoft/perfect-ldap.git
Reference: master
Initialized empty Git repository in /Users/admin/builder/spi-builder-workspace/.git/
From https://github.com/perfectlysoft/perfect-ldap
 * branch            master     -> FETCH_HEAD
 * [new branch]      master     -> origin/master
HEAD is now at e351ef5 Merge pull request #6 from Lagerregal/master
Cloned https://github.com/perfectlysoft/perfect-ldap.git
Revision (git rev-parse @):
e351ef5b9497265f9498555820e408e57f00f950
SUCCESS checkout https://github.com/perfectlysoft/perfect-ldap.git at master
========================================
Build
========================================
Selected platform:         watchOS
Swift version:             6.4
Building package at path:  $PWD
https://github.com/perfectlysoft/perfect-ldap.git
Command line invocation:
    /Applications/Xcode-27.0.0-Release.Candidate.app/Contents/Developer/usr/bin/xcodebuild -IDEClonedSourcePackagesDirPathOverride=/Users/admin/builder/spi-builder-workspace/.dependencies -resolvePackageDependencies
Resolve Package Graph
Fetching from https://github.com/PerfectlySoft/Perfect-OpenLDAP.git
Fetching from https://github.com/PerfectSideRepos/Perfect-ICONV.git
Fetching from https://github.com/PerfectlySoft/Perfect-libSASL.git
Creating working copy of package ‘Perfect-ICONV’
Checking out 3.0.1 of package ‘Perfect-ICONV’
Creating working copy of package ‘Perfect-libSASL’
Checking out 1.0.2 of package ‘Perfect-libSASL’
Creating working copy of package ‘Perfect-OpenLDAP’
Checking out 1.0.3 of package ‘Perfect-OpenLDAP’
ignoring declared target(s) 'OpenLDAP' in the system packageignoring declared target(s) 'SASL' in the system packagedependency 'perfect-libsasl' is not used by any targetdependency 'perfect-openldap' is not used by any targetResolve Package Graph
ignoring declared target(s) 'OpenLDAP' in the system packageignoring declared target(s) 'SASL' in the system packagedependency 'perfect-libsasl' is not used by any targetdependency 'perfect-openldap' is not used by any target
Resolved source packages:
  OpenLDAP: https://github.com/PerfectlySoft/Perfect-OpenLDAP.git @ 1.0.3
  PerfectLDAP: /Users/admin/builder/spi-builder-workspace
  PerfectICONV: https://github.com/PerfectSideRepos/Perfect-ICONV.git @ 3.0.1
  SASL: https://github.com/PerfectlySoft/Perfect-libSASL.git @ 1.0.2
resolved source packages: OpenLDAP, PerfectLDAP, PerfectICONV, SASL
2026-09-16 10:45:11.280 xcodebuild[529:3049] [MT] IDERunDestination: Supported platforms for the buildables in the current scheme is empty.
{
  "dependencies" : [
    {
      "identity" : "perfect-iconv",
      "requirement" : {
        "range" : [
          {
            "lower_bound" : "3.0.0",
            "upper_bound" : "4.0.0"
          }
        ]
      },
      "type" : "sourceControl",
      "url" : "https://github.com/PerfectSideRepos/Perfect-ICONV.git"
    },
    {
      "identity" : "perfect-libsasl",
      "requirement" : {
        "range" : [
          {
            "lower_bound" : "1.0.0",
            "upper_bound" : "2.0.0"
          }
        ]
      },
      "type" : "sourceControl",
      "url" : "https://github.com/PerfectlySoft/Perfect-libSASL.git"
    },
    {
      "identity" : "perfect-openldap",
      "requirement" : {
        "range" : [
          {
            "lower_bound" : "1.0.0",
            "upper_bound" : "2.0.0"
          }
        ]
      },
      "type" : "sourceControl",
      "url" : "https://github.com/PerfectlySoft/Perfect-OpenLDAP.git"
    }
  ],
  "manifest_display_name" : "PerfectLDAP",
  "name" : "PerfectLDAP",
  "path" : "/Users/admin/builder/spi-builder-workspace",
  "platforms" : [
  ],
  "products" : [
    {
      "name" : "PerfectLDAP",
      "targets" : [
        "PerfectLDAP"
      ],
      "type" : {
        "library" : [
          "automatic"
        ]
      }
    }
  ],
  "targets" : [
    {
      "c99name" : "PerfectLDAPTests",
      "module_type" : "SwiftTarget",
      "name" : "PerfectLDAPTests",
      "path" : "Tests/PerfectLDAPTests",
      "sources" : [
        "PerfectLDAPTests.swift"
      ],
      "target_dependencies" : [
        "PerfectLDAP"
      ],
      "type" : "test"
    },
    {
      "c99name" : "PerfectLDAP",
      "module_type" : "SwiftTarget",
      "name" : "PerfectLDAP",
      "path" : "Sources/PerfectLDAP",
      "product_dependencies" : [
        "PerfectICONV"
      ],
      "product_memberships" : [
        "PerfectLDAP"
      ],
      "sources" : [
        "PerfectLDAP.swift",
        "Utilities.swift"
      ],
      "type" : "library"
    }
  ],
  "tools_version" : "4.0"
}
{
  "workspace" : {
    "name" : "PerfectLDAP",
    "schemes" : [
      "PerfectLDAP"
    ]
  }
}
2026-09-16 10:45:52.498 xcodebuild[758:4639] [MT] IDERunDestination: Supported platforms for the buildables in the current scheme is empty.
Running build ...
env DEVELOPER_DIR=/Applications/Xcode-27.0.0-Release.Candidate.app xcrun xcodebuild -IDEClonedSourcePackagesDirPathOverride=$PWD/.dependencies -skipMacroValidation -skipPackagePluginValidation -derivedDataPath $PWD/.derivedData build -scheme PerfectLDAP -destination generic/platform=watchOS
Command line invocation:
    /Applications/Xcode-27.0.0-Release.Candidate.app/Contents/Developer/usr/bin/xcodebuild -IDEClonedSourcePackagesDirPathOverride=/Users/admin/builder/spi-builder-workspace/.dependencies -skipMacroValidation -skipPackagePluginValidation -derivedDataPath /Users/admin/builder/spi-builder-workspace/.derivedData build -scheme PerfectLDAP -destination generic/platform=watchOS
Resolve Package Graph
ignoring declared target(s) 'OpenLDAP' in the system packageignoring declared target(s) 'SASL' in the system packagedependency 'perfect-libsasl' is not used by any targetdependency 'perfect-openldap' is not used by any target
Resolve Package Graph
ignoring declared target(s) 'OpenLDAP' in the system packageignoring declared target(s) 'SASL' in the system packagedependency 'perfect-libsasl' is not used by any targetdependency 'perfect-openldap' is not used by any target
Resolved source packages:
  OpenLDAP: https://github.com/PerfectlySoft/Perfect-OpenLDAP.git @ 1.0.3
  PerfectLDAP: /Users/admin/builder/spi-builder-workspace
  PerfectICONV: https://github.com/PerfectSideRepos/Perfect-ICONV.git @ 3.0.1
  SASL: https://github.com/PerfectlySoft/Perfect-libSASL.git @ 1.0.2
ComputePackagePrebuildTargetDependencyGraph
Prepare packages
CreateBuildRequest
SendProjectDescription
CreateBuildOperation
ComputeTargetDependencyGraph
note: Building targets in dependency order
note: Target dependency graph (7 targets)
    Target 'PerfectLDAP-product' in project 'PerfectLDAP'
        ➜ Explicit dependency on target 'PerfectLDAP' in project 'PerfectLDAP'
        ➜ Explicit dependency on target 'PerfectICONV-product' in project 'PerfectICONV'
    Target 'PerfectLDAP' in project 'PerfectLDAP'
        ➜ Explicit dependency on target 'SASL' in project 'SASL'
        ➜ Explicit dependency on target 'OpenLDAP' in project 'OpenLDAP'
        ➜ Explicit dependency on target 'PerfectICONV-product' in project 'PerfectICONV'
    Target 'PerfectICONV-product' in project 'PerfectICONV'
        ➜ Explicit dependency on target 'PerfectICONV' in project 'PerfectICONV'
        ➜ Explicit dependency on target 'ICONVApi' in project 'PerfectICONV'
    Target 'PerfectICONV' in project 'PerfectICONV'
        ➜ Explicit dependency on target 'ICONVApi' in project 'PerfectICONV'
    Target 'ICONVApi' in project 'PerfectICONV' (no dependencies)
    Target 'OpenLDAP' in project 'OpenLDAP' (no dependencies)
    Target 'SASL' in project 'SASL' (no dependencies)
GatherProvisioningInputs
CreateBuildDescription
ExecuteExternalTool /Applications/Xcode-27.0.0-Release.Candidate.app/Contents/Developer/Toolchains/XcodeDefault.xctoolchain/usr/bin/swiftc --version
ExecuteExternalTool /Applications/Xcode-27.0.0-Release.Candidate.app/Contents/Developer/Toolchains/XcodeDefault.xctoolchain/usr/bin/clang -v -E -dM -arch arm64 -isysroot /Applications/Xcode-27.0.0-Release.Candidate.app/Contents/Developer/Platforms/WatchOS.platform/Developer/SDKs/WatchOS27.0.sdk -x c -c /dev/null
ExecuteExternalTool /Applications/Xcode-27.0.0-Release.Candidate.app/Contents/Developer/Toolchains/XcodeDefault.xctoolchain/usr/bin/clang -v -E -dM -isysroot /Applications/Xcode-27.0.0-Release.Candidate.app/Contents/Developer/Platforms/WatchOS.platform/Developer/SDKs/WatchOS27.0.sdk -x c -c /dev/null
ExecuteExternalTool /Applications/Xcode-27.0.0-Release.Candidate.app/Contents/Developer/Toolchains/XcodeDefault.xctoolchain/usr/bin/ld -version_details
ExecuteExternalTool /Applications/Xcode-27.0.0-Release.Candidate.app/Contents/Developer/Toolchains/XcodeDefault.xctoolchain/usr/bin/clang -v -E -dM -arch arm64_32 -isysroot /Applications/Xcode-27.0.0-Release.Candidate.app/Contents/Developer/Platforms/WatchOS.platform/Developer/SDKs/WatchOS27.0.sdk -x c -c /dev/null
Build description signature: 69a416bf9eb002d946675ecaf31c5c92
Build description path: /Users/admin/builder/spi-builder-workspace/.derivedData/Build/Intermediates.noindex/XCBuildData/69a416bf9eb002d946675ecaf31c5c92.xcbuilddata
CreateBuildDirectory /Users/admin/builder/spi-builder-workspace/.derivedData/ModuleCache.noindex
    cd /Users/admin/builder/spi-builder-workspace/.swiftpm/xcode
    builtin-create-build-directory /Users/admin/builder/spi-builder-workspace/.derivedData/ModuleCache.noindex
CreateBuildDirectory /Users/admin/builder/spi-builder-workspace/.derivedData/CompilationCache.noindex
    cd /Users/admin/builder/spi-builder-workspace/.swiftpm/xcode
    builtin-create-build-directory /Users/admin/builder/spi-builder-workspace/.derivedData/CompilationCache.noindex
CreateBuildDirectory /Users/admin/builder/spi-builder-workspace/.derivedData/SDKExplicitPrecompiledModules
    cd /Users/admin/builder/spi-builder-workspace/.swiftpm/xcode
    builtin-create-build-directory /Users/admin/builder/spi-builder-workspace/.derivedData/SDKExplicitPrecompiledModules
CreateBuildDirectory /Users/admin/builder/spi-builder-workspace/.derivedData/Build/Products
    cd /Users/admin/builder/spi-builder-workspace/.swiftpm/xcode
    builtin-create-build-directory /Users/admin/builder/spi-builder-workspace/.derivedData/Build/Products
CreateBuildDirectory /Users/admin/builder/spi-builder-workspace/.derivedData/Build/Intermediates.noindex
    cd /Users/admin/builder/spi-builder-workspace/.swiftpm/xcode
    builtin-create-build-directory /Users/admin/builder/spi-builder-workspace/.derivedData/Build/Intermediates.noindex
ClangStatCache /Applications/Xcode-27.0.0-Release.Candidate.app/Contents/Developer/Toolchains/XcodeDefault.xctoolchain/usr/bin/clang-stat-cache /Applications/Xcode-27.0.0-Release.Candidate.app/Contents/Developer/Platforms/WatchOS.platform/Developer/SDKs/WatchOS27.0.sdk /Users/admin/builder/spi-builder-workspace/.derivedData/SDKStatCaches.noindex/watchos27.0-24R360-e829b21a6f8c9b70876ba0858053c04477534ef55a1706bf4c1112bbb242f0a2.sdkstatcache
    cd /Users/admin/builder/spi-builder-workspace/.swiftpm/xcode
    /Applications/Xcode-27.0.0-Release.Candidate.app/Contents/Developer/Toolchains/XcodeDefault.xctoolchain/usr/bin/clang-stat-cache /Applications/Xcode-27.0.0-Release.Candidate.app/Contents/Developer/Platforms/WatchOS.platform/Developer/SDKs/WatchOS27.0.sdk -o /Users/admin/builder/spi-builder-workspace/.derivedData/SDKStatCaches.noindex/watchos27.0-24R360-e829b21a6f8c9b70876ba0858053c04477534ef55a1706bf4c1112bbb242f0a2.sdkstatcache
CreateBuildDirectory /Users/admin/builder/spi-builder-workspace/.derivedData/Build/Intermediates.noindex/SwiftExplicitPrecompiledModules
    cd /Users/admin/builder/spi-builder-workspace/.swiftpm/xcode
    builtin-create-build-directory /Users/admin/builder/spi-builder-workspace/.derivedData/Build/Intermediates.noindex/SwiftExplicitPrecompiledModules
CreateBuildDirectory /Users/admin/builder/spi-builder-workspace/.derivedData/Build/Intermediates.noindex/PrecompiledHeaders
    cd /Users/admin/builder/spi-builder-workspace/.swiftpm/xcode
    builtin-create-build-directory /Users/admin/builder/spi-builder-workspace/.derivedData/Build/Intermediates.noindex/PrecompiledHeaders
CreateBuildDirectory /Users/admin/builder/spi-builder-workspace/.derivedData/Build/Intermediates.noindex/ExplicitPrecompiledModules
    cd /Users/admin/builder/spi-builder-workspace/.swiftpm/xcode
    builtin-create-build-directory /Users/admin/builder/spi-builder-workspace/.derivedData/Build/Intermediates.noindex/ExplicitPrecompiledModules
CreateBuildDirectory /Users/admin/builder/spi-builder-workspace/.derivedData/Build/Intermediates.noindex/EagerLinkingTBDs/Debug-watchos
    cd /Users/admin/builder/spi-builder-workspace/.swiftpm/xcode
    builtin-create-build-directory /Users/admin/builder/spi-builder-workspace/.derivedData/Build/Intermediates.noindex/EagerLinkingTBDs/Debug-watchos
CreateBuildDirectory /Users/admin/builder/spi-builder-workspace/.derivedData/Build/Products/Debug-watchos
    cd /Users/admin/builder/spi-builder-workspace/.swiftpm/xcode
    builtin-create-build-directory /Users/admin/builder/spi-builder-workspace/.derivedData/Build/Products/Debug-watchos
CreateBuildDirectory /Users/admin/builder/spi-builder-workspace/.derivedData/Build/Products/Debug-watchos/PackageFrameworks
    cd /Users/admin/builder/spi-builder-workspace/.swiftpm/xcode
    builtin-create-build-directory /Users/admin/builder/spi-builder-workspace/.derivedData/Build/Products/Debug-watchos/PackageFrameworks
WriteAuxiliaryFile /Users/admin/builder/spi-builder-workspace/.derivedData/Build/Intermediates.noindex/PerfectLDAP.build/Debug-watchos/PerfectLDAP-t.build/PerfectLDAP.DependencyStaticMetadataFileList (in target 'PerfectLDAP' from project 'PerfectLDAP')
    cd /Users/admin/builder/spi-builder-workspace
    write-file /Users/admin/builder/spi-builder-workspace/.derivedData/Build/Intermediates.noindex/PerfectLDAP.build/Debug-watchos/PerfectLDAP-t.build/PerfectLDAP.DependencyStaticMetadataFileList
WriteAuxiliaryFile /Users/admin/builder/spi-builder-workspace/.derivedData/Build/Intermediates.noindex/PerfectLDAP.build/Debug-watchos/PerfectLDAP-t.build/PerfectLDAP.DependencyMetadataFileList (in target 'PerfectLDAP' from project 'PerfectLDAP')
    cd /Users/admin/builder/spi-builder-workspace
    write-file /Users/admin/builder/spi-builder-workspace/.derivedData/Build/Intermediates.noindex/PerfectLDAP.build/Debug-watchos/PerfectLDAP-t.build/PerfectLDAP.DependencyMetadataFileList
WriteAuxiliaryFile /Users/admin/builder/spi-builder-workspace/.derivedData/Build/Intermediates.noindex/PerfectLDAP.build/Debug-watchos/PerfectLDAP-t.build/PerfectLDAP.modulemap (in target 'PerfectLDAP' from project 'PerfectLDAP')
    cd /Users/admin/builder/spi-builder-workspace
    write-file /Users/admin/builder/spi-builder-workspace/.derivedData/Build/Intermediates.noindex/PerfectLDAP.build/Debug-watchos/PerfectLDAP-t.build/PerfectLDAP.modulemap
WriteAuxiliaryFile /Users/admin/builder/spi-builder-workspace/.derivedData/Build/Intermediates.noindex/PerfectLDAP.build/Debug-watchos/PerfectLDAP-t.build/Objects-normal/arm64_32/PerfectLDAP-OutputFileMap.json (in target 'PerfectLDAP' from project 'PerfectLDAP')
    cd /Users/admin/builder/spi-builder-workspace
    write-file /Users/admin/builder/spi-builder-workspace/.derivedData/Build/Intermediates.noindex/PerfectLDAP.build/Debug-watchos/PerfectLDAP-t.build/Objects-normal/arm64_32/PerfectLDAP-OutputFileMap.json
WriteAuxiliaryFile /Users/admin/builder/spi-builder-workspace/.derivedData/Build/Intermediates.noindex/PerfectLDAP.build/Debug-watchos/PerfectLDAP-t.build/Objects-normal/arm64_32/PerfectLDAP.SwiftFileList (in target 'PerfectLDAP' from project 'PerfectLDAP')
    cd /Users/admin/builder/spi-builder-workspace
    write-file /Users/admin/builder/spi-builder-workspace/.derivedData/Build/Intermediates.noindex/PerfectLDAP.build/Debug-watchos/PerfectLDAP-t.build/Objects-normal/arm64_32/PerfectLDAP.SwiftFileList
WriteAuxiliaryFile /Users/admin/builder/spi-builder-workspace/.derivedData/Build/Intermediates.noindex/PerfectLDAP.build/Debug-watchos/PerfectLDAP-t.build/Objects-normal/arm64_32/PerfectLDAP_const_extract_protocols.json (in target 'PerfectLDAP' from project 'PerfectLDAP')
    cd /Users/admin/builder/spi-builder-workspace
    write-file /Users/admin/builder/spi-builder-workspace/.derivedData/Build/Intermediates.noindex/PerfectLDAP.build/Debug-watchos/PerfectLDAP-t.build/Objects-normal/arm64_32/PerfectLDAP_const_extract_protocols.json
WriteAuxiliaryFile /Users/admin/builder/spi-builder-workspace/.derivedData/Build/Intermediates.noindex/PerfectLDAP.build/Debug-watchos/PerfectLDAP-t.build/Objects-normal/arm64_32/PerfectLDAP.LinkFileList (in target 'PerfectLDAP' from project 'PerfectLDAP')
    cd /Users/admin/builder/spi-builder-workspace
    write-file /Users/admin/builder/spi-builder-workspace/.derivedData/Build/Intermediates.noindex/PerfectLDAP.build/Debug-watchos/PerfectLDAP-t.build/Objects-normal/arm64_32/PerfectLDAP.LinkFileList
WriteAuxiliaryFile /Users/admin/builder/spi-builder-workspace/.derivedData/Build/Intermediates.noindex/PerfectLDAP.build/Debug-watchos/PerfectLDAP-t.build/Objects-normal/arm64_32/PerfectLDAP.SwiftConstValuesFileList (in target 'PerfectLDAP' from project 'PerfectLDAP')
    cd /Users/admin/builder/spi-builder-workspace
    write-file /Users/admin/builder/spi-builder-workspace/.derivedData/Build/Intermediates.noindex/PerfectLDAP.build/Debug-watchos/PerfectLDAP-t.build/Objects-normal/arm64_32/PerfectLDAP.SwiftConstValuesFileList
WriteAuxiliaryFile /Users/admin/builder/spi-builder-workspace/.derivedData/Build/Intermediates.noindex/PerfectLDAP.build/Debug-watchos/PerfectLDAP-t.build/Objects-normal/arm64/PerfectLDAP_const_extract_protocols.json (in target 'PerfectLDAP' from project 'PerfectLDAP')
    cd /Users/admin/builder/spi-builder-workspace
    write-file /Users/admin/builder/spi-builder-workspace/.derivedData/Build/Intermediates.noindex/PerfectLDAP.build/Debug-watchos/PerfectLDAP-t.build/Objects-normal/arm64/PerfectLDAP_const_extract_protocols.json
WriteAuxiliaryFile /Users/admin/builder/spi-builder-workspace/.derivedData/Build/Intermediates.noindex/PerfectLDAP.build/Debug-watchos/PerfectLDAP-t.build/Objects-normal/arm64/PerfectLDAP.SwiftFileList (in target 'PerfectLDAP' from project 'PerfectLDAP')
    cd /Users/admin/builder/spi-builder-workspace
    write-file /Users/admin/builder/spi-builder-workspace/.derivedData/Build/Intermediates.noindex/PerfectLDAP.build/Debug-watchos/PerfectLDAP-t.build/Objects-normal/arm64/PerfectLDAP.SwiftFileList
WriteAuxiliaryFile /Users/admin/builder/spi-builder-workspace/.derivedData/Build/Intermediates.noindex/PerfectLDAP.build/Debug-watchos/PerfectLDAP-t.build/Objects-normal/arm64/PerfectLDAP.SwiftConstValuesFileList (in target 'PerfectLDAP' from project 'PerfectLDAP')
    cd /Users/admin/builder/spi-builder-workspace
    write-file /Users/admin/builder/spi-builder-workspace/.derivedData/Build/Intermediates.noindex/PerfectLDAP.build/Debug-watchos/PerfectLDAP-t.build/Objects-normal/arm64/PerfectLDAP.SwiftConstValuesFileList
WriteAuxiliaryFile /Users/admin/builder/spi-builder-workspace/.derivedData/Build/Intermediates.noindex/PerfectLDAP.build/Debug-watchos/PerfectLDAP-t.build/Objects-normal/arm64/PerfectLDAP.LinkFileList (in target 'PerfectLDAP' from project 'PerfectLDAP')
    cd /Users/admin/builder/spi-builder-workspace
    write-file /Users/admin/builder/spi-builder-workspace/.derivedData/Build/Intermediates.noindex/PerfectLDAP.build/Debug-watchos/PerfectLDAP-t.build/Objects-normal/arm64/PerfectLDAP.LinkFileList
WriteAuxiliaryFile /Users/admin/builder/spi-builder-workspace/.derivedData/Build/Intermediates.noindex/PerfectLDAP.build/Debug-watchos/PerfectLDAP-t.build/Objects-normal/arm64/PerfectLDAP-OutputFileMap.json (in target 'PerfectLDAP' from project 'PerfectLDAP')
    cd /Users/admin/builder/spi-builder-workspace
    write-file /Users/admin/builder/spi-builder-workspace/.derivedData/Build/Intermediates.noindex/PerfectLDAP.build/Debug-watchos/PerfectLDAP-t.build/Objects-normal/arm64/PerfectLDAP-OutputFileMap.json
Copy /Users/admin/builder/spi-builder-workspace/.derivedData/Build/Intermediates.noindex/GeneratedModuleMaps-watchos/PerfectLDAP.modulemap /Users/admin/builder/spi-builder-workspace/.derivedData/Build/Intermediates.noindex/PerfectLDAP.build/Debug-watchos/PerfectLDAP-t.build/PerfectLDAP.modulemap (in target 'PerfectLDAP' from project 'PerfectLDAP')
    cd /Users/admin/builder/spi-builder-workspace
    builtin-copy -exclude .DS_Store -exclude CVS -exclude .svn -exclude .git -exclude .hg -resolve-src-symlinks /Users/admin/builder/spi-builder-workspace/.derivedData/Build/Intermediates.noindex/PerfectLDAP.build/Debug-watchos/PerfectLDAP-t.build/PerfectLDAP.modulemap /Users/admin/builder/spi-builder-workspace/.derivedData/Build/Intermediates.noindex/GeneratedModuleMaps-watchos
WriteAuxiliaryFile /Users/admin/builder/spi-builder-workspace/.derivedData/Build/Intermediates.noindex/PerfectICONV.build/Debug-watchos/PerfectICONV-t.build/PerfectICONV.modulemap (in target 'PerfectICONV' from project 'PerfectICONV')
    cd /Users/admin/builder/spi-builder-workspace/.dependencies/checkouts/Perfect-ICONV
    write-file /Users/admin/builder/spi-builder-workspace/.derivedData/Build/Intermediates.noindex/PerfectICONV.build/Debug-watchos/PerfectICONV-t.build/PerfectICONV.modulemap
WriteAuxiliaryFile /Users/admin/builder/spi-builder-workspace/.derivedData/Build/Intermediates.noindex/PerfectICONV.build/Debug-watchos/PerfectICONV-t.build/PerfectICONV.DependencyMetadataFileList (in target 'PerfectICONV' from project 'PerfectICONV')
    cd /Users/admin/builder/spi-builder-workspace/.dependencies/checkouts/Perfect-ICONV
    write-file /Users/admin/builder/spi-builder-workspace/.derivedData/Build/Intermediates.noindex/PerfectICONV.build/Debug-watchos/PerfectICONV-t.build/PerfectICONV.DependencyMetadataFileList
WriteAuxiliaryFile /Users/admin/builder/spi-builder-workspace/.derivedData/Build/Intermediates.noindex/PerfectICONV.build/Debug-watchos/PerfectICONV-t.build/PerfectICONV.DependencyStaticMetadataFileList (in target 'PerfectICONV' from project 'PerfectICONV')
    cd /Users/admin/builder/spi-builder-workspace/.dependencies/checkouts/Perfect-ICONV
    write-file /Users/admin/builder/spi-builder-workspace/.derivedData/Build/Intermediates.noindex/PerfectICONV.build/Debug-watchos/PerfectICONV-t.build/PerfectICONV.DependencyStaticMetadataFileList
WriteAuxiliaryFile /Users/admin/builder/spi-builder-workspace/.derivedData/Build/Intermediates.noindex/PerfectICONV.build/Debug-watchos/PerfectICONV-t.build/Objects-normal/arm64_32/PerfectICONV_const_extract_protocols.json (in target 'PerfectICONV' from project 'PerfectICONV')
    cd /Users/admin/builder/spi-builder-workspace/.dependencies/checkouts/Perfect-ICONV
    write-file /Users/admin/builder/spi-builder-workspace/.derivedData/Build/Intermediates.noindex/PerfectICONV.build/Debug-watchos/PerfectICONV-t.build/Objects-normal/arm64_32/PerfectICONV_const_extract_protocols.json
WriteAuxiliaryFile /Users/admin/builder/spi-builder-workspace/.derivedData/Build/Intermediates.noindex/PerfectICONV.build/Debug-watchos/PerfectICONV-t.build/Objects-normal/arm64_32/PerfectICONV.SwiftFileList (in target 'PerfectICONV' from project 'PerfectICONV')
    cd /Users/admin/builder/spi-builder-workspace/.dependencies/checkouts/Perfect-ICONV
    write-file /Users/admin/builder/spi-builder-workspace/.derivedData/Build/Intermediates.noindex/PerfectICONV.build/Debug-watchos/PerfectICONV-t.build/Objects-normal/arm64_32/PerfectICONV.SwiftFileList
WriteAuxiliaryFile /Users/admin/builder/spi-builder-workspace/.derivedData/Build/Intermediates.noindex/PerfectICONV.build/Debug-watchos/PerfectICONV-t.build/Objects-normal/arm64_32/PerfectICONV.SwiftConstValuesFileList (in target 'PerfectICONV' from project 'PerfectICONV')
    cd /Users/admin/builder/spi-builder-workspace/.dependencies/checkouts/Perfect-ICONV
    write-file /Users/admin/builder/spi-builder-workspace/.derivedData/Build/Intermediates.noindex/PerfectICONV.build/Debug-watchos/PerfectICONV-t.build/Objects-normal/arm64_32/PerfectICONV.SwiftConstValuesFileList
WriteAuxiliaryFile /Users/admin/builder/spi-builder-workspace/.derivedData/Build/Intermediates.noindex/PerfectICONV.build/Debug-watchos/PerfectICONV-t.build/Objects-normal/arm64_32/PerfectICONV.LinkFileList (in target 'PerfectICONV' from project 'PerfectICONV')
    cd /Users/admin/builder/spi-builder-workspace/.dependencies/checkouts/Perfect-ICONV
    write-file /Users/admin/builder/spi-builder-workspace/.derivedData/Build/Intermediates.noindex/PerfectICONV.build/Debug-watchos/PerfectICONV-t.build/Objects-normal/arm64_32/PerfectICONV.LinkFileList
WriteAuxiliaryFile /Users/admin/builder/spi-builder-workspace/.derivedData/Build/Intermediates.noindex/PerfectICONV.build/Debug-watchos/PerfectICONV-t.build/Objects-normal/arm64_32/PerfectICONV-OutputFileMap.json (in target 'PerfectICONV' from project 'PerfectICONV')
    cd /Users/admin/builder/spi-builder-workspace/.dependencies/checkouts/Perfect-ICONV
    write-file /Users/admin/builder/spi-builder-workspace/.derivedData/Build/Intermediates.noindex/PerfectICONV.build/Debug-watchos/PerfectICONV-t.build/Objects-normal/arm64_32/PerfectICONV-OutputFileMap.json
WriteAuxiliaryFile /Users/admin/builder/spi-builder-workspace/.derivedData/Build/Intermediates.noindex/PerfectICONV.build/Debug-watchos/PerfectICONV-t.build/Objects-normal/arm64/PerfectICONV_const_extract_protocols.json (in target 'PerfectICONV' from project 'PerfectICONV')
    cd /Users/admin/builder/spi-builder-workspace/.dependencies/checkouts/Perfect-ICONV
    write-file /Users/admin/builder/spi-builder-workspace/.derivedData/Build/Intermediates.noindex/PerfectICONV.build/Debug-watchos/PerfectICONV-t.build/Objects-normal/arm64/PerfectICONV_const_extract_protocols.json
WriteAuxiliaryFile /Users/admin/builder/spi-builder-workspace/.derivedData/Build/Intermediates.noindex/PerfectICONV.build/Debug-watchos/PerfectICONV-t.build/Objects-normal/arm64/PerfectICONV.SwiftFileList (in target 'PerfectICONV' from project 'PerfectICONV')
    cd /Users/admin/builder/spi-builder-workspace/.dependencies/checkouts/Perfect-ICONV
    write-file /Users/admin/builder/spi-builder-workspace/.derivedData/Build/Intermediates.noindex/PerfectICONV.build/Debug-watchos/PerfectICONV-t.build/Objects-normal/arm64/PerfectICONV.SwiftFileList
WriteAuxiliaryFile /Users/admin/builder/spi-builder-workspace/.derivedData/Build/Intermediates.noindex/PerfectICONV.build/Debug-watchos/PerfectICONV-t.build/Objects-normal/arm64/PerfectICONV.SwiftConstValuesFileList (in target 'PerfectICONV' from project 'PerfectICONV')
    cd /Users/admin/builder/spi-builder-workspace/.dependencies/checkouts/Perfect-ICONV
    write-file /Users/admin/builder/spi-builder-workspace/.derivedData/Build/Intermediates.noindex/PerfectICONV.build/Debug-watchos/PerfectICONV-t.build/Objects-normal/arm64/PerfectICONV.SwiftConstValuesFileList
WriteAuxiliaryFile /Users/admin/builder/spi-builder-workspace/.derivedData/Build/Intermediates.noindex/PerfectICONV.build/Debug-watchos/PerfectICONV-t.build/Objects-normal/arm64/PerfectICONV.LinkFileList (in target 'PerfectICONV' from project 'PerfectICONV')
    cd /Users/admin/builder/spi-builder-workspace/.dependencies/checkouts/Perfect-ICONV
    write-file /Users/admin/builder/spi-builder-workspace/.derivedData/Build/Intermediates.noindex/PerfectICONV.build/Debug-watchos/PerfectICONV-t.build/Objects-normal/arm64/PerfectICONV.LinkFileList
WriteAuxiliaryFile /Users/admin/builder/spi-builder-workspace/.derivedData/Build/Intermediates.noindex/PerfectICONV.build/Debug-watchos/PerfectICONV-t.build/Objects-normal/arm64/PerfectICONV-OutputFileMap.json (in target 'PerfectICONV' from project 'PerfectICONV')
    cd /Users/admin/builder/spi-builder-workspace/.dependencies/checkouts/Perfect-ICONV
    write-file /Users/admin/builder/spi-builder-workspace/.derivedData/Build/Intermediates.noindex/PerfectICONV.build/Debug-watchos/PerfectICONV-t.build/Objects-normal/arm64/PerfectICONV-OutputFileMap.json
Copy /Users/admin/builder/spi-builder-workspace/.derivedData/Build/Intermediates.noindex/GeneratedModuleMaps-watchos/PerfectICONV.modulemap /Users/admin/builder/spi-builder-workspace/.derivedData/Build/Intermediates.noindex/PerfectICONV.build/Debug-watchos/PerfectICONV-t.build/PerfectICONV.modulemap (in target 'PerfectICONV' from project 'PerfectICONV')
    cd /Users/admin/builder/spi-builder-workspace/.dependencies/checkouts/Perfect-ICONV
    builtin-copy -exclude .DS_Store -exclude CVS -exclude .svn -exclude .git -exclude .hg -resolve-src-symlinks /Users/admin/builder/spi-builder-workspace/.derivedData/Build/Intermediates.noindex/PerfectICONV.build/Debug-watchos/PerfectICONV-t.build/PerfectICONV.modulemap /Users/admin/builder/spi-builder-workspace/.derivedData/Build/Intermediates.noindex/GeneratedModuleMaps-watchos
WriteAuxiliaryFile /Users/admin/builder/spi-builder-workspace/.derivedData/Build/Intermediates.noindex/PerfectICONV.build/Debug-watchos/ICONVApi-t.build/Objects-normal/arm64_32/ICONVApi.LinkFileList (in target 'ICONVApi' from project 'PerfectICONV')
    cd /Users/admin/builder/spi-builder-workspace/.dependencies/checkouts/Perfect-ICONV
    write-file /Users/admin/builder/spi-builder-workspace/.derivedData/Build/Intermediates.noindex/PerfectICONV.build/Debug-watchos/ICONVApi-t.build/Objects-normal/arm64_32/ICONVApi.LinkFileList
WriteAuxiliaryFile /Users/admin/builder/spi-builder-workspace/.derivedData/Build/Intermediates.noindex/PerfectICONV.build/Debug-watchos/ICONVApi-t.build/Objects-normal/arm64_32/7187679823f38a2a940e0043cdf9d637-common-args.resp (in target 'ICONVApi' from project 'PerfectICONV')
    cd /Users/admin/builder/spi-builder-workspace/.dependencies/checkouts/Perfect-ICONV
    write-file /Users/admin/builder/spi-builder-workspace/.derivedData/Build/Intermediates.noindex/PerfectICONV.build/Debug-watchos/ICONVApi-t.build/Objects-normal/arm64_32/7187679823f38a2a940e0043cdf9d637-common-args.resp
-fmodules -gmodules '-fmodules-cache-path=/Users/admin/builder/spi-builder-workspace/.derivedData/ModuleCache.noindex' '-fmodule-name=ICONVApi' -fpascal-strings -O0 -DSWIFT_PACKAGE '-DDEBUG=1' -g -fprofile-instr-generate -fcoverage-mapping -I/Users/admin/builder/spi-builder-workspace/.derivedData/Build/Products/Debug-watchos/include -I/Users/admin/builder/spi-builder-workspace/.dependencies/checkouts/Perfect-ICONV/Sources/ICONVApi/include -I/Users/admin/builder/spi-builder-workspace/.derivedData/Build/Intermediates.noindex/PerfectICONV.build/Debug-watchos/ICONVApi-t.build/DerivedSources-normal/arm64_32 -I/Users/admin/builder/spi-builder-workspace/.derivedData/Build/Intermediates.noindex/PerfectICONV.build/Debug-watchos/ICONVApi-t.build/DerivedSources/arm64_32 -I/Users/admin/builder/spi-builder-workspace/.derivedData/Build/Intermediates.noindex/PerfectICONV.build/Debug-watchos/ICONVApi-t.build/DerivedSources -F/Users/admin/builder/spi-builder-workspace/.derivedData/Build/Products/Debug-watchos -iframework /Applications/Xcode-27.0.0-Release.Candidate.app/Contents/Developer/Platforms/WatchOS.platform/Developer/Library/Frameworks -iframework /Applications/Xcode-27.0.0-Release.Candidate.app/Contents/Developer/Platforms/WatchOS.platform/Developer/SDKs/WatchOS27.0.sdk/Developer/Library/Frameworks -DXcode
WriteAuxiliaryFile /Users/admin/builder/spi-builder-workspace/.derivedData/Build/Intermediates.noindex/PerfectICONV.build/Debug-watchos/ICONVApi-t.build/Objects-normal/arm64/ICONVApi.LinkFileList (in target 'ICONVApi' from project 'PerfectICONV')
    cd /Users/admin/builder/spi-builder-workspace/.dependencies/checkouts/Perfect-ICONV
    write-file /Users/admin/builder/spi-builder-workspace/.derivedData/Build/Intermediates.noindex/PerfectICONV.build/Debug-watchos/ICONVApi-t.build/Objects-normal/arm64/ICONVApi.LinkFileList
WriteAuxiliaryFile /Users/admin/builder/spi-builder-workspace/.derivedData/Build/Intermediates.noindex/PerfectICONV.build/Debug-watchos/ICONVApi-t.build/Objects-normal/arm64/7187679823f38a2a940e0043cdf9d637-common-args.resp (in target 'ICONVApi' from project 'PerfectICONV')
    cd /Users/admin/builder/spi-builder-workspace/.dependencies/checkouts/Perfect-ICONV
    write-file /Users/admin/builder/spi-builder-workspace/.derivedData/Build/Intermediates.noindex/PerfectICONV.build/Debug-watchos/ICONVApi-t.build/Objects-normal/arm64/7187679823f38a2a940e0043cdf9d637-common-args.resp
-fmodules -gmodules '-fmodules-cache-path=/Users/admin/builder/spi-builder-workspace/.derivedData/ModuleCache.noindex' '-fmodule-name=ICONVApi' -fpascal-strings -O0 -DSWIFT_PACKAGE '-DDEBUG=1' -g -fprofile-instr-generate -fcoverage-mapping -I/Users/admin/builder/spi-builder-workspace/.derivedData/Build/Products/Debug-watchos/include -I/Users/admin/builder/spi-builder-workspace/.dependencies/checkouts/Perfect-ICONV/Sources/ICONVApi/include -I/Users/admin/builder/spi-builder-workspace/.derivedData/Build/Intermediates.noindex/PerfectICONV.build/Debug-watchos/ICONVApi-t.build/DerivedSources-normal/arm64 -I/Users/admin/builder/spi-builder-workspace/.derivedData/Build/Intermediates.noindex/PerfectICONV.build/Debug-watchos/ICONVApi-t.build/DerivedSources/arm64 -I/Users/admin/builder/spi-builder-workspace/.derivedData/Build/Intermediates.noindex/PerfectICONV.build/Debug-watchos/ICONVApi-t.build/DerivedSources -F/Users/admin/builder/spi-builder-workspace/.derivedData/Build/Products/Debug-watchos -iframework /Applications/Xcode-27.0.0-Release.Candidate.app/Contents/Developer/Platforms/WatchOS.platform/Developer/Library/Frameworks -iframework /Applications/Xcode-27.0.0-Release.Candidate.app/Contents/Developer/Platforms/WatchOS.platform/Developer/SDKs/WatchOS27.0.sdk/Developer/Library/Frameworks -DXcode
WriteAuxiliaryFile /Users/admin/builder/spi-builder-workspace/.derivedData/Build/Intermediates.noindex/PerfectICONV.build/Debug-watchos/ICONVApi-t.build/ICONVApi.DependencyStaticMetadataFileList (in target 'ICONVApi' from project 'PerfectICONV')
    cd /Users/admin/builder/spi-builder-workspace/.dependencies/checkouts/Perfect-ICONV
    write-file /Users/admin/builder/spi-builder-workspace/.derivedData/Build/Intermediates.noindex/PerfectICONV.build/Debug-watchos/ICONVApi-t.build/ICONVApi.DependencyStaticMetadataFileList
WriteAuxiliaryFile /Users/admin/builder/spi-builder-workspace/.derivedData/Build/Intermediates.noindex/PerfectICONV.build/Debug-watchos/ICONVApi-t.build/ICONVApi.DependencyMetadataFileList (in target 'ICONVApi' from project 'PerfectICONV')
    cd /Users/admin/builder/spi-builder-workspace/.dependencies/checkouts/Perfect-ICONV
    write-file /Users/admin/builder/spi-builder-workspace/.derivedData/Build/Intermediates.noindex/PerfectICONV.build/Debug-watchos/ICONVApi-t.build/ICONVApi.DependencyMetadataFileList
ScanDependencies /Users/admin/builder/spi-builder-workspace/.derivedData/Build/Intermediates.noindex/PerfectICONV.build/Debug-watchos/ICONVApi-t.build/Objects-normal/arm64_32/ICONVApi.o /Users/admin/builder/spi-builder-workspace/.dependencies/checkouts/Perfect-ICONV/Sources/ICONVApi/ICONVApi.c normal arm64_32 c com.apple.compilers.llvm.clang.1_0.compiler (in target 'ICONVApi' from project 'PerfectICONV')
    cd /Users/admin/builder/spi-builder-workspace/.swiftpm/xcode

    Using response file: /Users/admin/builder/spi-builder-workspace/.derivedData/Build/Intermediates.noindex/PerfectICONV.build/Debug-watchos/ICONVApi-t.build/Objects-normal/arm64_32/7187679823f38a2a940e0043cdf9d637-common-args.resp

    builtin-ScanDependencies -o /Users/admin/builder/spi-builder-workspace/.derivedData/Build/Intermediates.noindex/PerfectICONV.build/Debug-watchos/ICONVApi-t.build/Objects-normal/arm64_32/ICONVApi.o.scan -- /Applications/Xcode-27.0.0-Release.Candidate.app/Contents/Developer/Toolchains/XcodeDefault.xctoolchain/usr/bin/clang -x c -ivfsstatcache /Users/admin/builder/spi-builder-workspace/.derivedData/SDKStatCaches.noindex/watchos27.0-24R360-e829b21a6f8c9b70876ba0858053c04477534ef55a1706bf4c1112bbb242f0a2.sdkstatcache -target arm64_32-apple-watchos9.0 -fmessage-length\=0 -fdiagnostics-show-note-include-stack -fmacro-backtrace-limit\=0 -fno-color-diagnostics -fmodules-prune-interval\=86400 -fmodules-prune-after\=345600 -fbuild-session-file\=/Users/admin/builder/spi-builder-workspace/.derivedData/ModuleCache.noindex/Session.modulevalidation -fmodules-validate-once-per-build-session -Wnon-modular-include-in-framework-module -Werror\=non-modular-include-in-framework-module -Wno-trigraphs -Wno-missing-field-initializers -Wno-missing-prototypes -Wno-return-type -Wno-missing-braces -Wparentheses -Wswitch -Wno-unused-function -Wno-unused-label -Wno-unused-parameter -Wno-unused-variable -Wunused-value -Wno-empty-body -Wno-uninitialized -Wno-unknown-pragmas -w -Wno-shadow -Wno-four-char-constants -Wno-conversion -Wno-constant-conversion -Wno-int-conversion -Wno-bool-conversion -Wno-enum-conversion -Wno-float-conversion -Wno-non-literal-null-conversion -Wno-objc-literal-conversion -Wno-shorten-64-to-32 -Wpointer-sign -Wno-newline-eof -Wno-implicit-fallthrough -isysroot /Applications/Xcode-27.0.0-Release.Candidate.app/Contents/Developer/Platforms/WatchOS.platform/Developer/SDKs/WatchOS27.0.sdk -fstrict-aliasing -Wdeprecated-declarations -Wno-sign-conversion -Wno-infinite-recursion -Wno-comma -Wno-block-capture-autoreleasing -Wno-strict-prototypes -Wno-semicolon-before-method-body -index-store-path /Users/admin/builder/spi-builder-workspace/.derivedData/Index.noindex/DataStore @/Users/admin/builder/spi-builder-workspace/.derivedData/Build/Intermediates.noindex/PerfectICONV.build/Debug-watchos/ICONVApi-t.build/Objects-normal/arm64_32/7187679823f38a2a940e0043cdf9d637-common-args.resp -MMD -MT dependencies -MF /Users/admin/builder/spi-builder-workspace/.derivedData/Build/Intermediates.noindex/PerfectICONV.build/Debug-watchos/ICONVApi-t.build/Objects-normal/arm64_32/ICONVApi.d --serialize-diagnostics /Users/admin/builder/spi-builder-workspace/.derivedData/Build/Intermediates.noindex/PerfectICONV.build/Debug-watchos/ICONVApi-t.build/Objects-normal/arm64_32/ICONVApi.dia -c /Users/admin/builder/spi-builder-workspace/.dependencies/checkouts/Perfect-ICONV/Sources/ICONVApi/ICONVApi.c -o /Users/admin/builder/spi-builder-workspace/.derivedData/Build/Intermediates.noindex/PerfectICONV.build/Debug-watchos/ICONVApi-t.build/Objects-normal/arm64_32/ICONVApi.o -index-unit-output-path /PerfectICONV.build/Debug-watchos/ICONVApi-t.build/Objects-normal/arm64_32/ICONVApi.o
ScanDependencies /Users/admin/builder/spi-builder-workspace/.derivedData/Build/Intermediates.noindex/PerfectICONV.build/Debug-watchos/ICONVApi-t.build/Objects-normal/arm64/ICONVApi.o /Users/admin/builder/spi-builder-workspace/.dependencies/checkouts/Perfect-ICONV/Sources/ICONVApi/ICONVApi.c normal arm64 c com.apple.compilers.llvm.clang.1_0.compiler (in target 'ICONVApi' from project 'PerfectICONV')
    cd /Users/admin/builder/spi-builder-workspace/.swiftpm/xcode

    Using response file: /Users/admin/builder/spi-builder-workspace/.derivedData/Build/Intermediates.noindex/PerfectICONV.build/Debug-watchos/ICONVApi-t.build/Objects-normal/arm64/7187679823f38a2a940e0043cdf9d637-common-args.resp

    builtin-ScanDependencies -o /Users/admin/builder/spi-builder-workspace/.derivedData/Build/Intermediates.noindex/PerfectICONV.build/Debug-watchos/ICONVApi-t.build/Objects-normal/arm64/ICONVApi.o.scan -- /Applications/Xcode-27.0.0-Release.Candidate.app/Contents/Developer/Toolchains/XcodeDefault.xctoolchain/usr/bin/clang -x c -ivfsstatcache /Users/admin/builder/spi-builder-workspace/.derivedData/SDKStatCaches.noindex/watchos27.0-24R360-e829b21a6f8c9b70876ba0858053c04477534ef55a1706bf4c1112bbb242f0a2.sdkstatcache -target arm64-apple-watchos9.0 -fmessage-length\=0 -fdiagnostics-show-note-include-stack -fmacro-backtrace-limit\=0 -fno-color-diagnostics -fmodules-prune-interval\=86400 -fmodules-prune-after\=345600 -fbuild-session-file\=/Users/admin/builder/spi-builder-workspace/.derivedData/ModuleCache.noindex/Session.modulevalidation -fmodules-validate-once-per-build-session -Wnon-modular-include-in-framework-module -Werror\=non-modular-include-in-framework-module -Wno-trigraphs -Wno-missing-field-initializers -Wno-missing-prototypes -Wno-return-type -Wno-missing-braces -Wparentheses -Wswitch -Wno-unused-function -Wno-unused-label -Wno-unused-parameter -Wno-unused-variable -Wunused-value -Wno-empty-body -Wno-uninitialized -Wno-unknown-pragmas -w -Wno-shadow -Wno-four-char-constants -Wno-conversion -Wno-constant-conversion -Wno-int-conversion -Wno-bool-conversion -Wno-enum-conversion -Wno-float-conversion -Wno-non-literal-null-conversion -Wno-objc-literal-conversion -Wshorten-64-to-32 -Wpointer-sign -Wno-newline-eof -Wno-implicit-fallthrough -isysroot /Applications/Xcode-27.0.0-Release.Candidate.app/Contents/Developer/Platforms/WatchOS.platform/Developer/SDKs/WatchOS27.0.sdk -fstrict-aliasing -Wdeprecated-declarations -Wno-sign-conversion -Wno-infinite-recursion -Wno-comma -Wno-block-capture-autoreleasing -Wno-strict-prototypes -Wno-semicolon-before-method-body -index-store-path /Users/admin/builder/spi-builder-workspace/.derivedData/Index.noindex/DataStore @/Users/admin/builder/spi-builder-workspace/.derivedData/Build/Intermediates.noindex/PerfectICONV.build/Debug-watchos/ICONVApi-t.build/Objects-normal/arm64/7187679823f38a2a940e0043cdf9d637-common-args.resp -MMD -MT dependencies -MF /Users/admin/builder/spi-builder-workspace/.derivedData/Build/Intermediates.noindex/PerfectICONV.build/Debug-watchos/ICONVApi-t.build/Objects-normal/arm64/ICONVApi.d --serialize-diagnostics /Users/admin/builder/spi-builder-workspace/.derivedData/Build/Intermediates.noindex/PerfectICONV.build/Debug-watchos/ICONVApi-t.build/Objects-normal/arm64/ICONVApi.dia -c /Users/admin/builder/spi-builder-workspace/.dependencies/checkouts/Perfect-ICONV/Sources/ICONVApi/ICONVApi.c -o /Users/admin/builder/spi-builder-workspace/.derivedData/Build/Intermediates.noindex/PerfectICONV.build/Debug-watchos/ICONVApi-t.build/Objects-normal/arm64/ICONVApi.o -index-unit-output-path /PerfectICONV.build/Debug-watchos/ICONVApi-t.build/Objects-normal/arm64/ICONVApi.o
SwiftDriver PerfectICONV normal arm64 com.apple.xcode.tools.swift.compiler (in target 'PerfectICONV' from project 'PerfectICONV')
    cd /Users/admin/builder/spi-builder-workspace/.swiftpm/xcode
    builtin-SwiftDriver -- /Applications/Xcode-27.0.0-Release.Candidate.app/Contents/Developer/Toolchains/XcodeDefault.xctoolchain/usr/bin/swiftc -parse-as-library -module-name PerfectICONV -Onone @/Users/admin/builder/spi-builder-workspace/.derivedData/Build/Intermediates.noindex/PerfectICONV.build/Debug-watchos/PerfectICONV-t.build/Objects-normal/arm64/PerfectICONV.SwiftFileList -DSWIFT_PACKAGE -DDEBUG -DSWIFT_MODULE_RESOURCE_BUNDLE_UNAVAILABLE -Xcc -fmodule-map-file\=/Users/admin/builder/spi-builder-workspace/.dependencies/checkouts/Perfect-ICONV/Sources/ICONVApi/include/module.modulemap -DXcode -plugin-path /Applications/Xcode-27.0.0-Release.Candidate.app/Contents/Developer/Toolchains/XcodeDefault.xctoolchain/usr/lib/swift/host/plugins/testing -enable-experimental-feature DebugDescriptionMacro -sdk /Applications/Xcode-27.0.0-Release.Candidate.app/Contents/Developer/Platforms/WatchOS.platform/Developer/SDKs/WatchOS27.0.sdk -target arm64-apple-watchos9.0 -g -module-cache-path /Users/admin/builder/spi-builder-workspace/.derivedData/ModuleCache.noindex -Xfrontend -serialize-debugging-options -profile-coverage-mapping -profile-generate -enable-testing -suppress-warnings -index-store-path /Users/admin/builder/spi-builder-workspace/.derivedData/Index.noindex/DataStore -Xcc -D_LIBCPP_HARDENING_MODE\=_LIBCPP_HARDENING_MODE_DEBUG -swift-version 4 -I /Users/admin/builder/spi-builder-workspace/.derivedData/Build/Products/Debug-watchos -Isystem /Applications/Xcode-27.0.0-Release.Candidate.app/Contents/Developer/Platforms/WatchOS.platform/Developer/usr/lib -F /Users/admin/builder/spi-builder-workspace/.derivedData/Build/Products/Debug-watchos/PackageFrameworks -F /Users/admin/builder/spi-builder-workspace/.derivedData/Build/Products/Debug-watchos -F /Applications/Xcode-27.0.0-Release.Candidate.app/Contents/Developer/Platforms/WatchOS.platform/Developer/Library/Frameworks -F /Applications/Xcode-27.0.0-Release.Candidate.app/Contents/Developer/Platforms/WatchOS.platform/Developer/SDKs/WatchOS27.0.sdk/Developer/Library/Frameworks -c -j10 -enable-batch-mode -incremental -Xcc -ivfsstatcache -Xcc /Users/admin/builder/spi-builder-workspace/.derivedData/SDKStatCaches.noindex/watchos27.0-24R360-e829b21a6f8c9b70876ba0858053c04477534ef55a1706bf4c1112bbb242f0a2.sdkstatcache -output-file-map /Users/admin/builder/spi-builder-workspace/.derivedData/Build/Intermediates.noindex/PerfectICONV.build/Debug-watchos/PerfectICONV-t.build/Objects-normal/arm64/PerfectICONV-OutputFileMap.json -save-temps -no-color-diagnostics -emit-dependencies -emit-module -emit-module-path /Users/admin/builder/spi-builder-workspace/.derivedData/Build/Intermediates.noindex/PerfectICONV.build/Debug-watchos/PerfectICONV-t.build/Objects-normal/arm64/PerfectICONV.swiftmodule -serialize-diagnostics -validate-clang-modules-once -clang-build-session-file /Users/admin/builder/spi-builder-workspace/.derivedData/ModuleCache.noindex/Session.modulevalidation -Xcc -fmodules-prune-interval\=86400 -Xcc -fmodules-prune-after\=345600 -emit-const-values -const-gather-protocols-list /Users/admin/builder/spi-builder-workspace/.derivedData/Build/Intermediates.noindex/PerfectICONV.build/Debug-watchos/PerfectICONV-t.build/Objects-normal/arm64/PerfectICONV_const_extract_protocols.json -Xcc -I/Users/admin/builder/spi-builder-workspace/.dependencies/checkouts/Perfect-ICONV/Sources/ICONVApi/include -Xcc -I/Users/admin/builder/spi-builder-workspace/.derivedData/Build/Products/Debug-watchos/include -Xcc -I/Users/admin/builder/spi-builder-workspace/.derivedData/Build/Intermediates.noindex/PerfectICONV.build/Debug-watchos/PerfectICONV-t.build/DerivedSources-normal/arm64 -Xcc -I/Users/admin/builder/spi-builder-workspace/.derivedData/Build/Intermediates.noindex/PerfectICONV.build/Debug-watchos/PerfectICONV-t.build/DerivedSources/arm64 -Xcc -I/Users/admin/builder/spi-builder-workspace/.derivedData/Build/Intermediates.noindex/PerfectICONV.build/Debug-watchos/PerfectICONV-t.build/DerivedSources -Xcc -DSWIFT_PACKAGE -Xcc -DDEBUG\=1 -emit-objc-header -emit-objc-header-path /Users/admin/builder/spi-builder-workspace/.derivedData/Build/Intermediates.noindex/PerfectICONV.build/Debug-watchos/PerfectICONV-t.build/Objects-normal/arm64/PerfectICONV-Swift.h -working-directory /Users/admin/builder/spi-builder-workspace/.swiftpm/xcode -experimental-emit-module-separately -disable-cmo
SwiftDriver PerfectICONV normal arm64_32 com.apple.xcode.tools.swift.compiler (in target 'PerfectICONV' from project 'PerfectICONV')
    cd /Users/admin/builder/spi-builder-workspace/.swiftpm/xcode
    builtin-SwiftDriver -- /Applications/Xcode-27.0.0-Release.Candidate.app/Contents/Developer/Toolchains/XcodeDefault.xctoolchain/usr/bin/swiftc -parse-as-library -module-name PerfectICONV -Onone @/Users/admin/builder/spi-builder-workspace/.derivedData/Build/Intermediates.noindex/PerfectICONV.build/Debug-watchos/PerfectICONV-t.build/Objects-normal/arm64_32/PerfectICONV.SwiftFileList -DSWIFT_PACKAGE -DDEBUG -DSWIFT_MODULE_RESOURCE_BUNDLE_UNAVAILABLE -Xcc -fmodule-map-file\=/Users/admin/builder/spi-builder-workspace/.dependencies/checkouts/Perfect-ICONV/Sources/ICONVApi/include/module.modulemap -DXcode -plugin-path /Applications/Xcode-27.0.0-Release.Candidate.app/Contents/Developer/Toolchains/XcodeDefault.xctoolchain/usr/lib/swift/host/plugins/testing -enable-experimental-feature DebugDescriptionMacro -sdk /Applications/Xcode-27.0.0-Release.Candidate.app/Contents/Developer/Platforms/WatchOS.platform/Developer/SDKs/WatchOS27.0.sdk -target arm64_32-apple-watchos9.0 -g -module-cache-path /Users/admin/builder/spi-builder-workspace/.derivedData/ModuleCache.noindex -Xfrontend -serialize-debugging-options -profile-coverage-mapping -profile-generate -enable-testing -suppress-warnings -index-store-path /Users/admin/builder/spi-builder-workspace/.derivedData/Index.noindex/DataStore -Xcc -D_LIBCPP_HARDENING_MODE\=_LIBCPP_HARDENING_MODE_DEBUG -swift-version 4 -I /Users/admin/builder/spi-builder-workspace/.derivedData/Build/Products/Debug-watchos -Isystem /Applications/Xcode-27.0.0-Release.Candidate.app/Contents/Developer/Platforms/WatchOS.platform/Developer/usr/lib -F /Users/admin/builder/spi-builder-workspace/.derivedData/Build/Products/Debug-watchos/PackageFrameworks -F /Users/admin/builder/spi-builder-workspace/.derivedData/Build/Products/Debug-watchos -F /Applications/Xcode-27.0.0-Release.Candidate.app/Contents/Developer/Platforms/WatchOS.platform/Developer/Library/Frameworks -F /Applications/Xcode-27.0.0-Release.Candidate.app/Contents/Developer/Platforms/WatchOS.platform/Developer/SDKs/WatchOS27.0.sdk/Developer/Library/Frameworks -c -j10 -enable-batch-mode -incremental -Xcc -ivfsstatcache -Xcc /Users/admin/builder/spi-builder-workspace/.derivedData/SDKStatCaches.noindex/watchos27.0-24R360-e829b21a6f8c9b70876ba0858053c04477534ef55a1706bf4c1112bbb242f0a2.sdkstatcache -output-file-map /Users/admin/builder/spi-builder-workspace/.derivedData/Build/Intermediates.noindex/PerfectICONV.build/Debug-watchos/PerfectICONV-t.build/Objects-normal/arm64_32/PerfectICONV-OutputFileMap.json -save-temps -no-color-diagnostics -emit-dependencies -emit-module -emit-module-path /Users/admin/builder/spi-builder-workspace/.derivedData/Build/Intermediates.noindex/PerfectICONV.build/Debug-watchos/PerfectICONV-t.build/Objects-normal/arm64_32/PerfectICONV.swiftmodule -serialize-diagnostics -validate-clang-modules-once -clang-build-session-file /Users/admin/builder/spi-builder-workspace/.derivedData/ModuleCache.noindex/Session.modulevalidation -Xcc -fmodules-prune-interval\=86400 -Xcc -fmodules-prune-after\=345600 -emit-const-values -const-gather-protocols-list /Users/admin/builder/spi-builder-workspace/.derivedData/Build/Intermediates.noindex/PerfectICONV.build/Debug-watchos/PerfectICONV-t.build/Objects-normal/arm64_32/PerfectICONV_const_extract_protocols.json -Xcc -I/Users/admin/builder/spi-builder-workspace/.dependencies/checkouts/Perfect-ICONV/Sources/ICONVApi/include -Xcc -I/Users/admin/builder/spi-builder-workspace/.derivedData/Build/Products/Debug-watchos/include -Xcc -I/Users/admin/builder/spi-builder-workspace/.derivedData/Build/Intermediates.noindex/PerfectICONV.build/Debug-watchos/PerfectICONV-t.build/DerivedSources-normal/arm64_32 -Xcc -I/Users/admin/builder/spi-builder-workspace/.derivedData/Build/Intermediates.noindex/PerfectICONV.build/Debug-watchos/PerfectICONV-t.build/DerivedSources/arm64_32 -Xcc -I/Users/admin/builder/spi-builder-workspace/.derivedData/Build/Intermediates.noindex/PerfectICONV.build/Debug-watchos/PerfectICONV-t.build/DerivedSources -Xcc -DSWIFT_PACKAGE -Xcc -DDEBUG\=1 -emit-objc-header -emit-objc-header-path /Users/admin/builder/spi-builder-workspace/.derivedData/Build/Intermediates.noindex/PerfectICONV.build/Debug-watchos/PerfectICONV-t.build/Objects-normal/arm64_32/PerfectICONV-Swift.h -working-directory /Users/admin/builder/spi-builder-workspace/.swiftpm/xcode -experimental-emit-module-separately -disable-cmo
CompileC /Users/admin/builder/spi-builder-workspace/.derivedData/Build/Intermediates.noindex/PerfectICONV.build/Debug-watchos/ICONVApi-t.build/Objects-normal/arm64_32/ICONVApi.o /Users/admin/builder/spi-builder-workspace/.dependencies/checkouts/Perfect-ICONV/Sources/ICONVApi/ICONVApi.c normal arm64_32 c com.apple.compilers.llvm.clang.1_0.compiler (in target 'ICONVApi' from project 'PerfectICONV')
    cd /Users/admin/builder/spi-builder-workspace/.swiftpm/xcode

    Using response file: /Users/admin/builder/spi-builder-workspace/.derivedData/Build/Intermediates.noindex/PerfectICONV.build/Debug-watchos/ICONVApi-t.build/Objects-normal/arm64_32/7187679823f38a2a940e0043cdf9d637-common-args.resp

    /Applications/Xcode-27.0.0-Release.Candidate.app/Contents/Developer/Toolchains/XcodeDefault.xctoolchain/usr/bin/clang -x c -ivfsstatcache /Users/admin/builder/spi-builder-workspace/.derivedData/SDKStatCaches.noindex/watchos27.0-24R360-e829b21a6f8c9b70876ba0858053c04477534ef55a1706bf4c1112bbb242f0a2.sdkstatcache -target arm64_32-apple-watchos9.0 -fmessage-length\=0 -fdiagnostics-show-note-include-stack -fmacro-backtrace-limit\=0 -fno-color-diagnostics -fmodules-prune-interval\=86400 -fmodules-prune-after\=345600 -fbuild-session-file\=/Users/admin/builder/spi-builder-workspace/.derivedData/ModuleCache.noindex/Session.modulevalidation -fmodules-validate-once-per-build-session -Wnon-modular-include-in-framework-module -Werror\=non-modular-include-in-framework-module -Wno-trigraphs -Wno-missing-field-initializers -Wno-missing-prototypes -Wno-return-type -Wno-missing-braces -Wparentheses -Wswitch -Wno-unused-function -Wno-unused-label -Wno-unused-parameter -Wno-unused-variable -Wunused-value -Wno-empty-body -Wno-uninitialized -Wno-unknown-pragmas -w -Wno-shadow -Wno-four-char-constants -Wno-conversion -Wno-constant-conversion -Wno-int-conversion -Wno-bool-conversion -Wno-enum-conversion -Wno-float-conversion -Wno-non-literal-null-conversion -Wno-objc-literal-conversion -Wno-shorten-64-to-32 -Wpointer-sign -Wno-newline-eof -Wno-implicit-fallthrough -isysroot /Applications/Xcode-27.0.0-Release.Candidate.app/Contents/Developer/Platforms/WatchOS.platform/Developer/SDKs/WatchOS27.0.sdk -fstrict-aliasing -Wdeprecated-declarations -Wno-sign-conversion -Wno-infinite-recursion -Wno-comma -Wno-block-capture-autoreleasing -Wno-strict-prototypes -Wno-semicolon-before-method-body -index-store-path /Users/admin/builder/spi-builder-workspace/.derivedData/Index.noindex/DataStore @/Users/admin/builder/spi-builder-workspace/.derivedData/Build/Intermediates.noindex/PerfectICONV.build/Debug-watchos/ICONVApi-t.build/Objects-normal/arm64_32/7187679823f38a2a940e0043cdf9d637-common-args.resp -MMD -MT dependencies -MF /Users/admin/builder/spi-builder-workspace/.derivedData/Build/Intermediates.noindex/PerfectICONV.build/Debug-watchos/ICONVApi-t.build/Objects-normal/arm64_32/ICONVApi.d --serialize-diagnostics /Users/admin/builder/spi-builder-workspace/.derivedData/Build/Intermediates.noindex/PerfectICONV.build/Debug-watchos/ICONVApi-t.build/Objects-normal/arm64_32/ICONVApi.dia -c /Users/admin/builder/spi-builder-workspace/.dependencies/checkouts/Perfect-ICONV/Sources/ICONVApi/ICONVApi.c -o /Users/admin/builder/spi-builder-workspace/.derivedData/Build/Intermediates.noindex/PerfectICONV.build/Debug-watchos/ICONVApi-t.build/Objects-normal/arm64_32/ICONVApi.o -index-unit-output-path /PerfectICONV.build/Debug-watchos/ICONVApi-t.build/Objects-normal/arm64_32/ICONVApi.o
CompileC /Users/admin/builder/spi-builder-workspace/.derivedData/Build/Intermediates.noindex/PerfectICONV.build/Debug-watchos/ICONVApi-t.build/Objects-normal/arm64/ICONVApi.o /Users/admin/builder/spi-builder-workspace/.dependencies/checkouts/Perfect-ICONV/Sources/ICONVApi/ICONVApi.c normal arm64 c com.apple.compilers.llvm.clang.1_0.compiler (in target 'ICONVApi' from project 'PerfectICONV')
    cd /Users/admin/builder/spi-builder-workspace/.swiftpm/xcode

    Using response file: /Users/admin/builder/spi-builder-workspace/.derivedData/Build/Intermediates.noindex/PerfectICONV.build/Debug-watchos/ICONVApi-t.build/Objects-normal/arm64/7187679823f38a2a940e0043cdf9d637-common-args.resp

    /Applications/Xcode-27.0.0-Release.Candidate.app/Contents/Developer/Toolchains/XcodeDefault.xctoolchain/usr/bin/clang -x c -ivfsstatcache /Users/admin/builder/spi-builder-workspace/.derivedData/SDKStatCaches.noindex/watchos27.0-24R360-e829b21a6f8c9b70876ba0858053c04477534ef55a1706bf4c1112bbb242f0a2.sdkstatcache -target arm64-apple-watchos9.0 -fmessage-length\=0 -fdiagnostics-show-note-include-stack -fmacro-backtrace-limit\=0 -fno-color-diagnostics -fmodules-prune-interval\=86400 -fmodules-prune-after\=345600 -fbuild-session-file\=/Users/admin/builder/spi-builder-workspace/.derivedData/ModuleCache.noindex/Session.modulevalidation -fmodules-validate-once-per-build-session -Wnon-modular-include-in-framework-module -Werror\=non-modular-include-in-framework-module -Wno-trigraphs -Wno-missing-field-initializers -Wno-missing-prototypes -Wno-return-type -Wno-missing-braces -Wparentheses -Wswitch -Wno-unused-function -Wno-unused-label -Wno-unused-parameter -Wno-unused-variable -Wunused-value -Wno-empty-body -Wno-uninitialized -Wno-unknown-pragmas -w -Wno-shadow -Wno-four-char-constants -Wno-conversion -Wno-constant-conversion -Wno-int-conversion -Wno-bool-conversion -Wno-enum-conversion -Wno-float-conversion -Wno-non-literal-null-conversion -Wno-objc-literal-conversion -Wshorten-64-to-32 -Wpointer-sign -Wno-newline-eof -Wno-implicit-fallthrough -isysroot /Applications/Xcode-27.0.0-Release.Candidate.app/Contents/Developer/Platforms/WatchOS.platform/Developer/SDKs/WatchOS27.0.sdk -fstrict-aliasing -Wdeprecated-declarations -Wno-sign-conversion -Wno-infinite-recursion -Wno-comma -Wno-block-capture-autoreleasing -Wno-strict-prototypes -Wno-semicolon-before-method-body -index-store-path /Users/admin/builder/spi-builder-workspace/.derivedData/Index.noindex/DataStore @/Users/admin/builder/spi-builder-workspace/.derivedData/Build/Intermediates.noindex/PerfectICONV.build/Debug-watchos/ICONVApi-t.build/Objects-normal/arm64/7187679823f38a2a940e0043cdf9d637-common-args.resp -MMD -MT dependencies -MF /Users/admin/builder/spi-builder-workspace/.derivedData/Build/Intermediates.noindex/PerfectICONV.build/Debug-watchos/ICONVApi-t.build/Objects-normal/arm64/ICONVApi.d --serialize-diagnostics /Users/admin/builder/spi-builder-workspace/.derivedData/Build/Intermediates.noindex/PerfectICONV.build/Debug-watchos/ICONVApi-t.build/Objects-normal/arm64/ICONVApi.dia -c /Users/admin/builder/spi-builder-workspace/.dependencies/checkouts/Perfect-ICONV/Sources/ICONVApi/ICONVApi.c -o /Users/admin/builder/spi-builder-workspace/.derivedData/Build/Intermediates.noindex/PerfectICONV.build/Debug-watchos/ICONVApi-t.build/Objects-normal/arm64/ICONVApi.o -index-unit-output-path /PerfectICONV.build/Debug-watchos/ICONVApi-t.build/Objects-normal/arm64/ICONVApi.o
SwiftEmitModule normal arm64_32 Emitting\ module\ for\ PerfectICONV (in target 'PerfectICONV' from project 'PerfectICONV')
SwiftCompile normal arm64_32 (in target 'PerfectICONV' from project 'PerfectICONV')
    cd /Users/admin/builder/spi-builder-workspace/.swiftpm/xcode

/Users/admin/builder/spi-builder-workspace/.dependencies/checkouts/Perfect-ICONV/Sources/ICONVApi/include/module.modulemap:2:10: error: header '/Applications/Xcode.app/Contents/Developer/Platforms/MacOSX.platform/Developer/SDKs/MacOSX.sdk/usr/include/iconv.h' not found
1 | module ICONVApi [system] {
2 |   header "/Applications/Xcode.app/Contents/Developer/Platforms/MacOSX.platform/Developer/SDKs/MacOSX.sdk/usr/include/iconv.h"
  |          `- error: header '/Applications/Xcode.app/Contents/Developer/Platforms/MacOSX.platform/Developer/SDKs/MacOSX.sdk/usr/include/iconv.h' not found
3 |   link "iconv"
4 |   export *
/Users/admin/builder/spi-builder-workspace/.dependencies/checkouts/Perfect-ICONV/Sources/PerfectICONV/PerfectICONV.swift:22:8: error: could not build Objective-C module 'ICONVApi'
 20 | import ICONVApiLinux
 21 | #else
 22 | import ICONVApi
    |        `- error: could not build Objective-C module 'ICONVApi'
 23 | #endif
 24 |
Failed frontend command:
/Applications/Xcode-27.0.0-Release.Candidate.app/Contents/Developer/Toolchains/XcodeDefault.xctoolchain/usr/bin/swift-frontend -frontend -emit-module -experimental-skip-non-inlinable-function-bodies-without-types /Users/admin/builder/spi-builder-workspace/.dependencies/checkouts/Perfect-ICONV/Sources/PerfectICONV/PerfectICONV.swift -target arm64_32-apple-watchos9.0 -enable-objc-interop -sdk /Applications/Xcode-27.0.0-Release.Candidate.app/Contents/Developer/Platforms/WatchOS.platform/Developer/SDKs/WatchOS27.0.sdk -I /Users/admin/builder/spi-builder-workspace/.derivedData/Build/Products/Debug-watchos -Isystem /Applications/Xcode-27.0.0-Release.Candidate.app/Contents/Developer/Platforms/WatchOS.platform/Developer/usr/lib -F /Users/admin/builder/spi-builder-workspace/.derivedData/Build/Products/Debug-watchos/PackageFrameworks -F /Users/admin/builder/spi-builder-workspace/.derivedData/Build/Products/Debug-watchos -F /Applications/Xcode-27.0.0-Release.Candidate.app/Contents/Developer/Platforms/WatchOS.platform/Developer/Library/Frameworks -F /Applications/Xcode-27.0.0-Release.Candidate.app/Contents/Developer/Platforms/WatchOS.platform/Developer/SDKs/WatchOS27.0.sdk/Developer/Library/Frameworks -module-cache-path /Users/admin/builder/spi-builder-workspace/.derivedData/ModuleCache.noindex -no-color-diagnostics -Xcc -fno-color-diagnostics -enable-testing -g -debug-info-format\=dwarf -dwarf-version\=4 -suppress-warnings -profile-generate -profile-coverage-mapping -swift-version 4 -Onone -D SWIFT_PACKAGE -D DEBUG -D SWIFT_MODULE_RESOURCE_BUNDLE_UNAVAILABLE -D Xcode -serialize-debugging-options -enable-experimental-feature DebugDescriptionMacro -empty-abi-descriptor -plugin-path /Applications/Xcode-27.0.0-Release.Candidate.app/Contents/Developer/Toolchains/XcodeDefault.xctoolchain/usr/lib/swift/host/plugins/testing -validate-clang-modules-once -clang-build-session-file /Users/admin/builder/spi-builder-workspace/.derivedData/ModuleCache.noindex/Session.modulevalidation -Xcc -working-directory -Xcc /Users/admin/builder/spi-builder-workspace/.swiftpm/xcode -enable-anonymous-context-mangled-names -file-compilation-dir /Users/admin/builder/spi-builder-workspace/.swiftpm/xcode -Xcc -fmodule-map-file\=/Users/admin/builder/spi-builder-workspace/.dependencies/checkouts/Perfect-ICONV/Sources/ICONVApi/include/module.modulemap -Xcc -D_LIBCPP_HARDENING_MODE\=_LIBCPP_HARDENING_MODE_DEBUG -Xcc -ivfsstatcache -Xcc /Users/admin/builder/spi-builder-workspace/.derivedData/SDKStatCaches.noindex/watchos27.0-24R360-e829b21a6f8c9b70876ba0858053c04477534ef55a1706bf4c1112bbb242f0a2.sdkstatcache -Xcc -fmodules-prune-interval\=86400 -Xcc -fmodules-prune-after\=345600 -Xcc -I/Users/admin/builder/spi-builder-workspace/.dependencies/checkouts/Perfect-ICONV/Sources/ICONVApi/include -Xcc -I/Users/admin/builder/spi-builder-workspace/.derivedData/Build/Products/Debug-watchos/include -Xcc -I/Users/admin/builder/spi-builder-workspace/.derivedData/Build/Intermediates.noindex/PerfectICONV.build/Debug-watchos/PerfectICONV-t.build/DerivedSources-normal/arm64_32 -Xcc -I/Users/admin/builder/spi-builder-workspace/.derivedData/Build/Intermediates.noindex/PerfectICONV.build/Debug-watchos/PerfectICONV-t.build/DerivedSources/arm64_32 -Xcc -I/Users/admin/builder/spi-builder-workspace/.derivedData/Build/Intermediates.noindex/PerfectICONV.build/Debug-watchos/PerfectICONV-t.build/DerivedSources -Xcc -DSWIFT_PACKAGE -Xcc -DDEBUG\=1 -no-auto-bridging-header-chaining -module-name PerfectICONV -const-gather-protocols-file /Users/admin/builder/spi-builder-workspace/.derivedData/Build/Intermediates.noindex/PerfectICONV.build/Debug-watchos/PerfectICONV-t.build/Objects-normal/arm64_32/PerfectICONV_const_extract_protocols.json -disable-clang-spi -target-sdk-version 27.0 -target-sdk-name watchos27.0 -external-plugin-path /Applications/Xcode-27.0.0-Release.Candidate.app/Contents/Developer/Platforms/WatchOS.platform/Developer/usr/lib/swift/host/plugins\#/Applications/Xcode-27.0.0-Release.Candidate.app/Contents/Developer/Platforms/WatchOS.platform/Developer/usr/bin/swift-plugin-server -external-plugin-path /Applications/Xcode-27.0.0-Release.Candidate.app/Contents/Developer/Platforms/WatchOS.platform/Developer/usr/local/lib/swift/host/plugins\#/Applications/Xcode-27.0.0-Release.Candidate.app/Contents/Developer/Platforms/WatchOS.platform/Developer/usr/bin/swift-plugin-server -in-process-plugin-server-path /Applications/Xcode-27.0.0-Release.Candidate.app/Contents/Developer/Toolchains/XcodeDefault.xctoolchain/usr/lib/swift/host/libSwiftInProcPluginServer.dylib -plugin-path /Applications/Xcode-27.0.0-Release.Candidate.app/Contents/Developer/Toolchains/XcodeDefault.xctoolchain/usr/lib/swift/host/plugins -plugin-path /Applications/Xcode-27.0.0-Release.Candidate.app/Contents/Developer/Toolchains/XcodeDefault.xctoolchain/usr/local/lib/swift/host/plugins -emit-module-doc-path /Users/admin/builder/spi-builder-workspace/.derivedData/Build/Intermediates.noindex/PerfectICONV.build/Debug-watchos/PerfectICONV-t.build/Objects-normal/arm64_32/PerfectICONV.swiftdoc -emit-module-source-info-path /Users/admin/builder/spi-builder-workspace/.derivedData/Build/Intermediates.noindex/PerfectICONV.build/Debug-watchos/PerfectICONV-t.build/Objects-normal/arm64_32/PerfectICONV.swiftsourceinfo -emit-objc-header-path /Users/admin/builder/spi-builder-workspace/.derivedData/Build/Intermediates.noindex/PerfectICONV.build/Debug-watchos/PerfectICONV-t.build/Objects-normal/arm64_32/PerfectICONV-Swift.h -serialize-diagnostics-path /Users/admin/builder/spi-builder-workspace/.derivedData/Build/Intermediates.noindex/PerfectICONV.build/Debug-watchos/PerfectICONV-t.build/Objects-normal/arm64_32/PerfectICONV-primary-emit-module.dia -emit-dependencies-path /Users/admin/builder/spi-builder-workspace/.derivedData/Build/Intermediates.noindex/PerfectICONV.build/Debug-watchos/PerfectICONV-t.build/Objects-normal/arm64_32/PerfectICONV-primary-emit-module.d -parse-as-library -o /Users/admin/builder/spi-builder-workspace/.derivedData/Build/Intermediates.noindex/PerfectICONV.build/Debug-watchos/PerfectICONV-t.build/Objects-normal/arm64_32/PerfectICONV.swiftmodule -emit-abi-descriptor-path /Users/admin/builder/spi-builder-workspace/.derivedData/Build/Intermediates.noindex/PerfectICONV.build/Debug-watchos/PerfectICONV-t.build/Objects-normal/arm64_32/PerfectICONV.abi.json
SwiftCompile normal arm64_32 Compiling\ PerfectICONV.swift /Users/admin/builder/spi-builder-workspace/.dependencies/checkouts/Perfect-ICONV/Sources/PerfectICONV/PerfectICONV.swift (in target 'PerfectICONV' from project 'PerfectICONV')
SwiftCompile normal arm64_32 /Users/admin/builder/spi-builder-workspace/.dependencies/checkouts/Perfect-ICONV/Sources/PerfectICONV/PerfectICONV.swift (in target 'PerfectICONV' from project 'PerfectICONV')
    cd /Users/admin/builder/spi-builder-workspace/.swiftpm/xcode
    builtin-SwiftPerFileCompile PerfectICONV.swift
/Users/admin/builder/spi-builder-workspace/.dependencies/checkouts/Perfect-ICONV/Sources/ICONVApi/include/module.modulemap:2:10: error: header '/Applications/Xcode.app/Contents/Developer/Platforms/MacOSX.platform/Developer/SDKs/MacOSX.sdk/usr/include/iconv.h' not found
1 | module ICONVApi [system] {
2 |   header "/Applications/Xcode.app/Contents/Developer/Platforms/MacOSX.platform/Developer/SDKs/MacOSX.sdk/usr/include/iconv.h"
  |          `- error: header '/Applications/Xcode.app/Contents/Developer/Platforms/MacOSX.platform/Developer/SDKs/MacOSX.sdk/usr/include/iconv.h' not found
3 |   link "iconv"
4 |   export *
SwiftEmitModule normal arm64 Emitting\ module\ for\ PerfectICONV (in target 'PerfectICONV' from project 'PerfectICONV')
/Users/admin/builder/spi-builder-workspace/.dependencies/checkouts/Perfect-ICONV/Sources/ICONVApi/include/module.modulemap:2:10: error: header '/Applications/Xcode.app/Contents/Developer/Platforms/MacOSX.platform/Developer/SDKs/MacOSX.sdk/usr/include/iconv.h' not found
1 | module ICONVApi [system] {
2 |   header "/Applications/Xcode.app/Contents/Developer/Platforms/MacOSX.platform/Developer/SDKs/MacOSX.sdk/usr/include/iconv.h"
  |          `- error: header '/Applications/Xcode.app/Contents/Developer/Platforms/MacOSX.platform/Developer/SDKs/MacOSX.sdk/usr/include/iconv.h' not found
3 |   link "iconv"
4 |   export *
/Users/admin/builder/spi-builder-workspace/.dependencies/checkouts/Perfect-ICONV/Sources/PerfectICONV/PerfectICONV.swift:22:8: error: could not build Objective-C module 'ICONVApi'
 20 | import ICONVApiLinux
 21 | #else
 22 | import ICONVApi
    |        `- error: could not build Objective-C module 'ICONVApi'
 23 | #endif
 24 |
Failed frontend command:
/Applications/Xcode-27.0.0-Release.Candidate.app/Contents/Developer/Toolchains/XcodeDefault.xctoolchain/usr/bin/swift-frontend -frontend -emit-module -experimental-skip-non-inlinable-function-bodies-without-types /Users/admin/builder/spi-builder-workspace/.dependencies/checkouts/Perfect-ICONV/Sources/PerfectICONV/PerfectICONV.swift -target arm64-apple-watchos9.0 -Xllvm -aarch64-use-tbi -enable-objc-interop -stack-check -sdk /Applications/Xcode-27.0.0-Release.Candidate.app/Contents/Developer/Platforms/WatchOS.platform/Developer/SDKs/WatchOS27.0.sdk -I /Users/admin/builder/spi-builder-workspace/.derivedData/Build/Products/Debug-watchos -Isystem /Applications/Xcode-27.0.0-Release.Candidate.app/Contents/Developer/Platforms/WatchOS.platform/Developer/usr/lib -F /Users/admin/builder/spi-builder-workspace/.derivedData/Build/Products/Debug-watchos/PackageFrameworks -F /Users/admin/builder/spi-builder-workspace/.derivedData/Build/Products/Debug-watchos -F /Applications/Xcode-27.0.0-Release.Candidate.app/Contents/Developer/Platforms/WatchOS.platform/Developer/Library/Frameworks -F /Applications/Xcode-27.0.0-Release.Candidate.app/Contents/Developer/Platforms/WatchOS.platform/Developer/SDKs/WatchOS27.0.sdk/Developer/Library/Frameworks -module-cache-path /Users/admin/builder/spi-builder-workspace/.derivedData/ModuleCache.noindex -no-color-diagnostics -Xcc -fno-color-diagnostics -enable-testing -g -debug-info-format\=dwarf -dwarf-version\=4 -suppress-warnings -profile-generate -profile-coverage-mapping -swift-version 4 -Onone -D SWIFT_PACKAGE -D DEBUG -D SWIFT_MODULE_RESOURCE_BUNDLE_UNAVAILABLE -D Xcode -serialize-debugging-options -enable-experimental-feature DebugDescriptionMacro -empty-abi-descriptor -plugin-path /Applications/Xcode-27.0.0-Release.Candidate.app/Contents/Developer/Toolchains/XcodeDefault.xctoolchain/usr/lib/swift/host/plugins/testing -validate-clang-modules-once -clang-build-session-file /Users/admin/builder/spi-builder-workspace/.derivedData/ModuleCache.noindex/Session.modulevalidation -Xcc -working-directory -Xcc /Users/admin/builder/spi-builder-workspace/.swiftpm/xcode -enable-anonymous-context-mangled-names -file-compilation-dir /Users/admin/builder/spi-builder-workspace/.swiftpm/xcode -Xcc -fmodule-map-file\=/Users/admin/builder/spi-builder-workspace/.dependencies/checkouts/Perfect-ICONV/Sources/ICONVApi/include/module.modulemap -Xcc -D_LIBCPP_HARDENING_MODE\=_LIBCPP_HARDENING_MODE_DEBUG -Xcc -ivfsstatcache -Xcc /Users/admin/builder/spi-builder-workspace/.derivedData/SDKStatCaches.noindex/watchos27.0-24R360-e829b21a6f8c9b70876ba0858053c04477534ef55a1706bf4c1112bbb242f0a2.sdkstatcache -Xcc -fmodules-prune-interval\=86400 -Xcc -fmodules-prune-after\=345600 -Xcc -I/Users/admin/builder/spi-builder-workspace/.dependencies/checkouts/Perfect-ICONV/Sources/ICONVApi/include -Xcc -I/Users/admin/builder/spi-builder-workspace/.derivedData/Build/Products/Debug-watchos/include -Xcc -I/Users/admin/builder/spi-builder-workspace/.derivedData/Build/Intermediates.noindex/PerfectICONV.build/Debug-watchos/PerfectICONV-t.build/DerivedSources-normal/arm64 -Xcc -I/Users/admin/builder/spi-builder-workspace/.derivedData/Build/Intermediates.noindex/PerfectICONV.build/Debug-watchos/PerfectICONV-t.build/DerivedSources/arm64 -Xcc -I/Users/admin/builder/spi-builder-workspace/.derivedData/Build/Intermediates.noindex/PerfectICONV.build/Debug-watchos/PerfectICONV-t.build/DerivedSources -Xcc -DSWIFT_PACKAGE -Xcc -DDEBUG\=1 -no-auto-bridging-header-chaining -module-name PerfectICONV -const-gather-protocols-file /Users/admin/builder/spi-builder-workspace/.derivedData/Build/Intermediates.noindex/PerfectICONV.build/Debug-watchos/PerfectICONV-t.build/Objects-normal/arm64/PerfectICONV_const_extract_protocols.json -disable-clang-spi -target-sdk-version 27.0 -target-sdk-name watchos27.0 -external-plugin-path /Applications/Xcode-27.0.0-Release.Candidate.app/Contents/Developer/Platforms/WatchOS.platform/Developer/usr/lib/swift/host/plugins\#/Applications/Xcode-27.0.0-Release.Candidate.app/Contents/Developer/Platforms/WatchOS.platform/Developer/usr/bin/swift-plugin-server -external-plugin-path /Applications/Xcode-27.0.0-Release.Candidate.app/Contents/Developer/Platforms/WatchOS.platform/Developer/usr/local/lib/swift/host/plugins\#/Applications/Xcode-27.0.0-Release.Candidate.app/Contents/Developer/Platforms/WatchOS.platform/Developer/usr/bin/swift-plugin-server -in-process-plugin-server-path /Applications/Xcode-27.0.0-Release.Candidate.app/Contents/Developer/Toolchains/XcodeDefault.xctoolchain/usr/lib/swift/host/libSwiftInProcPluginServer.dylib -plugin-path /Applications/Xcode-27.0.0-Release.Candidate.app/Contents/Developer/Toolchains/XcodeDefault.xctoolchain/usr/lib/swift/host/plugins -plugin-path /Applications/Xcode-27.0.0-Release.Candidate.app/Contents/Developer/Toolchains/XcodeDefault.xctoolchain/usr/local/lib/swift/host/plugins -emit-module-doc-path /Users/admin/builder/spi-builder-workspace/.derivedData/Build/Intermediates.noindex/PerfectICONV.build/Debug-watchos/PerfectICONV-t.build/Objects-normal/arm64/PerfectICONV.swiftdoc -emit-module-source-info-path /Users/admin/builder/spi-builder-workspace/.derivedData/Build/Intermediates.noindex/PerfectICONV.build/Debug-watchos/PerfectICONV-t.build/Objects-normal/arm64/PerfectICONV.swiftsourceinfo -emit-objc-header-path /Users/admin/builder/spi-builder-workspace/.derivedData/Build/Intermediates.noindex/PerfectICONV.build/Debug-watchos/PerfectICONV-t.build/Objects-normal/arm64/PerfectICONV-Swift.h -serialize-diagnostics-path /Users/admin/builder/spi-builder-workspace/.derivedData/Build/Intermediates.noindex/PerfectICONV.build/Debug-watchos/PerfectICONV-t.build/Objects-normal/arm64/PerfectICONV-primary-emit-module.dia -emit-dependencies-path /Users/admin/builder/spi-builder-workspace/.derivedData/Build/Intermediates.noindex/PerfectICONV.build/Debug-watchos/PerfectICONV-t.build/Objects-normal/arm64/PerfectICONV-primary-emit-module.d -parse-as-library -o /Users/admin/builder/spi-builder-workspace/.derivedData/Build/Intermediates.noindex/PerfectICONV.build/Debug-watchos/PerfectICONV-t.build/Objects-normal/arm64/PerfectICONV.swiftmodule -emit-abi-descriptor-path /Users/admin/builder/spi-builder-workspace/.derivedData/Build/Intermediates.noindex/PerfectICONV.build/Debug-watchos/PerfectICONV-t.build/Objects-normal/arm64/PerfectICONV.abi.json
SwiftCompile normal arm64 (in target 'PerfectICONV' from project 'PerfectICONV')
    cd /Users/admin/builder/spi-builder-workspace/.swiftpm/xcode

SwiftCompile normal arm64 Compiling\ PerfectICONV.swift /Users/admin/builder/spi-builder-workspace/.dependencies/checkouts/Perfect-ICONV/Sources/PerfectICONV/PerfectICONV.swift (in target 'PerfectICONV' from project 'PerfectICONV')
SwiftCompile normal arm64 /Users/admin/builder/spi-builder-workspace/.dependencies/checkouts/Perfect-ICONV/Sources/PerfectICONV/PerfectICONV.swift (in target 'PerfectICONV' from project 'PerfectICONV')
    cd /Users/admin/builder/spi-builder-workspace/.swiftpm/xcode
    builtin-SwiftPerFileCompile PerfectICONV.swift
/Users/admin/builder/spi-builder-workspace/.dependencies/checkouts/Perfect-ICONV/Sources/ICONVApi/include/module.modulemap:2:10: error: header '/Applications/Xcode.app/Contents/Developer/Platforms/MacOSX.platform/Developer/SDKs/MacOSX.sdk/usr/include/iconv.h' not found
1 | module ICONVApi [system] {
2 |   header "/Applications/Xcode.app/Contents/Developer/Platforms/MacOSX.platform/Developer/SDKs/MacOSX.sdk/usr/include/iconv.h"
  |          `- error: header '/Applications/Xcode.app/Contents/Developer/Platforms/MacOSX.platform/Developer/SDKs/MacOSX.sdk/usr/include/iconv.h' not found
3 |   link "iconv"
4 |   export *
Ld /Users/admin/builder/spi-builder-workspace/.derivedData/Build/Intermediates.noindex/PerfectICONV.build/Debug-watchos/ICONVApi-t.build/Objects-normal/arm64/Binary/ICONVApi.o normal arm64 (in target 'ICONVApi' from project 'PerfectICONV')
    cd /Users/admin/builder/spi-builder-workspace/.dependencies/checkouts/Perfect-ICONV
    /Applications/Xcode-27.0.0-Release.Candidate.app/Contents/Developer/Toolchains/XcodeDefault.xctoolchain/usr/bin/clang -Xlinker -reproducible -target arm64-apple-watchos9.0 -r -isysroot /Applications/Xcode-27.0.0-Release.Candidate.app/Contents/Developer/Platforms/WatchOS.platform/Developer/SDKs/WatchOS27.0.sdk -O0 -w -Xlinker -no_warn_duplicate_libraries -F/Users/admin/builder/spi-builder-workspace/.derivedData/Build/Intermediates.noindex/EagerLinkingTBDs/Debug-watchos -F/Users/admin/builder/spi-builder-workspace/.derivedData/Build/Products/Debug-watchos -iframework /Applications/Xcode-27.0.0-Release.Candidate.app/Contents/Developer/Platforms/WatchOS.platform/Developer/Library/Frameworks -iframework /Applications/Xcode-27.0.0-Release.Candidate.app/Contents/Developer/Platforms/WatchOS.platform/Developer/SDKs/WatchOS27.0.sdk/Developer/Library/Frameworks -filelist /Users/admin/builder/spi-builder-workspace/.derivedData/Build/Intermediates.noindex/PerfectICONV.build/Debug-watchos/ICONVApi-t.build/Objects-normal/arm64/ICONVApi.LinkFileList -nostdlib -Xlinker -object_path_lto -Xlinker /Users/admin/builder/spi-builder-workspace/.derivedData/Build/Intermediates.noindex/PerfectICONV.build/Debug-watchos/ICONVApi-t.build/Objects-normal/arm64/ICONVApi_lto.o -Xlinker -no_deduplicate -Xlinker -debug_variant -Xlinker -dependency_info -Xlinker /Users/admin/builder/spi-builder-workspace/.derivedData/Build/Intermediates.noindex/PerfectICONV.build/Debug-watchos/ICONVApi-t.build/Objects-normal/arm64/ICONVApi_dependency_info.dat -o /Users/admin/builder/spi-builder-workspace/.derivedData/Build/Intermediates.noindex/PerfectICONV.build/Debug-watchos/ICONVApi-t.build/Objects-normal/arm64/Binary/ICONVApi.o
Ld /Users/admin/builder/spi-builder-workspace/.derivedData/Build/Intermediates.noindex/PerfectICONV.build/Debug-watchos/ICONVApi-t.build/Objects-normal/arm64_32/Binary/ICONVApi.o normal arm64_32 (in target 'ICONVApi' from project 'PerfectICONV')
    cd /Users/admin/builder/spi-builder-workspace/.dependencies/checkouts/Perfect-ICONV
    /Applications/Xcode-27.0.0-Release.Candidate.app/Contents/Developer/Toolchains/XcodeDefault.xctoolchain/usr/bin/clang -Xlinker -reproducible -target arm64_32-apple-watchos9.0 -r -isysroot /Applications/Xcode-27.0.0-Release.Candidate.app/Contents/Developer/Platforms/WatchOS.platform/Developer/SDKs/WatchOS27.0.sdk -O0 -w -Xlinker -no_warn_duplicate_libraries -F/Users/admin/builder/spi-builder-workspace/.derivedData/Build/Intermediates.noindex/EagerLinkingTBDs/Debug-watchos -F/Users/admin/builder/spi-builder-workspace/.derivedData/Build/Products/Debug-watchos -iframework /Applications/Xcode-27.0.0-Release.Candidate.app/Contents/Developer/Platforms/WatchOS.platform/Developer/Library/Frameworks -iframework /Applications/Xcode-27.0.0-Release.Candidate.app/Contents/Developer/Platforms/WatchOS.platform/Developer/SDKs/WatchOS27.0.sdk/Developer/Library/Frameworks -filelist /Users/admin/builder/spi-builder-workspace/.derivedData/Build/Intermediates.noindex/PerfectICONV.build/Debug-watchos/ICONVApi-t.build/Objects-normal/arm64_32/ICONVApi.LinkFileList -nostdlib -Xlinker -object_path_lto -Xlinker /Users/admin/builder/spi-builder-workspace/.derivedData/Build/Intermediates.noindex/PerfectICONV.build/Debug-watchos/ICONVApi-t.build/Objects-normal/arm64_32/ICONVApi_lto.o -Xlinker -no_deduplicate -Xlinker -debug_variant -Xlinker -dependency_info -Xlinker /Users/admin/builder/spi-builder-workspace/.derivedData/Build/Intermediates.noindex/PerfectICONV.build/Debug-watchos/ICONVApi-t.build/Objects-normal/arm64_32/ICONVApi_dependency_info.dat -o /Users/admin/builder/spi-builder-workspace/.derivedData/Build/Intermediates.noindex/PerfectICONV.build/Debug-watchos/ICONVApi-t.build/Objects-normal/arm64_32/Binary/ICONVApi.o
CreateUniversalBinary /Users/admin/builder/spi-builder-workspace/.derivedData/Build/Products/Debug-watchos/ICONVApi.o normal arm64\ arm64_32 (in target 'ICONVApi' from project 'PerfectICONV')
    cd /Users/admin/builder/spi-builder-workspace/.dependencies/checkouts/Perfect-ICONV
    /Applications/Xcode-27.0.0-Release.Candidate.app/Contents/Developer/Toolchains/XcodeDefault.xctoolchain/usr/bin/lipo -create /Users/admin/builder/spi-builder-workspace/.derivedData/Build/Intermediates.noindex/PerfectICONV.build/Debug-watchos/ICONVApi-t.build/Objects-normal/arm64/Binary/ICONVApi.o /Users/admin/builder/spi-builder-workspace/.derivedData/Build/Intermediates.noindex/PerfectICONV.build/Debug-watchos/ICONVApi-t.build/Objects-normal/arm64_32/Binary/ICONVApi.o -output /Users/admin/builder/spi-builder-workspace/.derivedData/Build/Products/Debug-watchos/ICONVApi.o
PruneExplicitPrecompiledModules /Users/admin/builder/spi-builder-workspace/.derivedData/Build/Intermediates.noindex/ExplicitPrecompiledModules
PruneExplicitPrecompiledModules /Users/admin/builder/spi-builder-workspace/.derivedData/SDKExplicitPrecompiledModules
PruneExplicitPrecompiledModules /Users/admin/builder/spi-builder-workspace/.derivedData/Build/Intermediates.noindex/SwiftExplicitPrecompiledModules
2026-09-16 10:45:55.304 xcodebuild[759:4686] [MT] IDERunDestination: Supported platforms for the buildables in the current scheme is empty.
** BUILD FAILED **
The following build commands failed:
	SwiftCompile normal arm64_32 (in target 'PerfectICONV' from project 'PerfectICONV')
	SwiftEmitModule normal arm64_32 Emitting\ module\ for\ PerfectICONV (in target 'PerfectICONV' from project 'PerfectICONV')
	SwiftEmitModule normal arm64 Emitting\ module\ for\ PerfectICONV (in target 'PerfectICONV' from project 'PerfectICONV')
	SwiftCompile normal arm64 (in target 'PerfectICONV' from project 'PerfectICONV')
	Building workspace PerfectLDAP with scheme PerfectLDAP
(5 failures)
Command line invocation:
    /Applications/Xcode-27.0.0-Release.Candidate.app/Contents/Developer/usr/bin/xcodebuild -IDEClonedSourcePackagesDirPathOverride=/Users/admin/builder/spi-builder-workspace/.dependencies -resolvePackageDependencies
Resolve Package Graph
ignoring declared target(s) 'OpenLDAP' in the system packageignoring declared target(s) 'SASL' in the system packagedependency 'perfect-libsasl' is not used by any targetdependency 'perfect-openldap' is not used by any target
Resolved source packages:
  PerfectLDAP: /Users/admin/builder/spi-builder-workspace
  SASL: https://github.com/PerfectlySoft/Perfect-libSASL.git @ 1.0.2
  OpenLDAP: https://github.com/PerfectlySoft/Perfect-OpenLDAP.git @ 1.0.3
  PerfectICONV: https://github.com/PerfectSideRepos/Perfect-ICONV.git @ 3.0.1
resolved source packages: PerfectLDAP, SASL, OpenLDAP, PerfectICONV
2026-09-16 10:45:58.040 xcodebuild[813:4970] [MT] IDERunDestination: Supported platforms for the buildables in the current scheme is empty.
{
  "dependencies" : [
    {
      "identity" : "perfect-iconv",
      "requirement" : {
        "range" : [
          {
            "lower_bound" : "3.0.0",
            "upper_bound" : "4.0.0"
          }
        ]
      },
      "type" : "sourceControl",
      "url" : "https://github.com/PerfectSideRepos/Perfect-ICONV.git"
    },
    {
      "identity" : "perfect-libsasl",
      "requirement" : {
        "range" : [
          {
            "lower_bound" : "1.0.0",
            "upper_bound" : "2.0.0"
          }
        ]
      },
      "type" : "sourceControl",
      "url" : "https://github.com/PerfectlySoft/Perfect-libSASL.git"
    },
    {
      "identity" : "perfect-openldap",
      "requirement" : {
        "range" : [
          {
            "lower_bound" : "1.0.0",
            "upper_bound" : "2.0.0"
          }
        ]
      },
      "type" : "sourceControl",
      "url" : "https://github.com/PerfectlySoft/Perfect-OpenLDAP.git"
    }
  ],
  "manifest_display_name" : "PerfectLDAP",
  "name" : "PerfectLDAP",
  "path" : "/Users/admin/builder/spi-builder-workspace",
  "platforms" : [
  ],
  "products" : [
    {
      "name" : "PerfectLDAP",
      "targets" : [
        "PerfectLDAP"
      ],
      "type" : {
        "library" : [
          "automatic"
        ]
      }
    }
  ],
  "targets" : [
    {
      "c99name" : "PerfectLDAPTests",
      "module_type" : "SwiftTarget",
      "name" : "PerfectLDAPTests",
      "path" : "Tests/PerfectLDAPTests",
      "sources" : [
        "PerfectLDAPTests.swift"
      ],
      "target_dependencies" : [
        "PerfectLDAP"
      ],
      "type" : "test"
    },
    {
      "c99name" : "PerfectLDAP",
      "module_type" : "SwiftTarget",
      "name" : "PerfectLDAP",
      "path" : "Sources/PerfectLDAP",
      "product_dependencies" : [
        "PerfectICONV"
      ],
      "product_memberships" : [
        "PerfectLDAP"
      ],
      "sources" : [
        "PerfectLDAP.swift",
        "Utilities.swift"
      ],
      "type" : "library"
    }
  ],
  "tools_version" : "4.0"
}
{
  "workspace" : {
    "name" : "PerfectLDAP",
    "schemes" : [
      "PerfectLDAP"
    ]
  }
}
2026-09-16 10:45:59.316 xcodebuild[821:5030] [MT] IDERunDestination: Supported platforms for the buildables in the current scheme is empty.
Running build ...
env DEVELOPER_DIR=/Applications/Xcode-27.0.0-Release.Candidate.app xcrun xcodebuild -IDEClonedSourcePackagesDirPathOverride=$PWD/.dependencies -skipMacroValidation -skipPackagePluginValidation -derivedDataPath $PWD/.derivedData build -scheme PerfectLDAP -destination generic/platform=watchOS
Command line invocation:
    /Applications/Xcode-27.0.0-Release.Candidate.app/Contents/Developer/usr/bin/xcodebuild -IDEClonedSourcePackagesDirPathOverride=/Users/admin/builder/spi-builder-workspace/.dependencies -skipMacroValidation -skipPackagePluginValidation -derivedDataPath /Users/admin/builder/spi-builder-workspace/.derivedData build -scheme PerfectLDAP -destination generic/platform=watchOS
Resolve Package Graph
ignoring declared target(s) 'OpenLDAP' in the system packageignoring declared target(s) 'SASL' in the system packagedependency 'perfect-libsasl' is not used by any targetdependency 'perfect-openldap' is not used by any target
Resolved source packages:
  SASL: https://github.com/PerfectlySoft/Perfect-libSASL.git @ 1.0.2
  PerfectLDAP: /Users/admin/builder/spi-builder-workspace
  PerfectICONV: https://github.com/PerfectSideRepos/Perfect-ICONV.git @ 3.0.1
  OpenLDAP: https://github.com/PerfectlySoft/Perfect-OpenLDAP.git @ 1.0.3
ComputePackagePrebuildTargetDependencyGraph
Prepare packages
CreateBuildRequest
SendProjectDescription
CreateBuildOperation
ComputeTargetDependencyGraph
note: Building targets in dependency order
note: Target dependency graph (7 targets)
    Target 'PerfectLDAP-product' in project 'PerfectLDAP'
        ➜ Explicit dependency on target 'PerfectLDAP' in project 'PerfectLDAP'
        ➜ Explicit dependency on target 'PerfectICONV-product' in project 'PerfectICONV'
    Target 'PerfectLDAP' in project 'PerfectLDAP'
        ➜ Explicit dependency on target 'SASL' in project 'SASL'
        ➜ Explicit dependency on target 'OpenLDAP' in project 'OpenLDAP'
        ➜ Explicit dependency on target 'PerfectICONV-product' in project 'PerfectICONV'
    Target 'PerfectICONV-product' in project 'PerfectICONV'
        ➜ Explicit dependency on target 'PerfectICONV' in project 'PerfectICONV'
        ➜ Explicit dependency on target 'ICONVApi' in project 'PerfectICONV'
    Target 'PerfectICONV' in project 'PerfectICONV'
        ➜ Explicit dependency on target 'ICONVApi' in project 'PerfectICONV'
    Target 'ICONVApi' in project 'PerfectICONV' (no dependencies)
    Target 'OpenLDAP' in project 'OpenLDAP' (no dependencies)
    Target 'SASL' in project 'SASL' (no dependencies)
GatherProvisioningInputs
CreateBuildDescription
ClangStatCache /Applications/Xcode-27.0.0-Release.Candidate.app/Contents/Developer/Toolchains/XcodeDefault.xctoolchain/usr/bin/clang-stat-cache /Applications/Xcode-27.0.0-Release.Candidate.app/Contents/Developer/Platforms/WatchOS.platform/Developer/SDKs/WatchOS27.0.sdk /Users/admin/builder/spi-builder-workspace/.derivedData/SDKStatCaches.noindex/watchos27.0-24R360-e829b21a6f8c9b70876ba0858053c04477534ef55a1706bf4c1112bbb242f0a2.sdkstatcache
    cd /Users/admin/builder/spi-builder-workspace/.swiftpm/xcode
    /Applications/Xcode-27.0.0-Release.Candidate.app/Contents/Developer/Toolchains/XcodeDefault.xctoolchain/usr/bin/clang-stat-cache /Applications/Xcode-27.0.0-Release.Candidate.app/Contents/Developer/Platforms/WatchOS.platform/Developer/SDKs/WatchOS27.0.sdk -o /Users/admin/builder/spi-builder-workspace/.derivedData/SDKStatCaches.noindex/watchos27.0-24R360-e829b21a6f8c9b70876ba0858053c04477534ef55a1706bf4c1112bbb242f0a2.sdkstatcache
SwiftDriver PerfectICONV normal arm64 com.apple.xcode.tools.swift.compiler (in target 'PerfectICONV' from project 'PerfectICONV')
    cd /Users/admin/builder/spi-builder-workspace/.swiftpm/xcode
    builtin-SwiftDriver -- /Applications/Xcode-27.0.0-Release.Candidate.app/Contents/Developer/Toolchains/XcodeDefault.xctoolchain/usr/bin/swiftc -parse-as-library -module-name PerfectICONV -Onone @/Users/admin/builder/spi-builder-workspace/.derivedData/Build/Intermediates.noindex/PerfectICONV.build/Debug-watchos/PerfectICONV-t.build/Objects-normal/arm64/PerfectICONV.SwiftFileList -DSWIFT_PACKAGE -DDEBUG -DSWIFT_MODULE_RESOURCE_BUNDLE_UNAVAILABLE -Xcc -fmodule-map-file\=/Users/admin/builder/spi-builder-workspace/.dependencies/checkouts/Perfect-ICONV/Sources/ICONVApi/include/module.modulemap -DXcode -plugin-path /Applications/Xcode-27.0.0-Release.Candidate.app/Contents/Developer/Toolchains/XcodeDefault.xctoolchain/usr/lib/swift/host/plugins/testing -enable-experimental-feature DebugDescriptionMacro -sdk /Applications/Xcode-27.0.0-Release.Candidate.app/Contents/Developer/Platforms/WatchOS.platform/Developer/SDKs/WatchOS27.0.sdk -target arm64-apple-watchos9.0 -g -module-cache-path /Users/admin/builder/spi-builder-workspace/.derivedData/ModuleCache.noindex -Xfrontend -serialize-debugging-options -profile-coverage-mapping -profile-generate -enable-testing -suppress-warnings -index-store-path /Users/admin/builder/spi-builder-workspace/.derivedData/Index.noindex/DataStore -Xcc -D_LIBCPP_HARDENING_MODE\=_LIBCPP_HARDENING_MODE_DEBUG -swift-version 4 -I /Users/admin/builder/spi-builder-workspace/.derivedData/Build/Products/Debug-watchos -Isystem /Applications/Xcode-27.0.0-Release.Candidate.app/Contents/Developer/Platforms/WatchOS.platform/Developer/usr/lib -F /Users/admin/builder/spi-builder-workspace/.derivedData/Build/Products/Debug-watchos/PackageFrameworks -F /Users/admin/builder/spi-builder-workspace/.derivedData/Build/Products/Debug-watchos -F /Applications/Xcode-27.0.0-Release.Candidate.app/Contents/Developer/Platforms/WatchOS.platform/Developer/Library/Frameworks -F /Applications/Xcode-27.0.0-Release.Candidate.app/Contents/Developer/Platforms/WatchOS.platform/Developer/SDKs/WatchOS27.0.sdk/Developer/Library/Frameworks -c -j10 -enable-batch-mode -incremental -Xcc -ivfsstatcache -Xcc /Users/admin/builder/spi-builder-workspace/.derivedData/SDKStatCaches.noindex/watchos27.0-24R360-e829b21a6f8c9b70876ba0858053c04477534ef55a1706bf4c1112bbb242f0a2.sdkstatcache -output-file-map /Users/admin/builder/spi-builder-workspace/.derivedData/Build/Intermediates.noindex/PerfectICONV.build/Debug-watchos/PerfectICONV-t.build/Objects-normal/arm64/PerfectICONV-OutputFileMap.json -save-temps -no-color-diagnostics -emit-dependencies -emit-module -emit-module-path /Users/admin/builder/spi-builder-workspace/.derivedData/Build/Intermediates.noindex/PerfectICONV.build/Debug-watchos/PerfectICONV-t.build/Objects-normal/arm64/PerfectICONV.swiftmodule -serialize-diagnostics -validate-clang-modules-once -clang-build-session-file /Users/admin/builder/spi-builder-workspace/.derivedData/ModuleCache.noindex/Session.modulevalidation -Xcc -fmodules-prune-interval\=86400 -Xcc -fmodules-prune-after\=345600 -emit-const-values -const-gather-protocols-list /Users/admin/builder/spi-builder-workspace/.derivedData/Build/Intermediates.noindex/PerfectICONV.build/Debug-watchos/PerfectICONV-t.build/Objects-normal/arm64/PerfectICONV_const_extract_protocols.json -Xcc -I/Users/admin/builder/spi-builder-workspace/.dependencies/checkouts/Perfect-ICONV/Sources/ICONVApi/include -Xcc -I/Users/admin/builder/spi-builder-workspace/.derivedData/Build/Products/Debug-watchos/include -Xcc -I/Users/admin/builder/spi-builder-workspace/.derivedData/Build/Intermediates.noindex/PerfectICONV.build/Debug-watchos/PerfectICONV-t.build/DerivedSources-normal/arm64 -Xcc -I/Users/admin/builder/spi-builder-workspace/.derivedData/Build/Intermediates.noindex/PerfectICONV.build/Debug-watchos/PerfectICONV-t.build/DerivedSources/arm64 -Xcc -I/Users/admin/builder/spi-builder-workspace/.derivedData/Build/Intermediates.noindex/PerfectICONV.build/Debug-watchos/PerfectICONV-t.build/DerivedSources -Xcc -DSWIFT_PACKAGE -Xcc -DDEBUG\=1 -emit-objc-header -emit-objc-header-path /Users/admin/builder/spi-builder-workspace/.derivedData/Build/Intermediates.noindex/PerfectICONV.build/Debug-watchos/PerfectICONV-t.build/Objects-normal/arm64/PerfectICONV-Swift.h -working-directory /Users/admin/builder/spi-builder-workspace/.swiftpm/xcode -experimental-emit-module-separately -disable-cmo
SwiftDriver PerfectICONV normal arm64_32 com.apple.xcode.tools.swift.compiler (in target 'PerfectICONV' from project 'PerfectICONV')
    cd /Users/admin/builder/spi-builder-workspace/.swiftpm/xcode
    builtin-SwiftDriver -- /Applications/Xcode-27.0.0-Release.Candidate.app/Contents/Developer/Toolchains/XcodeDefault.xctoolchain/usr/bin/swiftc -parse-as-library -module-name PerfectICONV -Onone @/Users/admin/builder/spi-builder-workspace/.derivedData/Build/Intermediates.noindex/PerfectICONV.build/Debug-watchos/PerfectICONV-t.build/Objects-normal/arm64_32/PerfectICONV.SwiftFileList -DSWIFT_PACKAGE -DDEBUG -DSWIFT_MODULE_RESOURCE_BUNDLE_UNAVAILABLE -Xcc -fmodule-map-file\=/Users/admin/builder/spi-builder-workspace/.dependencies/checkouts/Perfect-ICONV/Sources/ICONVApi/include/module.modulemap -DXcode -plugin-path /Applications/Xcode-27.0.0-Release.Candidate.app/Contents/Developer/Toolchains/XcodeDefault.xctoolchain/usr/lib/swift/host/plugins/testing -enable-experimental-feature DebugDescriptionMacro -sdk /Applications/Xcode-27.0.0-Release.Candidate.app/Contents/Developer/Platforms/WatchOS.platform/Developer/SDKs/WatchOS27.0.sdk -target arm64_32-apple-watchos9.0 -g -module-cache-path /Users/admin/builder/spi-builder-workspace/.derivedData/ModuleCache.noindex -Xfrontend -serialize-debugging-options -profile-coverage-mapping -profile-generate -enable-testing -suppress-warnings -index-store-path /Users/admin/builder/spi-builder-workspace/.derivedData/Index.noindex/DataStore -Xcc -D_LIBCPP_HARDENING_MODE\=_LIBCPP_HARDENING_MODE_DEBUG -swift-version 4 -I /Users/admin/builder/spi-builder-workspace/.derivedData/Build/Products/Debug-watchos -Isystem /Applications/Xcode-27.0.0-Release.Candidate.app/Contents/Developer/Platforms/WatchOS.platform/Developer/usr/lib -F /Users/admin/builder/spi-builder-workspace/.derivedData/Build/Products/Debug-watchos/PackageFrameworks -F /Users/admin/builder/spi-builder-workspace/.derivedData/Build/Products/Debug-watchos -F /Applications/Xcode-27.0.0-Release.Candidate.app/Contents/Developer/Platforms/WatchOS.platform/Developer/Library/Frameworks -F /Applications/Xcode-27.0.0-Release.Candidate.app/Contents/Developer/Platforms/WatchOS.platform/Developer/SDKs/WatchOS27.0.sdk/Developer/Library/Frameworks -c -j10 -enable-batch-mode -incremental -Xcc -ivfsstatcache -Xcc /Users/admin/builder/spi-builder-workspace/.derivedData/SDKStatCaches.noindex/watchos27.0-24R360-e829b21a6f8c9b70876ba0858053c04477534ef55a1706bf4c1112bbb242f0a2.sdkstatcache -output-file-map /Users/admin/builder/spi-builder-workspace/.derivedData/Build/Intermediates.noindex/PerfectICONV.build/Debug-watchos/PerfectICONV-t.build/Objects-normal/arm64_32/PerfectICONV-OutputFileMap.json -save-temps -no-color-diagnostics -emit-dependencies -emit-module -emit-module-path /Users/admin/builder/spi-builder-workspace/.derivedData/Build/Intermediates.noindex/PerfectICONV.build/Debug-watchos/PerfectICONV-t.build/Objects-normal/arm64_32/PerfectICONV.swiftmodule -serialize-diagnostics -validate-clang-modules-once -clang-build-session-file /Users/admin/builder/spi-builder-workspace/.derivedData/ModuleCache.noindex/Session.modulevalidation -Xcc -fmodules-prune-interval\=86400 -Xcc -fmodules-prune-after\=345600 -emit-const-values -const-gather-protocols-list /Users/admin/builder/spi-builder-workspace/.derivedData/Build/Intermediates.noindex/PerfectICONV.build/Debug-watchos/PerfectICONV-t.build/Objects-normal/arm64_32/PerfectICONV_const_extract_protocols.json -Xcc -I/Users/admin/builder/spi-builder-workspace/.dependencies/checkouts/Perfect-ICONV/Sources/ICONVApi/include -Xcc -I/Users/admin/builder/spi-builder-workspace/.derivedData/Build/Products/Debug-watchos/include -Xcc -I/Users/admin/builder/spi-builder-workspace/.derivedData/Build/Intermediates.noindex/PerfectICONV.build/Debug-watchos/PerfectICONV-t.build/DerivedSources-normal/arm64_32 -Xcc -I/Users/admin/builder/spi-builder-workspace/.derivedData/Build/Intermediates.noindex/PerfectICONV.build/Debug-watchos/PerfectICONV-t.build/DerivedSources/arm64_32 -Xcc -I/Users/admin/builder/spi-builder-workspace/.derivedData/Build/Intermediates.noindex/PerfectICONV.build/Debug-watchos/PerfectICONV-t.build/DerivedSources -Xcc -DSWIFT_PACKAGE -Xcc -DDEBUG\=1 -emit-objc-header -emit-objc-header-path /Users/admin/builder/spi-builder-workspace/.derivedData/Build/Intermediates.noindex/PerfectICONV.build/Debug-watchos/PerfectICONV-t.build/Objects-normal/arm64_32/PerfectICONV-Swift.h -working-directory /Users/admin/builder/spi-builder-workspace/.swiftpm/xcode -experimental-emit-module-separately -disable-cmo
SwiftEmitModule normal arm64_32 Emitting\ module\ for\ PerfectICONV (in target 'PerfectICONV' from project 'PerfectICONV')
SwiftCompile normal arm64_32 (in target 'PerfectICONV' from project 'PerfectICONV')
    cd /Users/admin/builder/spi-builder-workspace/.swiftpm/xcode

/Users/admin/builder/spi-builder-workspace/.dependencies/checkouts/Perfect-ICONV/Sources/ICONVApi/include/module.modulemap:2:10: error: header '/Applications/Xcode.app/Contents/Developer/Platforms/MacOSX.platform/Developer/SDKs/MacOSX.sdk/usr/include/iconv.h' not found
1 | module ICONVApi [system] {
2 |   header "/Applications/Xcode.app/Contents/Developer/Platforms/MacOSX.platform/Developer/SDKs/MacOSX.sdk/usr/include/iconv.h"
  |          `- error: header '/Applications/Xcode.app/Contents/Developer/Platforms/MacOSX.platform/Developer/SDKs/MacOSX.sdk/usr/include/iconv.h' not found
3 |   link "iconv"
4 |   export *
/Users/admin/builder/spi-builder-workspace/.dependencies/checkouts/Perfect-ICONV/Sources/PerfectICONV/PerfectICONV.swift:22:8: error: could not build Objective-C module 'ICONVApi'
 20 | import ICONVApiLinux
 21 | #else
 22 | import ICONVApi
    |        `- error: could not build Objective-C module 'ICONVApi'
 23 | #endif
 24 |
Failed frontend command:
/Applications/Xcode-27.0.0-Release.Candidate.app/Contents/Developer/Toolchains/XcodeDefault.xctoolchain/usr/bin/swift-frontend -frontend -emit-module -experimental-skip-non-inlinable-function-bodies-without-types /Users/admin/builder/spi-builder-workspace/.dependencies/checkouts/Perfect-ICONV/Sources/PerfectICONV/PerfectICONV.swift -target arm64_32-apple-watchos9.0 -enable-objc-interop -sdk /Applications/Xcode-27.0.0-Release.Candidate.app/Contents/Developer/Platforms/WatchOS.platform/Developer/SDKs/WatchOS27.0.sdk -I /Users/admin/builder/spi-builder-workspace/.derivedData/Build/Products/Debug-watchos -Isystem /Applications/Xcode-27.0.0-Release.Candidate.app/Contents/Developer/Platforms/WatchOS.platform/Developer/usr/lib -F /Users/admin/builder/spi-builder-workspace/.derivedData/Build/Products/Debug-watchos/PackageFrameworks -F /Users/admin/builder/spi-builder-workspace/.derivedData/Build/Products/Debug-watchos -F /Applications/Xcode-27.0.0-Release.Candidate.app/Contents/Developer/Platforms/WatchOS.platform/Developer/Library/Frameworks -F /Applications/Xcode-27.0.0-Release.Candidate.app/Contents/Developer/Platforms/WatchOS.platform/Developer/SDKs/WatchOS27.0.sdk/Developer/Library/Frameworks -module-cache-path /Users/admin/builder/spi-builder-workspace/.derivedData/ModuleCache.noindex -no-color-diagnostics -Xcc -fno-color-diagnostics -enable-testing -g -debug-info-format\=dwarf -dwarf-version\=4 -suppress-warnings -profile-generate -profile-coverage-mapping -swift-version 4 -Onone -D SWIFT_PACKAGE -D DEBUG -D SWIFT_MODULE_RESOURCE_BUNDLE_UNAVAILABLE -D Xcode -serialize-debugging-options -enable-experimental-feature DebugDescriptionMacro -empty-abi-descriptor -plugin-path /Applications/Xcode-27.0.0-Release.Candidate.app/Contents/Developer/Toolchains/XcodeDefault.xctoolchain/usr/lib/swift/host/plugins/testing -validate-clang-modules-once -clang-build-session-file /Users/admin/builder/spi-builder-workspace/.derivedData/ModuleCache.noindex/Session.modulevalidation -Xcc -working-directory -Xcc /Users/admin/builder/spi-builder-workspace/.swiftpm/xcode -enable-anonymous-context-mangled-names -file-compilation-dir /Users/admin/builder/spi-builder-workspace/.swiftpm/xcode -Xcc -fmodule-map-file\=/Users/admin/builder/spi-builder-workspace/.dependencies/checkouts/Perfect-ICONV/Sources/ICONVApi/include/module.modulemap -Xcc -D_LIBCPP_HARDENING_MODE\=_LIBCPP_HARDENING_MODE_DEBUG -Xcc -ivfsstatcache -Xcc /Users/admin/builder/spi-builder-workspace/.derivedData/SDKStatCaches.noindex/watchos27.0-24R360-e829b21a6f8c9b70876ba0858053c04477534ef55a1706bf4c1112bbb242f0a2.sdkstatcache -Xcc -fmodules-prune-interval\=86400 -Xcc -fmodules-prune-after\=345600 -Xcc -I/Users/admin/builder/spi-builder-workspace/.dependencies/checkouts/Perfect-ICONV/Sources/ICONVApi/include -Xcc -I/Users/admin/builder/spi-builder-workspace/.derivedData/Build/Products/Debug-watchos/include -Xcc -I/Users/admin/builder/spi-builder-workspace/.derivedData/Build/Intermediates.noindex/PerfectICONV.build/Debug-watchos/PerfectICONV-t.build/DerivedSources-normal/arm64_32 -Xcc -I/Users/admin/builder/spi-builder-workspace/.derivedData/Build/Intermediates.noindex/PerfectICONV.build/Debug-watchos/PerfectICONV-t.build/DerivedSources/arm64_32 -Xcc -I/Users/admin/builder/spi-builder-workspace/.derivedData/Build/Intermediates.noindex/PerfectICONV.build/Debug-watchos/PerfectICONV-t.build/DerivedSources -Xcc -DSWIFT_PACKAGE -Xcc -DDEBUG\=1 -no-auto-bridging-header-chaining -module-name PerfectICONV -const-gather-protocols-file /Users/admin/builder/spi-builder-workspace/.derivedData/Build/Intermediates.noindex/PerfectICONV.build/Debug-watchos/PerfectICONV-t.build/Objects-normal/arm64_32/PerfectICONV_const_extract_protocols.json -disable-clang-spi -target-sdk-version 27.0 -target-sdk-name watchos27.0 -external-plugin-path /Applications/Xcode-27.0.0-Release.Candidate.app/Contents/Developer/Platforms/WatchOS.platform/Developer/usr/lib/swift/host/plugins\#/Applications/Xcode-27.0.0-Release.Candidate.app/Contents/Developer/Platforms/WatchOS.platform/Developer/usr/bin/swift-plugin-server -external-plugin-path /Applications/Xcode-27.0.0-Release.Candidate.app/Contents/Developer/Platforms/WatchOS.platform/Developer/usr/local/lib/swift/host/plugins\#/Applications/Xcode-27.0.0-Release.Candidate.app/Contents/Developer/Platforms/WatchOS.platform/Developer/usr/bin/swift-plugin-server -in-process-plugin-server-path /Applications/Xcode-27.0.0-Release.Candidate.app/Contents/Developer/Toolchains/XcodeDefault.xctoolchain/usr/lib/swift/host/libSwiftInProcPluginServer.dylib -plugin-path /Applications/Xcode-27.0.0-Release.Candidate.app/Contents/Developer/Toolchains/XcodeDefault.xctoolchain/usr/lib/swift/host/plugins -plugin-path /Applications/Xcode-27.0.0-Release.Candidate.app/Contents/Developer/Toolchains/XcodeDefault.xctoolchain/usr/local/lib/swift/host/plugins -emit-module-doc-path /Users/admin/builder/spi-builder-workspace/.derivedData/Build/Intermediates.noindex/PerfectICONV.build/Debug-watchos/PerfectICONV-t.build/Objects-normal/arm64_32/PerfectICONV.swiftdoc -emit-module-source-info-path /Users/admin/builder/spi-builder-workspace/.derivedData/Build/Intermediates.noindex/PerfectICONV.build/Debug-watchos/PerfectICONV-t.build/Objects-normal/arm64_32/PerfectICONV.swiftsourceinfo -emit-objc-header-path /Users/admin/builder/spi-builder-workspace/.derivedData/Build/Intermediates.noindex/PerfectICONV.build/Debug-watchos/PerfectICONV-t.build/Objects-normal/arm64_32/PerfectICONV-Swift.h -serialize-diagnostics-path /Users/admin/builder/spi-builder-workspace/.derivedData/Build/Intermediates.noindex/PerfectICONV.build/Debug-watchos/PerfectICONV-t.build/Objects-normal/arm64_32/PerfectICONV-primary-emit-module.dia -emit-dependencies-path /Users/admin/builder/spi-builder-workspace/.derivedData/Build/Intermediates.noindex/PerfectICONV.build/Debug-watchos/PerfectICONV-t.build/Objects-normal/arm64_32/PerfectICONV-primary-emit-module.d -parse-as-library -o /Users/admin/builder/spi-builder-workspace/.derivedData/Build/Intermediates.noindex/PerfectICONV.build/Debug-watchos/PerfectICONV-t.build/Objects-normal/arm64_32/PerfectICONV.swiftmodule -emit-abi-descriptor-path /Users/admin/builder/spi-builder-workspace/.derivedData/Build/Intermediates.noindex/PerfectICONV.build/Debug-watchos/PerfectICONV-t.build/Objects-normal/arm64_32/PerfectICONV.abi.json
SwiftEmitModule normal arm64 Emitting\ module\ for\ PerfectICONV (in target 'PerfectICONV' from project 'PerfectICONV')
/Users/admin/builder/spi-builder-workspace/.dependencies/checkouts/Perfect-ICONV/Sources/ICONVApi/include/module.modulemap:2:10: error: header '/Applications/Xcode.app/Contents/Developer/Platforms/MacOSX.platform/Developer/SDKs/MacOSX.sdk/usr/include/iconv.h' not found
1 | module ICONVApi [system] {
2 |   header "/Applications/Xcode.app/Contents/Developer/Platforms/MacOSX.platform/Developer/SDKs/MacOSX.sdk/usr/include/iconv.h"
  |          `- error: header '/Applications/Xcode.app/Contents/Developer/Platforms/MacOSX.platform/Developer/SDKs/MacOSX.sdk/usr/include/iconv.h' not found
3 |   link "iconv"
4 |   export *
/Users/admin/builder/spi-builder-workspace/.dependencies/checkouts/Perfect-ICONV/Sources/PerfectICONV/PerfectICONV.swift:22:8: error: could not build Objective-C module 'ICONVApi'
 20 | import ICONVApiLinux
 21 | #else
 22 | import ICONVApi
    |        `- error: could not build Objective-C module 'ICONVApi'
 23 | #endif
 24 |
Failed frontend command:
/Applications/Xcode-27.0.0-Release.Candidate.app/Contents/Developer/Toolchains/XcodeDefault.xctoolchain/usr/bin/swift-frontend -frontend -emit-module -experimental-skip-non-inlinable-function-bodies-without-types /Users/admin/builder/spi-builder-workspace/.dependencies/checkouts/Perfect-ICONV/Sources/PerfectICONV/PerfectICONV.swift -target arm64-apple-watchos9.0 -Xllvm -aarch64-use-tbi -enable-objc-interop -stack-check -sdk /Applications/Xcode-27.0.0-Release.Candidate.app/Contents/Developer/Platforms/WatchOS.platform/Developer/SDKs/WatchOS27.0.sdk -I /Users/admin/builder/spi-builder-workspace/.derivedData/Build/Products/Debug-watchos -Isystem /Applications/Xcode-27.0.0-Release.Candidate.app/Contents/Developer/Platforms/WatchOS.platform/Developer/usr/lib -F /Users/admin/builder/spi-builder-workspace/.derivedData/Build/Products/Debug-watchos/PackageFrameworks -F /Users/admin/builder/spi-builder-workspace/.derivedData/Build/Products/Debug-watchos -F /Applications/Xcode-27.0.0-Release.Candidate.app/Contents/Developer/Platforms/WatchOS.platform/Developer/Library/Frameworks -F /Applications/Xcode-27.0.0-Release.Candidate.app/Contents/Developer/Platforms/WatchOS.platform/Developer/SDKs/WatchOS27.0.sdk/Developer/Library/Frameworks -module-cache-path /Users/admin/builder/spi-builder-workspace/.derivedData/ModuleCache.noindex -no-color-diagnostics -Xcc -fno-color-diagnostics -enable-testing -g -debug-info-format\=dwarf -dwarf-version\=4 -suppress-warnings -profile-generate -profile-coverage-mapping -swift-version 4 -Onone -D SWIFT_PACKAGE -D DEBUG -D SWIFT_MODULE_RESOURCE_BUNDLE_UNAVAILABLE -D Xcode -serialize-debugging-options -enable-experimental-feature DebugDescriptionMacro -empty-abi-descriptor -plugin-path /Applications/Xcode-27.0.0-Release.Candidate.app/Contents/Developer/Toolchains/XcodeDefault.xctoolchain/usr/lib/swift/host/plugins/testing -validate-clang-modules-once -clang-build-session-file /Users/admin/builder/spi-builder-workspace/.derivedData/ModuleCache.noindex/Session.modulevalidation -Xcc -working-directory -Xcc /Users/admin/builder/spi-builder-workspace/.swiftpm/xcode -enable-anonymous-context-mangled-names -file-compilation-dir /Users/admin/builder/spi-builder-workspace/.swiftpm/xcode -Xcc -fmodule-map-file\=/Users/admin/builder/spi-builder-workspace/.dependencies/checkouts/Perfect-ICONV/Sources/ICONVApi/include/module.modulemap -Xcc -D_LIBCPP_HARDENING_MODE\=_LIBCPP_HARDENING_MODE_DEBUG -Xcc -ivfsstatcache -Xcc /Users/admin/builder/spi-builder-workspace/.derivedData/SDKStatCaches.noindex/watchos27.0-24R360-e829b21a6f8c9b70876ba0858053c04477534ef55a1706bf4c1112bbb242f0a2.sdkstatcache -Xcc -fmodules-prune-interval\=86400 -Xcc -fmodules-prune-after\=345600 -Xcc -I/Users/admin/builder/spi-builder-workspace/.dependencies/checkouts/Perfect-ICONV/Sources/ICONVApi/include -Xcc -I/Users/admin/builder/spi-builder-workspace/.derivedData/Build/Products/Debug-watchos/include -Xcc -I/Users/admin/builder/spi-builder-workspace/.derivedData/Build/Intermediates.noindex/PerfectICONV.build/Debug-watchos/PerfectICONV-t.build/DerivedSources-normal/arm64 -Xcc -I/Users/admin/builder/spi-builder-workspace/.derivedData/Build/Intermediates.noindex/PerfectICONV.build/Debug-watchos/PerfectICONV-t.build/DerivedSources/arm64 -Xcc -I/Users/admin/builder/spi-builder-workspace/.derivedData/Build/Intermediates.noindex/PerfectICONV.build/Debug-watchos/PerfectICONV-t.build/DerivedSources -Xcc -DSWIFT_PACKAGE -Xcc -DDEBUG\=1 -no-auto-bridging-header-chaining -module-name PerfectICONV -const-gather-protocols-file /Users/admin/builder/spi-builder-workspace/.derivedData/Build/Intermediates.noindex/PerfectICONV.build/Debug-watchos/PerfectICONV-t.build/Objects-normal/arm64/PerfectICONV_const_extract_protocols.json -disable-clang-spi -target-sdk-version 27.0 -target-sdk-name watchos27.0 -external-plugin-path /Applications/Xcode-27.0.0-Release.Candidate.app/Contents/Developer/Platforms/WatchOS.platform/Developer/usr/lib/swift/host/plugins\#/Applications/Xcode-27.0.0-Release.Candidate.app/Contents/Developer/Platforms/WatchOS.platform/Developer/usr/bin/swift-plugin-server -external-plugin-path /Applications/Xcode-27.0.0-Release.Candidate.app/Contents/Developer/Platforms/WatchOS.platform/Developer/usr/local/lib/swift/host/plugins\#/Applications/Xcode-27.0.0-Release.Candidate.app/Contents/Developer/Platforms/WatchOS.platform/Developer/usr/bin/swift-plugin-server -in-process-plugin-server-path /Applications/Xcode-27.0.0-Release.Candidate.app/Contents/Developer/Toolchains/XcodeDefault.xctoolchain/usr/lib/swift/host/libSwiftInProcPluginServer.dylib -plugin-path /Applications/Xcode-27.0.0-Release.Candidate.app/Contents/Developer/Toolchains/XcodeDefault.xctoolchain/usr/lib/swift/host/plugins -plugin-path /Applications/Xcode-27.0.0-Release.Candidate.app/Contents/Developer/Toolchains/XcodeDefault.xctoolchain/usr/local/lib/swift/host/plugins -emit-module-doc-path /Users/admin/builder/spi-builder-workspace/.derivedData/Build/Intermediates.noindex/PerfectICONV.build/Debug-watchos/PerfectICONV-t.build/Objects-normal/arm64/PerfectICONV.swiftdoc -emit-module-source-info-path /Users/admin/builder/spi-builder-workspace/.derivedData/Build/Intermediates.noindex/PerfectICONV.build/Debug-watchos/PerfectICONV-t.build/Objects-normal/arm64/PerfectICONV.swiftsourceinfo -emit-objc-header-path /Users/admin/builder/spi-builder-workspace/.derivedData/Build/Intermediates.noindex/PerfectICONV.build/Debug-watchos/PerfectICONV-t.build/Objects-normal/arm64/PerfectICONV-Swift.h -serialize-diagnostics-path /Users/admin/builder/spi-builder-workspace/.derivedData/Build/Intermediates.noindex/PerfectICONV.build/Debug-watchos/PerfectICONV-t.build/Objects-normal/arm64/PerfectICONV-primary-emit-module.dia -emit-dependencies-path /Users/admin/builder/spi-builder-workspace/.derivedData/Build/Intermediates.noindex/PerfectICONV.build/Debug-watchos/PerfectICONV-t.build/Objects-normal/arm64/PerfectICONV-primary-emit-module.d -parse-as-library -o /Users/admin/builder/spi-builder-workspace/.derivedData/Build/Intermediates.noindex/PerfectICONV.build/Debug-watchos/PerfectICONV-t.build/Objects-normal/arm64/PerfectICONV.swiftmodule -emit-abi-descriptor-path /Users/admin/builder/spi-builder-workspace/.derivedData/Build/Intermediates.noindex/PerfectICONV.build/Debug-watchos/PerfectICONV-t.build/Objects-normal/arm64/PerfectICONV.abi.json
SwiftCompile normal arm64 (in target 'PerfectICONV' from project 'PerfectICONV')
    cd /Users/admin/builder/spi-builder-workspace/.swiftpm/xcode

SwiftCompile normal arm64_32 Compiling\ PerfectICONV.swift /Users/admin/builder/spi-builder-workspace/.dependencies/checkouts/Perfect-ICONV/Sources/PerfectICONV/PerfectICONV.swift (in target 'PerfectICONV' from project 'PerfectICONV')
SwiftCompile normal arm64_32 /Users/admin/builder/spi-builder-workspace/.dependencies/checkouts/Perfect-ICONV/Sources/PerfectICONV/PerfectICONV.swift (in target 'PerfectICONV' from project 'PerfectICONV')
    cd /Users/admin/builder/spi-builder-workspace/.swiftpm/xcode
    builtin-SwiftPerFileCompile PerfectICONV.swift
/Users/admin/builder/spi-builder-workspace/.dependencies/checkouts/Perfect-ICONV/Sources/ICONVApi/include/module.modulemap:2:10: error: header '/Applications/Xcode.app/Contents/Developer/Platforms/MacOSX.platform/Developer/SDKs/MacOSX.sdk/usr/include/iconv.h' not found
1 | module ICONVApi [system] {
2 |   header "/Applications/Xcode.app/Contents/Developer/Platforms/MacOSX.platform/Developer/SDKs/MacOSX.sdk/usr/include/iconv.h"
  |          `- error: header '/Applications/Xcode.app/Contents/Developer/Platforms/MacOSX.platform/Developer/SDKs/MacOSX.sdk/usr/include/iconv.h' not found
3 |   link "iconv"
4 |   export *
SwiftCompile normal arm64 Compiling\ PerfectICONV.swift /Users/admin/builder/spi-builder-workspace/.dependencies/checkouts/Perfect-ICONV/Sources/PerfectICONV/PerfectICONV.swift (in target 'PerfectICONV' from project 'PerfectICONV')
SwiftCompile normal arm64 /Users/admin/builder/spi-builder-workspace/.dependencies/checkouts/Perfect-ICONV/Sources/PerfectICONV/PerfectICONV.swift (in target 'PerfectICONV' from project 'PerfectICONV')
    cd /Users/admin/builder/spi-builder-workspace/.swiftpm/xcode
    builtin-SwiftPerFileCompile PerfectICONV.swift
/Users/admin/builder/spi-builder-workspace/.dependencies/checkouts/Perfect-ICONV/Sources/ICONVApi/include/module.modulemap:2:10: error: header '/Applications/Xcode.app/Contents/Developer/Platforms/MacOSX.platform/Developer/SDKs/MacOSX.sdk/usr/include/iconv.h' not found
1 | module ICONVApi [system] {
2 |   header "/Applications/Xcode.app/Contents/Developer/Platforms/MacOSX.platform/Developer/SDKs/MacOSX.sdk/usr/include/iconv.h"
  |          `- error: header '/Applications/Xcode.app/Contents/Developer/Platforms/MacOSX.platform/Developer/SDKs/MacOSX.sdk/usr/include/iconv.h' not found
3 |   link "iconv"
4 |   export *
PruneExplicitPrecompiledModules /Users/admin/builder/spi-builder-workspace/.derivedData/Build/Intermediates.noindex/SwiftExplicitPrecompiledModules
PruneExplicitPrecompiledModules /Users/admin/builder/spi-builder-workspace/.derivedData/SDKExplicitPrecompiledModules
PruneExplicitPrecompiledModules /Users/admin/builder/spi-builder-workspace/.derivedData/Build/Intermediates.noindex/ExplicitPrecompiledModules
2026-09-16 10:46:00.359 xcodebuild[822:5059] [MT] IDERunDestination: Supported platforms for the buildables in the current scheme is empty.
** BUILD FAILED **
The following build commands failed:
	SwiftCompile normal arm64_32 (in target 'PerfectICONV' from project 'PerfectICONV')
	SwiftEmitModule normal arm64_32 Emitting\ module\ for\ PerfectICONV (in target 'PerfectICONV' from project 'PerfectICONV')
	SwiftEmitModule normal arm64 Emitting\ module\ for\ PerfectICONV (in target 'PerfectICONV' from project 'PerfectICONV')
	SwiftCompile normal arm64 (in target 'PerfectICONV' from project 'PerfectICONV')
	Building workspace PerfectLDAP with scheme PerfectLDAP
(5 failures)
BUILD FAILURE 6.4 watchOS