The Swift Package Index logo.Swift Package Index

Build Information

Failed to build Cryptex, reference 0.0.6 (b37b47), with Swift 6.4 for iOS using Xcode 27.0 on 17 Sep 2026 19:33:11 UTC.

Build Command

env DEVELOPER_DIR=/Applications/Xcode-27.0.0-Release.Candidate.app xcrun xcodebuild -IDEClonedSourcePackagesDirPathOverride=$PWD/.dependencies -skipMacroValidation -skipPackagePluginValidation -derivedDataPath $PWD/.derivedData build -scheme Cryptex -destination generic/platform=iOS

Build Log

========================================
RunAll
========================================
Builder version: 5.1.0
Interrupt handler set up.
========================================
Checkout
========================================
Clone URL: https://github.com/trsathya/cryptex.git
Reference: 0.0.6
Initialized empty Git repository in /Users/admin/builder/spi-builder-workspace/.git/
From https://github.com/trsathya/cryptex
 * tag               0.0.6      -> FETCH_HEAD
HEAD is now at b37b478 Upgrade tto Swift 4.2
Cloned https://github.com/trsathya/cryptex.git
Revision (git rev-parse @):
b37b47870bc9f064d0420506ed7621d52e94eb75
SUCCESS checkout https://github.com/trsathya/cryptex.git at 0.0.6
========================================
Build
========================================
Selected platform:         iOS
Swift version:             6.4
Building package at path:  $PWD
https://github.com/trsathya/cryptex.git
Command line invocation:
    /Applications/Xcode-27.0.0-Release.Candidate.app/Contents/Developer/usr/bin/xcodebuild -IDEClonedSourcePackagesDirPathOverride=/Users/admin/builder/spi-builder-workspace/.dependencies -resolvePackageDependencies
resolved source packages:
{
  "dependencies" : [
    {
      "identity" : "cryptoswift",
      "requirement" : {
        "range" : [
          {
            "lower_bound" : "0.8.1",
            "upper_bound" : "1.0.0"
          }
        ]
      },
      "type" : "sourceControl",
      "url" : "https://github.com/krzyzanowskim/CryptoSwift.git"
    }
  ],
  "manifest_display_name" : "Cryptex",
  "name" : "Cryptex",
  "path" : "/Users/admin/builder/spi-builder-workspace",
  "platforms" : [
  ],
  "products" : [
    {
      "name" : "Cryptex",
      "targets" : [
        "Cryptex"
      ],
      "type" : {
        "library" : [
          "automatic"
        ]
      }
    }
  ],
  "swift_languages_versions" : [
    "4"
  ],
  "targets" : [
    {
      "c99name" : "CryptexTests",
      "module_type" : "SwiftTarget",
      "name" : "CryptexTests",
      "path" : "Tests/CryptexTests",
      "sources" : [
        "CryptexTests.swift"
      ],
      "target_dependencies" : [
        "Cryptex"
      ],
      "type" : "test"
    },
    {
      "c99name" : "Cryptex",
      "module_type" : "SwiftTarget",
      "name" : "Cryptex",
      "path" : ".",
      "product_dependencies" : [
        "CryptoSwift"
      ],
      "product_memberships" : [
        "Cryptex"
      ],
      "sources" : [
        "Sources/Binance.swift",
        "Sources/BitGrail.swift",
        "Sources/Bitfinex.swift",
        "Sources/CoinExchange.swift",
        "Sources/CoinMarketCap.swift",
        "Sources/Common/API.swift",
        "Sources/Common/Balance.swift",
        "Sources/Common/Currency.swift",
        "Sources/Common/CurrencyPair.swift",
        "Sources/Common/Enums.swift",
        "Sources/Common/ExchangeDataStore.swift",
        "Sources/Common/Extensions.swift",
        "Sources/Common/MockURLSession.swift",
        "Sources/Common/Network.swift",
        "Sources/Common/Protocols.swift",
        "Sources/Common/Ticker.swift",
        "Sources/Common/UserPreference.swift",
        "Sources/Cryptopia.swift",
        "Sources/GDAX.swift",
        "Sources/Gemini.swift",
        "Sources/Koinex.swift",
        "Sources/Kraken.swift",
        "Sources/Poloniex.swift",
        "UI/CryptEx/API/API.swift",
        "UI/CryptEx/API/Services.swift",
        "UI/CryptEx/AppDelegate.swift",
        "UI/CryptEx/BackgroundServices/BackgroundService.swift",
        "UI/CryptEx/TickerCell.swift",
        "UI/CryptEx/ViewController/All/AllBalancesVC.swift",
        "UI/CryptEx/ViewController/BalancesVC.swift",
        "UI/CryptEx/ViewController/ExchangeVC.swift",
        "UI/CryptEx/ViewController/Gemini/GeminiPastTradesVC.swift",
        "UI/CryptEx/ViewController/Poloniex/PoloniexDepositsWithdrawalsVC.swift",
        "UI/CryptEx/ViewController/Poloniex/PoloniexTradeHistoryVC.swift",
        "UI/CryptEx/ViewController/RefreshableTableVC.swift",
        "UI/CryptEx/ViewController/Settings/NotificationSettingsVC.swift",
        "UI/CryptEx/ViewController/TickersVC.swift"
      ],
      "type" : "library"
    }
  ],
  "tools_version" : "4.0"
}
{
  "project" : {
    "configurations" : [
      "Debug",
      "Release"
    ],
    "name" : "Cryptex",
    "schemes" : [
      "Cryptex"
    ],
    "targets" : [
      "Cryptex",
      "CryptexTests"
    ]
  }
}
Running build ...
env DEVELOPER_DIR=/Applications/Xcode-27.0.0-Release.Candidate.app xcrun xcodebuild -IDEClonedSourcePackagesDirPathOverride=$PWD/.dependencies -skipMacroValidation -skipPackagePluginValidation -derivedDataPath $PWD/.derivedData build -scheme Cryptex -destination generic/platform=iOS
Command line invocation:
    /Applications/Xcode-27.0.0-Release.Candidate.app/Contents/Developer/usr/bin/xcodebuild -IDEClonedSourcePackagesDirPathOverride=/Users/admin/builder/spi-builder-workspace/.dependencies -skipMacroValidation -skipPackagePluginValidation -derivedDataPath /Users/admin/builder/spi-builder-workspace/.derivedData build -scheme Cryptex -destination generic/platform=iOS
ComputePackagePrebuildTargetDependencyGraph
Prepare packages
CreateBuildRequest
SendProjectDescription
CreateBuildOperation
ComputeTargetDependencyGraph
note: Building targets in dependency order
note: Target dependency graph (1 target)
    Target 'Cryptex' in project 'Cryptex' (no dependencies)
GatherProvisioningInputs
CreateBuildDescription
ExecuteExternalTool /Applications/Xcode-27.0.0-Release.Candidate.app/Contents/Developer/Toolchains/XcodeDefault.xctoolchain/usr/bin/clang -v -E -dM -isysroot /Applications/Xcode-27.0.0-Release.Candidate.app/Contents/Developer/Platforms/iPhoneOS.platform/Developer/SDKs/iPhoneOS27.0.sdk -x c -c /dev/null
ExecuteExternalTool /Applications/Xcode-27.0.0-Release.Candidate.app/Contents/Developer/Toolchains/XcodeDefault.xctoolchain/usr/bin/clang -v -E -dM -arch arm64 -isysroot /Applications/Xcode-27.0.0-Release.Candidate.app/Contents/Developer/Platforms/iPhoneOS.platform/Developer/SDKs/iPhoneOS27.0.sdk -x c -c /dev/null
ExecuteExternalTool /Applications/Xcode-27.0.0-Release.Candidate.app/Contents/Developer/Toolchains/XcodeDefault.xctoolchain/usr/bin/swiftc --version
ExecuteExternalTool /Applications/Xcode-27.0.0-Release.Candidate.app/Contents/Developer/Toolchains/XcodeDefault.xctoolchain/usr/bin/ld -version_details
Build description signature: c405a712691619abb50aa45fda735ea4
Build description path: /Users/admin/builder/spi-builder-workspace/.derivedData/Build/Intermediates.noindex/XCBuildData/c405a712691619abb50aa45fda735ea4.xcbuilddata
/Users/admin/builder/spi-builder-workspace/Cryptex.xcodeproj: error: The iOS deployment target 'IPHONEOS_DEPLOYMENT_TARGET' is set to 11.3, but the range of supported deployment target versions is 15.0 to 27.0.x. (in target 'Cryptex' from project 'Cryptex')
** BUILD FAILED **
The following build commands failed:
	Building project Cryptex with scheme Cryptex
(1 failure)
Command line invocation:
    /Applications/Xcode-27.0.0-Release.Candidate.app/Contents/Developer/usr/bin/xcodebuild -IDEClonedSourcePackagesDirPathOverride=/Users/admin/builder/spi-builder-workspace/.dependencies -resolvePackageDependencies
resolved source packages:
{
  "dependencies" : [
    {
      "identity" : "cryptoswift",
      "requirement" : {
        "range" : [
          {
            "lower_bound" : "0.8.1",
            "upper_bound" : "1.0.0"
          }
        ]
      },
      "type" : "sourceControl",
      "url" : "https://github.com/krzyzanowskim/CryptoSwift.git"
    }
  ],
  "manifest_display_name" : "Cryptex",
  "name" : "Cryptex",
  "path" : "/Users/admin/builder/spi-builder-workspace",
  "platforms" : [
  ],
  "products" : [
    {
      "name" : "Cryptex",
      "targets" : [
        "Cryptex"
      ],
      "type" : {
        "library" : [
          "automatic"
        ]
      }
    }
  ],
  "swift_languages_versions" : [
    "4"
  ],
  "targets" : [
    {
      "c99name" : "CryptexTests",
      "module_type" : "SwiftTarget",
      "name" : "CryptexTests",
      "path" : "Tests/CryptexTests",
      "sources" : [
        "CryptexTests.swift"
      ],
      "target_dependencies" : [
        "Cryptex"
      ],
      "type" : "test"
    },
    {
      "c99name" : "Cryptex",
      "module_type" : "SwiftTarget",
      "name" : "Cryptex",
      "path" : ".",
      "product_dependencies" : [
        "CryptoSwift"
      ],
      "product_memberships" : [
        "Cryptex"
      ],
      "sources" : [
        "Sources/Binance.swift",
        "Sources/BitGrail.swift",
        "Sources/Bitfinex.swift",
        "Sources/CoinExchange.swift",
        "Sources/CoinMarketCap.swift",
        "Sources/Common/API.swift",
        "Sources/Common/Balance.swift",
        "Sources/Common/Currency.swift",
        "Sources/Common/CurrencyPair.swift",
        "Sources/Common/Enums.swift",
        "Sources/Common/ExchangeDataStore.swift",
        "Sources/Common/Extensions.swift",
        "Sources/Common/MockURLSession.swift",
        "Sources/Common/Network.swift",
        "Sources/Common/Protocols.swift",
        "Sources/Common/Ticker.swift",
        "Sources/Common/UserPreference.swift",
        "Sources/Cryptopia.swift",
        "Sources/GDAX.swift",
        "Sources/Gemini.swift",
        "Sources/Koinex.swift",
        "Sources/Kraken.swift",
        "Sources/Poloniex.swift",
        "UI/CryptEx/API/API.swift",
        "UI/CryptEx/API/Services.swift",
        "UI/CryptEx/AppDelegate.swift",
        "UI/CryptEx/BackgroundServices/BackgroundService.swift",
        "UI/CryptEx/TickerCell.swift",
        "UI/CryptEx/ViewController/All/AllBalancesVC.swift",
        "UI/CryptEx/ViewController/BalancesVC.swift",
        "UI/CryptEx/ViewController/ExchangeVC.swift",
        "UI/CryptEx/ViewController/Gemini/GeminiPastTradesVC.swift",
        "UI/CryptEx/ViewController/Poloniex/PoloniexDepositsWithdrawalsVC.swift",
        "UI/CryptEx/ViewController/Poloniex/PoloniexTradeHistoryVC.swift",
        "UI/CryptEx/ViewController/RefreshableTableVC.swift",
        "UI/CryptEx/ViewController/Settings/NotificationSettingsVC.swift",
        "UI/CryptEx/ViewController/TickersVC.swift"
      ],
      "type" : "library"
    }
  ],
  "tools_version" : "4.0"
}
{
  "project" : {
    "configurations" : [
      "Debug",
      "Release"
    ],
    "name" : "Cryptex",
    "schemes" : [
      "Cryptex"
    ],
    "targets" : [
      "Cryptex",
      "CryptexTests"
    ]
  }
}
Running build ...
env DEVELOPER_DIR=/Applications/Xcode-27.0.0-Release.Candidate.app xcrun xcodebuild -IDEClonedSourcePackagesDirPathOverride=$PWD/.dependencies -skipMacroValidation -skipPackagePluginValidation -derivedDataPath $PWD/.derivedData build -scheme Cryptex -destination generic/platform=iOS
Command line invocation:
    /Applications/Xcode-27.0.0-Release.Candidate.app/Contents/Developer/usr/bin/xcodebuild -IDEClonedSourcePackagesDirPathOverride=/Users/admin/builder/spi-builder-workspace/.dependencies -skipMacroValidation -skipPackagePluginValidation -derivedDataPath /Users/admin/builder/spi-builder-workspace/.derivedData build -scheme Cryptex -destination generic/platform=iOS
ComputePackagePrebuildTargetDependencyGraph
Prepare packages
CreateBuildRequest
SendProjectDescription
CreateBuildOperation
ComputeTargetDependencyGraph
note: Building targets in dependency order
note: Target dependency graph (1 target)
    Target 'Cryptex' in project 'Cryptex' (no dependencies)
GatherProvisioningInputs
CreateBuildDescription
/Users/admin/builder/spi-builder-workspace/Cryptex.xcodeproj: error: The iOS deployment target 'IPHONEOS_DEPLOYMENT_TARGET' is set to 11.3, but the range of supported deployment target versions is 15.0 to 27.0.x. (in target 'Cryptex' from project 'Cryptex')
** BUILD FAILED **
The following build commands failed:
	Building project Cryptex with scheme Cryptex
(1 failure)
BUILD FAILURE 6.4 iOS