The Swift Package Index logo.Swift Package Index

Build Information

Failed to build Kuri, reference 0.5.0 (4f89c4), with Swift 6.4 for Android on 17 Sep 2026 12:26:31 UTC.

Build Command

bash -c docker run --pull=always --rm -v "checkouts-54344843-0":/host -w "$PWD" -e JAVA_HOME="/root/.sdkman/candidates/java/current" -e SPI_BUILD="1" -e SPI_PROCESSING="1" registry.gitlab.com/saguaro1/spi-images:android-6.4-latest swift build --swift-sdk aarch64-unknown-linux-android28 2>&1

Build Log

========================================
RunAll
========================================
Builder version: 5.1.0
Interrupt handler set up.
========================================
Checkout
========================================
Clone URL: https://github.com/bannzai/kuri.git
Reference: 0.5.0
Initialized empty Git repository in /host/spi-builder-workspace/.git/
hint: Using 'master' as the name for the initial branch. This default branch name
hint: is subject to change. To configure the initial branch name to use in all
hint: of your new repositories, which will suppress this warning, call:
hint:
hint: 	git config --global init.defaultBranch <name>
hint:
hint: Names commonly chosen instead of 'master' are 'main', 'trunk' and
hint: 'development'. The just-created branch can be renamed via this command:
hint:
hint: 	git branch -m <name>
From https://github.com/bannzai/kuri
 * tag               0.5.0      -> FETCH_HEAD
HEAD is now at 4f89c4b Merge pull request #24 from hicka04/fix/install/swiftpm-swift5.3
Cloned https://github.com/bannzai/kuri.git
Revision (git rev-parse @):
4f89c4b56c085e01de8e046bc3af9bbf5021474b
SUCCESS checkout https://github.com/bannzai/kuri.git at 0.5.0
========================================
Build
========================================
Selected platform:         android
Swift version:             6.4
Building package at path:  $PWD
https://github.com/bannzai/kuri.git
Running build ...
bash -c docker run --pull=always --rm -v "checkouts-54344843-0":/host -w "$PWD" -e JAVA_HOME="/root/.sdkman/candidates/java/current" -e SPI_BUILD="1" -e SPI_PROCESSING="1" registry.gitlab.com/saguaro1/spi-images:android-6.4-latest swift build --swift-sdk aarch64-unknown-linux-android28 2>&1
android-6.4-latest: Pulling from saguaro1/spi-images
Digest: sha256:abadcff584c273feba50641b454858d377ba30b35ea7287a94f45ebd8afd0ea0
Status: Image is up to date for registry.gitlab.com/saguaro1/spi-images:android-6.4-latest
Fetching https://github.com/bannzai/XcodeProject.git
Fetching https://github.com/behrang/YamlSwift.git
Fetching https://github.com/kareman/SwiftShell.git
[1/4198] Fetching xcodeproject
[4199/9089] Fetching xcodeproject, swiftshell
[4591/10473] Fetching xcodeproject, swiftshell, yamlswift
Fetched https://github.com/behrang/YamlSwift.git (0.51s)
Fetched https://github.com/bannzai/XcodeProject.git (0.51s)
[1615/4891] Fetching swiftshell
Fetched https://github.com/kareman/SwiftShell.git (0.56s)
Computing version for https://github.com/behrang/YamlSwift.git
Computed https://github.com/behrang/YamlSwift.git at 3.4.4 (0.75s)
Computing version for https://github.com/bannzai/XcodeProject.git
Computed https://github.com/bannzai/XcodeProject.git at 1.1.1 (0.18s)
Fetching https://github.com/bannzai/Swdifft.git
Fetching https://github.com/kylef/Commander.git
[1/140] Fetching swdifft
[141/1728] Fetching swdifft, commander
Fetched https://github.com/bannzai/Swdifft.git (0.96s)
Fetched https://github.com/kylef/Commander.git (0.96s)
Computing version for https://github.com/bannzai/Swdifft.git
Computed https://github.com/bannzai/Swdifft.git at 1.0.3 (2.01s)
Computing version for https://github.com/kareman/SwiftShell.git
Computed https://github.com/kareman/SwiftShell.git at 5.1.1 (0.19s)
Computing version for https://github.com/kylef/Commander.git
Computed https://github.com/kylef/Commander.git at 0.9.2 (0.18s)
Fetching https://github.com/kylef/Spectre.git
[1/1021] Fetching spectre
Fetched https://github.com/kylef/Spectre.git (0.47s)
Computing version for https://github.com/kylef/Spectre.git
Computed https://github.com/kylef/Spectre.git at 0.10.1 (0.66s)
Creating working copy for https://github.com/kylef/Spectre.git
Working copy of https://github.com/kylef/Spectre.git resolved at 0.10.1
Creating working copy for https://github.com/behrang/YamlSwift.git
Working copy of https://github.com/behrang/YamlSwift.git resolved at 3.4.4
Creating working copy for https://github.com/kylef/Commander.git
Working copy of https://github.com/kylef/Commander.git resolved at 0.9.2
Creating working copy for https://github.com/bannzai/XcodeProject.git
Working copy of https://github.com/bannzai/XcodeProject.git resolved at 1.1.1
Creating working copy for https://github.com/bannzai/Swdifft.git
Working copy of https://github.com/bannzai/Swdifft.git resolved at 1.0.3
Creating working copy for https://github.com/kareman/SwiftShell.git
Working copy of https://github.com/kareman/SwiftShell.git resolved at 5.1.1
warning: 'xcodeproject': The target named 'XcodeProject' was identified as an executable target but a non-executable product with this name already exists.
warning: 'xcodeproject': The target named 'XcodeProject' was identified as an executable target but a non-executable product with this name already exists.
Building for debugging...
[Provisioning 2 / 12]
[Pre-planning 1 / 215]
[Starting]
[58 / 112] Swdifft
[69 / 112] Yaml-product
[70 / 112] Yaml
[77 / 112] SwiftShell
[78 / 112] SwiftShell-product
[85 / 112] Yaml
[87 / 112] XcodeProjectCore
[100 / 124] XcodeProjectCore
[101 / 125] XcodeProjectCore
[112 / 126] SwiftShell
[118 / 135] KuriCore
[120 / 135] KuriCore
/host/spi-builder-workspace/Sources/KuriCore/Util/FileOperator.swift:31:21: warning: result of call to 'createFile(atPath:contents:attributes:)' is unused [#]8;;https://docs.swift.org/compiler/documentation/diagnostics/no-usage\NoUsage]8;;\]
29 |
30 |     func createFile(for path: String) {
31 |         fileManager.createFile(atPath: path, contents: nil, attributes: nil)
   |                     `- warning: result of call to 'createFile(atPath:contents:attributes:)' is unused [#]8;;https://docs.swift.org/compiler/documentation/diagnostics/no-usage\NoUsage]8;;\]
32 |     }
33 |
[#NoUsage]: <https://docs.swift.org/compiler/documentation/diagnostics/no-usage>
[129 / 138] KuriCore
error: SwiftCompile normal aarch64 failed with a nonzero exit code. Command line:     cd /host

/host/spi-builder-workspace/Sources/Kuri/main.swift:13:11: error: 'ProcessInfo' initializer is inaccessible due to 'internal' protection level
11 | import SwiftShell
12 |
13 | let env = ProcessInfo().environment
   |           `- error: 'ProcessInfo' initializer is inaccessible due to 'internal' protection level
14 | let args = Array(ProcessInfo().arguments.dropFirst())
15 |
FoundationEssentials.ProcessInfo.init:2:10: note: 'init()' declared here
1 | class ProcessInfo {
2 | internal init()}
  |          `- note: 'init()' declared here
3 |
/host/spi-builder-workspace/Sources/Kuri/main.swift:14:18: error: 'ProcessInfo' initializer is inaccessible due to 'internal' protection level
12 |
13 | let env = ProcessInfo().environment
14 | let args = Array(ProcessInfo().arguments.dropFirst())
   |                  `- error: 'ProcessInfo' initializer is inaccessible due to 'internal' protection level
15 |
16 | if let debugPath = env["WorkingDirectory"] {
FoundationEssentials.ProcessInfo.init:2:10: note: 'init()' declared here
1 | class ProcessInfo {
2 | internal init()}
  |          `- note: 'init()' declared here
3 |
/host/spi-builder-workspace/Sources/Kuri/main.swift:38:3: warning: 'catch' block is unreachable because no errors are thrown in 'do' block
36 |         try generater.execute()
37 |     }
38 | } catch let e as KuriErrorType {
   |   `- warning: 'catch' block is unreachable because no errors are thrown in 'do' block
39 |     print("ErrorType \(e) description: \(e.errorDescription())")
40 |     exit(1)
Failed frontend command:
/root/.local/share/swiftly/toolchains/6.4.x-snapshot-2026-09-04/usr/bin/swift-frontend -frontend -emit-module -experimental-skip-non-inlinable-function-bodies-without-types /host/spi-builder-workspace/Sources/Kuri/main.swift -target aarch64-unknown-linux-android28 -Xllvm -aarch64-use-tbi -disable-objc-interop -sdk /android-ndk/android-ndk-r27d/toolchains/llvm/prebuilt/linux-x86_64/sysroot -sysroot /android-ndk/android-ndk-r27d/toolchains/llvm/prebuilt/linux-x86_64/sysroot -I /host/spi-builder-workspace/.build/out/Products/Debug-android-aarch64 -module-cache-path /host/spi-builder-workspace/.build/out/ModuleCache.noindex -color-diagnostics -Xcc -fcolor-diagnostics -enable-testing -g -debug-info-format\=dwarf -dwarf-version\=4 -swift-version 4 -Onone -D SWIFT_PACKAGE -D DEBUG -D Xcode -serialize-debugging-options -enable-experimental-feature DebugDescriptionMacro -empty-abi-descriptor -external-plugin-path /root/.local/share/swiftly/toolchains/6.4.x-snapshot-2026-09-04/usr/lib/swift/host/plugins/testing\#/root/.local/share/swiftly/toolchains/6.4.x-snapshot-2026-09-04/usr/bin/swift-plugin-server -validate-clang-modules-once -clang-build-session-file /host/spi-builder-workspace/.build/out/ModuleCache.noindex/Session.modulevalidation -Xcc -working-directory -Xcc /host -resource-dir /root/.swiftpm/swift-sdks/swift-6.4.x-DEVELOPMENT-SNAPSHOT-2026-09-04-a_android.artifactbundle/swift-android/swift-resources/usr/lib/swift-aarch64 -enable-anonymous-context-mangled-names -file-compilation-dir /host -Xcc -resource-dir -Xcc /android-ndk/android-ndk-r27d/toolchains/llvm/prebuilt/linux-x86_64/lib/clang/18 -Xcc -fno-omit-frame-pointer -Xcc -D_LIBCPP_HARDENING_MODE\=_LIBCPP_HARDENING_MODE_DEBUG -Xcc -fmodules-prune-interval\=86400 -Xcc -fmodules-prune-after\=345600 -Xcc -I/host/spi-builder-workspace/.build/out/Products/Debug-android-aarch64/include -Xcc -I/host/spi-builder-workspace/.build/out/Intermediates.noindex/Kuri.build/Debug-android-aarch64/kuri-p.build/DerivedSources-normal/aarch64 -Xcc -I/host/spi-builder-workspace/.build/out/Intermediates.noindex/Kuri.build/Debug-android-aarch64/kuri-p.build/DerivedSources/aarch64 -Xcc -I/host/spi-builder-workspace/.build/out/Intermediates.noindex/Kuri.build/Debug-android-aarch64/kuri-p.build/DerivedSources -Xcc -DSWIFT_PACKAGE -Xcc -DDEBUG\=1 -no-auto-bridging-header-chaining -module-name Kuri -const-gather-protocols-file /host/spi-builder-workspace/.build/out/Intermediates.noindex/Kuri.build/Debug-android-aarch64/kuri-p.build/Objects-normal/aarch64/kuri_const_extract_protocols.json -in-process-plugin-server-path /root/.local/share/swiftly/toolchains/6.4.x-snapshot-2026-09-04/usr/lib/swift/host/libSwiftInProcPluginServer.so -plugin-path /root/.local/share/swiftly/toolchains/6.4.x-snapshot-2026-09-04/usr/lib/swift/host/plugins -plugin-path /root/.local/share/swiftly/toolchains/6.4.x-snapshot-2026-09-04/usr/local/lib/swift/host/plugins -emit-module-doc-path /host/spi-builder-workspace/.build/out/Intermediates.noindex/Kuri.build/Debug-android-aarch64/kuri-p.build/Objects-normal/aarch64/Modules/Kuri.swiftdoc -emit-module-source-info-path /host/spi-builder-workspace/.build/out/Intermediates.noindex/Kuri.build/Debug-android-aarch64/kuri-p.build/Objects-normal/aarch64/Modules/Kuri.swiftsourceinfo -serialize-diagnostics-path /host/spi-builder-workspace/.build/out/Intermediates.noindex/Kuri.build/Debug-android-aarch64/kuri-p.build/Objects-normal/aarch64/kuri-primary-emit-module.dia -emit-dependencies-path /host/spi-builder-workspace/.build/out/Intermediates.noindex/Kuri.build/Debug-android-aarch64/kuri-p.build/Objects-normal/aarch64/kuri-primary-emit-module.d -o /host/spi-builder-workspace/.build/out/Intermediates.noindex/Kuri.build/Debug-android-aarch64/kuri-p.build/Objects-normal/aarch64/Modules/Kuri.swiftmodule
error: Build failed
BUILD FAILURE 6.4 android