Build Information
Failed to build GModule, reference 2.80.0 (98d287), with Swift 6.4 for tvOS using Xcode 27.0 on 20 Sep 2026 14:00:41 UTC.
Build Command
No build command. This typically means the build failed at an early stage where we determine the build command.Build Log
========================================
RunAll
========================================
Builder version: 5.1.0
Interrupt handler set up.
========================================
Checkout
========================================
Clone URL: https://github.com/rhx/SwiftGModule.git
Reference: 2.80.0
Initialized empty Git repository in /Users/admin/builder/spi-builder-workspace/.git/
From https://github.com/rhx/SwiftGModule
* tag 2.80.0 -> FETCH_HEAD
HEAD is now at 98d2875 Update for glib-2.80
Cloned https://github.com/rhx/SwiftGModule.git
Revision (git rev-parse @):
98d287512dd7589b30b001936a1ab7ab593b7b08
SUCCESS checkout https://github.com/rhx/SwiftGModule.git at 2.80.0
========================================
Build
========================================
Selected platform: tvOS
Swift version: 6.4
Building package at path: $PWD
https://github.com/rhx/SwiftGModule.git
Command line invocation:
/Applications/Xcode-27.0.0-Release.Candidate.app/Contents/Developer/usr/bin/xcodebuild -IDEClonedSourcePackagesDirPathOverride=/Users/admin/builder/spi-builder-workspace/.dependencies -resolvePackageDependencies
Resolve Package Graph
Fetching from https://github.com/rhx/gir2swift.git
Fetching from https://github.com/rhx/SwiftGLib.git
Fetching from https://github.com/rhx/SwiftLibXML.git
Fetching from https://github.com/jpsim/Yams.git
Fetching from https://github.com/apple/swift-docc-plugin
Fetching from https://github.com/apple/swift-argument-parser
Fetching from https://github.com/swiftlang/swift-docc-symbolkit
Creating working copy of package ‘SwiftGLib’
Checking out main (66d258c) of package ‘SwiftGLib’
Creating working copy of package ‘swift-argument-parser’
Checking out 1.8.2 of package ‘swift-argument-parser’
Creating working copy of package ‘gir2swift’
Checking out main (e2b894e) of package ‘gir2swift’
Creating working copy of package ‘swift-docc-symbolkit’
Checking out 1.0.0 of package ‘swift-docc-symbolkit’
Creating working copy of package ‘swift-docc-plugin’
Checking out 1.5.0 of package ‘swift-docc-plugin’
Creating working copy of package ‘SwiftLibXML’
Checking out main (35dea8f) of package ‘SwiftLibXML’
Creating working copy of package ‘Yams’
Checking out 4.0.6 of package ‘Yams’
DecodingError.dataCorrupted: Data was corrupted. Debug description: The given data was not valid JSON.. Underlying error: Error Domain=NSCocoaErrorDomain Code=3840 "Unexpected end of file" UserInfo={NSDebugDescription=Unexpected end of file}Resolve Package Graph
DecodingError.dataCorrupted: Data was corrupted. Debug description: The given data was not valid JSON.. Underlying error: Error Domain=NSCocoaErrorDomain Code=3840 "Unexpected end of file" UserInfo={NSDebugDescription=Unexpected end of file}
Resolved source packages:
spi-builder-workspace: (null)
2026-09-20 10:00:34.281 xcodebuild[529:3034] Writing error result bundle to /var/folders/xq/y_g06wb113726d38xsyx71_h0000gn/T/ResultBundle_2026-20-09_10-00-0034.xcresult
xcodebuild: error: Could not resolve package dependencies:
DecodingError.dataCorrupted: Data was corrupted. Debug description: The given data was not valid JSON.. Underlying error: Error Domain=NSCocoaErrorDomain Code=3840 "Unexpected end of file" UserInfo={NSDebugDescription=Unexpected end of file}
Command line invocation:
/Applications/Xcode-27.0.0-Release.Candidate.app/Contents/Developer/usr/bin/xcodebuild -IDEClonedSourcePackagesDirPathOverride=/Users/admin/builder/spi-builder-workspace/.dependencies -resolvePackageDependencies
Resolve Package Graph
DecodingError.dataCorrupted: Data was corrupted. Debug description: The given data was not valid JSON.. Underlying error: Error Domain=NSCocoaErrorDomain Code=3840 "Unexpected end of file" UserInfo={NSDebugDescription=Unexpected end of file}
Resolved source packages:
spi-builder-workspace: (null)
2026-09-20 10:00:41.422 xcodebuild[980:5677] Writing error result bundle to /var/folders/xq/y_g06wb113726d38xsyx71_h0000gn/T/ResultBundle_2026-20-09_10-00-0041.xcresult
xcodebuild: error: Could not resolve package dependencies:
DecodingError.dataCorrupted: Data was corrupted. Debug description: The given data was not valid JSON.. Underlying error: Error Domain=NSCocoaErrorDomain Code=3840 "Unexpected end of file" UserInfo={NSDebugDescription=Unexpected end of file}
BUILD FAILURE 6.4 tvOS