Build Information
Failed to build podcast-feed-maker-vapor, reference 0.3.1 (0f53b5), with Swift 6.1 for tvOS using Xcode 16.3 on 26 Jun 2026 07:42:52 UTC.
Build Command
No build command. This typically means the build failed at an early stage where we determine the build command.Build Log
========================================
RunAll
========================================
Builder version: undefined version: run 'make version' to update
Interrupt handler set up.
========================================
Checkout
========================================
Clone URL: https://github.com/atelier-socle/podcast-feed-maker-vapor.git
Reference: 0.3.1
Initialized empty Git repository in /Users/admin/builder/spi-builder-workspace/.git/
From https://github.com/atelier-socle/podcast-feed-maker-vapor
* tag 0.3.1 -> FETCH_HEAD
HEAD is now at 0f53b5e fix: pin async-kit >= 1.22.0, relax swift-log to >= 1.10.1
Cloned https://github.com/atelier-socle/podcast-feed-maker-vapor.git
Revision (git rev-parse @):
0f53b5eae93dea79e6d882112fd3164c86e31ec9
SUCCESS checkout https://github.com/atelier-socle/podcast-feed-maker-vapor.git at 0.3.1
========================================
Build
========================================
Selected platform: tvOS
Swift version: 6.1
Building package at path: $PWD
https://github.com/atelier-socle/podcast-feed-maker-vapor.git
https://github.com/atelier-socle/podcast-feed-maker-vapor.git
error: 'spi-builder-workspace': package 'spi-builder-workspace' is using Swift tools version 6.2.0 but the installed version is 6.1.0
error: fatalError
Command line invocation:
/Applications/Xcode-16.3.0.app/Contents/Developer/usr/bin/xcodebuild -IDEClonedSourcePackagesDirPathOverride=/Users/admin/builder/spi-builder-workspace/.dependencies -resolvePackageDependencies
Resolve Package Graph
package 'spi-builder-workspace' is using Swift tools version 6.2.0 but the installed version is 6.1.0
Resolved source packages:
spi-builder-workspace: (null)
2026-06-26 00:42:51.932 xcodebuild[505:2909] Writing error result bundle to /var/folders/5k/5yc19ymj0jqd5v0zvgfqz0xw0000gn/T/ResultBundle_2026-26-06_00-42-0051.xcresult
xcodebuild: error: Could not resolve package dependencies:
package 'spi-builder-workspace' is using Swift tools version 6.2.0 but the installed version is 6.1.0
Command line invocation:
/Applications/Xcode-16.3.0.app/Contents/Developer/usr/bin/xcodebuild -IDEClonedSourcePackagesDirPathOverride=/Users/admin/builder/spi-builder-workspace/.dependencies -resolvePackageDependencies
Resolve Package Graph
package 'spi-builder-workspace' is using Swift tools version 6.2.0 but the installed version is 6.1.0
Resolved source packages:
spi-builder-workspace: (null)
2026-06-26 00:42:52.608 xcodebuild[514:2995] Writing error result bundle to /var/folders/5k/5yc19ymj0jqd5v0zvgfqz0xw0000gn/T/ResultBundle_2026-26-06_00-42-0052.xcresult
xcodebuild: error: Could not resolve package dependencies:
package 'spi-builder-workspace' is using Swift tools version 6.2.0 but the installed version is 6.1.0
BUILD FAILURE 6.1 tvOS