Build Information
Failed to build AutoFlex, reference main (009cc5), with Swift 6.1 for watchOS using Xcode 16.3 on 27 Jun 2026 04:49:53 UTC.
Build Command
env DEVELOPER_DIR=/Applications/Xcode-16.3.0.app xcrun xcodebuild -IDEClonedSourcePackagesDirPathOverride=$PWD/.dependencies -skipMacroValidation -skipPackagePluginValidation -derivedDataPath $PWD/.derivedData build -scheme AutoFlex -destination generic/platform=watchOSBuild Log
public func lessOrEqual(to anchor: LayoutAnchor? = nil, insets: LayoutEdgeInsets) -> [NSLayoutConstraint] {
^~~~~~~~~~~~~~~~~~
/Users/admin/builder/spi-builder-workspace/Sources/LayoutMarker.swift:247:77: error: cannot find type 'NSLayoutConstraint' in scope
public func aspectRatio(_ ratio: CGFloat, options: LayoutOptions...) -> NSLayoutConstraint {
^~~~~~~~~~~~~~~~~~
/Users/admin/builder/spi-builder-workspace/Sources/LayoutMarker.swift:264:63: error: cannot find type 'NSLayoutConstraint' in scope
public func equalToSuperview(constant: CGFloat = 0.0) -> [NSLayoutConstraint] {
^~~~~~~~~~~~~~~~~~
/Users/admin/builder/spi-builder-workspace/Sources/LayoutMarker.swift:275:65: error: cannot find type 'NSLayoutConstraint' in scope
public func equalToSuperview(options: LayoutOptions...) -> [NSLayoutConstraint] {
^~~~~~~~~~~~~~~~~~
/Users/admin/builder/spi-builder-workspace/Sources/LayoutMarker.swift:286:72: error: cannot find type 'NSLayoutConstraint' in scope
public func greaterOrEqualToSuperview(constant: CGFloat = 0.0) -> [NSLayoutConstraint] {
^~~~~~~~~~~~~~~~~~
/Users/admin/builder/spi-builder-workspace/Sources/LayoutMarker.swift:297:74: error: cannot find type 'NSLayoutConstraint' in scope
public func greaterOrEqualToSuperview(options: LayoutOptions...) -> [NSLayoutConstraint] {
^~~~~~~~~~~~~~~~~~
/Users/admin/builder/spi-builder-workspace/Sources/LayoutMarker.swift:308:69: error: cannot find type 'NSLayoutConstraint' in scope
public func lessOrEqualToSuperview(constant: CGFloat = 0.0) -> [NSLayoutConstraint] {
^~~~~~~~~~~~~~~~~~
/Users/admin/builder/spi-builder-workspace/Sources/LayoutMarker.swift:319:71: error: cannot find type 'NSLayoutConstraint' in scope
public func lessOrEqualToSuperview(options: LayoutOptions...) -> [NSLayoutConstraint] {
^~~~~~~~~~~~~~~~~~
/Users/admin/builder/spi-builder-workspace/Sources/LayoutMarker.swift:336:103: error: cannot find type 'NSLayoutConstraint' in scope
public func equal(to anchor: LayoutAnchor? = nil, directionalInsets: NSDirectionalEdgeInsets) -> [NSLayoutConstraint] {
^~~~~~~~~~~~~~~~~~
/Users/admin/builder/spi-builder-workspace/Sources/LayoutMarker.swift:342:112: error: cannot find type 'NSLayoutConstraint' in scope
public func greaterOrEqual(to anchor: LayoutAnchor? = nil, directionalInsets: NSDirectionalEdgeInsets) -> [NSLayoutConstraint] {
^~~~~~~~~~~~~~~~~~
/Users/admin/builder/spi-builder-workspace/Sources/LayoutMarker.swift:348:109: error: cannot find type 'NSLayoutConstraint' in scope
public func lessOrEqual(to anchor: LayoutAnchor? = nil, directionalInsets: NSDirectionalEdgeInsets) -> [NSLayoutConstraint] {
^~~~~~~~~~~~~~~~~~
/Users/admin/builder/spi-builder-workspace/Sources/LayoutMarker.swift:363:62: error: cannot find type 'NSLayoutConstraint' in scope
public func equalToSafeArea(constant: CGFloat = 0.0) -> [NSLayoutConstraint] {
^~~~~~~~~~~~~~~~~~
/Users/admin/builder/spi-builder-workspace/Sources/LayoutMarker.swift:374:64: error: cannot find type 'NSLayoutConstraint' in scope
public func equalToSafeArea(options: LayoutOptions...) -> [NSLayoutConstraint] {
^~~~~~~~~~~~~~~~~~
/Users/admin/builder/spi-builder-workspace/Sources/LayoutMarker.swift:396:83: error: cannot find type 'NSLayoutConstraint' in scope
public func centerInSuperview(xOffset: CGFloat = 0, yOffset: CGFloat = 0) -> [NSLayoutConstraint] {
^~~~~~~~~~~~~~~~~~
/Users/admin/builder/spi-builder-workspace/Sources/LayoutMarker.swift:420:87: error: cannot find type 'NSLayoutConstraint' in scope
public func pinToSuperviewEdges(excluding: LayoutEdge, constant: CGFloat = 0) -> [NSLayoutConstraint] {
^~~~~~~~~~~~~~~~~~
/Users/admin/builder/spi-builder-workspace/Sources/LayoutMarker.swift:448:34: error: cannot find type 'NSLayoutConstraint' in scope
internal func activate() -> [NSLayoutConstraint] {
^~~~~~~~~~~~~~~~~~
/Users/admin/builder/spi-builder-workspace/Sources/LayoutMarker.swift:459:99: error: cannot find type 'NSLayoutConstraint' in scope
private func equal(to anchor: LayoutAnchor?, info: LayoutOptionsInfo, relation: Relation) -> [NSLayoutConstraint] {
^~~~~~~~~~~~~~~~~~
/Users/admin/builder/spi-builder-workspace/Sources/LayoutMarker.swift:487:110: error: cannot find type 'NSLayoutConstraint' in scope
private func equalWithInsets(to anchor: LayoutAnchor?, insets: LayoutEdgeInsets, relation: Relation) -> [NSLayoutConstraint] {
^~~~~~~~~~~~~~~~~~
/Users/admin/builder/spi-builder-workspace/Sources/LayoutMarker.swift:517:128: error: cannot find type 'NSLayoutConstraint' in scope
private func equalWithDirectionalInsets(to anchor: LayoutAnchor?, insets: NSDirectionalEdgeInsets, relation: Relation) -> [NSLayoutConstraint] {
^~~~~~~~~~~~~~~~~~
/Users/admin/builder/spi-builder-workspace/Sources/LayoutMarker.swift:547:100: error: cannot find type 'NSLayoutConstraint' in scope
private func makeTop(to anchor: LayoutAnchor?, info: LayoutOptionsInfo, relation: Relation) -> NSLayoutConstraint {
^~~~~~~~~~~~~~~~~~
/Users/admin/builder/spi-builder-workspace/Sources/LayoutMarker.swift:551:103: error: cannot find type 'NSLayoutConstraint' in scope
private func makeBottom(to anchor: LayoutAnchor?, info: LayoutOptionsInfo, relation: Relation) -> NSLayoutConstraint {
^~~~~~~~~~~~~~~~~~
/Users/admin/builder/spi-builder-workspace/Sources/LayoutMarker.swift:555:104: error: cannot find type 'NSLayoutConstraint' in scope
private func makeLeading(to anchor: LayoutAnchor?, info: LayoutOptionsInfo, relation: Relation) -> NSLayoutConstraint {
^~~~~~~~~~~~~~~~~~
/Users/admin/builder/spi-builder-workspace/Sources/LayoutMarker.swift:559:105: error: cannot find type 'NSLayoutConstraint' in scope
private func makeTrailing(to anchor: LayoutAnchor?, info: LayoutOptionsInfo, relation: Relation) -> NSLayoutConstraint {
^~~~~~~~~~~~~~~~~~
/Users/admin/builder/spi-builder-workspace/Sources/LayoutMarker.swift:563:101: error: cannot find type 'NSLayoutConstraint' in scope
private func makeLeft(to anchor: LayoutAnchor?, info: LayoutOptionsInfo, relation: Relation) -> NSLayoutConstraint {
^~~~~~~~~~~~~~~~~~
/Users/admin/builder/spi-builder-workspace/Sources/LayoutMarker.swift:567:102: error: cannot find type 'NSLayoutConstraint' in scope
private func makeRight(to anchor: LayoutAnchor?, info: LayoutOptionsInfo, relation: Relation) -> NSLayoutConstraint {
^~~~~~~~~~~~~~~~~~
/Users/admin/builder/spi-builder-workspace/Sources/LayoutMarker.swift:571:104: error: cannot find type 'NSLayoutConstraint' in scope
private func makeCenter(to anchor: LayoutAnchor?, info: LayoutOptionsInfo, relation: Relation) -> [NSLayoutConstraint] {
^~~~~~~~~~~~~~~~~~
/Users/admin/builder/spi-builder-workspace/Sources/LayoutMarker.swift:576:104: error: cannot find type 'NSLayoutConstraint' in scope
private func makeCenterX(to anchor: LayoutAnchor?, info: LayoutOptionsInfo, relation: Relation) -> NSLayoutConstraint {
^~~~~~~~~~~~~~~~~~
/Users/admin/builder/spi-builder-workspace/Sources/LayoutMarker.swift:580:104: error: cannot find type 'NSLayoutConstraint' in scope
private func makeCenterY(to anchor: LayoutAnchor?, info: LayoutOptionsInfo, relation: Relation) -> NSLayoutConstraint {
^~~~~~~~~~~~~~~~~~
/Users/admin/builder/spi-builder-workspace/Sources/LayoutMarker.swift:584:102: error: cannot find type 'NSLayoutConstraint' in scope
private func makeWidth(to anchor: LayoutAnchor?, info: LayoutOptionsInfo, relation: Relation) -> NSLayoutConstraint {
^~~~~~~~~~~~~~~~~~
/Users/admin/builder/spi-builder-workspace/Sources/LayoutMarker.swift:588:103: error: cannot find type 'NSLayoutConstraint' in scope
private func makeHeight(to anchor: LayoutAnchor?, info: LayoutOptionsInfo, relation: Relation) -> NSLayoutConstraint {
^~~~~~~~~~~~~~~~~~
/Users/admin/builder/spi-builder-workspace/Sources/LayoutMarker.swift:592:103: error: cannot find type 'NSLayoutConstraint' in scope
private func makeEdges(to anchor: LayoutAnchor?, info: LayoutOptionsInfo, relation: Relation) -> [NSLayoutConstraint] {
^~~~~~~~~~~~~~~~~~
/Users/admin/builder/spi-builder-workspace/Sources/LayoutMarker.swift:617:113: error: cannot find type 'NSLayoutConstraint' in scope
private func makeHorizontalEdges(to anchor: LayoutAnchor?, info: LayoutOptionsInfo, relation: Relation) -> [NSLayoutConstraint] {
^~~~~~~~~~~~~~~~~~
/Users/admin/builder/spi-builder-workspace/Sources/LayoutMarker.swift:636:111: error: cannot find type 'NSLayoutConstraint' in scope
private func makeVerticalEdges(to anchor: LayoutAnchor?, info: LayoutOptionsInfo, relation: Relation) -> [NSLayoutConstraint] {
^~~~~~~~~~~~~~~~~~
/Users/admin/builder/spi-builder-workspace/Sources/LayoutMarker.swift:655:102: error: cannot find type 'NSLayoutConstraint' in scope
private func makeSize(to anchor: LayoutAnchor?, info: LayoutOptionsInfo, relation: Relation) -> [NSLayoutConstraint] {
^~~~~~~~~~~~~~~~~~
/Users/admin/builder/spi-builder-workspace/Sources/LayoutMarker.swift:681:110: error: cannot find type 'NSLayoutConstraint' in scope
private func makeFirstBaseline(to anchor: LayoutAnchor?, info: LayoutOptionsInfo, relation: Relation) -> NSLayoutConstraint {
^~~~~~~~~~~~~~~~~~
/Users/admin/builder/spi-builder-workspace/Sources/LayoutMarker.swift:685:109: error: cannot find type 'NSLayoutConstraint' in scope
private func makeLastBaseline(to anchor: LayoutAnchor?, info: LayoutOptionsInfo, relation: Relation) -> NSLayoutConstraint {
^~~~~~~~~~~~~~~~~~
/Users/admin/builder/spi-builder-workspace/Sources/LayoutMarker.swift:691:168: error: cannot find type 'NSLayoutYAxisAnchor' in scope
private func resolveYAnchor(_ anchor: LayoutAnchor?, viewPath: KeyPath<LayoutView, NSLayoutYAxisAnchor>, guidePath: KeyPath<LayoutGuide, NSLayoutYAxisAnchor>?) -> NSLayoutYAxisAnchor {
^~~~~~~~~~~~~~~~~~~
/Users/admin/builder/spi-builder-workspace/Sources/LayoutMarker.swift:691:88: error: cannot find type 'NSLayoutYAxisAnchor' in scope
private func resolveYAnchor(_ anchor: LayoutAnchor?, viewPath: KeyPath<LayoutView, NSLayoutYAxisAnchor>, guidePath: KeyPath<LayoutGuide, NSLayoutYAxisAnchor>?) -> NSLayoutYAxisAnchor {
^~~~~~~~~~~~~~~~~~~
/Users/admin/builder/spi-builder-workspace/Sources/LayoutMarker.swift:700:167: error: cannot find type 'NSLayoutXAxisAnchor' in scope
private func resolveXAnchor(_ anchor: LayoutAnchor?, viewPath: KeyPath<LayoutView, NSLayoutXAxisAnchor>, guidePath: KeyPath<LayoutGuide, NSLayoutXAxisAnchor>) -> NSLayoutXAxisAnchor {
^~~~~~~~~~~~~~~~~~~
/Users/admin/builder/spi-builder-workspace/Sources/LayoutMarker.swift:700:88: error: cannot find type 'NSLayoutXAxisAnchor' in scope
private func resolveXAnchor(_ anchor: LayoutAnchor?, viewPath: KeyPath<LayoutView, NSLayoutXAxisAnchor>, guidePath: KeyPath<LayoutGuide, NSLayoutXAxisAnchor>) -> NSLayoutXAxisAnchor {
^~~~~~~~~~~~~~~~~~~
/Users/admin/builder/spi-builder-workspace/Sources/LayoutMarker.swift:709:171: error: cannot find type 'NSLayoutDimension' in scope
private func resolveDimensionAnchor(_ anchor: LayoutAnchor?, viewPath: KeyPath<LayoutView, NSLayoutDimension>, guidePath: KeyPath<LayoutGuide, NSLayoutDimension>) -> NSLayoutDimension {
^~~~~~~~~~~~~~~~~
/Users/admin/builder/spi-builder-workspace/Sources/LayoutMarker.swift:709:96: error: cannot find type 'NSLayoutDimension' in scope
private func resolveDimensionAnchor(_ anchor: LayoutAnchor?, viewPath: KeyPath<LayoutView, NSLayoutDimension>, guidePath: KeyPath<LayoutGuide, NSLayoutDimension>) -> NSLayoutDimension {
^~~~~~~~~~~~~~~~~
/Users/admin/builder/spi-builder-workspace/Sources/LayoutMarker.swift:770:113: error: cannot find type 'NSLayoutConstraint' in scope
func constraint(for anchor: NSLayoutYAxisAnchor, to other: NSLayoutYAxisAnchor, info: LayoutOptionsInfo) -> NSLayoutConstraint {
^~~~~~~~~~~~~~~~~~
/Users/admin/builder/spi-builder-workspace/Sources/LayoutMarker.swift:770:33: error: cannot find type 'NSLayoutYAxisAnchor' in scope
func constraint(for anchor: NSLayoutYAxisAnchor, to other: NSLayoutYAxisAnchor, info: LayoutOptionsInfo) -> NSLayoutConstraint {
^~~~~~~~~~~~~~~~~~~
/Users/admin/builder/spi-builder-workspace/Sources/LayoutMarker.swift:770:64: error: cannot find type 'NSLayoutYAxisAnchor' in scope
func constraint(for anchor: NSLayoutYAxisAnchor, to other: NSLayoutYAxisAnchor, info: LayoutOptionsInfo) -> NSLayoutConstraint {
^~~~~~~~~~~~~~~~~~~
/Users/admin/builder/spi-builder-workspace/Sources/LayoutMarker.swift:780:113: error: cannot find type 'NSLayoutConstraint' in scope
func constraint(for anchor: NSLayoutXAxisAnchor, to other: NSLayoutXAxisAnchor, info: LayoutOptionsInfo) -> NSLayoutConstraint {
^~~~~~~~~~~~~~~~~~
/Users/admin/builder/spi-builder-workspace/Sources/LayoutMarker.swift:780:33: error: cannot find type 'NSLayoutXAxisAnchor' in scope
func constraint(for anchor: NSLayoutXAxisAnchor, to other: NSLayoutXAxisAnchor, info: LayoutOptionsInfo) -> NSLayoutConstraint {
^~~~~~~~~~~~~~~~~~~
/Users/admin/builder/spi-builder-workspace/Sources/LayoutMarker.swift:780:64: error: cannot find type 'NSLayoutXAxisAnchor' in scope
func constraint(for anchor: NSLayoutXAxisAnchor, to other: NSLayoutXAxisAnchor, info: LayoutOptionsInfo) -> NSLayoutConstraint {
^~~~~~~~~~~~~~~~~~~
/Users/admin/builder/spi-builder-workspace/Sources/LayoutMarker.swift:790:110: error: cannot find type 'NSLayoutConstraint' in scope
func constraint(for anchor: NSLayoutDimension, to other: NSLayoutDimension?, info: LayoutOptionsInfo) -> NSLayoutConstraint {
^~~~~~~~~~~~~~~~~~
/Users/admin/builder/spi-builder-workspace/Sources/LayoutMarker.swift:790:33: error: cannot find type 'NSLayoutDimension' in scope
func constraint(for anchor: NSLayoutDimension, to other: NSLayoutDimension?, info: LayoutOptionsInfo) -> NSLayoutConstraint {
^~~~~~~~~~~~~~~~~
/Users/admin/builder/spi-builder-workspace/Sources/LayoutMarker.swift:790:62: error: cannot find type 'NSLayoutDimension' in scope
func constraint(for anchor: NSLayoutDimension, to other: NSLayoutDimension?, info: LayoutOptionsInfo) -> NSLayoutConstraint {
^~~~~~~~~~~~~~~~~
/Users/admin/builder/spi-builder-workspace/Sources/LayoutMarker.swift:850:11: error: cannot find type 'NSLayoutConstraint' in scope
extension NSLayoutConstraint {
^~~~~~~~~~~~~~~~~~
/Users/admin/builder/spi-builder-workspace/Sources/LayoutOptions.swift:73:11: error: cannot find type 'NSLayoutConstraint' in scope
extension NSLayoutConstraint {
^~~~~~~~~~~~~~~~~~
Failed frontend command:
/Applications/Xcode-16.3.0.app/Contents/Developer/Toolchains/XcodeDefault.xctoolchain/usr/bin/swift-frontend -frontend -emit-module -experimental-skip-non-inlinable-function-bodies-without-types /Users/admin/builder/spi-builder-workspace/.derivedData/Build/Intermediates.noindex/AutoFlex.build/Debug-watchos/AutoFlex.build/DerivedSources/resource_bundle_accessor.swift /Users/admin/builder/spi-builder-workspace/Sources/AutoFlex.swift /Users/admin/builder/spi-builder-workspace/Sources/LayoutAnchor.swift /Users/admin/builder/spi-builder-workspace/Sources/LayoutMarker.swift /Users/admin/builder/spi-builder-workspace/Sources/LayoutOptions.swift -target arm64_32-apple-watchos6.0 -enable-objc-interop -sdk /Applications/Xcode-16.3.0.app/Contents/Developer/Platforms/WatchOS.platform/Developer/SDKs/WatchOS11.4.sdk -I /Users/admin/builder/spi-builder-workspace/.derivedData/Build/Products/Debug-watchos -I /Applications/Xcode-16.3.0.app/Contents/Developer/Platforms/WatchOS.platform/Developer/usr/lib -F /Users/admin/builder/spi-builder-workspace/.derivedData/Build/Products/Debug-watchos -F /Applications/Xcode-16.3.0.app/Contents/Developer/Platforms/WatchOS.platform/Developer/Library/Frameworks -F /Applications/Xcode-16.3.0.app/Contents/Developer/Platforms/WatchOS.platform/Developer/SDKs/WatchOS11.4.sdk/Developer/Library/Frameworks -no-color-diagnostics -enable-testing -g -debug-info-format\=dwarf -dwarf-version\=4 -module-cache-path /Users/admin/builder/spi-builder-workspace/.derivedData/ModuleCache.noindex -profile-generate -profile-coverage-mapping -swift-version 6 -enforce-exclusivity\=checked -stats-output-dir /Users/admin/builder/spi-builder-workspace/.swiftpm/xcode/.stats -Onone -D SWIFT_PACKAGE -D DEBUG -serialize-debugging-options -const-gather-protocols-file /Users/admin/builder/spi-builder-workspace/.derivedData/Build/Intermediates.noindex/AutoFlex.build/Debug-watchos/AutoFlex.build/Objects-normal/arm64_32/AutoFlex_const_extract_protocols.json -enable-experimental-feature DebugDescriptionMacro -empty-abi-descriptor -plugin-path /Applications/Xcode-16.3.0.app/Contents/Developer/Toolchains/XcodeDefault.xctoolchain/usr/lib/swift/host/plugins/testing -validate-clang-modules-once -clang-build-session-file /Users/admin/builder/spi-builder-workspace/.derivedData/ModuleCache.noindex/Session.modulevalidation -Xcc -working-directory -Xcc /Users/admin/builder/spi-builder-workspace/.swiftpm/xcode -resource-dir /Applications/Xcode-16.3.0.app/Contents/Developer/Toolchains/XcodeDefault.xctoolchain/usr/lib/swift -enable-anonymous-context-mangled-names -file-compilation-dir /Users/admin/builder/spi-builder-workspace/.swiftpm/xcode -Xcc -ivfsstatcache -Xcc /Users/admin/builder/spi-builder-workspace/.derivedData/SDKStatCaches.noindex/watchos11.4-22T246-43efb940ff07ba2497b70ec94253f576.sdkstatcache -Xcc -I/Users/admin/builder/spi-builder-workspace/.derivedData/Build/Intermediates.noindex/AutoFlex.build/Debug-watchos/AutoFlex.build/swift-overrides.hmap -Xcc -I/Users/admin/builder/spi-builder-workspace/.derivedData/Build/Products/Debug-watchos/include -Xcc -I/Users/admin/builder/spi-builder-workspace/.derivedData/Build/Intermediates.noindex/AutoFlex.build/Debug-watchos/AutoFlex.build/DerivedSources-normal/arm64_32 -Xcc -I/Users/admin/builder/spi-builder-workspace/.derivedData/Build/Intermediates.noindex/AutoFlex.build/Debug-watchos/AutoFlex.build/DerivedSources/arm64_32 -Xcc -I/Users/admin/builder/spi-builder-workspace/.derivedData/Build/Intermediates.noindex/AutoFlex.build/Debug-watchos/AutoFlex.build/DerivedSources -Xcc -DSWIFT_PACKAGE -Xcc -DDEBUG\=1 -module-name AutoFlex -package-name spi_builder_workspace -frontend-parseable-output -disable-clang-spi -target-sdk-version 11.4 -target-sdk-name watchos11.4 -external-plugin-path /Applications/Xcode-16.3.0.app/Contents/Developer/Platforms/WatchOS.platform/Developer/usr/lib/swift/host/plugins\#/Applications/Xcode-16.3.0.app/Contents/Developer/Platforms/WatchOS.platform/Developer/usr/bin/swift-plugin-server -external-plugin-path /Applications/Xcode-16.3.0.app/Contents/Developer/Platforms/WatchOS.platform/Developer/usr/local/lib/swift/host/plugins\#/Applications/Xcode-16.3.0.app/Contents/Developer/Platforms/WatchOS.platform/Developer/usr/bin/swift-plugin-server -in-process-plugin-server-path /Applications/Xcode-16.3.0.app/Contents/Developer/Toolchains/XcodeDefault.xctoolchain/usr/lib/swift/host/libSwiftInProcPluginServer.dylib -plugin-path /Applications/Xcode-16.3.0.app/Contents/Developer/Toolchains/XcodeDefault.xctoolchain/usr/lib/swift/host/plugins -plugin-path /Applications/Xcode-16.3.0.app/Contents/Developer/Toolchains/XcodeDefault.xctoolchain/usr/local/lib/swift/host/plugins -emit-module-doc-path /Users/admin/builder/spi-builder-workspace/.derivedData/Build/Intermediates.noindex/AutoFlex.build/Debug-watchos/AutoFlex.build/Objects-normal/arm64_32/AutoFlex.swiftdoc -emit-module-source-info-path /Users/admin/builder/spi-builder-workspace/.derivedData/Build/Intermediates.noindex/AutoFlex.build/Debug-watchos/AutoFlex.build/Objects-normal/arm64_32/AutoFlex.swiftsourceinfo -emit-objc-header-path /Users/admin/builder/spi-builder-workspace/.derivedData/Build/Intermediates.noindex/AutoFlex.build/Debug-watchos/AutoFlex.build/Objects-normal/arm64_32/AutoFlex-Swift.h -serialize-diagnostics-path /Users/admin/builder/spi-builder-workspace/.derivedData/Build/Intermediates.noindex/AutoFlex.build/Debug-watchos/AutoFlex.build/Objects-normal/arm64_32/AutoFlex-master-emit-module.dia -emit-dependencies-path /Users/admin/builder/spi-builder-workspace/.derivedData/Build/Intermediates.noindex/AutoFlex.build/Debug-watchos/AutoFlex.build/Objects-normal/arm64_32/AutoFlex-master-emit-module.d -o /Users/admin/builder/spi-builder-workspace/.derivedData/Build/Intermediates.noindex/AutoFlex.build/Debug-watchos/AutoFlex.build/Objects-normal/arm64_32/AutoFlex.swiftmodule -emit-abi-descriptor-path /Users/admin/builder/spi-builder-workspace/.derivedData/Build/Intermediates.noindex/AutoFlex.build/Debug-watchos/AutoFlex.build/Objects-normal/arm64_32/AutoFlex.abi.json
SwiftCompile normal arm64_32 Compiling\ LayoutMarker.swift /Users/admin/builder/spi-builder-workspace/Sources/LayoutMarker.swift (in target 'AutoFlex' from project 'AutoFlex')
SwiftCompile normal arm64_32 /Users/admin/builder/spi-builder-workspace/Sources/LayoutMarker.swift (in target 'AutoFlex' from project 'AutoFlex')
cd /Users/admin/builder/spi-builder-workspace/.swiftpm/xcode
SwiftCompile normal arm64_32 Compiling\ resource_bundle_accessor.swift /Users/admin/builder/spi-builder-workspace/.derivedData/Build/Intermediates.noindex/AutoFlex.build/Debug-watchos/AutoFlex.build/DerivedSources/resource_bundle_accessor.swift (in target 'AutoFlex' from project 'AutoFlex')
SwiftCompile normal arm64_32 /Users/admin/builder/spi-builder-workspace/.derivedData/Build/Intermediates.noindex/AutoFlex.build/Debug-watchos/AutoFlex.build/DerivedSources/resource_bundle_accessor.swift (in target 'AutoFlex' from project 'AutoFlex')
cd /Users/admin/builder/spi-builder-workspace/.swiftpm/xcode
SwiftCompile normal arm64_32 Compiling\ LayoutAnchor.swift /Users/admin/builder/spi-builder-workspace/Sources/LayoutAnchor.swift (in target 'AutoFlex' from project 'AutoFlex')
SwiftCompile normal arm64_32 /Users/admin/builder/spi-builder-workspace/Sources/LayoutAnchor.swift (in target 'AutoFlex' from project 'AutoFlex')
cd /Users/admin/builder/spi-builder-workspace/.swiftpm/xcode
SwiftCompile normal arm64_32 Compiling\ AutoFlex.swift /Users/admin/builder/spi-builder-workspace/Sources/AutoFlex.swift (in target 'AutoFlex' from project 'AutoFlex')
SwiftCompile normal arm64_32 /Users/admin/builder/spi-builder-workspace/Sources/AutoFlex.swift (in target 'AutoFlex' from project 'AutoFlex')
cd /Users/admin/builder/spi-builder-workspace/.swiftpm/xcode
SwiftCompile normal arm64_32 Compiling\ LayoutOptions.swift /Users/admin/builder/spi-builder-workspace/Sources/LayoutOptions.swift (in target 'AutoFlex' from project 'AutoFlex')
SwiftCompile normal arm64_32 /Users/admin/builder/spi-builder-workspace/Sources/LayoutOptions.swift (in target 'AutoFlex' from project 'AutoFlex')
cd /Users/admin/builder/spi-builder-workspace/.swiftpm/xcode
SwiftEmitModule normal armv7k Emitting\ module\ for\ AutoFlex (in target 'AutoFlex' from project 'AutoFlex')
Failed frontend command:
/Applications/Xcode-16.3.0.app/Contents/Developer/Toolchains/XcodeDefault.xctoolchain/usr/bin/swift-frontend -frontend -emit-module -experimental-skip-non-inlinable-function-bodies-without-types /Users/admin/builder/spi-builder-workspace/.derivedData/Build/Intermediates.noindex/AutoFlex.build/Debug-watchos/AutoFlex.build/DerivedSources/resource_bundle_accessor.swift /Users/admin/builder/spi-builder-workspace/Sources/AutoFlex.swift /Users/admin/builder/spi-builder-workspace/Sources/LayoutAnchor.swift /Users/admin/builder/spi-builder-workspace/Sources/LayoutMarker.swift /Users/admin/builder/spi-builder-workspace/Sources/LayoutOptions.swift -target armv7k-apple-watchos6.0 -enable-objc-interop -stack-check -sdk /Applications/Xcode-16.3.0.app/Contents/Developer/Platforms/WatchOS.platform/Developer/SDKs/WatchOS11.4.sdk -I /Users/admin/builder/spi-builder-workspace/.derivedData/Build/Products/Debug-watchos -I /Applications/Xcode-16.3.0.app/Contents/Developer/Platforms/WatchOS.platform/Developer/usr/lib -F /Users/admin/builder/spi-builder-workspace/.derivedData/Build/Products/Debug-watchos -F /Applications/Xcode-16.3.0.app/Contents/Developer/Platforms/WatchOS.platform/Developer/Library/Frameworks -F /Applications/Xcode-16.3.0.app/Contents/Developer/Platforms/WatchOS.platform/Developer/SDKs/WatchOS11.4.sdk/Developer/Library/Frameworks -no-color-diagnostics -enable-testing -g -debug-info-format\=dwarf -dwarf-version\=4 -module-cache-path /Users/admin/builder/spi-builder-workspace/.derivedData/ModuleCache.noindex -profile-generate -profile-coverage-mapping -swift-version 6 -enforce-exclusivity\=checked -stats-output-dir /Users/admin/builder/spi-builder-workspace/.swiftpm/xcode/.stats -Onone -D SWIFT_PACKAGE -D DEBUG -serialize-debugging-options -const-gather-protocols-file /Users/admin/builder/spi-builder-workspace/.derivedData/Build/Intermediates.noindex/AutoFlex.build/Debug-watchos/AutoFlex.build/Objects-normal/armv7k/AutoFlex_const_extract_protocols.json -enable-experimental-feature DebugDescriptionMacro -empty-abi-descriptor -plugin-path /Applications/Xcode-16.3.0.app/Contents/Developer/Toolchains/XcodeDefault.xctoolchain/usr/lib/swift/host/plugins/testing -validate-clang-modules-once -clang-build-session-file /Users/admin/builder/spi-builder-workspace/.derivedData/ModuleCache.noindex/Session.modulevalidation -Xcc -working-directory -Xcc /Users/admin/builder/spi-builder-workspace/.swiftpm/xcode -resource-dir /Applications/Xcode-16.3.0.app/Contents/Developer/Toolchains/XcodeDefault.xctoolchain/usr/lib/swift -enable-anonymous-context-mangled-names -file-compilation-dir /Users/admin/builder/spi-builder-workspace/.swiftpm/xcode -Xcc -ivfsstatcache -Xcc /Users/admin/builder/spi-builder-workspace/.derivedData/SDKStatCaches.noindex/watchos11.4-22T246-43efb940ff07ba2497b70ec94253f576.sdkstatcache -Xcc -I/Users/admin/builder/spi-builder-workspace/.derivedData/Build/Intermediates.noindex/AutoFlex.build/Debug-watchos/AutoFlex.build/swift-overrides.hmap -Xcc -I/Users/admin/builder/spi-builder-workspace/.derivedData/Build/Products/Debug-watchos/include -Xcc -I/Users/admin/builder/spi-builder-workspace/.derivedData/Build/Intermediates.noindex/AutoFlex.build/Debug-watchos/AutoFlex.build/DerivedSources-normal/armv7k -Xcc -I/Users/admin/builder/spi-builder-workspace/.derivedData/Build/Intermediates.noindex/AutoFlex.build/Debug-watchos/AutoFlex.build/DerivedSources/armv7k -Xcc -I/Users/admin/builder/spi-builder-workspace/.derivedData/Build/Intermediates.noindex/AutoFlex.build/Debug-watchos/AutoFlex.build/DerivedSources -Xcc -DSWIFT_PACKAGE -Xcc -DDEBUG\=1 -module-name AutoFlex -package-name spi_builder_workspace -frontend-parseable-output -disable-clang-spi -target-sdk-version 11.4 -target-sdk-name watchos11.4 -external-plugin-path /Applications/Xcode-16.3.0.app/Contents/Developer/Platforms/WatchOS.platform/Developer/usr/lib/swift/host/plugins\#/Applications/Xcode-16.3.0.app/Contents/Developer/Platforms/WatchOS.platform/Developer/usr/bin/swift-plugin-server -external-plugin-path /Applications/Xcode-16.3.0.app/Contents/Developer/Platforms/WatchOS.platform/Developer/usr/local/lib/swift/host/plugins\#/Applications/Xcode-16.3.0.app/Contents/Developer/Platforms/WatchOS.platform/Developer/usr/bin/swift-plugin-server -in-process-plugin-server-path /Applications/Xcode-16.3.0.app/Contents/Developer/Toolchains/XcodeDefault.xctoolchain/usr/lib/swift/host/libSwiftInProcPluginServer.dylib -plugin-path /Applications/Xcode-16.3.0.app/Contents/Developer/Toolchains/XcodeDefault.xctoolchain/usr/lib/swift/host/plugins -plugin-path /Applications/Xcode-16.3.0.app/Contents/Developer/Toolchains/XcodeDefault.xctoolchain/usr/local/lib/swift/host/plugins -emit-module-doc-path /Users/admin/builder/spi-builder-workspace/.derivedData/Build/Intermediates.noindex/AutoFlex.build/Debug-watchos/AutoFlex.build/Objects-normal/armv7k/AutoFlex.swiftdoc -emit-module-source-info-path /Users/admin/builder/spi-builder-workspace/.derivedData/Build/Intermediates.noindex/AutoFlex.build/Debug-watchos/AutoFlex.build/Objects-normal/armv7k/AutoFlex.swiftsourceinfo -emit-objc-header-path /Users/admin/builder/spi-builder-workspace/.derivedData/Build/Intermediates.noindex/AutoFlex.build/Debug-watchos/AutoFlex.build/Objects-normal/armv7k/AutoFlex-Swift.h -serialize-diagnostics-path /Users/admin/builder/spi-builder-workspace/.derivedData/Build/Intermediates.noindex/AutoFlex.build/Debug-watchos/AutoFlex.build/Objects-normal/armv7k/AutoFlex-master-emit-module.dia -emit-dependencies-path /Users/admin/builder/spi-builder-workspace/.derivedData/Build/Intermediates.noindex/AutoFlex.build/Debug-watchos/AutoFlex.build/Objects-normal/armv7k/AutoFlex-master-emit-module.d -o /Users/admin/builder/spi-builder-workspace/.derivedData/Build/Intermediates.noindex/AutoFlex.build/Debug-watchos/AutoFlex.build/Objects-normal/armv7k/AutoFlex.swiftmodule -emit-abi-descriptor-path /Users/admin/builder/spi-builder-workspace/.derivedData/Build/Intermediates.noindex/AutoFlex.build/Debug-watchos/AutoFlex.build/Objects-normal/armv7k/AutoFlex.abi.json
EmitSwiftModule normal armv7k (in target 'AutoFlex' from project 'AutoFlex')
cd /Users/admin/builder/spi-builder-workspace/.swiftpm/xcode
/Users/admin/builder/spi-builder-workspace/Sources/AutoFlex.swift:12:31: error: 'UIView' is unavailable: This Objective-C class has only been forward-declared; import its owning module to use it
public typealias LayoutView = UIView
^~~~~~
UIKit.UIView:2:14: note: 'UIView' has been explicitly marked unavailable here
public class UIView {
^
/Users/admin/builder/spi-builder-workspace/Sources/AutoFlex.swift:14:32: error: cannot find type 'UILayoutGuide' in scope
public typealias LayoutGuide = UILayoutGuide
^~~~~~~~~~~~~
/Users/admin/builder/spi-builder-workspace/Sources/AutoFlex.swift:16:35: error: cannot find type 'UILayoutPriority' in scope
public typealias LayoutPriority = UILayoutPriority
^~~~~~~~~~~~~~~~
/Users/admin/builder/spi-builder-workspace/Sources/AutoFlex.swift:18:31: error: cannot find type 'NSLayoutConstraint' in scope
public typealias LayoutAxis = NSLayoutConstraint.Axis
^~~~~~~~~~~~~~~~~~
/Users/admin/builder/spi-builder-workspace/Sources/AutoFlex.swift:86:1: warning: unavailable class 'UIView' was used to satisfy a requirement of protocol 'AutoFlexExtended': This Objective-C class has only been forward-declared; import its owning module to use it; this will be an error in a future Swift language mode
extension LayoutView: AutoFlexExtended {}
^
UIKit.UIView:2:14: note: 'UIView' declared here
public class UIView {
^
/Users/admin/builder/spi-builder-workspace/Sources/AutoFlex.swift:69:20: note: requirement 'ViewType' declared here
associatedtype ViewType
^
/Users/admin/builder/spi-builder-workspace/Sources/AutoFlex.swift:128:48: error: cannot find type 'NSLayoutConstraint' in scope
public func updateConstraints(_ closure: ([NSLayoutConstraint]) -> Void) {
^~~~~~~~~~~~~~~~~~
/Users/admin/builder/spi-builder-workspace/Sources/AutoFlex.swift:150:37: error: cannot find type 'NSLayoutConstraint' in scope
private var storedConstraints: [NSLayoutConstraint]? {
^~~~~~~~~~~~~~~~~~
/Users/admin/builder/spi-builder-workspace/Sources/AutoFlex.swift:154:55: error: cannot find type 'NSLayoutConstraint' in scope
private func setStoredConstraints(_ constraints: [NSLayoutConstraint]) {
^~~~~~~~~~~~~~~~~~
/Users/admin/builder/spi-builder-workspace/Sources/AutoFlex.swift:162:21: error: cannot find type 'NSLayoutYAxisAnchor' in scope
public var top: NSLayoutYAxisAnchor { view.topAnchor }
^~~~~~~~~~~~~~~~~~~
/Users/admin/builder/spi-builder-workspace/Sources/AutoFlex.swift:167:24: error: cannot find type 'NSLayoutYAxisAnchor' in scope
public var bottom: NSLayoutYAxisAnchor { view.bottomAnchor }
^~~~~~~~~~~~~~~~~~~
/Users/admin/builder/spi-builder-workspace/Sources/AutoFlex.swift:169:25: error: cannot find type 'NSLayoutXAxisAnchor' in scope
public var leading: NSLayoutXAxisAnchor { view.leadingAnchor }
^~~~~~~~~~~~~~~~~~~
/Users/admin/builder/spi-builder-workspace/Sources/AutoFlex.swift:173:26: error: cannot find type 'NSLayoutXAxisAnchor' in scope
public var trailing: NSLayoutXAxisAnchor { view.trailingAnchor }
^~~~~~~~~~~~~~~~~~~
/Users/admin/builder/spi-builder-workspace/Sources/AutoFlex.swift:177:22: error: cannot find type 'NSLayoutXAxisAnchor' in scope
public var left: NSLayoutXAxisAnchor { view.leftAnchor }
^~~~~~~~~~~~~~~~~~~
/Users/admin/builder/spi-builder-workspace/Sources/AutoFlex.swift:181:23: error: cannot find type 'NSLayoutXAxisAnchor' in scope
public var right: NSLayoutXAxisAnchor { view.rightAnchor }
^~~~~~~~~~~~~~~~~~~
/Users/admin/builder/spi-builder-workspace/Sources/AutoFlex.swift:183:25: error: cannot find type 'NSLayoutXAxisAnchor' in scope
public var centerX: NSLayoutXAxisAnchor { view.centerXAnchor }
^~~~~~~~~~~~~~~~~~~
/Users/admin/builder/spi-builder-workspace/Sources/AutoFlex.swift:185:25: error: cannot find type 'NSLayoutYAxisAnchor' in scope
public var centerY: NSLayoutYAxisAnchor { view.centerYAnchor }
^~~~~~~~~~~~~~~~~~~
/Users/admin/builder/spi-builder-workspace/Sources/AutoFlex.swift:187:23: error: cannot find type 'NSLayoutDimension' in scope
public var width: NSLayoutDimension { view.widthAnchor }
^~~~~~~~~~~~~~~~~
/Users/admin/builder/spi-builder-workspace/Sources/AutoFlex.swift:189:24: error: cannot find type 'NSLayoutDimension' in scope
public var height: NSLayoutDimension { view.heightAnchor }
^~~~~~~~~~~~~~~~~
/Users/admin/builder/spi-builder-workspace/Sources/AutoFlex.swift:191:31: error: cannot find type 'NSLayoutYAxisAnchor' in scope
public var firstBaseline: NSLayoutYAxisAnchor { view.firstBaselineAnchor }
^~~~~~~~~~~~~~~~~~~
/Users/admin/builder/spi-builder-workspace/Sources/AutoFlex.swift:193:30: error: cannot find type 'NSLayoutYAxisAnchor' in scope
public var lastBaseline: NSLayoutYAxisAnchor { view.lastBaselineAnchor }
^~~~~~~~~~~~~~~~~~~
/Users/admin/builder/spi-builder-workspace/Sources/AutoFlex.swift:277:44: error: 'AnimationOptions' is not a member type of class 'UIKit.UIView'
public typealias AnimationOptions = UIView.AnimationOptions
~~~~~~ ^
/Applications/Xcode-16.3.0.app/Contents/Developer/Platforms/WatchOS.platform/Developer/SDKs/WatchOS11.4.sdk/System/Library/Frameworks/UIKit.framework/Headers/NSTextAttachment.h:23:1: note: class 'UIView' will be imported as an opaque placeholder class and may be missing members; import the definition to access the complete interface
@class UIView;
^
/Applications/Xcode-16.3.0.app/Contents/Developer/Platforms/WatchOS.platform/Developer/SDKs/WatchOS11.4.sdk/System/Library/Frameworks/UIKit.framework/Headers/NSTextAttachment.h:23:1: note: interface 'UIView' forward declared here
@class UIView;
^
UIKit.UIView:2:14: note: 'UIView' declared here
public class UIView {
^
/Users/admin/builder/spi-builder-workspace/Sources/LayoutAnchor.swift:50:11: error: cannot find type 'NSLayoutXAxisAnchor' in scope
extension NSLayoutXAxisAnchor: LayoutAnchor {}
^~~~~~~~~~~~~~~~~~~
/Users/admin/builder/spi-builder-workspace/Sources/LayoutAnchor.swift:51:11: error: cannot find type 'NSLayoutYAxisAnchor' in scope
extension NSLayoutYAxisAnchor: LayoutAnchor {}
^~~~~~~~~~~~~~~~~~~
/Users/admin/builder/spi-builder-workspace/Sources/LayoutAnchor.swift:52:11: error: cannot find type 'NSLayoutDimension' in scope
extension NSLayoutDimension: LayoutAnchor {}
^~~~~~~~~~~~~~~~~
/Users/admin/builder/spi-builder-workspace/Sources/LayoutMarker.swift:57:34: error: cannot find type 'NSLayoutConstraint' in scope
private var allConstraints: [NSLayoutConstraint] = []
^~~~~~~~~~~~~~~~~~
/Users/admin/builder/spi-builder-workspace/Sources/LayoutMarker.swift:121:77: error: cannot find type 'NSLayoutConstraint' in scope
public func equal(to anchor: LayoutAnchor, constant: CGFloat = 0.0) -> [NSLayoutConstraint] {
^~~~~~~~~~~~~~~~~~
/Users/admin/builder/spi-builder-workspace/Sources/LayoutMarker.swift:131:79: error: cannot find type 'NSLayoutConstraint' in scope
public func equal(to anchor: LayoutAnchor, options: LayoutOptions...) -> [NSLayoutConstraint] {
^~~~~~~~~~~~~~~~~~
/Users/admin/builder/spi-builder-workspace/Sources/LayoutMarker.swift:139:48: error: cannot find type 'NSLayoutConstraint' in scope
public func equal(toConstant: CGFloat) -> [NSLayoutConstraint] {
^~~~~~~~~~~~~~~~~~
/Users/admin/builder/spi-builder-workspace/Sources/LayoutMarker.swift:147:56: error: cannot find type 'NSLayoutConstraint' in scope
public func equal(toOptions: LayoutOptions...) -> [NSLayoutConstraint] {
^~~~~~~~~~~~~~~~~~
/Users/admin/builder/spi-builder-workspace/Sources/LayoutMarker.swift:156:86: error: cannot find type 'NSLayoutConstraint' in scope
public func greaterOrEqual(to anchor: LayoutAnchor, constant: CGFloat = 0.0) -> [NSLayoutConstraint] {
^~~~~~~~~~~~~~~~~~
/Users/admin/builder/spi-builder-workspace/Sources/LayoutMarker.swift:162:88: error: cannot find type 'NSLayoutConstraint' in scope
public func greaterOrEqual(to anchor: LayoutAnchor, options: LayoutOptions...) -> [NSLayoutConstraint] {
^~~~~~~~~~~~~~~~~~
/Users/admin/builder/spi-builder-workspace/Sources/LayoutMarker.swift:168:57: error: cannot find type 'NSLayoutConstraint' in scope
public func greaterOrEqual(toConstant: CGFloat) -> [NSLayoutConstraint] {
^~~~~~~~~~~~~~~~~~
/Users/admin/builder/spi-builder-workspace/Sources/LayoutMarker.swift:174:65: error: cannot find type 'NSLayoutConstraint' in scope
public func greaterOrEqual(toOptions: LayoutOptions...) -> [NSLayoutConstraint] {
^~~~~~~~~~~~~~~~~~
/Users/admin/builder/spi-builder-workspace/Sources/LayoutMarker.swift:183:83: error: cannot find type 'NSLayoutConstraint' in scope
public func lessOrEqual(to anchor: LayoutAnchor, constant: CGFloat = 0.0) -> [NSLayoutConstraint] {
^~~~~~~~~~~~~~~~~~
/Users/admin/builder/spi-builder-workspace/Sources/LayoutMarker.swift:189:85: error: cannot find type 'NSLayoutConstraint' in scope
public func lessOrEqual(to anchor: LayoutAnchor, options: LayoutOptions...) -> [NSLayoutConstraint] {
^~~~~~~~~~~~~~~~~~
/Users/admin/builder/spi-builder-workspace/Sources/LayoutMarker.swift:195:54: error: cannot find type 'NSLayoutConstraint' in scope
public func lessOrEqual(toConstant: CGFloat) -> [NSLayoutConstraint] {
^~~~~~~~~~~~~~~~~~
/Users/admin/builder/spi-builder-workspace/Sources/LayoutMarker.swift:201:62: error: cannot find type 'NSLayoutConstraint' in scope
public func lessOrEqual(toOptions: LayoutOptions...) -> [NSLayoutConstraint] {
^~~~~~~~~~~~~~~~~~
/Users/admin/builder/spi-builder-workspace/Sources/LayoutMarker.swift:220:85: error: cannot find type 'NSLayoutConstraint' in scope
public func equal(to anchor: LayoutAnchor? = nil, insets: LayoutEdgeInsets) -> [NSLayoutConstraint] {
^~~~~~~~~~~~~~~~~~
/Users/admin/builder/spi-builder-workspace/Sources/LayoutMarker.swift:227:94: error: cannot find type 'NSLayoutConstraint' in scope
public func greaterOrEqual(to anchor: LayoutAnchor? = nil, insets: LayoutEdgeInsets) -> [NSLayoutConstraint] {
^~~~~~~~~~~~~~~~~~
/Users/admin/builder/spi-builder-workspace/Sources/LayoutMarker.swift:234:91: error: cannot find type 'NSLayoutConstraint' in scope
public func lessOrEqual(to anchor: LayoutAnchor? = nil, insets: LayoutEdgeInsets) -> [NSLayoutConstraint] {
^~~~~~~~~~~~~~~~~~
/Users/admin/builder/spi-builder-workspace/Sources/LayoutMarker.swift:247:77: error: cannot find type 'NSLayoutConstraint' in scope
public func aspectRatio(_ ratio: CGFloat, options: LayoutOptions...) -> NSLayoutConstraint {
^~~~~~~~~~~~~~~~~~
/Users/admin/builder/spi-builder-workspace/Sources/LayoutMarker.swift:264:63: error: cannot find type 'NSLayoutConstraint' in scope
public func equalToSuperview(constant: CGFloat = 0.0) -> [NSLayoutConstraint] {
^~~~~~~~~~~~~~~~~~
/Users/admin/builder/spi-builder-workspace/Sources/LayoutMarker.swift:275:65: error: cannot find type 'NSLayoutConstraint' in scope
public func equalToSuperview(options: LayoutOptions...) -> [NSLayoutConstraint] {
^~~~~~~~~~~~~~~~~~
/Users/admin/builder/spi-builder-workspace/Sources/LayoutMarker.swift:286:72: error: cannot find type 'NSLayoutConstraint' in scope
public func greaterOrEqualToSuperview(constant: CGFloat = 0.0) -> [NSLayoutConstraint] {
^~~~~~~~~~~~~~~~~~
/Users/admin/builder/spi-builder-workspace/Sources/LayoutMarker.swift:297:74: error: cannot find type 'NSLayoutConstraint' in scope
public func greaterOrEqualToSuperview(options: LayoutOptions...) -> [NSLayoutConstraint] {
^~~~~~~~~~~~~~~~~~
/Users/admin/builder/spi-builder-workspace/Sources/LayoutMarker.swift:308:69: error: cannot find type 'NSLayoutConstraint' in scope
public func lessOrEqualToSuperview(constant: CGFloat = 0.0) -> [NSLayoutConstraint] {
^~~~~~~~~~~~~~~~~~
/Users/admin/builder/spi-builder-workspace/Sources/LayoutMarker.swift:319:71: error: cannot find type 'NSLayoutConstraint' in scope
public func lessOrEqualToSuperview(options: LayoutOptions...) -> [NSLayoutConstraint] {
^~~~~~~~~~~~~~~~~~
/Users/admin/builder/spi-builder-workspace/Sources/LayoutMarker.swift:336:103: error: cannot find type 'NSLayoutConstraint' in scope
public func equal(to anchor: LayoutAnchor? = nil, directionalInsets: NSDirectionalEdgeInsets) -> [NSLayoutConstraint] {
^~~~~~~~~~~~~~~~~~
/Users/admin/builder/spi-builder-workspace/Sources/LayoutMarker.swift:342:112: error: cannot find type 'NSLayoutConstraint' in scope
public func greaterOrEqual(to anchor: LayoutAnchor? = nil, directionalInsets: NSDirectionalEdgeInsets) -> [NSLayoutConstraint] {
^~~~~~~~~~~~~~~~~~
/Users/admin/builder/spi-builder-workspace/Sources/LayoutMarker.swift:348:109: error: cannot find type 'NSLayoutConstraint' in scope
public func lessOrEqual(to anchor: LayoutAnchor? = nil, directionalInsets: NSDirectionalEdgeInsets) -> [NSLayoutConstraint] {
^~~~~~~~~~~~~~~~~~
/Users/admin/builder/spi-builder-workspace/Sources/LayoutMarker.swift:363:62: error: cannot find type 'NSLayoutConstraint' in scope
public func equalToSafeArea(constant: CGFloat = 0.0) -> [NSLayoutConstraint] {
^~~~~~~~~~~~~~~~~~
/Users/admin/builder/spi-builder-workspace/Sources/LayoutMarker.swift:374:64: error: cannot find type 'NSLayoutConstraint' in scope
public func equalToSafeArea(options: LayoutOptions...) -> [NSLayoutConstraint] {
^~~~~~~~~~~~~~~~~~
/Users/admin/builder/spi-builder-workspace/Sources/LayoutMarker.swift:396:83: error: cannot find type 'NSLayoutConstraint' in scope
public func centerInSuperview(xOffset: CGFloat = 0, yOffset: CGFloat = 0) -> [NSLayoutConstraint] {
^~~~~~~~~~~~~~~~~~
/Users/admin/builder/spi-builder-workspace/Sources/LayoutMarker.swift:420:87: error: cannot find type 'NSLayoutConstraint' in scope
public func pinToSuperviewEdges(excluding: LayoutEdge, constant: CGFloat = 0) -> [NSLayoutConstraint] {
^~~~~~~~~~~~~~~~~~
/Users/admin/builder/spi-builder-workspace/Sources/LayoutMarker.swift:448:34: error: cannot find type 'NSLayoutConstraint' in scope
internal func activate() -> [NSLayoutConstraint] {
^~~~~~~~~~~~~~~~~~
/Users/admin/builder/spi-builder-workspace/Sources/LayoutMarker.swift:459:99: error: cannot find type 'NSLayoutConstraint' in scope
private func equal(to anchor: LayoutAnchor?, info: LayoutOptionsInfo, relation: Relation) -> [NSLayoutConstraint] {
^~~~~~~~~~~~~~~~~~
/Users/admin/builder/spi-builder-workspace/Sources/LayoutMarker.swift:487:110: error: cannot find type 'NSLayoutConstraint' in scope
private func equalWithInsets(to anchor: LayoutAnchor?, insets: LayoutEdgeInsets, relation: Relation) -> [NSLayoutConstraint] {
^~~~~~~~~~~~~~~~~~
/Users/admin/builder/spi-builder-workspace/Sources/LayoutMarker.swift:517:128: error: cannot find type 'NSLayoutConstraint' in scope
private func equalWithDirectionalInsets(to anchor: LayoutAnchor?, insets: NSDirectionalEdgeInsets, relation: Relation) -> [NSLayoutConstraint] {
^~~~~~~~~~~~~~~~~~
/Users/admin/builder/spi-builder-workspace/Sources/LayoutMarker.swift:547:100: error: cannot find type 'NSLayoutConstraint' in scope
private func makeTop(to anchor: LayoutAnchor?, info: LayoutOptionsInfo, relation: Relation) -> NSLayoutConstraint {
^~~~~~~~~~~~~~~~~~
/Users/admin/builder/spi-builder-workspace/Sources/LayoutMarker.swift:551:103: error: cannot find type 'NSLayoutConstraint' in scope
private func makeBottom(to anchor: LayoutAnchor?, info: LayoutOptionsInfo, relation: Relation) -> NSLayoutConstraint {
^~~~~~~~~~~~~~~~~~
/Users/admin/builder/spi-builder-workspace/Sources/LayoutMarker.swift:555:104: error: cannot find type 'NSLayoutConstraint' in scope
private func makeLeading(to anchor: LayoutAnchor?, info: LayoutOptionsInfo, relation: Relation) -> NSLayoutConstraint {
^~~~~~~~~~~~~~~~~~
/Users/admin/builder/spi-builder-workspace/Sources/LayoutMarker.swift:559:105: error: cannot find type 'NSLayoutConstraint' in scope
private func makeTrailing(to anchor: LayoutAnchor?, info: LayoutOptionsInfo, relation: Relation) -> NSLayoutConstraint {
^~~~~~~~~~~~~~~~~~
/Users/admin/builder/spi-builder-workspace/Sources/LayoutMarker.swift:563:101: error: cannot find type 'NSLayoutConstraint' in scope
private func makeLeft(to anchor: LayoutAnchor?, info: LayoutOptionsInfo, relation: Relation) -> NSLayoutConstraint {
^~~~~~~~~~~~~~~~~~
/Users/admin/builder/spi-builder-workspace/Sources/LayoutMarker.swift:567:102: error: cannot find type 'NSLayoutConstraint' in scope
private func makeRight(to anchor: LayoutAnchor?, info: LayoutOptionsInfo, relation: Relation) -> NSLayoutConstraint {
^~~~~~~~~~~~~~~~~~
/Users/admin/builder/spi-builder-workspace/Sources/LayoutMarker.swift:571:104: error: cannot find type 'NSLayoutConstraint' in scope
private func makeCenter(to anchor: LayoutAnchor?, info: LayoutOptionsInfo, relation: Relation) -> [NSLayoutConstraint] {
^~~~~~~~~~~~~~~~~~
/Users/admin/builder/spi-builder-workspace/Sources/LayoutMarker.swift:576:104: error: cannot find type 'NSLayoutConstraint' in scope
private func makeCenterX(to anchor: LayoutAnchor?, info: LayoutOptionsInfo, relation: Relation) -> NSLayoutConstraint {
^~~~~~~~~~~~~~~~~~
/Users/admin/builder/spi-builder-workspace/Sources/LayoutMarker.swift:580:104: error: cannot find type 'NSLayoutConstraint' in scope
private func makeCenterY(to anchor: LayoutAnchor?, info: LayoutOptionsInfo, relation: Relation) -> NSLayoutConstraint {
^~~~~~~~~~~~~~~~~~
/Users/admin/builder/spi-builder-workspace/Sources/LayoutMarker.swift:584:102: error: cannot find type 'NSLayoutConstraint' in scope
private func makeWidth(to anchor: LayoutAnchor?, info: LayoutOptionsInfo, relation: Relation) -> NSLayoutConstraint {
^~~~~~~~~~~~~~~~~~
/Users/admin/builder/spi-builder-workspace/Sources/LayoutMarker.swift:588:103: error: cannot find type 'NSLayoutConstraint' in scope
private func makeHeight(to anchor: LayoutAnchor?, info: LayoutOptionsInfo, relation: Relation) -> NSLayoutConstraint {
^~~~~~~~~~~~~~~~~~
/Users/admin/builder/spi-builder-workspace/Sources/LayoutMarker.swift:592:103: error: cannot find type 'NSLayoutConstraint' in scope
private func makeEdges(to anchor: LayoutAnchor?, info: LayoutOptionsInfo, relation: Relation) -> [NSLayoutConstraint] {
^~~~~~~~~~~~~~~~~~
/Users/admin/builder/spi-builder-workspace/Sources/LayoutMarker.swift:617:113: error: cannot find type 'NSLayoutConstraint' in scope
private func makeHorizontalEdges(to anchor: LayoutAnchor?, info: LayoutOptionsInfo, relation: Relation) -> [NSLayoutConstraint] {
^~~~~~~~~~~~~~~~~~
/Users/admin/builder/spi-builder-workspace/Sources/LayoutMarker.swift:636:111: error: cannot find type 'NSLayoutConstraint' in scope
private func makeVerticalEdges(to anchor: LayoutAnchor?, info: LayoutOptionsInfo, relation: Relation) -> [NSLayoutConstraint] {
^~~~~~~~~~~~~~~~~~
/Users/admin/builder/spi-builder-workspace/Sources/LayoutMarker.swift:655:102: error: cannot find type 'NSLayoutConstraint' in scope
private func makeSize(to anchor: LayoutAnchor?, info: LayoutOptionsInfo, relation: Relation) -> [NSLayoutConstraint] {
^~~~~~~~~~~~~~~~~~
/Users/admin/builder/spi-builder-workspace/Sources/LayoutMarker.swift:681:110: error: cannot find type 'NSLayoutConstraint' in scope
private func makeFirstBaseline(to anchor: LayoutAnchor?, info: LayoutOptionsInfo, relation: Relation) -> NSLayoutConstraint {
^~~~~~~~~~~~~~~~~~
/Users/admin/builder/spi-builder-workspace/Sources/LayoutMarker.swift:685:109: error: cannot find type 'NSLayoutConstraint' in scope
private func makeLastBaseline(to anchor: LayoutAnchor?, info: LayoutOptionsInfo, relation: Relation) -> NSLayoutConstraint {
^~~~~~~~~~~~~~~~~~
/Users/admin/builder/spi-builder-workspace/Sources/LayoutMarker.swift:691:168: error: cannot find type 'NSLayoutYAxisAnchor' in scope
private func resolveYAnchor(_ anchor: LayoutAnchor?, viewPath: KeyPath<LayoutView, NSLayoutYAxisAnchor>, guidePath: KeyPath<LayoutGuide, NSLayoutYAxisAnchor>?) -> NSLayoutYAxisAnchor {
^~~~~~~~~~~~~~~~~~~
/Users/admin/builder/spi-builder-workspace/Sources/LayoutMarker.swift:691:88: error: cannot find type 'NSLayoutYAxisAnchor' in scope
private func resolveYAnchor(_ anchor: LayoutAnchor?, viewPath: KeyPath<LayoutView, NSLayoutYAxisAnchor>, guidePath: KeyPath<LayoutGuide, NSLayoutYAxisAnchor>?) -> NSLayoutYAxisAnchor {
^~~~~~~~~~~~~~~~~~~
/Users/admin/builder/spi-builder-workspace/Sources/LayoutMarker.swift:700:167: error: cannot find type 'NSLayoutXAxisAnchor' in scope
private func resolveXAnchor(_ anchor: LayoutAnchor?, viewPath: KeyPath<LayoutView, NSLayoutXAxisAnchor>, guidePath: KeyPath<LayoutGuide, NSLayoutXAxisAnchor>) -> NSLayoutXAxisAnchor {
^~~~~~~~~~~~~~~~~~~
/Users/admin/builder/spi-builder-workspace/Sources/LayoutMarker.swift:700:88: error: cannot find type 'NSLayoutXAxisAnchor' in scope
private func resolveXAnchor(_ anchor: LayoutAnchor?, viewPath: KeyPath<LayoutView, NSLayoutXAxisAnchor>, guidePath: KeyPath<LayoutGuide, NSLayoutXAxisAnchor>) -> NSLayoutXAxisAnchor {
^~~~~~~~~~~~~~~~~~~
/Users/admin/builder/spi-builder-workspace/Sources/LayoutMarker.swift:709:171: error: cannot find type 'NSLayoutDimension' in scope
private func resolveDimensionAnchor(_ anchor: LayoutAnchor?, viewPath: KeyPath<LayoutView, NSLayoutDimension>, guidePath: KeyPath<LayoutGuide, NSLayoutDimension>) -> NSLayoutDimension {
^~~~~~~~~~~~~~~~~
/Users/admin/builder/spi-builder-workspace/Sources/LayoutMarker.swift:709:96: error: cannot find type 'NSLayoutDimension' in scope
private func resolveDimensionAnchor(_ anchor: LayoutAnchor?, viewPath: KeyPath<LayoutView, NSLayoutDimension>, guidePath: KeyPath<LayoutGuide, NSLayoutDimension>) -> NSLayoutDimension {
^~~~~~~~~~~~~~~~~
/Users/admin/builder/spi-builder-workspace/Sources/LayoutMarker.swift:770:113: error: cannot find type 'NSLayoutConstraint' in scope
func constraint(for anchor: NSLayoutYAxisAnchor, to other: NSLayoutYAxisAnchor, info: LayoutOptionsInfo) -> NSLayoutConstraint {
^~~~~~~~~~~~~~~~~~
/Users/admin/builder/spi-builder-workspace/Sources/LayoutMarker.swift:770:33: error: cannot find type 'NSLayoutYAxisAnchor' in scope
func constraint(for anchor: NSLayoutYAxisAnchor, to other: NSLayoutYAxisAnchor, info: LayoutOptionsInfo) -> NSLayoutConstraint {
^~~~~~~~~~~~~~~~~~~
/Users/admin/builder/spi-builder-workspace/Sources/LayoutMarker.swift:770:64: error: cannot find type 'NSLayoutYAxisAnchor' in scope
func constraint(for anchor: NSLayoutYAxisAnchor, to other: NSLayoutYAxisAnchor, info: LayoutOptionsInfo) -> NSLayoutConstraint {
^~~~~~~~~~~~~~~~~~~
/Users/admin/builder/spi-builder-workspace/Sources/LayoutMarker.swift:780:113: error: cannot find type 'NSLayoutConstraint' in scope
func constraint(for anchor: NSLayoutXAxisAnchor, to other: NSLayoutXAxisAnchor, info: LayoutOptionsInfo) -> NSLayoutConstraint {
^~~~~~~~~~~~~~~~~~
/Users/admin/builder/spi-builder-workspace/Sources/LayoutMarker.swift:780:33: error: cannot find type 'NSLayoutXAxisAnchor' in scope
func constraint(for anchor: NSLayoutXAxisAnchor, to other: NSLayoutXAxisAnchor, info: LayoutOptionsInfo) -> NSLayoutConstraint {
^~~~~~~~~~~~~~~~~~~
/Users/admin/builder/spi-builder-workspace/Sources/LayoutMarker.swift:780:64: error: cannot find type 'NSLayoutXAxisAnchor' in scope
func constraint(for anchor: NSLayoutXAxisAnchor, to other: NSLayoutXAxisAnchor, info: LayoutOptionsInfo) -> NSLayoutConstraint {
^~~~~~~~~~~~~~~~~~~
/Users/admin/builder/spi-builder-workspace/Sources/LayoutMarker.swift:790:110: error: cannot find type 'NSLayoutConstraint' in scope
func constraint(for anchor: NSLayoutDimension, to other: NSLayoutDimension?, info: LayoutOptionsInfo) -> NSLayoutConstraint {
^~~~~~~~~~~~~~~~~~
/Users/admin/builder/spi-builder-workspace/Sources/LayoutMarker.swift:790:33: error: cannot find type 'NSLayoutDimension' in scope
func constraint(for anchor: NSLayoutDimension, to other: NSLayoutDimension?, info: LayoutOptionsInfo) -> NSLayoutConstraint {
^~~~~~~~~~~~~~~~~
/Users/admin/builder/spi-builder-workspace/Sources/LayoutMarker.swift:790:62: error: cannot find type 'NSLayoutDimension' in scope
func constraint(for anchor: NSLayoutDimension, to other: NSLayoutDimension?, info: LayoutOptionsInfo) -> NSLayoutConstraint {
^~~~~~~~~~~~~~~~~
/Users/admin/builder/spi-builder-workspace/Sources/LayoutMarker.swift:850:11: error: cannot find type 'NSLayoutConstraint' in scope
extension NSLayoutConstraint {
^~~~~~~~~~~~~~~~~~
/Users/admin/builder/spi-builder-workspace/Sources/LayoutOptions.swift:73:11: error: cannot find type 'NSLayoutConstraint' in scope
extension NSLayoutConstraint {
^~~~~~~~~~~~~~~~~~
SwiftCompile normal armv7k Compiling\ resource_bundle_accessor.swift /Users/admin/builder/spi-builder-workspace/.derivedData/Build/Intermediates.noindex/AutoFlex.build/Debug-watchos/AutoFlex.build/DerivedSources/resource_bundle_accessor.swift (in target 'AutoFlex' from project 'AutoFlex')
SwiftCompile normal armv7k /Users/admin/builder/spi-builder-workspace/.derivedData/Build/Intermediates.noindex/AutoFlex.build/Debug-watchos/AutoFlex.build/DerivedSources/resource_bundle_accessor.swift (in target 'AutoFlex' from project 'AutoFlex')
cd /Users/admin/builder/spi-builder-workspace/.swiftpm/xcode
SwiftCompile normal armv7k Compiling\ LayoutOptions.swift /Users/admin/builder/spi-builder-workspace/Sources/LayoutOptions.swift (in target 'AutoFlex' from project 'AutoFlex')
SwiftCompile normal armv7k /Users/admin/builder/spi-builder-workspace/Sources/LayoutOptions.swift (in target 'AutoFlex' from project 'AutoFlex')
cd /Users/admin/builder/spi-builder-workspace/.swiftpm/xcode
SwiftCompile normal arm64 Compiling\ AutoFlex.swift /Users/admin/builder/spi-builder-workspace/Sources/AutoFlex.swift (in target 'AutoFlex' from project 'AutoFlex')
SwiftCompile normal arm64 /Users/admin/builder/spi-builder-workspace/Sources/AutoFlex.swift (in target 'AutoFlex' from project 'AutoFlex')
cd /Users/admin/builder/spi-builder-workspace/.swiftpm/xcode
SwiftEmitModule normal arm64 Emitting\ module\ for\ AutoFlex (in target 'AutoFlex' from project 'AutoFlex')
Command SwiftEmitModule failed with a nonzero exit code
** BUILD FAILED **
The following build commands failed:
EmitSwiftModule normal arm64_32 (in target 'AutoFlex' from project 'AutoFlex')
SwiftEmitModule normal arm64_32 Emitting\ module\ for\ AutoFlex (in target 'AutoFlex' from project 'AutoFlex')
SwiftEmitModule normal armv7k Emitting\ module\ for\ AutoFlex (in target 'AutoFlex' from project 'AutoFlex')
EmitSwiftModule normal armv7k (in target 'AutoFlex' from project 'AutoFlex')
SwiftEmitModule normal arm64 Emitting\ module\ for\ AutoFlex (in target 'AutoFlex' from project 'AutoFlex')
Building workspace spi-builder-workspace with scheme AutoFlex
(6 failures)
Command line invocation:
/Applications/Xcode-16.3.0.app/Contents/Developer/usr/bin/xcodebuild -IDEClonedSourcePackagesDirPathOverride=/Users/admin/builder/spi-builder-workspace/.dependencies -resolvePackageDependencies
Resolve Package Graph
Resolved source packages:
AutoFlex: /Users/admin/builder/spi-builder-workspace
resolved source packages: AutoFlex
{
"dependencies" : [
],
"manifest_display_name" : "AutoFlex",
"name" : "AutoFlex",
"path" : "/Users/admin/builder/spi-builder-workspace",
"platforms" : [
{
"name" : "ios",
"version" : "13.0"
},
{
"name" : "macos",
"version" : "11.0"
},
{
"name" : "tvos",
"version" : "13.0"
},
{
"name" : "visionos",
"version" : "1.0"
}
],
"products" : [
{
"name" : "AutoFlex",
"targets" : [
"AutoFlex"
],
"type" : {
"library" : [
"automatic"
]
}
}
],
"swift_languages_versions" : [
"6"
],
"targets" : [
{
"c99name" : "AutoFlexTests",
"module_type" : "SwiftTarget",
"name" : "AutoFlexTests",
"path" : "Tests",
"sources" : [
"AutoFlexTests.swift"
],
"target_dependencies" : [
"AutoFlex"
],
"type" : "test"
},
{
"c99name" : "AutoFlex",
"module_type" : "SwiftTarget",
"name" : "AutoFlex",
"path" : "Sources",
"product_memberships" : [
"AutoFlex"
],
"resources" : [
{
"path" : "/Users/admin/builder/spi-builder-workspace/Sources/PrivacyInfo.xcprivacy",
"rule" : {
"copy" : {
}
}
}
],
"sources" : [
"AutoFlex.swift",
"LayoutAnchor.swift",
"LayoutMarker.swift",
"LayoutOptions.swift"
],
"type" : "library"
}
],
"tools_version" : "6.0"
}
{
"workspace" : {
"name" : "spi-builder-workspace",
"schemes" : [
"AutoFlex"
]
}
}
Running build ...
env DEVELOPER_DIR=/Applications/Xcode-16.3.0.app xcrun xcodebuild -IDEClonedSourcePackagesDirPathOverride=$PWD/.dependencies -skipMacroValidation -skipPackagePluginValidation -derivedDataPath $PWD/.derivedData build -scheme AutoFlex -destination generic/platform=watchOS
Command line invocation:
/Applications/Xcode-16.3.0.app/Contents/Developer/usr/bin/xcodebuild -IDEClonedSourcePackagesDirPathOverride=/Users/admin/builder/spi-builder-workspace/.dependencies -skipMacroValidation -skipPackagePluginValidation -derivedDataPath /Users/admin/builder/spi-builder-workspace/.derivedData build -scheme AutoFlex -destination generic/platform=watchOS
Resolve Package Graph
Resolved source packages:
AutoFlex: /Users/admin/builder/spi-builder-workspace
ComputePackagePrebuildTargetDependencyGraph
Prepare packages
CreateBuildRequest
SendProjectDescription
CreateBuildOperation
ComputeTargetDependencyGraph
note: Building targets in dependency order
note: Target dependency graph (3 targets)
Target 'AutoFlex' in project 'AutoFlex'
➜ Explicit dependency on target 'AutoFlex' in project 'AutoFlex'
➜ Explicit dependency on target 'AutoFlex_AutoFlex' in project 'AutoFlex'
Target 'AutoFlex' in project 'AutoFlex'
➜ Explicit dependency on target 'AutoFlex_AutoFlex' in project 'AutoFlex'
Target 'AutoFlex_AutoFlex' in project 'AutoFlex' (no dependencies)
GatherProvisioningInputs
CreateBuildDescription
ExecuteExternalTool /Applications/Xcode-16.3.0.app/Contents/Developer/Toolchains/XcodeDefault.xctoolchain/usr/bin/clang -v -E -dM -isysroot /Applications/Xcode-16.3.0.app/Contents/Developer/Platforms/WatchOS.platform/Developer/SDKs/WatchOS11.4.sdk -x c -c /dev/null
ExecuteExternalTool /Applications/Xcode-16.3.0.app/Contents/Developer/Toolchains/XcodeDefault.xctoolchain/usr/bin/swiftc --version
ExecuteExternalTool /Applications/Xcode-16.3.0.app/Contents/Developer/Toolchains/XcodeDefault.xctoolchain/usr/bin/ld -version_details
Build description signature: 37fa5ba8afa95e6b21bc09e23b557a26
Build description path: /Users/admin/builder/spi-builder-workspace/.derivedData/Build/Intermediates.noindex/XCBuildData/37fa5ba8afa95e6b21bc09e23b557a26.xcbuilddata
ClangStatCache /Applications/Xcode-16.3.0.app/Contents/Developer/Toolchains/XcodeDefault.xctoolchain/usr/bin/clang-stat-cache /Applications/Xcode-16.3.0.app/Contents/Developer/Platforms/WatchOS.platform/Developer/SDKs/WatchOS11.4.sdk /Users/admin/builder/spi-builder-workspace/.derivedData/SDKStatCaches.noindex/watchos11.4-22T246-43efb940ff07ba2497b70ec94253f576.sdkstatcache
cd /Users/admin/builder/spi-builder-workspace/.swiftpm/xcode
/Applications/Xcode-16.3.0.app/Contents/Developer/Toolchains/XcodeDefault.xctoolchain/usr/bin/clang-stat-cache /Applications/Xcode-16.3.0.app/Contents/Developer/Platforms/WatchOS.platform/Developer/SDKs/WatchOS11.4.sdk -o /Users/admin/builder/spi-builder-workspace/.derivedData/SDKStatCaches.noindex/watchos11.4-22T246-43efb940ff07ba2497b70ec94253f576.sdkstatcache
ProcessInfoPlistFile /Users/admin/builder/spi-builder-workspace/.derivedData/Build/Products/Debug-watchos/AutoFlex_AutoFlex.bundle/Info.plist /Users/admin/builder/spi-builder-workspace/.derivedData/Build/Intermediates.noindex/AutoFlex.build/Debug-watchos/AutoFlex_AutoFlex.build/empty-AutoFlex_AutoFlex.plist (in target 'AutoFlex_AutoFlex' from project 'AutoFlex')
cd /Users/admin/builder/spi-builder-workspace
builtin-infoPlistUtility /Users/admin/builder/spi-builder-workspace/.derivedData/Build/Intermediates.noindex/AutoFlex.build/Debug-watchos/AutoFlex_AutoFlex.build/empty-AutoFlex_AutoFlex.plist -producttype com.apple.product-type.bundle -expandbuildsettings -format binary -platform watchos -o /Users/admin/builder/spi-builder-workspace/.derivedData/Build/Products/Debug-watchos/AutoFlex_AutoFlex.bundle/Info.plist
SwiftDriver AutoFlex normal arm64_32 com.apple.xcode.tools.swift.compiler (in target 'AutoFlex' from project 'AutoFlex')
cd /Users/admin/builder/spi-builder-workspace/.swiftpm/xcode
builtin-SwiftDriver -- /Applications/Xcode-16.3.0.app/Contents/Developer/Toolchains/XcodeDefault.xctoolchain/usr/bin/swiftc -module-name AutoFlex -Onone -enforce-exclusivity\=checked @/Users/admin/builder/spi-builder-workspace/.derivedData/Build/Intermediates.noindex/AutoFlex.build/Debug-watchos/AutoFlex.build/Objects-normal/arm64_32/AutoFlex.SwiftFileList -DSWIFT_PACKAGE -DDEBUG -DXcode -plugin-path /Applications/Xcode-16.3.0.app/Contents/Developer/Toolchains/XcodeDefault.xctoolchain/usr/lib/swift/host/plugins/testing -enable-experimental-feature DebugDescriptionMacro -sdk /Applications/Xcode-16.3.0.app/Contents/Developer/Platforms/WatchOS.platform/Developer/SDKs/WatchOS11.4.sdk -target arm64_32-apple-watchos6.0 -g -module-cache-path /Users/admin/builder/spi-builder-workspace/.derivedData/ModuleCache.noindex -Xfrontend -serialize-debugging-options -profile-coverage-mapping -profile-generate -enable-testing -index-store-path /Users/admin/builder/spi-builder-workspace/.derivedData/Index.noindex/DataStore -swift-version 6 -I /Users/admin/builder/spi-builder-workspace/.derivedData/Build/Products/Debug-watchos -I /Applications/Xcode-16.3.0.app/Contents/Developer/Platforms/WatchOS.platform/Developer/usr/lib -F /Users/admin/builder/spi-builder-workspace/.derivedData/Build/Products/Debug-watchos -F /Applications/Xcode-16.3.0.app/Contents/Developer/Platforms/WatchOS.platform/Developer/Library/Frameworks -F /Applications/Xcode-16.3.0.app/Contents/Developer/Platforms/WatchOS.platform/Developer/SDKs/WatchOS11.4.sdk/Developer/Library/Frameworks -c -j10 -enable-batch-mode -incremental -Xcc -ivfsstatcache -Xcc /Users/admin/builder/spi-builder-workspace/.derivedData/SDKStatCaches.noindex/watchos11.4-22T246-43efb940ff07ba2497b70ec94253f576.sdkstatcache -output-file-map /Users/admin/builder/spi-builder-workspace/.derivedData/Build/Intermediates.noindex/AutoFlex.build/Debug-watchos/AutoFlex.build/Objects-normal/arm64_32/AutoFlex-OutputFileMap.json -use-frontend-parseable-output -save-temps -no-color-diagnostics -serialize-diagnostics -emit-dependencies -emit-module -emit-module-path /Users/admin/builder/spi-builder-workspace/.derivedData/Build/Intermediates.noindex/AutoFlex.build/Debug-watchos/AutoFlex.build/Objects-normal/arm64_32/AutoFlex.swiftmodule -validate-clang-modules-once -clang-build-session-file /Users/admin/builder/spi-builder-workspace/.derivedData/ModuleCache.noindex/Session.modulevalidation -package-name spi_builder_workspace -Xcc -I/Users/admin/builder/spi-builder-workspace/.derivedData/Build/Intermediates.noindex/AutoFlex.build/Debug-watchos/AutoFlex.build/swift-overrides.hmap -emit-const-values -Xfrontend -const-gather-protocols-file -Xfrontend /Users/admin/builder/spi-builder-workspace/.derivedData/Build/Intermediates.noindex/AutoFlex.build/Debug-watchos/AutoFlex.build/Objects-normal/arm64_32/AutoFlex_const_extract_protocols.json -Xcc -I/Users/admin/builder/spi-builder-workspace/.derivedData/Build/Products/Debug-watchos/include -Xcc -I/Users/admin/builder/spi-builder-workspace/.derivedData/Build/Intermediates.noindex/AutoFlex.build/Debug-watchos/AutoFlex.build/DerivedSources-normal/arm64_32 -Xcc -I/Users/admin/builder/spi-builder-workspace/.derivedData/Build/Intermediates.noindex/AutoFlex.build/Debug-watchos/AutoFlex.build/DerivedSources/arm64_32 -Xcc -I/Users/admin/builder/spi-builder-workspace/.derivedData/Build/Intermediates.noindex/AutoFlex.build/Debug-watchos/AutoFlex.build/DerivedSources -Xcc -DSWIFT_PACKAGE -Xcc -DDEBUG\=1 -emit-objc-header -emit-objc-header-path /Users/admin/builder/spi-builder-workspace/.derivedData/Build/Intermediates.noindex/AutoFlex.build/Debug-watchos/AutoFlex.build/Objects-normal/arm64_32/AutoFlex-Swift.h -working-directory /Users/admin/builder/spi-builder-workspace/.swiftpm/xcode -experimental-emit-module-separately -disable-cmo
SwiftDriver AutoFlex normal arm64 com.apple.xcode.tools.swift.compiler (in target 'AutoFlex' from project 'AutoFlex')
cd /Users/admin/builder/spi-builder-workspace/.swiftpm/xcode
builtin-SwiftDriver -- /Applications/Xcode-16.3.0.app/Contents/Developer/Toolchains/XcodeDefault.xctoolchain/usr/bin/swiftc -module-name AutoFlex -Onone -enforce-exclusivity\=checked @/Users/admin/builder/spi-builder-workspace/.derivedData/Build/Intermediates.noindex/AutoFlex.build/Debug-watchos/AutoFlex.build/Objects-normal/arm64/AutoFlex.SwiftFileList -DSWIFT_PACKAGE -DDEBUG -DXcode -plugin-path /Applications/Xcode-16.3.0.app/Contents/Developer/Toolchains/XcodeDefault.xctoolchain/usr/lib/swift/host/plugins/testing -enable-experimental-feature DebugDescriptionMacro -sdk /Applications/Xcode-16.3.0.app/Contents/Developer/Platforms/WatchOS.platform/Developer/SDKs/WatchOS11.4.sdk -target arm64-apple-watchos6.0 -g -module-cache-path /Users/admin/builder/spi-builder-workspace/.derivedData/ModuleCache.noindex -Xfrontend -serialize-debugging-options -profile-coverage-mapping -profile-generate -enable-testing -index-store-path /Users/admin/builder/spi-builder-workspace/.derivedData/Index.noindex/DataStore -swift-version 6 -I /Users/admin/builder/spi-builder-workspace/.derivedData/Build/Products/Debug-watchos -I /Applications/Xcode-16.3.0.app/Contents/Developer/Platforms/WatchOS.platform/Developer/usr/lib -F /Users/admin/builder/spi-builder-workspace/.derivedData/Build/Products/Debug-watchos -F /Applications/Xcode-16.3.0.app/Contents/Developer/Platforms/WatchOS.platform/Developer/Library/Frameworks -F /Applications/Xcode-16.3.0.app/Contents/Developer/Platforms/WatchOS.platform/Developer/SDKs/WatchOS11.4.sdk/Developer/Library/Frameworks -c -j10 -enable-batch-mode -incremental -Xcc -ivfsstatcache -Xcc /Users/admin/builder/spi-builder-workspace/.derivedData/SDKStatCaches.noindex/watchos11.4-22T246-43efb940ff07ba2497b70ec94253f576.sdkstatcache -output-file-map /Users/admin/builder/spi-builder-workspace/.derivedData/Build/Intermediates.noindex/AutoFlex.build/Debug-watchos/AutoFlex.build/Objects-normal/arm64/AutoFlex-OutputFileMap.json -use-frontend-parseable-output -save-temps -no-color-diagnostics -serialize-diagnostics -emit-dependencies -emit-module -emit-module-path /Users/admin/builder/spi-builder-workspace/.derivedData/Build/Intermediates.noindex/AutoFlex.build/Debug-watchos/AutoFlex.build/Objects-normal/arm64/AutoFlex.swiftmodule -validate-clang-modules-once -clang-build-session-file /Users/admin/builder/spi-builder-workspace/.derivedData/ModuleCache.noindex/Session.modulevalidation -package-name spi_builder_workspace -Xcc -I/Users/admin/builder/spi-builder-workspace/.derivedData/Build/Intermediates.noindex/AutoFlex.build/Debug-watchos/AutoFlex.build/swift-overrides.hmap -emit-const-values -Xfrontend -const-gather-protocols-file -Xfrontend /Users/admin/builder/spi-builder-workspace/.derivedData/Build/Intermediates.noindex/AutoFlex.build/Debug-watchos/AutoFlex.build/Objects-normal/arm64/AutoFlex_const_extract_protocols.json -Xcc -I/Users/admin/builder/spi-builder-workspace/.derivedData/Build/Products/Debug-watchos/include -Xcc -I/Users/admin/builder/spi-builder-workspace/.derivedData/Build/Intermediates.noindex/AutoFlex.build/Debug-watchos/AutoFlex.build/DerivedSources-normal/arm64 -Xcc -I/Users/admin/builder/spi-builder-workspace/.derivedData/Build/Intermediates.noindex/AutoFlex.build/Debug-watchos/AutoFlex.build/DerivedSources/arm64 -Xcc -I/Users/admin/builder/spi-builder-workspace/.derivedData/Build/Intermediates.noindex/AutoFlex.build/Debug-watchos/AutoFlex.build/DerivedSources -Xcc -DSWIFT_PACKAGE -Xcc -DDEBUG\=1 -emit-objc-header -emit-objc-header-path /Users/admin/builder/spi-builder-workspace/.derivedData/Build/Intermediates.noindex/AutoFlex.build/Debug-watchos/AutoFlex.build/Objects-normal/arm64/AutoFlex-Swift.h -working-directory /Users/admin/builder/spi-builder-workspace/.swiftpm/xcode -experimental-emit-module-separately -disable-cmo
SwiftDriver AutoFlex normal armv7k com.apple.xcode.tools.swift.compiler (in target 'AutoFlex' from project 'AutoFlex')
cd /Users/admin/builder/spi-builder-workspace/.swiftpm/xcode
builtin-SwiftDriver -- /Applications/Xcode-16.3.0.app/Contents/Developer/Toolchains/XcodeDefault.xctoolchain/usr/bin/swiftc -module-name AutoFlex -Onone -enforce-exclusivity\=checked @/Users/admin/builder/spi-builder-workspace/.derivedData/Build/Intermediates.noindex/AutoFlex.build/Debug-watchos/AutoFlex.build/Objects-normal/armv7k/AutoFlex.SwiftFileList -DSWIFT_PACKAGE -DDEBUG -DXcode -plugin-path /Applications/Xcode-16.3.0.app/Contents/Developer/Toolchains/XcodeDefault.xctoolchain/usr/lib/swift/host/plugins/testing -enable-experimental-feature DebugDescriptionMacro -sdk /Applications/Xcode-16.3.0.app/Contents/Developer/Platforms/WatchOS.platform/Developer/SDKs/WatchOS11.4.sdk -target armv7k-apple-watchos6.0 -g -module-cache-path /Users/admin/builder/spi-builder-workspace/.derivedData/ModuleCache.noindex -Xfrontend -serialize-debugging-options -profile-coverage-mapping -profile-generate -enable-testing -index-store-path /Users/admin/builder/spi-builder-workspace/.derivedData/Index.noindex/DataStore -swift-version 6 -I /Users/admin/builder/spi-builder-workspace/.derivedData/Build/Products/Debug-watchos -I /Applications/Xcode-16.3.0.app/Contents/Developer/Platforms/WatchOS.platform/Developer/usr/lib -F /Users/admin/builder/spi-builder-workspace/.derivedData/Build/Products/Debug-watchos -F /Applications/Xcode-16.3.0.app/Contents/Developer/Platforms/WatchOS.platform/Developer/Library/Frameworks -F /Applications/Xcode-16.3.0.app/Contents/Developer/Platforms/WatchOS.platform/Developer/SDKs/WatchOS11.4.sdk/Developer/Library/Frameworks -c -j10 -enable-batch-mode -incremental -Xcc -ivfsstatcache -Xcc /Users/admin/builder/spi-builder-workspace/.derivedData/SDKStatCaches.noindex/watchos11.4-22T246-43efb940ff07ba2497b70ec94253f576.sdkstatcache -output-file-map /Users/admin/builder/spi-builder-workspace/.derivedData/Build/Intermediates.noindex/AutoFlex.build/Debug-watchos/AutoFlex.build/Objects-normal/armv7k/AutoFlex-OutputFileMap.json -use-frontend-parseable-output -save-temps -no-color-diagnostics -serialize-diagnostics -emit-dependencies -emit-module -emit-module-path /Users/admin/builder/spi-builder-workspace/.derivedData/Build/Intermediates.noindex/AutoFlex.build/Debug-watchos/AutoFlex.build/Objects-normal/armv7k/AutoFlex.swiftmodule -validate-clang-modules-once -clang-build-session-file /Users/admin/builder/spi-builder-workspace/.derivedData/ModuleCache.noindex/Session.modulevalidation -package-name spi_builder_workspace -Xcc -I/Users/admin/builder/spi-builder-workspace/.derivedData/Build/Intermediates.noindex/AutoFlex.build/Debug-watchos/AutoFlex.build/swift-overrides.hmap -emit-const-values -Xfrontend -const-gather-protocols-file -Xfrontend /Users/admin/builder/spi-builder-workspace/.derivedData/Build/Intermediates.noindex/AutoFlex.build/Debug-watchos/AutoFlex.build/Objects-normal/armv7k/AutoFlex_const_extract_protocols.json -Xcc -I/Users/admin/builder/spi-builder-workspace/.derivedData/Build/Products/Debug-watchos/include -Xcc -I/Users/admin/builder/spi-builder-workspace/.derivedData/Build/Intermediates.noindex/AutoFlex.build/Debug-watchos/AutoFlex.build/DerivedSources-normal/armv7k -Xcc -I/Users/admin/builder/spi-builder-workspace/.derivedData/Build/Intermediates.noindex/AutoFlex.build/Debug-watchos/AutoFlex.build/DerivedSources/armv7k -Xcc -I/Users/admin/builder/spi-builder-workspace/.derivedData/Build/Intermediates.noindex/AutoFlex.build/Debug-watchos/AutoFlex.build/DerivedSources -Xcc -DSWIFT_PACKAGE -Xcc -DDEBUG\=1 -emit-objc-header -emit-objc-header-path /Users/admin/builder/spi-builder-workspace/.derivedData/Build/Intermediates.noindex/AutoFlex.build/Debug-watchos/AutoFlex.build/Objects-normal/armv7k/AutoFlex-Swift.h -working-directory /Users/admin/builder/spi-builder-workspace/.swiftpm/xcode -experimental-emit-module-separately -disable-cmo
SwiftEmitModule normal armv7k Emitting\ module\ for\ AutoFlex (in target 'AutoFlex' from project 'AutoFlex')
EmitSwiftModule normal armv7k (in target 'AutoFlex' from project 'AutoFlex')
cd /Users/admin/builder/spi-builder-workspace/.swiftpm/xcode
/Users/admin/builder/spi-builder-workspace/Sources/AutoFlex.swift:12:31: error: 'UIView' is unavailable: This Objective-C class has only been forward-declared; import its owning module to use it
public typealias LayoutView = UIView
^~~~~~
UIKit.UIView:2:14: note: 'UIView' has been explicitly marked unavailable here
public class UIView {
^
/Users/admin/builder/spi-builder-workspace/Sources/AutoFlex.swift:14:32: error: cannot find type 'UILayoutGuide' in scope
public typealias LayoutGuide = UILayoutGuide
^~~~~~~~~~~~~
/Users/admin/builder/spi-builder-workspace/Sources/AutoFlex.swift:16:35: error: cannot find type 'UILayoutPriority' in scope
public typealias LayoutPriority = UILayoutPriority
^~~~~~~~~~~~~~~~
/Users/admin/builder/spi-builder-workspace/Sources/AutoFlex.swift:18:31: error: cannot find type 'NSLayoutConstraint' in scope
public typealias LayoutAxis = NSLayoutConstraint.Axis
^~~~~~~~~~~~~~~~~~
/Users/admin/builder/spi-builder-workspace/Sources/AutoFlex.swift:86:1: warning: unavailable class 'UIView' was used to satisfy a requirement of protocol 'AutoFlexExtended': This Objective-C class has only been forward-declared; import its owning module to use it; this will be an error in a future Swift language mode
extension LayoutView: AutoFlexExtended {}
^
UIKit.UIView:2:14: note: 'UIView' declared here
public class UIView {
^
/Users/admin/builder/spi-builder-workspace/Sources/AutoFlex.swift:69:20: note: requirement 'ViewType' declared here
associatedtype ViewType
^
/Users/admin/builder/spi-builder-workspace/Sources/AutoFlex.swift:128:48: error: cannot find type 'NSLayoutConstraint' in scope
public func updateConstraints(_ closure: ([NSLayoutConstraint]) -> Void) {
^~~~~~~~~~~~~~~~~~
/Users/admin/builder/spi-builder-workspace/Sources/AutoFlex.swift:150:37: error: cannot find type 'NSLayoutConstraint' in scope
private var storedConstraints: [NSLayoutConstraint]? {
^~~~~~~~~~~~~~~~~~
/Users/admin/builder/spi-builder-workspace/Sources/AutoFlex.swift:154:55: error: cannot find type 'NSLayoutConstraint' in scope
private func setStoredConstraints(_ constraints: [NSLayoutConstraint]) {
^~~~~~~~~~~~~~~~~~
/Users/admin/builder/spi-builder-workspace/Sources/AutoFlex.swift:162:21: error: cannot find type 'NSLayoutYAxisAnchor' in scope
public var top: NSLayoutYAxisAnchor { view.topAnchor }
^~~~~~~~~~~~~~~~~~~
/Users/admin/builder/spi-builder-workspace/Sources/AutoFlex.swift:167:24: error: cannot find type 'NSLayoutYAxisAnchor' in scope
public var bottom: NSLayoutYAxisAnchor { view.bottomAnchor }
^~~~~~~~~~~~~~~~~~~
/Users/admin/builder/spi-builder-workspace/Sources/AutoFlex.swift:169:25: error: cannot find type 'NSLayoutXAxisAnchor' in scope
public var leading: NSLayoutXAxisAnchor { view.leadingAnchor }
^~~~~~~~~~~~~~~~~~~
/Users/admin/builder/spi-builder-workspace/Sources/AutoFlex.swift:173:26: error: cannot find type 'NSLayoutXAxisAnchor' in scope
public var trailing: NSLayoutXAxisAnchor { view.trailingAnchor }
^~~~~~~~~~~~~~~~~~~
/Users/admin/builder/spi-builder-workspace/Sources/AutoFlex.swift:177:22: error: cannot find type 'NSLayoutXAxisAnchor' in scope
public var left: NSLayoutXAxisAnchor { view.leftAnchor }
^~~~~~~~~~~~~~~~~~~
/Users/admin/builder/spi-builder-workspace/Sources/AutoFlex.swift:181:23: error: cannot find type 'NSLayoutXAxisAnchor' in scope
public var right: NSLayoutXAxisAnchor { view.rightAnchor }
^~~~~~~~~~~~~~~~~~~
/Users/admin/builder/spi-builder-workspace/Sources/AutoFlex.swift:183:25: error: cannot find type 'NSLayoutXAxisAnchor' in scope
public var centerX: NSLayoutXAxisAnchor { view.centerXAnchor }
^~~~~~~~~~~~~~~~~~~
/Users/admin/builder/spi-builder-workspace/Sources/AutoFlex.swift:185:25: error: cannot find type 'NSLayoutYAxisAnchor' in scope
public var centerY: NSLayoutYAxisAnchor { view.centerYAnchor }
^~~~~~~~~~~~~~~~~~~
/Users/admin/builder/spi-builder-workspace/Sources/AutoFlex.swift:187:23: error: cannot find type 'NSLayoutDimension' in scope
public var width: NSLayoutDimension { view.widthAnchor }
^~~~~~~~~~~~~~~~~
/Users/admin/builder/spi-builder-workspace/Sources/AutoFlex.swift:189:24: error: cannot find type 'NSLayoutDimension' in scope
public var height: NSLayoutDimension { view.heightAnchor }
^~~~~~~~~~~~~~~~~
/Users/admin/builder/spi-builder-workspace/Sources/AutoFlex.swift:191:31: error: cannot find type 'NSLayoutYAxisAnchor' in scope
public var firstBaseline: NSLayoutYAxisAnchor { view.firstBaselineAnchor }
^~~~~~~~~~~~~~~~~~~
/Users/admin/builder/spi-builder-workspace/Sources/AutoFlex.swift:193:30: error: cannot find type 'NSLayoutYAxisAnchor' in scope
public var lastBaseline: NSLayoutYAxisAnchor { view.lastBaselineAnchor }
^~~~~~~~~~~~~~~~~~~
/Users/admin/builder/spi-builder-workspace/Sources/AutoFlex.swift:277:44: error: 'AnimationOptions' is not a member type of class 'UIKit.UIView'
public typealias AnimationOptions = UIView.AnimationOptions
~~~~~~ ^
/Applications/Xcode-16.3.0.app/Contents/Developer/Platforms/WatchOS.platform/Developer/SDKs/WatchOS11.4.sdk/System/Library/Frameworks/UIKit.framework/Headers/NSTextAttachment.h:23:1: note: class 'UIView' will be imported as an opaque placeholder class and may be missing members; import the definition to access the complete interface
@class UIView;
^
/Applications/Xcode-16.3.0.app/Contents/Developer/Platforms/WatchOS.platform/Developer/SDKs/WatchOS11.4.sdk/System/Library/Frameworks/UIKit.framework/Headers/NSTextAttachment.h:23:1: note: interface 'UIView' forward declared here
@class UIView;
^
UIKit.UIView:2:14: note: 'UIView' declared here
public class UIView {
^
/Users/admin/builder/spi-builder-workspace/Sources/LayoutAnchor.swift:50:11: error: cannot find type 'NSLayoutXAxisAnchor' in scope
extension NSLayoutXAxisAnchor: LayoutAnchor {}
^~~~~~~~~~~~~~~~~~~
/Users/admin/builder/spi-builder-workspace/Sources/LayoutAnchor.swift:51:11: error: cannot find type 'NSLayoutYAxisAnchor' in scope
extension NSLayoutYAxisAnchor: LayoutAnchor {}
^~~~~~~~~~~~~~~~~~~
/Users/admin/builder/spi-builder-workspace/Sources/LayoutAnchor.swift:52:11: error: cannot find type 'NSLayoutDimension' in scope
extension NSLayoutDimension: LayoutAnchor {}
^~~~~~~~~~~~~~~~~
/Users/admin/builder/spi-builder-workspace/Sources/LayoutMarker.swift:57:34: error: cannot find type 'NSLayoutConstraint' in scope
private var allConstraints: [NSLayoutConstraint] = []
^~~~~~~~~~~~~~~~~~
/Users/admin/builder/spi-builder-workspace/Sources/LayoutMarker.swift:121:77: error: cannot find type 'NSLayoutConstraint' in scope
public func equal(to anchor: LayoutAnchor, constant: CGFloat = 0.0) -> [NSLayoutConstraint] {
^~~~~~~~~~~~~~~~~~
/Users/admin/builder/spi-builder-workspace/Sources/LayoutMarker.swift:131:79: error: cannot find type 'NSLayoutConstraint' in scope
public func equal(to anchor: LayoutAnchor, options: LayoutOptions...) -> [NSLayoutConstraint] {
^~~~~~~~~~~~~~~~~~
/Users/admin/builder/spi-builder-workspace/Sources/LayoutMarker.swift:139:48: error: cannot find type 'NSLayoutConstraint' in scope
public func equal(toConstant: CGFloat) -> [NSLayoutConstraint] {
^~~~~~~~~~~~~~~~~~
/Users/admin/builder/spi-builder-workspace/Sources/LayoutMarker.swift:147:56: error: cannot find type 'NSLayoutConstraint' in scope
public func equal(toOptions: LayoutOptions...) -> [NSLayoutConstraint] {
^~~~~~~~~~~~~~~~~~
/Users/admin/builder/spi-builder-workspace/Sources/LayoutMarker.swift:156:86: error: cannot find type 'NSLayoutConstraint' in scope
public func greaterOrEqual(to anchor: LayoutAnchor, constant: CGFloat = 0.0) -> [NSLayoutConstraint] {
^~~~~~~~~~~~~~~~~~
/Users/admin/builder/spi-builder-workspace/Sources/LayoutMarker.swift:162:88: error: cannot find type 'NSLayoutConstraint' in scope
public func greaterOrEqual(to anchor: LayoutAnchor, options: LayoutOptions...) -> [NSLayoutConstraint] {
^~~~~~~~~~~~~~~~~~
/Users/admin/builder/spi-builder-workspace/Sources/LayoutMarker.swift:168:57: error: cannot find type 'NSLayoutConstraint' in scope
public func greaterOrEqual(toConstant: CGFloat) -> [NSLayoutConstraint] {
^~~~~~~~~~~~~~~~~~
/Users/admin/builder/spi-builder-workspace/Sources/LayoutMarker.swift:174:65: error: cannot find type 'NSLayoutConstraint' in scope
public func greaterOrEqual(toOptions: LayoutOptions...) -> [NSLayoutConstraint] {
^~~~~~~~~~~~~~~~~~
/Users/admin/builder/spi-builder-workspace/Sources/LayoutMarker.swift:183:83: error: cannot find type 'NSLayoutConstraint' in scope
public func lessOrEqual(to anchor: LayoutAnchor, constant: CGFloat = 0.0) -> [NSLayoutConstraint] {
^~~~~~~~~~~~~~~~~~
/Users/admin/builder/spi-builder-workspace/Sources/LayoutMarker.swift:189:85: error: cannot find type 'NSLayoutConstraint' in scope
public func lessOrEqual(to anchor: LayoutAnchor, options: LayoutOptions...) -> [NSLayoutConstraint] {
^~~~~~~~~~~~~~~~~~
/Users/admin/builder/spi-builder-workspace/Sources/LayoutMarker.swift:195:54: error: cannot find type 'NSLayoutConstraint' in scope
public func lessOrEqual(toConstant: CGFloat) -> [NSLayoutConstraint] {
^~~~~~~~~~~~~~~~~~
/Users/admin/builder/spi-builder-workspace/Sources/LayoutMarker.swift:201:62: error: cannot find type 'NSLayoutConstraint' in scope
public func lessOrEqual(toOptions: LayoutOptions...) -> [NSLayoutConstraint] {
^~~~~~~~~~~~~~~~~~
/Users/admin/builder/spi-builder-workspace/Sources/LayoutMarker.swift:220:85: error: cannot find type 'NSLayoutConstraint' in scope
public func equal(to anchor: LayoutAnchor? = nil, insets: LayoutEdgeInsets) -> [NSLayoutConstraint] {
^~~~~~~~~~~~~~~~~~
/Users/admin/builder/spi-builder-workspace/Sources/LayoutMarker.swift:227:94: error: cannot find type 'NSLayoutConstraint' in scope
public func greaterOrEqual(to anchor: LayoutAnchor? = nil, insets: LayoutEdgeInsets) -> [NSLayoutConstraint] {
^~~~~~~~~~~~~~~~~~
/Users/admin/builder/spi-builder-workspace/Sources/LayoutMarker.swift:234:91: error: cannot find type 'NSLayoutConstraint' in scope
public func lessOrEqual(to anchor: LayoutAnchor? = nil, insets: LayoutEdgeInsets) -> [NSLayoutConstraint] {
^~~~~~~~~~~~~~~~~~
/Users/admin/builder/spi-builder-workspace/Sources/LayoutMarker.swift:247:77: error: cannot find type 'NSLayoutConstraint' in scope
public func aspectRatio(_ ratio: CGFloat, options: LayoutOptions...) -> NSLayoutConstraint {
^~~~~~~~~~~~~~~~~~
/Users/admin/builder/spi-builder-workspace/Sources/LayoutMarker.swift:264:63: error: cannot find type 'NSLayoutConstraint' in scope
public func equalToSuperview(constant: CGFloat = 0.0) -> [NSLayoutConstraint] {
^~~~~~~~~~~~~~~~~~
/Users/admin/builder/spi-builder-workspace/Sources/LayoutMarker.swift:275:65: error: cannot find type 'NSLayoutConstraint' in scope
public func equalToSuperview(options: LayoutOptions...) -> [NSLayoutConstraint] {
^~~~~~~~~~~~~~~~~~
/Users/admin/builder/spi-builder-workspace/Sources/LayoutMarker.swift:286:72: error: cannot find type 'NSLayoutConstraint' in scope
public func greaterOrEqualToSuperview(constant: CGFloat = 0.0) -> [NSLayoutConstraint] {
^~~~~~~~~~~~~~~~~~
/Users/admin/builder/spi-builder-workspace/Sources/LayoutMarker.swift:297:74: error: cannot find type 'NSLayoutConstraint' in scope
public func greaterOrEqualToSuperview(options: LayoutOptions...) -> [NSLayoutConstraint] {
^~~~~~~~~~~~~~~~~~
/Users/admin/builder/spi-builder-workspace/Sources/LayoutMarker.swift:308:69: error: cannot find type 'NSLayoutConstraint' in scope
public func lessOrEqualToSuperview(constant: CGFloat = 0.0) -> [NSLayoutConstraint] {
^~~~~~~~~~~~~~~~~~
/Users/admin/builder/spi-builder-workspace/Sources/LayoutMarker.swift:319:71: error: cannot find type 'NSLayoutConstraint' in scope
public func lessOrEqualToSuperview(options: LayoutOptions...) -> [NSLayoutConstraint] {
^~~~~~~~~~~~~~~~~~
/Users/admin/builder/spi-builder-workspace/Sources/LayoutMarker.swift:336:103: error: cannot find type 'NSLayoutConstraint' in scope
public func equal(to anchor: LayoutAnchor? = nil, directionalInsets: NSDirectionalEdgeInsets) -> [NSLayoutConstraint] {
^~~~~~~~~~~~~~~~~~
/Users/admin/builder/spi-builder-workspace/Sources/LayoutMarker.swift:342:112: error: cannot find type 'NSLayoutConstraint' in scope
public func greaterOrEqual(to anchor: LayoutAnchor? = nil, directionalInsets: NSDirectionalEdgeInsets) -> [NSLayoutConstraint] {
^~~~~~~~~~~~~~~~~~
/Users/admin/builder/spi-builder-workspace/Sources/LayoutMarker.swift:348:109: error: cannot find type 'NSLayoutConstraint' in scope
public func lessOrEqual(to anchor: LayoutAnchor? = nil, directionalInsets: NSDirectionalEdgeInsets) -> [NSLayoutConstraint] {
^~~~~~~~~~~~~~~~~~
/Users/admin/builder/spi-builder-workspace/Sources/LayoutMarker.swift:363:62: error: cannot find type 'NSLayoutConstraint' in scope
public func equalToSafeArea(constant: CGFloat = 0.0) -> [NSLayoutConstraint] {
^~~~~~~~~~~~~~~~~~
/Users/admin/builder/spi-builder-workspace/Sources/LayoutMarker.swift:374:64: error: cannot find type 'NSLayoutConstraint' in scope
public func equalToSafeArea(options: LayoutOptions...) -> [NSLayoutConstraint] {
^~~~~~~~~~~~~~~~~~
/Users/admin/builder/spi-builder-workspace/Sources/LayoutMarker.swift:396:83: error: cannot find type 'NSLayoutConstraint' in scope
public func centerInSuperview(xOffset: CGFloat = 0, yOffset: CGFloat = 0) -> [NSLayoutConstraint] {
^~~~~~~~~~~~~~~~~~
/Users/admin/builder/spi-builder-workspace/Sources/LayoutMarker.swift:420:87: error: cannot find type 'NSLayoutConstraint' in scope
public func pinToSuperviewEdges(excluding: LayoutEdge, constant: CGFloat = 0) -> [NSLayoutConstraint] {
^~~~~~~~~~~~~~~~~~
/Users/admin/builder/spi-builder-workspace/Sources/LayoutMarker.swift:448:34: error: cannot find type 'NSLayoutConstraint' in scope
internal func activate() -> [NSLayoutConstraint] {
^~~~~~~~~~~~~~~~~~
/Users/admin/builder/spi-builder-workspace/Sources/LayoutMarker.swift:459:99: error: cannot find type 'NSLayoutConstraint' in scope
private func equal(to anchor: LayoutAnchor?, info: LayoutOptionsInfo, relation: Relation) -> [NSLayoutConstraint] {
^~~~~~~~~~~~~~~~~~
/Users/admin/builder/spi-builder-workspace/Sources/LayoutMarker.swift:487:110: error: cannot find type 'NSLayoutConstraint' in scope
private func equalWithInsets(to anchor: LayoutAnchor?, insets: LayoutEdgeInsets, relation: Relation) -> [NSLayoutConstraint] {
^~~~~~~~~~~~~~~~~~
/Users/admin/builder/spi-builder-workspace/Sources/LayoutMarker.swift:517:128: error: cannot find type 'NSLayoutConstraint' in scope
private func equalWithDirectionalInsets(to anchor: LayoutAnchor?, insets: NSDirectionalEdgeInsets, relation: Relation) -> [NSLayoutConstraint] {
^~~~~~~~~~~~~~~~~~
/Users/admin/builder/spi-builder-workspace/Sources/LayoutMarker.swift:547:100: error: cannot find type 'NSLayoutConstraint' in scope
private func makeTop(to anchor: LayoutAnchor?, info: LayoutOptionsInfo, relation: Relation) -> NSLayoutConstraint {
^~~~~~~~~~~~~~~~~~
/Users/admin/builder/spi-builder-workspace/Sources/LayoutMarker.swift:551:103: error: cannot find type 'NSLayoutConstraint' in scope
private func makeBottom(to anchor: LayoutAnchor?, info: LayoutOptionsInfo, relation: Relation) -> NSLayoutConstraint {
^~~~~~~~~~~~~~~~~~
/Users/admin/builder/spi-builder-workspace/Sources/LayoutMarker.swift:555:104: error: cannot find type 'NSLayoutConstraint' in scope
private func makeLeading(to anchor: LayoutAnchor?, info: LayoutOptionsInfo, relation: Relation) -> NSLayoutConstraint {
^~~~~~~~~~~~~~~~~~
/Users/admin/builder/spi-builder-workspace/Sources/LayoutMarker.swift:559:105: error: cannot find type 'NSLayoutConstraint' in scope
private func makeTrailing(to anchor: LayoutAnchor?, info: LayoutOptionsInfo, relation: Relation) -> NSLayoutConstraint {
^~~~~~~~~~~~~~~~~~
/Users/admin/builder/spi-builder-workspace/Sources/LayoutMarker.swift:563:101: error: cannot find type 'NSLayoutConstraint' in scope
private func makeLeft(to anchor: LayoutAnchor?, info: LayoutOptionsInfo, relation: Relation) -> NSLayoutConstraint {
^~~~~~~~~~~~~~~~~~
/Users/admin/builder/spi-builder-workspace/Sources/LayoutMarker.swift:567:102: error: cannot find type 'NSLayoutConstraint' in scope
private func makeRight(to anchor: LayoutAnchor?, info: LayoutOptionsInfo, relation: Relation) -> NSLayoutConstraint {
^~~~~~~~~~~~~~~~~~
/Users/admin/builder/spi-builder-workspace/Sources/LayoutMarker.swift:571:104: error: cannot find type 'NSLayoutConstraint' in scope
private func makeCenter(to anchor: LayoutAnchor?, info: LayoutOptionsInfo, relation: Relation) -> [NSLayoutConstraint] {
^~~~~~~~~~~~~~~~~~
/Users/admin/builder/spi-builder-workspace/Sources/LayoutMarker.swift:576:104: error: cannot find type 'NSLayoutConstraint' in scope
private func makeCenterX(to anchor: LayoutAnchor?, info: LayoutOptionsInfo, relation: Relation) -> NSLayoutConstraint {
^~~~~~~~~~~~~~~~~~
/Users/admin/builder/spi-builder-workspace/Sources/LayoutMarker.swift:580:104: error: cannot find type 'NSLayoutConstraint' in scope
private func makeCenterY(to anchor: LayoutAnchor?, info: LayoutOptionsInfo, relation: Relation) -> NSLayoutConstraint {
^~~~~~~~~~~~~~~~~~
/Users/admin/builder/spi-builder-workspace/Sources/LayoutMarker.swift:584:102: error: cannot find type 'NSLayoutConstraint' in scope
private func makeWidth(to anchor: LayoutAnchor?, info: LayoutOptionsInfo, relation: Relation) -> NSLayoutConstraint {
^~~~~~~~~~~~~~~~~~
/Users/admin/builder/spi-builder-workspace/Sources/LayoutMarker.swift:588:103: error: cannot find type 'NSLayoutConstraint' in scope
private func makeHeight(to anchor: LayoutAnchor?, info: LayoutOptionsInfo, relation: Relation) -> NSLayoutConstraint {
^~~~~~~~~~~~~~~~~~
/Users/admin/builder/spi-builder-workspace/Sources/LayoutMarker.swift:592:103: error: cannot find type 'NSLayoutConstraint' in scope
private func makeEdges(to anchor: LayoutAnchor?, info: LayoutOptionsInfo, relation: Relation) -> [NSLayoutConstraint] {
^~~~~~~~~~~~~~~~~~
/Users/admin/builder/spi-builder-workspace/Sources/LayoutMarker.swift:617:113: error: cannot find type 'NSLayoutConstraint' in scope
private func makeHorizontalEdges(to anchor: LayoutAnchor?, info: LayoutOptionsInfo, relation: Relation) -> [NSLayoutConstraint] {
^~~~~~~~~~~~~~~~~~
/Users/admin/builder/spi-builder-workspace/Sources/LayoutMarker.swift:636:111: error: cannot find type 'NSLayoutConstraint' in scope
private func makeVerticalEdges(to anchor: LayoutAnchor?, info: LayoutOptionsInfo, relation: Relation) -> [NSLayoutConstraint] {
^~~~~~~~~~~~~~~~~~
/Users/admin/builder/spi-builder-workspace/Sources/LayoutMarker.swift:655:102: error: cannot find type 'NSLayoutConstraint' in scope
private func makeSize(to anchor: LayoutAnchor?, info: LayoutOptionsInfo, relation: Relation) -> [NSLayoutConstraint] {
^~~~~~~~~~~~~~~~~~
/Users/admin/builder/spi-builder-workspace/Sources/LayoutMarker.swift:681:110: error: cannot find type 'NSLayoutConstraint' in scope
private func makeFirstBaseline(to anchor: LayoutAnchor?, info: LayoutOptionsInfo, relation: Relation) -> NSLayoutConstraint {
^~~~~~~~~~~~~~~~~~
/Users/admin/builder/spi-builder-workspace/Sources/LayoutMarker.swift:685:109: error: cannot find type 'NSLayoutConstraint' in scope
private func makeLastBaseline(to anchor: LayoutAnchor?, info: LayoutOptionsInfo, relation: Relation) -> NSLayoutConstraint {
^~~~~~~~~~~~~~~~~~
/Users/admin/builder/spi-builder-workspace/Sources/LayoutMarker.swift:691:168: error: cannot find type 'NSLayoutYAxisAnchor' in scope
private func resolveYAnchor(_ anchor: LayoutAnchor?, viewPath: KeyPath<LayoutView, NSLayoutYAxisAnchor>, guidePath: KeyPath<LayoutGuide, NSLayoutYAxisAnchor>?) -> NSLayoutYAxisAnchor {
^~~~~~~~~~~~~~~~~~~
/Users/admin/builder/spi-builder-workspace/Sources/LayoutMarker.swift:691:88: error: cannot find type 'NSLayoutYAxisAnchor' in scope
private func resolveYAnchor(_ anchor: LayoutAnchor?, viewPath: KeyPath<LayoutView, NSLayoutYAxisAnchor>, guidePath: KeyPath<LayoutGuide, NSLayoutYAxisAnchor>?) -> NSLayoutYAxisAnchor {
^~~~~~~~~~~~~~~~~~~
/Users/admin/builder/spi-builder-workspace/Sources/LayoutMarker.swift:700:167: error: cannot find type 'NSLayoutXAxisAnchor' in scope
private func resolveXAnchor(_ anchor: LayoutAnchor?, viewPath: KeyPath<LayoutView, NSLayoutXAxisAnchor>, guidePath: KeyPath<LayoutGuide, NSLayoutXAxisAnchor>) -> NSLayoutXAxisAnchor {
^~~~~~~~~~~~~~~~~~~
/Users/admin/builder/spi-builder-workspace/Sources/LayoutMarker.swift:700:88: error: cannot find type 'NSLayoutXAxisAnchor' in scope
private func resolveXAnchor(_ anchor: LayoutAnchor?, viewPath: KeyPath<LayoutView, NSLayoutXAxisAnchor>, guidePath: KeyPath<LayoutGuide, NSLayoutXAxisAnchor>) -> NSLayoutXAxisAnchor {
^~~~~~~~~~~~~~~~~~~
/Users/admin/builder/spi-builder-workspace/Sources/LayoutMarker.swift:709:171: error: cannot find type 'NSLayoutDimension' in scope
private func resolveDimensionAnchor(_ anchor: LayoutAnchor?, viewPath: KeyPath<LayoutView, NSLayoutDimension>, guidePath: KeyPath<LayoutGuide, NSLayoutDimension>) -> NSLayoutDimension {
^~~~~~~~~~~~~~~~~
/Users/admin/builder/spi-builder-workspace/Sources/LayoutMarker.swift:709:96: error: cannot find type 'NSLayoutDimension' in scope
private func resolveDimensionAnchor(_ anchor: LayoutAnchor?, viewPath: KeyPath<LayoutView, NSLayoutDimension>, guidePath: KeyPath<LayoutGuide, NSLayoutDimension>) -> NSLayoutDimension {
^~~~~~~~~~~~~~~~~
/Users/admin/builder/spi-builder-workspace/Sources/LayoutMarker.swift:770:113: error: cannot find type 'NSLayoutConstraint' in scope
func constraint(for anchor: NSLayoutYAxisAnchor, to other: NSLayoutYAxisAnchor, info: LayoutOptionsInfo) -> NSLayoutConstraint {
^~~~~~~~~~~~~~~~~~
/Users/admin/builder/spi-builder-workspace/Sources/LayoutMarker.swift:770:33: error: cannot find type 'NSLayoutYAxisAnchor' in scope
func constraint(for anchor: NSLayoutYAxisAnchor, to other: NSLayoutYAxisAnchor, info: LayoutOptionsInfo) -> NSLayoutConstraint {
^~~~~~~~~~~~~~~~~~~
/Users/admin/builder/spi-builder-workspace/Sources/LayoutMarker.swift:770:64: error: cannot find type 'NSLayoutYAxisAnchor' in scope
func constraint(for anchor: NSLayoutYAxisAnchor, to other: NSLayoutYAxisAnchor, info: LayoutOptionsInfo) -> NSLayoutConstraint {
^~~~~~~~~~~~~~~~~~~
/Users/admin/builder/spi-builder-workspace/Sources/LayoutMarker.swift:780:113: error: cannot find type 'NSLayoutConstraint' in scope
func constraint(for anchor: NSLayoutXAxisAnchor, to other: NSLayoutXAxisAnchor, info: LayoutOptionsInfo) -> NSLayoutConstraint {
^~~~~~~~~~~~~~~~~~
/Users/admin/builder/spi-builder-workspace/Sources/LayoutMarker.swift:780:33: error: cannot find type 'NSLayoutXAxisAnchor' in scope
func constraint(for anchor: NSLayoutXAxisAnchor, to other: NSLayoutXAxisAnchor, info: LayoutOptionsInfo) -> NSLayoutConstraint {
^~~~~~~~~~~~~~~~~~~
/Users/admin/builder/spi-builder-workspace/Sources/LayoutMarker.swift:780:64: error: cannot find type 'NSLayoutXAxisAnchor' in scope
func constraint(for anchor: NSLayoutXAxisAnchor, to other: NSLayoutXAxisAnchor, info: LayoutOptionsInfo) -> NSLayoutConstraint {
^~~~~~~~~~~~~~~~~~~
/Users/admin/builder/spi-builder-workspace/Sources/LayoutMarker.swift:790:110: error: cannot find type 'NSLayoutConstraint' in scope
func constraint(for anchor: NSLayoutDimension, to other: NSLayoutDimension?, info: LayoutOptionsInfo) -> NSLayoutConstraint {
^~~~~~~~~~~~~~~~~~
/Users/admin/builder/spi-builder-workspace/Sources/LayoutMarker.swift:790:33: error: cannot find type 'NSLayoutDimension' in scope
func constraint(for anchor: NSLayoutDimension, to other: NSLayoutDimension?, info: LayoutOptionsInfo) -> NSLayoutConstraint {
^~~~~~~~~~~~~~~~~
/Users/admin/builder/spi-builder-workspace/Sources/LayoutMarker.swift:790:62: error: cannot find type 'NSLayoutDimension' in scope
func constraint(for anchor: NSLayoutDimension, to other: NSLayoutDimension?, info: LayoutOptionsInfo) -> NSLayoutConstraint {
^~~~~~~~~~~~~~~~~
/Users/admin/builder/spi-builder-workspace/Sources/LayoutMarker.swift:850:11: error: cannot find type 'NSLayoutConstraint' in scope
extension NSLayoutConstraint {
^~~~~~~~~~~~~~~~~~
/Users/admin/builder/spi-builder-workspace/Sources/LayoutOptions.swift:73:11: error: cannot find type 'NSLayoutConstraint' in scope
extension NSLayoutConstraint {
^~~~~~~~~~~~~~~~~~
Failed frontend command:
/Applications/Xcode-16.3.0.app/Contents/Developer/Toolchains/XcodeDefault.xctoolchain/usr/bin/swift-frontend -frontend -emit-module -experimental-skip-non-inlinable-function-bodies-without-types /Users/admin/builder/spi-builder-workspace/.derivedData/Build/Intermediates.noindex/AutoFlex.build/Debug-watchos/AutoFlex.build/DerivedSources/resource_bundle_accessor.swift /Users/admin/builder/spi-builder-workspace/Sources/AutoFlex.swift /Users/admin/builder/spi-builder-workspace/Sources/LayoutAnchor.swift /Users/admin/builder/spi-builder-workspace/Sources/LayoutMarker.swift /Users/admin/builder/spi-builder-workspace/Sources/LayoutOptions.swift -target armv7k-apple-watchos6.0 -enable-objc-interop -stack-check -sdk /Applications/Xcode-16.3.0.app/Contents/Developer/Platforms/WatchOS.platform/Developer/SDKs/WatchOS11.4.sdk -I /Users/admin/builder/spi-builder-workspace/.derivedData/Build/Products/Debug-watchos -I /Applications/Xcode-16.3.0.app/Contents/Developer/Platforms/WatchOS.platform/Developer/usr/lib -F /Users/admin/builder/spi-builder-workspace/.derivedData/Build/Products/Debug-watchos -F /Applications/Xcode-16.3.0.app/Contents/Developer/Platforms/WatchOS.platform/Developer/Library/Frameworks -F /Applications/Xcode-16.3.0.app/Contents/Developer/Platforms/WatchOS.platform/Developer/SDKs/WatchOS11.4.sdk/Developer/Library/Frameworks -no-color-diagnostics -enable-testing -g -debug-info-format\=dwarf -dwarf-version\=4 -module-cache-path /Users/admin/builder/spi-builder-workspace/.derivedData/ModuleCache.noindex -profile-generate -profile-coverage-mapping -swift-version 6 -enforce-exclusivity\=checked -Onone -D SWIFT_PACKAGE -D DEBUG -D Xcode -serialize-debugging-options -const-gather-protocols-file /Users/admin/builder/spi-builder-workspace/.derivedData/Build/Intermediates.noindex/AutoFlex.build/Debug-watchos/AutoFlex.build/Objects-normal/armv7k/AutoFlex_const_extract_protocols.json -enable-experimental-feature DebugDescriptionMacro -empty-abi-descriptor -plugin-path /Applications/Xcode-16.3.0.app/Contents/Developer/Toolchains/XcodeDefault.xctoolchain/usr/lib/swift/host/plugins/testing -validate-clang-modules-once -clang-build-session-file /Users/admin/builder/spi-builder-workspace/.derivedData/ModuleCache.noindex/Session.modulevalidation -Xcc -working-directory -Xcc /Users/admin/builder/spi-builder-workspace/.swiftpm/xcode -resource-dir /Applications/Xcode-16.3.0.app/Contents/Developer/Toolchains/XcodeDefault.xctoolchain/usr/lib/swift -enable-anonymous-context-mangled-names -file-compilation-dir /Users/admin/builder/spi-builder-workspace/.swiftpm/xcode -Xcc -ivfsstatcache -Xcc /Users/admin/builder/spi-builder-workspace/.derivedData/SDKStatCaches.noindex/watchos11.4-22T246-43efb940ff07ba2497b70ec94253f576.sdkstatcache -Xcc -I/Users/admin/builder/spi-builder-workspace/.derivedData/Build/Intermediates.noindex/AutoFlex.build/Debug-watchos/AutoFlex.build/swift-overrides.hmap -Xcc -I/Users/admin/builder/spi-builder-workspace/.derivedData/Build/Products/Debug-watchos/include -Xcc -I/Users/admin/builder/spi-builder-workspace/.derivedData/Build/Intermediates.noindex/AutoFlex.build/Debug-watchos/AutoFlex.build/DerivedSources-normal/armv7k -Xcc -I/Users/admin/builder/spi-builder-workspace/.derivedData/Build/Intermediates.noindex/AutoFlex.build/Debug-watchos/AutoFlex.build/DerivedSources/armv7k -Xcc -I/Users/admin/builder/spi-builder-workspace/.derivedData/Build/Intermediates.noindex/AutoFlex.build/Debug-watchos/AutoFlex.build/DerivedSources -Xcc -DSWIFT_PACKAGE -Xcc -DDEBUG\=1 -module-name AutoFlex -package-name spi_builder_workspace -frontend-parseable-output -disable-clang-spi -target-sdk-version 11.4 -target-sdk-name watchos11.4 -external-plugin-path /Applications/Xcode-16.3.0.app/Contents/Developer/Platforms/WatchOS.platform/Developer/usr/lib/swift/host/plugins\#/Applications/Xcode-16.3.0.app/Contents/Developer/Platforms/WatchOS.platform/Developer/usr/bin/swift-plugin-server -external-plugin-path /Applications/Xcode-16.3.0.app/Contents/Developer/Platforms/WatchOS.platform/Developer/usr/local/lib/swift/host/plugins\#/Applications/Xcode-16.3.0.app/Contents/Developer/Platforms/WatchOS.platform/Developer/usr/bin/swift-plugin-server -in-process-plugin-server-path /Applications/Xcode-16.3.0.app/Contents/Developer/Toolchains/XcodeDefault.xctoolchain/usr/lib/swift/host/libSwiftInProcPluginServer.dylib -plugin-path /Applications/Xcode-16.3.0.app/Contents/Developer/Toolchains/XcodeDefault.xctoolchain/usr/lib/swift/host/plugins -plugin-path /Applications/Xcode-16.3.0.app/Contents/Developer/Toolchains/XcodeDefault.xctoolchain/usr/local/lib/swift/host/plugins -emit-module-doc-path /Users/admin/builder/spi-builder-workspace/.derivedData/Build/Intermediates.noindex/AutoFlex.build/Debug-watchos/AutoFlex.build/Objects-normal/armv7k/AutoFlex.swiftdoc -emit-module-source-info-path /Users/admin/builder/spi-builder-workspace/.derivedData/Build/Intermediates.noindex/AutoFlex.build/Debug-watchos/AutoFlex.build/Objects-normal/armv7k/AutoFlex.swiftsourceinfo -emit-objc-header-path /Users/admin/builder/spi-builder-workspace/.derivedData/Build/Intermediates.noindex/AutoFlex.build/Debug-watchos/AutoFlex.build/Objects-normal/armv7k/AutoFlex-Swift.h -serialize-diagnostics-path /Users/admin/builder/spi-builder-workspace/.derivedData/Build/Intermediates.noindex/AutoFlex.build/Debug-watchos/AutoFlex.build/Objects-normal/armv7k/AutoFlex-master-emit-module.dia -emit-dependencies-path /Users/admin/builder/spi-builder-workspace/.derivedData/Build/Intermediates.noindex/AutoFlex.build/Debug-watchos/AutoFlex.build/Objects-normal/armv7k/AutoFlex-master-emit-module.d -o /Users/admin/builder/spi-builder-workspace/.derivedData/Build/Intermediates.noindex/AutoFlex.build/Debug-watchos/AutoFlex.build/Objects-normal/armv7k/AutoFlex.swiftmodule -emit-abi-descriptor-path /Users/admin/builder/spi-builder-workspace/.derivedData/Build/Intermediates.noindex/AutoFlex.build/Debug-watchos/AutoFlex.build/Objects-normal/armv7k/AutoFlex.abi.json
SwiftCompile normal armv7k Compiling\ LayoutAnchor.swift /Users/admin/builder/spi-builder-workspace/Sources/LayoutAnchor.swift (in target 'AutoFlex' from project 'AutoFlex')
SwiftCompile normal armv7k /Users/admin/builder/spi-builder-workspace/Sources/LayoutAnchor.swift (in target 'AutoFlex' from project 'AutoFlex')
cd /Users/admin/builder/spi-builder-workspace/.swiftpm/xcode
SwiftCompile normal armv7k Compiling\ AutoFlex.swift /Users/admin/builder/spi-builder-workspace/Sources/AutoFlex.swift (in target 'AutoFlex' from project 'AutoFlex')
SwiftCompile normal armv7k /Users/admin/builder/spi-builder-workspace/Sources/AutoFlex.swift (in target 'AutoFlex' from project 'AutoFlex')
cd /Users/admin/builder/spi-builder-workspace/.swiftpm/xcode
SwiftCompile normal armv7k Compiling\ LayoutOptions.swift /Users/admin/builder/spi-builder-workspace/Sources/LayoutOptions.swift (in target 'AutoFlex' from project 'AutoFlex')
SwiftCompile normal armv7k /Users/admin/builder/spi-builder-workspace/Sources/LayoutOptions.swift (in target 'AutoFlex' from project 'AutoFlex')
cd /Users/admin/builder/spi-builder-workspace/.swiftpm/xcode
SwiftCompile normal arm64_32 Compiling\ resource_bundle_accessor.swift /Users/admin/builder/spi-builder-workspace/.derivedData/Build/Intermediates.noindex/AutoFlex.build/Debug-watchos/AutoFlex.build/DerivedSources/resource_bundle_accessor.swift (in target 'AutoFlex' from project 'AutoFlex')
SwiftCompile normal arm64_32 /Users/admin/builder/spi-builder-workspace/.derivedData/Build/Intermediates.noindex/AutoFlex.build/Debug-watchos/AutoFlex.build/DerivedSources/resource_bundle_accessor.swift (in target 'AutoFlex' from project 'AutoFlex')
cd /Users/admin/builder/spi-builder-workspace/.swiftpm/xcode
SwiftEmitModule normal arm64_32 Emitting\ module\ for\ AutoFlex (in target 'AutoFlex' from project 'AutoFlex')
Failed frontend command:
/Applications/Xcode-16.3.0.app/Contents/Developer/Toolchains/XcodeDefault.xctoolchain/usr/bin/swift-frontend -frontend -emit-module -experimental-skip-non-inlinable-function-bodies-without-types /Users/admin/builder/spi-builder-workspace/.derivedData/Build/Intermediates.noindex/AutoFlex.build/Debug-watchos/AutoFlex.build/DerivedSources/resource_bundle_accessor.swift /Users/admin/builder/spi-builder-workspace/Sources/AutoFlex.swift /Users/admin/builder/spi-builder-workspace/Sources/LayoutAnchor.swift /Users/admin/builder/spi-builder-workspace/Sources/LayoutMarker.swift /Users/admin/builder/spi-builder-workspace/Sources/LayoutOptions.swift -target arm64_32-apple-watchos6.0 -enable-objc-interop -sdk /Applications/Xcode-16.3.0.app/Contents/Developer/Platforms/WatchOS.platform/Developer/SDKs/WatchOS11.4.sdk -I /Users/admin/builder/spi-builder-workspace/.derivedData/Build/Products/Debug-watchos -I /Applications/Xcode-16.3.0.app/Contents/Developer/Platforms/WatchOS.platform/Developer/usr/lib -F /Users/admin/builder/spi-builder-workspace/.derivedData/Build/Products/Debug-watchos -F /Applications/Xcode-16.3.0.app/Contents/Developer/Platforms/WatchOS.platform/Developer/Library/Frameworks -F /Applications/Xcode-16.3.0.app/Contents/Developer/Platforms/WatchOS.platform/Developer/SDKs/WatchOS11.4.sdk/Developer/Library/Frameworks -no-color-diagnostics -enable-testing -g -debug-info-format\=dwarf -dwarf-version\=4 -module-cache-path /Users/admin/builder/spi-builder-workspace/.derivedData/ModuleCache.noindex -profile-generate -profile-coverage-mapping -swift-version 6 -enforce-exclusivity\=checked -Onone -D SWIFT_PACKAGE -D DEBUG -D Xcode -serialize-debugging-options -const-gather-protocols-file /Users/admin/builder/spi-builder-workspace/.derivedData/Build/Intermediates.noindex/AutoFlex.build/Debug-watchos/AutoFlex.build/Objects-normal/arm64_32/AutoFlex_const_extract_protocols.json -enable-experimental-feature DebugDescriptionMacro -empty-abi-descriptor -plugin-path /Applications/Xcode-16.3.0.app/Contents/Developer/Toolchains/XcodeDefault.xctoolchain/usr/lib/swift/host/plugins/testing -validate-clang-modules-once -clang-build-session-file /Users/admin/builder/spi-builder-workspace/.derivedData/ModuleCache.noindex/Session.modulevalidation -Xcc -working-directory -Xcc /Users/admin/builder/spi-builder-workspace/.swiftpm/xcode -resource-dir /Applications/Xcode-16.3.0.app/Contents/Developer/Toolchains/XcodeDefault.xctoolchain/usr/lib/swift -enable-anonymous-context-mangled-names -file-compilation-dir /Users/admin/builder/spi-builder-workspace/.swiftpm/xcode -Xcc -ivfsstatcache -Xcc /Users/admin/builder/spi-builder-workspace/.derivedData/SDKStatCaches.noindex/watchos11.4-22T246-43efb940ff07ba2497b70ec94253f576.sdkstatcache -Xcc -I/Users/admin/builder/spi-builder-workspace/.derivedData/Build/Intermediates.noindex/AutoFlex.build/Debug-watchos/AutoFlex.build/swift-overrides.hmap -Xcc -I/Users/admin/builder/spi-builder-workspace/.derivedData/Build/Products/Debug-watchos/include -Xcc -I/Users/admin/builder/spi-builder-workspace/.derivedData/Build/Intermediates.noindex/AutoFlex.build/Debug-watchos/AutoFlex.build/DerivedSources-normal/arm64_32 -Xcc -I/Users/admin/builder/spi-builder-workspace/.derivedData/Build/Intermediates.noindex/AutoFlex.build/Debug-watchos/AutoFlex.build/DerivedSources/arm64_32 -Xcc -I/Users/admin/builder/spi-builder-workspace/.derivedData/Build/Intermediates.noindex/AutoFlex.build/Debug-watchos/AutoFlex.build/DerivedSources -Xcc -DSWIFT_PACKAGE -Xcc -DDEBUG\=1 -module-name AutoFlex -package-name spi_builder_workspace -frontend-parseable-output -disable-clang-spi -target-sdk-version 11.4 -target-sdk-name watchos11.4 -external-plugin-path /Applications/Xcode-16.3.0.app/Contents/Developer/Platforms/WatchOS.platform/Developer/usr/lib/swift/host/plugins\#/Applications/Xcode-16.3.0.app/Contents/Developer/Platforms/WatchOS.platform/Developer/usr/bin/swift-plugin-server -external-plugin-path /Applications/Xcode-16.3.0.app/Contents/Developer/Platforms/WatchOS.platform/Developer/usr/local/lib/swift/host/plugins\#/Applications/Xcode-16.3.0.app/Contents/Developer/Platforms/WatchOS.platform/Developer/usr/bin/swift-plugin-server -in-process-plugin-server-path /Applications/Xcode-16.3.0.app/Contents/Developer/Toolchains/XcodeDefault.xctoolchain/usr/lib/swift/host/libSwiftInProcPluginServer.dylib -plugin-path /Applications/Xcode-16.3.0.app/Contents/Developer/Toolchains/XcodeDefault.xctoolchain/usr/lib/swift/host/plugins -plugin-path /Applications/Xcode-16.3.0.app/Contents/Developer/Toolchains/XcodeDefault.xctoolchain/usr/local/lib/swift/host/plugins -emit-module-doc-path /Users/admin/builder/spi-builder-workspace/.derivedData/Build/Intermediates.noindex/AutoFlex.build/Debug-watchos/AutoFlex.build/Objects-normal/arm64_32/AutoFlex.swiftdoc -emit-module-source-info-path /Users/admin/builder/spi-builder-workspace/.derivedData/Build/Intermediates.noindex/AutoFlex.build/Debug-watchos/AutoFlex.build/Objects-normal/arm64_32/AutoFlex.swiftsourceinfo -emit-objc-header-path /Users/admin/builder/spi-builder-workspace/.derivedData/Build/Intermediates.noindex/AutoFlex.build/Debug-watchos/AutoFlex.build/Objects-normal/arm64_32/AutoFlex-Swift.h -serialize-diagnostics-path /Users/admin/builder/spi-builder-workspace/.derivedData/Build/Intermediates.noindex/AutoFlex.build/Debug-watchos/AutoFlex.build/Objects-normal/arm64_32/AutoFlex-master-emit-module.dia -emit-dependencies-path /Users/admin/builder/spi-builder-workspace/.derivedData/Build/Intermediates.noindex/AutoFlex.build/Debug-watchos/AutoFlex.build/Objects-normal/arm64_32/AutoFlex-master-emit-module.d -o /Users/admin/builder/spi-builder-workspace/.derivedData/Build/Intermediates.noindex/AutoFlex.build/Debug-watchos/AutoFlex.build/Objects-normal/arm64_32/AutoFlex.swiftmodule -emit-abi-descriptor-path /Users/admin/builder/spi-builder-workspace/.derivedData/Build/Intermediates.noindex/AutoFlex.build/Debug-watchos/AutoFlex.build/Objects-normal/arm64_32/AutoFlex.abi.json
EmitSwiftModule normal arm64_32 (in target 'AutoFlex' from project 'AutoFlex')
cd /Users/admin/builder/spi-builder-workspace/.swiftpm/xcode
/Users/admin/builder/spi-builder-workspace/Sources/AutoFlex.swift:12:31: error: 'UIView' is unavailable: This Objective-C class has only been forward-declared; import its owning module to use it
public typealias LayoutView = UIView
^~~~~~
UIKit.UIView:2:14: note: 'UIView' has been explicitly marked unavailable here
public class UIView {
^
/Users/admin/builder/spi-builder-workspace/Sources/AutoFlex.swift:14:32: error: cannot find type 'UILayoutGuide' in scope
public typealias LayoutGuide = UILayoutGuide
^~~~~~~~~~~~~
/Users/admin/builder/spi-builder-workspace/Sources/AutoFlex.swift:16:35: error: cannot find type 'UILayoutPriority' in scope
public typealias LayoutPriority = UILayoutPriority
^~~~~~~~~~~~~~~~
/Users/admin/builder/spi-builder-workspace/Sources/AutoFlex.swift:18:31: error: cannot find type 'NSLayoutConstraint' in scope
public typealias LayoutAxis = NSLayoutConstraint.Axis
^~~~~~~~~~~~~~~~~~
/Users/admin/builder/spi-builder-workspace/Sources/AutoFlex.swift:86:1: warning: unavailable class 'UIView' was used to satisfy a requirement of protocol 'AutoFlexExtended': This Objective-C class has only been forward-declared; import its owning module to use it; this will be an error in a future Swift language mode
extension LayoutView: AutoFlexExtended {}
^
UIKit.UIView:2:14: note: 'UIView' declared here
public class UIView {
^
/Users/admin/builder/spi-builder-workspace/Sources/AutoFlex.swift:69:20: note: requirement 'ViewType' declared here
associatedtype ViewType
^
/Users/admin/builder/spi-builder-workspace/Sources/AutoFlex.swift:128:48: error: cannot find type 'NSLayoutConstraint' in scope
public func updateConstraints(_ closure: ([NSLayoutConstraint]) -> Void) {
^~~~~~~~~~~~~~~~~~
/Users/admin/builder/spi-builder-workspace/Sources/AutoFlex.swift:150:37: error: cannot find type 'NSLayoutConstraint' in scope
private var storedConstraints: [NSLayoutConstraint]? {
^~~~~~~~~~~~~~~~~~
/Users/admin/builder/spi-builder-workspace/Sources/AutoFlex.swift:154:55: error: cannot find type 'NSLayoutConstraint' in scope
private func setStoredConstraints(_ constraints: [NSLayoutConstraint]) {
^~~~~~~~~~~~~~~~~~
/Users/admin/builder/spi-builder-workspace/Sources/AutoFlex.swift:162:21: error: cannot find type 'NSLayoutYAxisAnchor' in scope
public var top: NSLayoutYAxisAnchor { view.topAnchor }
^~~~~~~~~~~~~~~~~~~
/Users/admin/builder/spi-builder-workspace/Sources/AutoFlex.swift:167:24: error: cannot find type 'NSLayoutYAxisAnchor' in scope
public var bottom: NSLayoutYAxisAnchor { view.bottomAnchor }
^~~~~~~~~~~~~~~~~~~
/Users/admin/builder/spi-builder-workspace/Sources/AutoFlex.swift:169:25: error: cannot find type 'NSLayoutXAxisAnchor' in scope
public var leading: NSLayoutXAxisAnchor { view.leadingAnchor }
^~~~~~~~~~~~~~~~~~~
/Users/admin/builder/spi-builder-workspace/Sources/AutoFlex.swift:173:26: error: cannot find type 'NSLayoutXAxisAnchor' in scope
public var trailing: NSLayoutXAxisAnchor { view.trailingAnchor }
^~~~~~~~~~~~~~~~~~~
/Users/admin/builder/spi-builder-workspace/Sources/AutoFlex.swift:177:22: error: cannot find type 'NSLayoutXAxisAnchor' in scope
public var left: NSLayoutXAxisAnchor { view.leftAnchor }
^~~~~~~~~~~~~~~~~~~
/Users/admin/builder/spi-builder-workspace/Sources/AutoFlex.swift:181:23: error: cannot find type 'NSLayoutXAxisAnchor' in scope
public var right: NSLayoutXAxisAnchor { view.rightAnchor }
^~~~~~~~~~~~~~~~~~~
/Users/admin/builder/spi-builder-workspace/Sources/AutoFlex.swift:183:25: error: cannot find type 'NSLayoutXAxisAnchor' in scope
public var centerX: NSLayoutXAxisAnchor { view.centerXAnchor }
^~~~~~~~~~~~~~~~~~~
/Users/admin/builder/spi-builder-workspace/Sources/AutoFlex.swift:185:25: error: cannot find type 'NSLayoutYAxisAnchor' in scope
public var centerY: NSLayoutYAxisAnchor { view.centerYAnchor }
^~~~~~~~~~~~~~~~~~~
/Users/admin/builder/spi-builder-workspace/Sources/AutoFlex.swift:187:23: error: cannot find type 'NSLayoutDimension' in scope
public var width: NSLayoutDimension { view.widthAnchor }
^~~~~~~~~~~~~~~~~
/Users/admin/builder/spi-builder-workspace/Sources/AutoFlex.swift:189:24: error: cannot find type 'NSLayoutDimension' in scope
public var height: NSLayoutDimension { view.heightAnchor }
^~~~~~~~~~~~~~~~~
/Users/admin/builder/spi-builder-workspace/Sources/AutoFlex.swift:191:31: error: cannot find type 'NSLayoutYAxisAnchor' in scope
public var firstBaseline: NSLayoutYAxisAnchor { view.firstBaselineAnchor }
^~~~~~~~~~~~~~~~~~~
/Users/admin/builder/spi-builder-workspace/Sources/AutoFlex.swift:193:30: error: cannot find type 'NSLayoutYAxisAnchor' in scope
public var lastBaseline: NSLayoutYAxisAnchor { view.lastBaselineAnchor }
^~~~~~~~~~~~~~~~~~~
/Users/admin/builder/spi-builder-workspace/Sources/AutoFlex.swift:277:44: error: 'AnimationOptions' is not a member type of class 'UIKit.UIView'
public typealias AnimationOptions = UIView.AnimationOptions
~~~~~~ ^
/Applications/Xcode-16.3.0.app/Contents/Developer/Platforms/WatchOS.platform/Developer/SDKs/WatchOS11.4.sdk/System/Library/Frameworks/UIKit.framework/Headers/NSTextAttachment.h:23:1: note: class 'UIView' will be imported as an opaque placeholder class and may be missing members; import the definition to access the complete interface
@class UIView;
^
/Applications/Xcode-16.3.0.app/Contents/Developer/Platforms/WatchOS.platform/Developer/SDKs/WatchOS11.4.sdk/System/Library/Frameworks/UIKit.framework/Headers/NSTextAttachment.h:23:1: note: interface 'UIView' forward declared here
@class UIView;
^
UIKit.UIView:2:14: note: 'UIView' declared here
public class UIView {
^
/Users/admin/builder/spi-builder-workspace/Sources/LayoutAnchor.swift:50:11: error: cannot find type 'NSLayoutXAxisAnchor' in scope
extension NSLayoutXAxisAnchor: LayoutAnchor {}
^~~~~~~~~~~~~~~~~~~
/Users/admin/builder/spi-builder-workspace/Sources/LayoutAnchor.swift:51:11: error: cannot find type 'NSLayoutYAxisAnchor' in scope
extension NSLayoutYAxisAnchor: LayoutAnchor {}
^~~~~~~~~~~~~~~~~~~
/Users/admin/builder/spi-builder-workspace/Sources/LayoutAnchor.swift:52:11: error: cannot find type 'NSLayoutDimension' in scope
extension NSLayoutDimension: LayoutAnchor {}
^~~~~~~~~~~~~~~~~
/Users/admin/builder/spi-builder-workspace/Sources/LayoutMarker.swift:57:34: error: cannot find type 'NSLayoutConstraint' in scope
private var allConstraints: [NSLayoutConstraint] = []
^~~~~~~~~~~~~~~~~~
/Users/admin/builder/spi-builder-workspace/Sources/LayoutMarker.swift:121:77: error: cannot find type 'NSLayoutConstraint' in scope
public func equal(to anchor: LayoutAnchor, constant: CGFloat = 0.0) -> [NSLayoutConstraint] {
^~~~~~~~~~~~~~~~~~
/Users/admin/builder/spi-builder-workspace/Sources/LayoutMarker.swift:131:79: error: cannot find type 'NSLayoutConstraint' in scope
public func equal(to anchor: LayoutAnchor, options: LayoutOptions...) -> [NSLayoutConstraint] {
^~~~~~~~~~~~~~~~~~
/Users/admin/builder/spi-builder-workspace/Sources/LayoutMarker.swift:139:48: error: cannot find type 'NSLayoutConstraint' in scope
public func equal(toConstant: CGFloat) -> [NSLayoutConstraint] {
^~~~~~~~~~~~~~~~~~
/Users/admin/builder/spi-builder-workspace/Sources/LayoutMarker.swift:147:56: error: cannot find type 'NSLayoutConstraint' in scope
public func equal(toOptions: LayoutOptions...) -> [NSLayoutConstraint] {
^~~~~~~~~~~~~~~~~~
/Users/admin/builder/spi-builder-workspace/Sources/LayoutMarker.swift:156:86: error: cannot find type 'NSLayoutConstraint' in scope
public func greaterOrEqual(to anchor: LayoutAnchor, constant: CGFloat = 0.0) -> [NSLayoutConstraint] {
^~~~~~~~~~~~~~~~~~
/Users/admin/builder/spi-builder-workspace/Sources/LayoutMarker.swift:162:88: error: cannot find type 'NSLayoutConstraint' in scope
public func greaterOrEqual(to anchor: LayoutAnchor, options: LayoutOptions...) -> [NSLayoutConstraint] {
^~~~~~~~~~~~~~~~~~
/Users/admin/builder/spi-builder-workspace/Sources/LayoutMarker.swift:168:57: error: cannot find type 'NSLayoutConstraint' in scope
public func greaterOrEqual(toConstant: CGFloat) -> [NSLayoutConstraint] {
^~~~~~~~~~~~~~~~~~
/Users/admin/builder/spi-builder-workspace/Sources/LayoutMarker.swift:174:65: error: cannot find type 'NSLayoutConstraint' in scope
public func greaterOrEqual(toOptions: LayoutOptions...) -> [NSLayoutConstraint] {
^~~~~~~~~~~~~~~~~~
/Users/admin/builder/spi-builder-workspace/Sources/LayoutMarker.swift:183:83: error: cannot find type 'NSLayoutConstraint' in scope
public func lessOrEqual(to anchor: LayoutAnchor, constant: CGFloat = 0.0) -> [NSLayoutConstraint] {
^~~~~~~~~~~~~~~~~~
/Users/admin/builder/spi-builder-workspace/Sources/LayoutMarker.swift:189:85: error: cannot find type 'NSLayoutConstraint' in scope
public func lessOrEqual(to anchor: LayoutAnchor, options: LayoutOptions...) -> [NSLayoutConstraint] {
^~~~~~~~~~~~~~~~~~
/Users/admin/builder/spi-builder-workspace/Sources/LayoutMarker.swift:195:54: error: cannot find type 'NSLayoutConstraint' in scope
public func lessOrEqual(toConstant: CGFloat) -> [NSLayoutConstraint] {
^~~~~~~~~~~~~~~~~~
/Users/admin/builder/spi-builder-workspace/Sources/LayoutMarker.swift:201:62: error: cannot find type 'NSLayoutConstraint' in scope
public func lessOrEqual(toOptions: LayoutOptions...) -> [NSLayoutConstraint] {
^~~~~~~~~~~~~~~~~~
/Users/admin/builder/spi-builder-workspace/Sources/LayoutMarker.swift:220:85: error: cannot find type 'NSLayoutConstraint' in scope
public func equal(to anchor: LayoutAnchor? = nil, insets: LayoutEdgeInsets) -> [NSLayoutConstraint] {
^~~~~~~~~~~~~~~~~~
/Users/admin/builder/spi-builder-workspace/Sources/LayoutMarker.swift:227:94: error: cannot find type 'NSLayoutConstraint' in scope
public func greaterOrEqual(to anchor: LayoutAnchor? = nil, insets: LayoutEdgeInsets) -> [NSLayoutConstraint] {
^~~~~~~~~~~~~~~~~~
/Users/admin/builder/spi-builder-workspace/Sources/LayoutMarker.swift:234:91: error: cannot find type 'NSLayoutConstraint' in scope
public func lessOrEqual(to anchor: LayoutAnchor? = nil, insets: LayoutEdgeInsets) -> [NSLayoutConstraint] {
^~~~~~~~~~~~~~~~~~
/Users/admin/builder/spi-builder-workspace/Sources/LayoutMarker.swift:247:77: error: cannot find type 'NSLayoutConstraint' in scope
public func aspectRatio(_ ratio: CGFloat, options: LayoutOptions...) -> NSLayoutConstraint {
^~~~~~~~~~~~~~~~~~
/Users/admin/builder/spi-builder-workspace/Sources/LayoutMarker.swift:264:63: error: cannot find type 'NSLayoutConstraint' in scope
public func equalToSuperview(constant: CGFloat = 0.0) -> [NSLayoutConstraint] {
^~~~~~~~~~~~~~~~~~
/Users/admin/builder/spi-builder-workspace/Sources/LayoutMarker.swift:275:65: error: cannot find type 'NSLayoutConstraint' in scope
public func equalToSuperview(options: LayoutOptions...) -> [NSLayoutConstraint] {
^~~~~~~~~~~~~~~~~~
/Users/admin/builder/spi-builder-workspace/Sources/LayoutMarker.swift:286:72: error: cannot find type 'NSLayoutConstraint' in scope
public func greaterOrEqualToSuperview(constant: CGFloat = 0.0) -> [NSLayoutConstraint] {
^~~~~~~~~~~~~~~~~~
/Users/admin/builder/spi-builder-workspace/Sources/LayoutMarker.swift:297:74: error: cannot find type 'NSLayoutConstraint' in scope
public func greaterOrEqualToSuperview(options: LayoutOptions...) -> [NSLayoutConstraint] {
^~~~~~~~~~~~~~~~~~
/Users/admin/builder/spi-builder-workspace/Sources/LayoutMarker.swift:308:69: error: cannot find type 'NSLayoutConstraint' in scope
public func lessOrEqualToSuperview(constant: CGFloat = 0.0) -> [NSLayoutConstraint] {
^~~~~~~~~~~~~~~~~~
/Users/admin/builder/spi-builder-workspace/Sources/LayoutMarker.swift:319:71: error: cannot find type 'NSLayoutConstraint' in scope
public func lessOrEqualToSuperview(options: LayoutOptions...) -> [NSLayoutConstraint] {
^~~~~~~~~~~~~~~~~~
/Users/admin/builder/spi-builder-workspace/Sources/LayoutMarker.swift:336:103: error: cannot find type 'NSLayoutConstraint' in scope
public func equal(to anchor: LayoutAnchor? = nil, directionalInsets: NSDirectionalEdgeInsets) -> [NSLayoutConstraint] {
^~~~~~~~~~~~~~~~~~
/Users/admin/builder/spi-builder-workspace/Sources/LayoutMarker.swift:342:112: error: cannot find type 'NSLayoutConstraint' in scope
public func greaterOrEqual(to anchor: LayoutAnchor? = nil, directionalInsets: NSDirectionalEdgeInsets) -> [NSLayoutConstraint] {
^~~~~~~~~~~~~~~~~~
/Users/admin/builder/spi-builder-workspace/Sources/LayoutMarker.swift:348:109: error: cannot find type 'NSLayoutConstraint' in scope
public func lessOrEqual(to anchor: LayoutAnchor? = nil, directionalInsets: NSDirectionalEdgeInsets) -> [NSLayoutConstraint] {
^~~~~~~~~~~~~~~~~~
/Users/admin/builder/spi-builder-workspace/Sources/LayoutMarker.swift:363:62: error: cannot find type 'NSLayoutConstraint' in scope
public func equalToSafeArea(constant: CGFloat = 0.0) -> [NSLayoutConstraint] {
^~~~~~~~~~~~~~~~~~
/Users/admin/builder/spi-builder-workspace/Sources/LayoutMarker.swift:374:64: error: cannot find type 'NSLayoutConstraint' in scope
public func equalToSafeArea(options: LayoutOptions...) -> [NSLayoutConstraint] {
^~~~~~~~~~~~~~~~~~
/Users/admin/builder/spi-builder-workspace/Sources/LayoutMarker.swift:396:83: error: cannot find type 'NSLayoutConstraint' in scope
public func centerInSuperview(xOffset: CGFloat = 0, yOffset: CGFloat = 0) -> [NSLayoutConstraint] {
^~~~~~~~~~~~~~~~~~
/Users/admin/builder/spi-builder-workspace/Sources/LayoutMarker.swift:420:87: error: cannot find type 'NSLayoutConstraint' in scope
public func pinToSuperviewEdges(excluding: LayoutEdge, constant: CGFloat = 0) -> [NSLayoutConstraint] {
^~~~~~~~~~~~~~~~~~
/Users/admin/builder/spi-builder-workspace/Sources/LayoutMarker.swift:448:34: error: cannot find type 'NSLayoutConstraint' in scope
internal func activate() -> [NSLayoutConstraint] {
^~~~~~~~~~~~~~~~~~
/Users/admin/builder/spi-builder-workspace/Sources/LayoutMarker.swift:459:99: error: cannot find type 'NSLayoutConstraint' in scope
private func equal(to anchor: LayoutAnchor?, info: LayoutOptionsInfo, relation: Relation) -> [NSLayoutConstraint] {
^~~~~~~~~~~~~~~~~~
/Users/admin/builder/spi-builder-workspace/Sources/LayoutMarker.swift:487:110: error: cannot find type 'NSLayoutConstraint' in scope
private func equalWithInsets(to anchor: LayoutAnchor?, insets: LayoutEdgeInsets, relation: Relation) -> [NSLayoutConstraint] {
^~~~~~~~~~~~~~~~~~
/Users/admin/builder/spi-builder-workspace/Sources/LayoutMarker.swift:517:128: error: cannot find type 'NSLayoutConstraint' in scope
private func equalWithDirectionalInsets(to anchor: LayoutAnchor?, insets: NSDirectionalEdgeInsets, relation: Relation) -> [NSLayoutConstraint] {
^~~~~~~~~~~~~~~~~~
/Users/admin/builder/spi-builder-workspace/Sources/LayoutMarker.swift:547:100: error: cannot find type 'NSLayoutConstraint' in scope
private func makeTop(to anchor: LayoutAnchor?, info: LayoutOptionsInfo, relation: Relation) -> NSLayoutConstraint {
^~~~~~~~~~~~~~~~~~
/Users/admin/builder/spi-builder-workspace/Sources/LayoutMarker.swift:551:103: error: cannot find type 'NSLayoutConstraint' in scope
private func makeBottom(to anchor: LayoutAnchor?, info: LayoutOptionsInfo, relation: Relation) -> NSLayoutConstraint {
^~~~~~~~~~~~~~~~~~
/Users/admin/builder/spi-builder-workspace/Sources/LayoutMarker.swift:555:104: error: cannot find type 'NSLayoutConstraint' in scope
private func makeLeading(to anchor: LayoutAnchor?, info: LayoutOptionsInfo, relation: Relation) -> NSLayoutConstraint {
^~~~~~~~~~~~~~~~~~
/Users/admin/builder/spi-builder-workspace/Sources/LayoutMarker.swift:559:105: error: cannot find type 'NSLayoutConstraint' in scope
private func makeTrailing(to anchor: LayoutAnchor?, info: LayoutOptionsInfo, relation: Relation) -> NSLayoutConstraint {
^~~~~~~~~~~~~~~~~~
/Users/admin/builder/spi-builder-workspace/Sources/LayoutMarker.swift:563:101: error: cannot find type 'NSLayoutConstraint' in scope
private func makeLeft(to anchor: LayoutAnchor?, info: LayoutOptionsInfo, relation: Relation) -> NSLayoutConstraint {
^~~~~~~~~~~~~~~~~~
/Users/admin/builder/spi-builder-workspace/Sources/LayoutMarker.swift:567:102: error: cannot find type 'NSLayoutConstraint' in scope
private func makeRight(to anchor: LayoutAnchor?, info: LayoutOptionsInfo, relation: Relation) -> NSLayoutConstraint {
^~~~~~~~~~~~~~~~~~
/Users/admin/builder/spi-builder-workspace/Sources/LayoutMarker.swift:571:104: error: cannot find type 'NSLayoutConstraint' in scope
private func makeCenter(to anchor: LayoutAnchor?, info: LayoutOptionsInfo, relation: Relation) -> [NSLayoutConstraint] {
^~~~~~~~~~~~~~~~~~
/Users/admin/builder/spi-builder-workspace/Sources/LayoutMarker.swift:576:104: error: cannot find type 'NSLayoutConstraint' in scope
private func makeCenterX(to anchor: LayoutAnchor?, info: LayoutOptionsInfo, relation: Relation) -> NSLayoutConstraint {
^~~~~~~~~~~~~~~~~~
/Users/admin/builder/spi-builder-workspace/Sources/LayoutMarker.swift:580:104: error: cannot find type 'NSLayoutConstraint' in scope
private func makeCenterY(to anchor: LayoutAnchor?, info: LayoutOptionsInfo, relation: Relation) -> NSLayoutConstraint {
^~~~~~~~~~~~~~~~~~
/Users/admin/builder/spi-builder-workspace/Sources/LayoutMarker.swift:584:102: error: cannot find type 'NSLayoutConstraint' in scope
private func makeWidth(to anchor: LayoutAnchor?, info: LayoutOptionsInfo, relation: Relation) -> NSLayoutConstraint {
^~~~~~~~~~~~~~~~~~
/Users/admin/builder/spi-builder-workspace/Sources/LayoutMarker.swift:588:103: error: cannot find type 'NSLayoutConstraint' in scope
private func makeHeight(to anchor: LayoutAnchor?, info: LayoutOptionsInfo, relation: Relation) -> NSLayoutConstraint {
^~~~~~~~~~~~~~~~~~
/Users/admin/builder/spi-builder-workspace/Sources/LayoutMarker.swift:592:103: error: cannot find type 'NSLayoutConstraint' in scope
private func makeEdges(to anchor: LayoutAnchor?, info: LayoutOptionsInfo, relation: Relation) -> [NSLayoutConstraint] {
^~~~~~~~~~~~~~~~~~
/Users/admin/builder/spi-builder-workspace/Sources/LayoutMarker.swift:617:113: error: cannot find type 'NSLayoutConstraint' in scope
private func makeHorizontalEdges(to anchor: LayoutAnchor?, info: LayoutOptionsInfo, relation: Relation) -> [NSLayoutConstraint] {
^~~~~~~~~~~~~~~~~~
/Users/admin/builder/spi-builder-workspace/Sources/LayoutMarker.swift:636:111: error: cannot find type 'NSLayoutConstraint' in scope
private func makeVerticalEdges(to anchor: LayoutAnchor?, info: LayoutOptionsInfo, relation: Relation) -> [NSLayoutConstraint] {
^~~~~~~~~~~~~~~~~~
/Users/admin/builder/spi-builder-workspace/Sources/LayoutMarker.swift:655:102: error: cannot find type 'NSLayoutConstraint' in scope
private func makeSize(to anchor: LayoutAnchor?, info: LayoutOptionsInfo, relation: Relation) -> [NSLayoutConstraint] {
^~~~~~~~~~~~~~~~~~
/Users/admin/builder/spi-builder-workspace/Sources/LayoutMarker.swift:681:110: error: cannot find type 'NSLayoutConstraint' in scope
private func makeFirstBaseline(to anchor: LayoutAnchor?, info: LayoutOptionsInfo, relation: Relation) -> NSLayoutConstraint {
^~~~~~~~~~~~~~~~~~
/Users/admin/builder/spi-builder-workspace/Sources/LayoutMarker.swift:685:109: error: cannot find type 'NSLayoutConstraint' in scope
private func makeLastBaseline(to anchor: LayoutAnchor?, info: LayoutOptionsInfo, relation: Relation) -> NSLayoutConstraint {
^~~~~~~~~~~~~~~~~~
/Users/admin/builder/spi-builder-workspace/Sources/LayoutMarker.swift:691:168: error: cannot find type 'NSLayoutYAxisAnchor' in scope
private func resolveYAnchor(_ anchor: LayoutAnchor?, viewPath: KeyPath<LayoutView, NSLayoutYAxisAnchor>, guidePath: KeyPath<LayoutGuide, NSLayoutYAxisAnchor>?) -> NSLayoutYAxisAnchor {
^~~~~~~~~~~~~~~~~~~
/Users/admin/builder/spi-builder-workspace/Sources/LayoutMarker.swift:691:88: error: cannot find type 'NSLayoutYAxisAnchor' in scope
private func resolveYAnchor(_ anchor: LayoutAnchor?, viewPath: KeyPath<LayoutView, NSLayoutYAxisAnchor>, guidePath: KeyPath<LayoutGuide, NSLayoutYAxisAnchor>?) -> NSLayoutYAxisAnchor {
^~~~~~~~~~~~~~~~~~~
/Users/admin/builder/spi-builder-workspace/Sources/LayoutMarker.swift:700:167: error: cannot find type 'NSLayoutXAxisAnchor' in scope
private func resolveXAnchor(_ anchor: LayoutAnchor?, viewPath: KeyPath<LayoutView, NSLayoutXAxisAnchor>, guidePath: KeyPath<LayoutGuide, NSLayoutXAxisAnchor>) -> NSLayoutXAxisAnchor {
^~~~~~~~~~~~~~~~~~~
/Users/admin/builder/spi-builder-workspace/Sources/LayoutMarker.swift:700:88: error: cannot find type 'NSLayoutXAxisAnchor' in scope
private func resolveXAnchor(_ anchor: LayoutAnchor?, viewPath: KeyPath<LayoutView, NSLayoutXAxisAnchor>, guidePath: KeyPath<LayoutGuide, NSLayoutXAxisAnchor>) -> NSLayoutXAxisAnchor {
^~~~~~~~~~~~~~~~~~~
/Users/admin/builder/spi-builder-workspace/Sources/LayoutMarker.swift:709:171: error: cannot find type 'NSLayoutDimension' in scope
private func resolveDimensionAnchor(_ anchor: LayoutAnchor?, viewPath: KeyPath<LayoutView, NSLayoutDimension>, guidePath: KeyPath<LayoutGuide, NSLayoutDimension>) -> NSLayoutDimension {
^~~~~~~~~~~~~~~~~
/Users/admin/builder/spi-builder-workspace/Sources/LayoutMarker.swift:709:96: error: cannot find type 'NSLayoutDimension' in scope
private func resolveDimensionAnchor(_ anchor: LayoutAnchor?, viewPath: KeyPath<LayoutView, NSLayoutDimension>, guidePath: KeyPath<LayoutGuide, NSLayoutDimension>) -> NSLayoutDimension {
^~~~~~~~~~~~~~~~~
/Users/admin/builder/spi-builder-workspace/Sources/LayoutMarker.swift:770:113: error: cannot find type 'NSLayoutConstraint' in scope
func constraint(for anchor: NSLayoutYAxisAnchor, to other: NSLayoutYAxisAnchor, info: LayoutOptionsInfo) -> NSLayoutConstraint {
^~~~~~~~~~~~~~~~~~
/Users/admin/builder/spi-builder-workspace/Sources/LayoutMarker.swift:770:33: error: cannot find type 'NSLayoutYAxisAnchor' in scope
func constraint(for anchor: NSLayoutYAxisAnchor, to other: NSLayoutYAxisAnchor, info: LayoutOptionsInfo) -> NSLayoutConstraint {
^~~~~~~~~~~~~~~~~~~
/Users/admin/builder/spi-builder-workspace/Sources/LayoutMarker.swift:770:64: error: cannot find type 'NSLayoutYAxisAnchor' in scope
func constraint(for anchor: NSLayoutYAxisAnchor, to other: NSLayoutYAxisAnchor, info: LayoutOptionsInfo) -> NSLayoutConstraint {
^~~~~~~~~~~~~~~~~~~
/Users/admin/builder/spi-builder-workspace/Sources/LayoutMarker.swift:780:113: error: cannot find type 'NSLayoutConstraint' in scope
func constraint(for anchor: NSLayoutXAxisAnchor, to other: NSLayoutXAxisAnchor, info: LayoutOptionsInfo) -> NSLayoutConstraint {
^~~~~~~~~~~~~~~~~~
/Users/admin/builder/spi-builder-workspace/Sources/LayoutMarker.swift:780:33: error: cannot find type 'NSLayoutXAxisAnchor' in scope
func constraint(for anchor: NSLayoutXAxisAnchor, to other: NSLayoutXAxisAnchor, info: LayoutOptionsInfo) -> NSLayoutConstraint {
^~~~~~~~~~~~~~~~~~~
/Users/admin/builder/spi-builder-workspace/Sources/LayoutMarker.swift:780:64: error: cannot find type 'NSLayoutXAxisAnchor' in scope
func constraint(for anchor: NSLayoutXAxisAnchor, to other: NSLayoutXAxisAnchor, info: LayoutOptionsInfo) -> NSLayoutConstraint {
^~~~~~~~~~~~~~~~~~~
/Users/admin/builder/spi-builder-workspace/Sources/LayoutMarker.swift:790:110: error: cannot find type 'NSLayoutConstraint' in scope
func constraint(for anchor: NSLayoutDimension, to other: NSLayoutDimension?, info: LayoutOptionsInfo) -> NSLayoutConstraint {
^~~~~~~~~~~~~~~~~~
/Users/admin/builder/spi-builder-workspace/Sources/LayoutMarker.swift:790:33: error: cannot find type 'NSLayoutDimension' in scope
func constraint(for anchor: NSLayoutDimension, to other: NSLayoutDimension?, info: LayoutOptionsInfo) -> NSLayoutConstraint {
^~~~~~~~~~~~~~~~~
/Users/admin/builder/spi-builder-workspace/Sources/LayoutMarker.swift:790:62: error: cannot find type 'NSLayoutDimension' in scope
func constraint(for anchor: NSLayoutDimension, to other: NSLayoutDimension?, info: LayoutOptionsInfo) -> NSLayoutConstraint {
^~~~~~~~~~~~~~~~~
/Users/admin/builder/spi-builder-workspace/Sources/LayoutMarker.swift:850:11: error: cannot find type 'NSLayoutConstraint' in scope
extension NSLayoutConstraint {
^~~~~~~~~~~~~~~~~~
/Users/admin/builder/spi-builder-workspace/Sources/LayoutOptions.swift:73:11: error: cannot find type 'NSLayoutConstraint' in scope
extension NSLayoutConstraint {
^~~~~~~~~~~~~~~~~~
SwiftCompile normal armv7k Compiling\ resource_bundle_accessor.swift /Users/admin/builder/spi-builder-workspace/.derivedData/Build/Intermediates.noindex/AutoFlex.build/Debug-watchos/AutoFlex.build/DerivedSources/resource_bundle_accessor.swift (in target 'AutoFlex' from project 'AutoFlex')
SwiftCompile normal armv7k /Users/admin/builder/spi-builder-workspace/.derivedData/Build/Intermediates.noindex/AutoFlex.build/Debug-watchos/AutoFlex.build/DerivedSources/resource_bundle_accessor.swift (in target 'AutoFlex' from project 'AutoFlex')
cd /Users/admin/builder/spi-builder-workspace/.swiftpm/xcode
SwiftCompile normal armv7k Compiling\ LayoutMarker.swift /Users/admin/builder/spi-builder-workspace/Sources/LayoutMarker.swift (in target 'AutoFlex' from project 'AutoFlex')
SwiftCompile normal armv7k /Users/admin/builder/spi-builder-workspace/Sources/LayoutMarker.swift (in target 'AutoFlex' from project 'AutoFlex')
cd /Users/admin/builder/spi-builder-workspace/.swiftpm/xcode
SwiftEmitModule normal arm64 Emitting\ module\ for\ AutoFlex (in target 'AutoFlex' from project 'AutoFlex')
Failed frontend command:
/Applications/Xcode-16.3.0.app/Contents/Developer/Toolchains/XcodeDefault.xctoolchain/usr/bin/swift-frontend -frontend -emit-module -experimental-skip-non-inlinable-function-bodies-without-types /Users/admin/builder/spi-builder-workspace/.derivedData/Build/Intermediates.noindex/AutoFlex.build/Debug-watchos/AutoFlex.build/DerivedSources/resource_bundle_accessor.swift /Users/admin/builder/spi-builder-workspace/Sources/AutoFlex.swift /Users/admin/builder/spi-builder-workspace/Sources/LayoutAnchor.swift /Users/admin/builder/spi-builder-workspace/Sources/LayoutMarker.swift /Users/admin/builder/spi-builder-workspace/Sources/LayoutOptions.swift -target arm64-apple-watchos6.0 -Xllvm -aarch64-use-tbi -enable-objc-interop -stack-check -sdk /Applications/Xcode-16.3.0.app/Contents/Developer/Platforms/WatchOS.platform/Developer/SDKs/WatchOS11.4.sdk -I /Users/admin/builder/spi-builder-workspace/.derivedData/Build/Products/Debug-watchos -I /Applications/Xcode-16.3.0.app/Contents/Developer/Platforms/WatchOS.platform/Developer/usr/lib -F /Users/admin/builder/spi-builder-workspace/.derivedData/Build/Products/Debug-watchos -F /Applications/Xcode-16.3.0.app/Contents/Developer/Platforms/WatchOS.platform/Developer/Library/Frameworks -F /Applications/Xcode-16.3.0.app/Contents/Developer/Platforms/WatchOS.platform/Developer/SDKs/WatchOS11.4.sdk/Developer/Library/Frameworks -no-color-diagnostics -enable-testing -g -debug-info-format\=dwarf -dwarf-version\=4 -module-cache-path /Users/admin/builder/spi-builder-workspace/.derivedData/ModuleCache.noindex -profile-generate -profile-coverage-mapping -swift-version 6 -enforce-exclusivity\=checked -Onone -D SWIFT_PACKAGE -D DEBUG -D Xcode -serialize-debugging-options -const-gather-protocols-file /Users/admin/builder/spi-builder-workspace/.derivedData/Build/Intermediates.noindex/AutoFlex.build/Debug-watchos/AutoFlex.build/Objects-normal/arm64/AutoFlex_const_extract_protocols.json -enable-experimental-feature DebugDescriptionMacro -empty-abi-descriptor -plugin-path /Applications/Xcode-16.3.0.app/Contents/Developer/Toolchains/XcodeDefault.xctoolchain/usr/lib/swift/host/plugins/testing -validate-clang-modules-once -clang-build-session-file /Users/admin/builder/spi-builder-workspace/.derivedData/ModuleCache.noindex/Session.modulevalidation -Xcc -working-directory -Xcc /Users/admin/builder/spi-builder-workspace/.swiftpm/xcode -resource-dir /Applications/Xcode-16.3.0.app/Contents/Developer/Toolchains/XcodeDefault.xctoolchain/usr/lib/swift -enable-anonymous-context-mangled-names -file-compilation-dir /Users/admin/builder/spi-builder-workspace/.swiftpm/xcode -Xcc -ivfsstatcache -Xcc /Users/admin/builder/spi-builder-workspace/.derivedData/SDKStatCaches.noindex/watchos11.4-22T246-43efb940ff07ba2497b70ec94253f576.sdkstatcache -Xcc -I/Users/admin/builder/spi-builder-workspace/.derivedData/Build/Intermediates.noindex/AutoFlex.build/Debug-watchos/AutoFlex.build/swift-overrides.hmap -Xcc -I/Users/admin/builder/spi-builder-workspace/.derivedData/Build/Products/Debug-watchos/include -Xcc -I/Users/admin/builder/spi-builder-workspace/.derivedData/Build/Intermediates.noindex/AutoFlex.build/Debug-watchos/AutoFlex.build/DerivedSources-normal/arm64 -Xcc -I/Users/admin/builder/spi-builder-workspace/.derivedData/Build/Intermediates.noindex/AutoFlex.build/Debug-watchos/AutoFlex.build/DerivedSources/arm64 -Xcc -I/Users/admin/builder/spi-builder-workspace/.derivedData/Build/Intermediates.noindex/AutoFlex.build/Debug-watchos/AutoFlex.build/DerivedSources -Xcc -DSWIFT_PACKAGE -Xcc -DDEBUG\=1 -module-name AutoFlex -package-name spi_builder_workspace -frontend-parseable-output -disable-clang-spi -target-sdk-version 11.4 -target-sdk-name watchos11.4 -external-plugin-path /Applications/Xcode-16.3.0.app/Contents/Developer/Platforms/WatchOS.platform/Developer/usr/lib/swift/host/plugins\#/Applications/Xcode-16.3.0.app/Contents/Developer/Platforms/WatchOS.platform/Developer/usr/bin/swift-plugin-server -external-plugin-path /Applications/Xcode-16.3.0.app/Contents/Developer/Platforms/WatchOS.platform/Developer/usr/local/lib/swift/host/plugins\#/Applications/Xcode-16.3.0.app/Contents/Developer/Platforms/WatchOS.platform/Developer/usr/bin/swift-plugin-server -in-process-plugin-server-path /Applications/Xcode-16.3.0.app/Contents/Developer/Toolchains/XcodeDefault.xctoolchain/usr/lib/swift/host/libSwiftInProcPluginServer.dylib -plugin-path /Applications/Xcode-16.3.0.app/Contents/Developer/Toolchains/XcodeDefault.xctoolchain/usr/lib/swift/host/plugins -plugin-path /Applications/Xcode-16.3.0.app/Contents/Developer/Toolchains/XcodeDefault.xctoolchain/usr/local/lib/swift/host/plugins -emit-module-doc-path /Users/admin/builder/spi-builder-workspace/.derivedData/Build/Intermediates.noindex/AutoFlex.build/Debug-watchos/AutoFlex.build/Objects-normal/arm64/AutoFlex.swiftdoc -emit-module-source-info-path /Users/admin/builder/spi-builder-workspace/.derivedData/Build/Intermediates.noindex/AutoFlex.build/Debug-watchos/AutoFlex.build/Objects-normal/arm64/AutoFlex.swiftsourceinfo -emit-objc-header-path /Users/admin/builder/spi-builder-workspace/.derivedData/Build/Intermediates.noindex/AutoFlex.build/Debug-watchos/AutoFlex.build/Objects-normal/arm64/AutoFlex-Swift.h -serialize-diagnostics-path /Users/admin/builder/spi-builder-workspace/.derivedData/Build/Intermediates.noindex/AutoFlex.build/Debug-watchos/AutoFlex.build/Objects-normal/arm64/AutoFlex-master-emit-module.dia -emit-dependencies-path /Users/admin/builder/spi-builder-workspace/.derivedData/Build/Intermediates.noindex/AutoFlex.build/Debug-watchos/AutoFlex.build/Objects-normal/arm64/AutoFlex-master-emit-module.d -o /Users/admin/builder/spi-builder-workspace/.derivedData/Build/Intermediates.noindex/AutoFlex.build/Debug-watchos/AutoFlex.build/Objects-normal/arm64/AutoFlex.swiftmodule -emit-abi-descriptor-path /Users/admin/builder/spi-builder-workspace/.derivedData/Build/Intermediates.noindex/AutoFlex.build/Debug-watchos/AutoFlex.build/Objects-normal/arm64/AutoFlex.abi.json
EmitSwiftModule normal arm64 (in target 'AutoFlex' from project 'AutoFlex')
cd /Users/admin/builder/spi-builder-workspace/.swiftpm/xcode
/Users/admin/builder/spi-builder-workspace/Sources/AutoFlex.swift:12:31: error: 'UIView' is unavailable: This Objective-C class has only been forward-declared; import its owning module to use it
public typealias LayoutView = UIView
^~~~~~
UIKit.UIView:2:14: note: 'UIView' has been explicitly marked unavailable here
public class UIView {
^
/Users/admin/builder/spi-builder-workspace/Sources/AutoFlex.swift:14:32: error: cannot find type 'UILayoutGuide' in scope
public typealias LayoutGuide = UILayoutGuide
^~~~~~~~~~~~~
/Users/admin/builder/spi-builder-workspace/Sources/AutoFlex.swift:16:35: error: cannot find type 'UILayoutPriority' in scope
public typealias LayoutPriority = UILayoutPriority
^~~~~~~~~~~~~~~~
/Users/admin/builder/spi-builder-workspace/Sources/AutoFlex.swift:18:31: error: cannot find type 'NSLayoutConstraint' in scope
public typealias LayoutAxis = NSLayoutConstraint.Axis
^~~~~~~~~~~~~~~~~~
/Users/admin/builder/spi-builder-workspace/Sources/AutoFlex.swift:86:1: warning: unavailable class 'UIView' was used to satisfy a requirement of protocol 'AutoFlexExtended': This Objective-C class has only been forward-declared; import its owning module to use it; this will be an error in a future Swift language mode
extension LayoutView: AutoFlexExtended {}
^
UIKit.UIView:2:14: note: 'UIView' declared here
public class UIView {
^
/Users/admin/builder/spi-builder-workspace/Sources/AutoFlex.swift:69:20: note: requirement 'ViewType' declared here
associatedtype ViewType
^
/Users/admin/builder/spi-builder-workspace/Sources/AutoFlex.swift:128:48: error: cannot find type 'NSLayoutConstraint' in scope
public func updateConstraints(_ closure: ([NSLayoutConstraint]) -> Void) {
^~~~~~~~~~~~~~~~~~
/Users/admin/builder/spi-builder-workspace/Sources/AutoFlex.swift:150:37: error: cannot find type 'NSLayoutConstraint' in scope
private var storedConstraints: [NSLayoutConstraint]? {
^~~~~~~~~~~~~~~~~~
/Users/admin/builder/spi-builder-workspace/Sources/AutoFlex.swift:154:55: error: cannot find type 'NSLayoutConstraint' in scope
private func setStoredConstraints(_ constraints: [NSLayoutConstraint]) {
^~~~~~~~~~~~~~~~~~
/Users/admin/builder/spi-builder-workspace/Sources/AutoFlex.swift:162:21: error: cannot find type 'NSLayoutYAxisAnchor' in scope
public var top: NSLayoutYAxisAnchor { view.topAnchor }
^~~~~~~~~~~~~~~~~~~
/Users/admin/builder/spi-builder-workspace/Sources/AutoFlex.swift:167:24: error: cannot find type 'NSLayoutYAxisAnchor' in scope
public var bottom: NSLayoutYAxisAnchor { view.bottomAnchor }
^~~~~~~~~~~~~~~~~~~
/Users/admin/builder/spi-builder-workspace/Sources/AutoFlex.swift:169:25: error: cannot find type 'NSLayoutXAxisAnchor' in scope
public var leading: NSLayoutXAxisAnchor { view.leadingAnchor }
^~~~~~~~~~~~~~~~~~~
/Users/admin/builder/spi-builder-workspace/Sources/AutoFlex.swift:173:26: error: cannot find type 'NSLayoutXAxisAnchor' in scope
public var trailing: NSLayoutXAxisAnchor { view.trailingAnchor }
^~~~~~~~~~~~~~~~~~~
/Users/admin/builder/spi-builder-workspace/Sources/AutoFlex.swift:177:22: error: cannot find type 'NSLayoutXAxisAnchor' in scope
public var left: NSLayoutXAxisAnchor { view.leftAnchor }
^~~~~~~~~~~~~~~~~~~
/Users/admin/builder/spi-builder-workspace/Sources/AutoFlex.swift:181:23: error: cannot find type 'NSLayoutXAxisAnchor' in scope
public var right: NSLayoutXAxisAnchor { view.rightAnchor }
^~~~~~~~~~~~~~~~~~~
/Users/admin/builder/spi-builder-workspace/Sources/AutoFlex.swift:183:25: error: cannot find type 'NSLayoutXAxisAnchor' in scope
public var centerX: NSLayoutXAxisAnchor { view.centerXAnchor }
^~~~~~~~~~~~~~~~~~~
/Users/admin/builder/spi-builder-workspace/Sources/AutoFlex.swift:185:25: error: cannot find type 'NSLayoutYAxisAnchor' in scope
public var centerY: NSLayoutYAxisAnchor { view.centerYAnchor }
^~~~~~~~~~~~~~~~~~~
/Users/admin/builder/spi-builder-workspace/Sources/AutoFlex.swift:187:23: error: cannot find type 'NSLayoutDimension' in scope
public var width: NSLayoutDimension { view.widthAnchor }
^~~~~~~~~~~~~~~~~
/Users/admin/builder/spi-builder-workspace/Sources/AutoFlex.swift:189:24: error: cannot find type 'NSLayoutDimension' in scope
public var height: NSLayoutDimension { view.heightAnchor }
^~~~~~~~~~~~~~~~~
/Users/admin/builder/spi-builder-workspace/Sources/AutoFlex.swift:191:31: error: cannot find type 'NSLayoutYAxisAnchor' in scope
public var firstBaseline: NSLayoutYAxisAnchor { view.firstBaselineAnchor }
^~~~~~~~~~~~~~~~~~~
/Users/admin/builder/spi-builder-workspace/Sources/AutoFlex.swift:193:30: error: cannot find type 'NSLayoutYAxisAnchor' in scope
public var lastBaseline: NSLayoutYAxisAnchor { view.lastBaselineAnchor }
^~~~~~~~~~~~~~~~~~~
/Users/admin/builder/spi-builder-workspace/Sources/AutoFlex.swift:277:44: error: 'AnimationOptions' is not a member type of class 'UIKit.UIView'
public typealias AnimationOptions = UIView.AnimationOptions
~~~~~~ ^
/Applications/Xcode-16.3.0.app/Contents/Developer/Platforms/WatchOS.platform/Developer/SDKs/WatchOS11.4.sdk/System/Library/Frameworks/UIKit.framework/Headers/NSTextAttachment.h:23:1: note: class 'UIView' will be imported as an opaque placeholder class and may be missing members; import the definition to access the complete interface
@class UIView;
^
/Applications/Xcode-16.3.0.app/Contents/Developer/Platforms/WatchOS.platform/Developer/SDKs/WatchOS11.4.sdk/System/Library/Frameworks/UIKit.framework/Headers/NSTextAttachment.h:23:1: note: interface 'UIView' forward declared here
@class UIView;
^
UIKit.UIView:2:14: note: 'UIView' declared here
public class UIView {
^
/Users/admin/builder/spi-builder-workspace/Sources/LayoutAnchor.swift:50:11: error: cannot find type 'NSLayoutXAxisAnchor' in scope
extension NSLayoutXAxisAnchor: LayoutAnchor {}
^~~~~~~~~~~~~~~~~~~
/Users/admin/builder/spi-builder-workspace/Sources/LayoutAnchor.swift:51:11: error: cannot find type 'NSLayoutYAxisAnchor' in scope
extension NSLayoutYAxisAnchor: LayoutAnchor {}
^~~~~~~~~~~~~~~~~~~
/Users/admin/builder/spi-builder-workspace/Sources/LayoutAnchor.swift:52:11: error: cannot find type 'NSLayoutDimension' in scope
extension NSLayoutDimension: LayoutAnchor {}
^~~~~~~~~~~~~~~~~
/Users/admin/builder/spi-builder-workspace/Sources/LayoutMarker.swift:57:34: error: cannot find type 'NSLayoutConstraint' in scope
private var allConstraints: [NSLayoutConstraint] = []
^~~~~~~~~~~~~~~~~~
/Users/admin/builder/spi-builder-workspace/Sources/LayoutMarker.swift:121:77: error: cannot find type 'NSLayoutConstraint' in scope
public func equal(to anchor: LayoutAnchor, constant: CGFloat = 0.0) -> [NSLayoutConstraint] {
^~~~~~~~~~~~~~~~~~
/Users/admin/builder/spi-builder-workspace/Sources/LayoutMarker.swift:131:79: error: cannot find type 'NSLayoutConstraint' in scope
public func equal(to anchor: LayoutAnchor, options: LayoutOptions...) -> [NSLayoutConstraint] {
^~~~~~~~~~~~~~~~~~
/Users/admin/builder/spi-builder-workspace/Sources/LayoutMarker.swift:139:48: error: cannot find type 'NSLayoutConstraint' in scope
public func equal(toConstant: CGFloat) -> [NSLayoutConstraint] {
^~~~~~~~~~~~~~~~~~
/Users/admin/builder/spi-builder-workspace/Sources/LayoutMarker.swift:147:56: error: cannot find type 'NSLayoutConstraint' in scope
public func equal(toOptions: LayoutOptions...) -> [NSLayoutConstraint] {
^~~~~~~~~~~~~~~~~~
/Users/admin/builder/spi-builder-workspace/Sources/LayoutMarker.swift:156:86: error: cannot find type 'NSLayoutConstraint' in scope
public func greaterOrEqual(to anchor: LayoutAnchor, constant: CGFloat = 0.0) -> [NSLayoutConstraint] {
^~~~~~~~~~~~~~~~~~
/Users/admin/builder/spi-builder-workspace/Sources/LayoutMarker.swift:162:88: error: cannot find type 'NSLayoutConstraint' in scope
public func greaterOrEqual(to anchor: LayoutAnchor, options: LayoutOptions...) -> [NSLayoutConstraint] {
^~~~~~~~~~~~~~~~~~
/Users/admin/builder/spi-builder-workspace/Sources/LayoutMarker.swift:168:57: error: cannot find type 'NSLayoutConstraint' in scope
public func greaterOrEqual(toConstant: CGFloat) -> [NSLayoutConstraint] {
^~~~~~~~~~~~~~~~~~
/Users/admin/builder/spi-builder-workspace/Sources/LayoutMarker.swift:174:65: error: cannot find type 'NSLayoutConstraint' in scope
public func greaterOrEqual(toOptions: LayoutOptions...) -> [NSLayoutConstraint] {
^~~~~~~~~~~~~~~~~~
/Users/admin/builder/spi-builder-workspace/Sources/LayoutMarker.swift:183:83: error: cannot find type 'NSLayoutConstraint' in scope
public func lessOrEqual(to anchor: LayoutAnchor, constant: CGFloat = 0.0) -> [NSLayoutConstraint] {
^~~~~~~~~~~~~~~~~~
/Users/admin/builder/spi-builder-workspace/Sources/LayoutMarker.swift:189:85: error: cannot find type 'NSLayoutConstraint' in scope
public func lessOrEqual(to anchor: LayoutAnchor, options: LayoutOptions...) -> [NSLayoutConstraint] {
^~~~~~~~~~~~~~~~~~
/Users/admin/builder/spi-builder-workspace/Sources/LayoutMarker.swift:195:54: error: cannot find type 'NSLayoutConstraint' in scope
public func lessOrEqual(toConstant: CGFloat) -> [NSLayoutConstraint] {
^~~~~~~~~~~~~~~~~~
/Users/admin/builder/spi-builder-workspace/Sources/LayoutMarker.swift:201:62: error: cannot find type 'NSLayoutConstraint' in scope
public func lessOrEqual(toOptions: LayoutOptions...) -> [NSLayoutConstraint] {
^~~~~~~~~~~~~~~~~~
/Users/admin/builder/spi-builder-workspace/Sources/LayoutMarker.swift:220:85: error: cannot find type 'NSLayoutConstraint' in scope
public func equal(to anchor: LayoutAnchor? = nil, insets: LayoutEdgeInsets) -> [NSLayoutConstraint] {
^~~~~~~~~~~~~~~~~~
/Users/admin/builder/spi-builder-workspace/Sources/LayoutMarker.swift:227:94: error: cannot find type 'NSLayoutConstraint' in scope
public func greaterOrEqual(to anchor: LayoutAnchor? = nil, insets: LayoutEdgeInsets) -> [NSLayoutConstraint] {
^~~~~~~~~~~~~~~~~~
/Users/admin/builder/spi-builder-workspace/Sources/LayoutMarker.swift:234:91: error: cannot find type 'NSLayoutConstraint' in scope
public func lessOrEqual(to anchor: LayoutAnchor? = nil, insets: LayoutEdgeInsets) -> [NSLayoutConstraint] {
^~~~~~~~~~~~~~~~~~
/Users/admin/builder/spi-builder-workspace/Sources/LayoutMarker.swift:247:77: error: cannot find type 'NSLayoutConstraint' in scope
public func aspectRatio(_ ratio: CGFloat, options: LayoutOptions...) -> NSLayoutConstraint {
^~~~~~~~~~~~~~~~~~
/Users/admin/builder/spi-builder-workspace/Sources/LayoutMarker.swift:264:63: error: cannot find type 'NSLayoutConstraint' in scope
public func equalToSuperview(constant: CGFloat = 0.0) -> [NSLayoutConstraint] {
^~~~~~~~~~~~~~~~~~
/Users/admin/builder/spi-builder-workspace/Sources/LayoutMarker.swift:275:65: error: cannot find type 'NSLayoutConstraint' in scope
public func equalToSuperview(options: LayoutOptions...) -> [NSLayoutConstraint] {
^~~~~~~~~~~~~~~~~~
/Users/admin/builder/spi-builder-workspace/Sources/LayoutMarker.swift:286:72: error: cannot find type 'NSLayoutConstraint' in scope
public func greaterOrEqualToSuperview(constant: CGFloat = 0.0) -> [NSLayoutConstraint] {
^~~~~~~~~~~~~~~~~~
/Users/admin/builder/spi-builder-workspace/Sources/LayoutMarker.swift:297:74: error: cannot find type 'NSLayoutConstraint' in scope
public func greaterOrEqualToSuperview(options: LayoutOptions...) -> [NSLayoutConstraint] {
^~~~~~~~~~~~~~~~~~
/Users/admin/builder/spi-builder-workspace/Sources/LayoutMarker.swift:308:69: error: cannot find type 'NSLayoutConstraint' in scope
public func lessOrEqualToSuperview(constant: CGFloat = 0.0) -> [NSLayoutConstraint] {
^~~~~~~~~~~~~~~~~~
/Users/admin/builder/spi-builder-workspace/Sources/LayoutMarker.swift:319:71: error: cannot find type 'NSLayoutConstraint' in scope
public func lessOrEqualToSuperview(options: LayoutOptions...) -> [NSLayoutConstraint] {
^~~~~~~~~~~~~~~~~~
/Users/admin/builder/spi-builder-workspace/Sources/LayoutMarker.swift:336:103: error: cannot find type 'NSLayoutConstraint' in scope
public func equal(to anchor: LayoutAnchor? = nil, directionalInsets: NSDirectionalEdgeInsets) -> [NSLayoutConstraint] {
^~~~~~~~~~~~~~~~~~
/Users/admin/builder/spi-builder-workspace/Sources/LayoutMarker.swift:342:112: error: cannot find type 'NSLayoutConstraint' in scope
public func greaterOrEqual(to anchor: LayoutAnchor? = nil, directionalInsets: NSDirectionalEdgeInsets) -> [NSLayoutConstraint] {
^~~~~~~~~~~~~~~~~~
/Users/admin/builder/spi-builder-workspace/Sources/LayoutMarker.swift:348:109: error: cannot find type 'NSLayoutConstraint' in scope
public func lessOrEqual(to anchor: LayoutAnchor? = nil, directionalInsets: NSDirectionalEdgeInsets) -> [NSLayoutConstraint] {
^~~~~~~~~~~~~~~~~~
/Users/admin/builder/spi-builder-workspace/Sources/LayoutMarker.swift:363:62: error: cannot find type 'NSLayoutConstraint' in scope
public func equalToSafeArea(constant: CGFloat = 0.0) -> [NSLayoutConstraint] {
^~~~~~~~~~~~~~~~~~
/Users/admin/builder/spi-builder-workspace/Sources/LayoutMarker.swift:374:64: error: cannot find type 'NSLayoutConstraint' in scope
public func equalToSafeArea(options: LayoutOptions...) -> [NSLayoutConstraint] {
^~~~~~~~~~~~~~~~~~
/Users/admin/builder/spi-builder-workspace/Sources/LayoutMarker.swift:396:83: error: cannot find type 'NSLayoutConstraint' in scope
public func centerInSuperview(xOffset: CGFloat = 0, yOffset: CGFloat = 0) -> [NSLayoutConstraint] {
^~~~~~~~~~~~~~~~~~
/Users/admin/builder/spi-builder-workspace/Sources/LayoutMarker.swift:420:87: error: cannot find type 'NSLayoutConstraint' in scope
public func pinToSuperviewEdges(excluding: LayoutEdge, constant: CGFloat = 0) -> [NSLayoutConstraint] {
^~~~~~~~~~~~~~~~~~
/Users/admin/builder/spi-builder-workspace/Sources/LayoutMarker.swift:448:34: error: cannot find type 'NSLayoutConstraint' in scope
internal func activate() -> [NSLayoutConstraint] {
^~~~~~~~~~~~~~~~~~
/Users/admin/builder/spi-builder-workspace/Sources/LayoutMarker.swift:459:99: error: cannot find type 'NSLayoutConstraint' in scope
private func equal(to anchor: LayoutAnchor?, info: LayoutOptionsInfo, relation: Relation) -> [NSLayoutConstraint] {
^~~~~~~~~~~~~~~~~~
/Users/admin/builder/spi-builder-workspace/Sources/LayoutMarker.swift:487:110: error: cannot find type 'NSLayoutConstraint' in scope
private func equalWithInsets(to anchor: LayoutAnchor?, insets: LayoutEdgeInsets, relation: Relation) -> [NSLayoutConstraint] {
^~~~~~~~~~~~~~~~~~
/Users/admin/builder/spi-builder-workspace/Sources/LayoutMarker.swift:517:128: error: cannot find type 'NSLayoutConstraint' in scope
private func equalWithDirectionalInsets(to anchor: LayoutAnchor?, insets: NSDirectionalEdgeInsets, relation: Relation) -> [NSLayoutConstraint] {
^~~~~~~~~~~~~~~~~~
/Users/admin/builder/spi-builder-workspace/Sources/LayoutMarker.swift:547:100: error: cannot find type 'NSLayoutConstraint' in scope
private func makeTop(to anchor: LayoutAnchor?, info: LayoutOptionsInfo, relation: Relation) -> NSLayoutConstraint {
^~~~~~~~~~~~~~~~~~
/Users/admin/builder/spi-builder-workspace/Sources/LayoutMarker.swift:551:103: error: cannot find type 'NSLayoutConstraint' in scope
private func makeBottom(to anchor: LayoutAnchor?, info: LayoutOptionsInfo, relation: Relation) -> NSLayoutConstraint {
^~~~~~~~~~~~~~~~~~
/Users/admin/builder/spi-builder-workspace/Sources/LayoutMarker.swift:555:104: error: cannot find type 'NSLayoutConstraint' in scope
private func makeLeading(to anchor: LayoutAnchor?, info: LayoutOptionsInfo, relation: Relation) -> NSLayoutConstraint {
^~~~~~~~~~~~~~~~~~
/Users/admin/builder/spi-builder-workspace/Sources/LayoutMarker.swift:559:105: error: cannot find type 'NSLayoutConstraint' in scope
private func makeTrailing(to anchor: LayoutAnchor?, info: LayoutOptionsInfo, relation: Relation) -> NSLayoutConstraint {
^~~~~~~~~~~~~~~~~~
/Users/admin/builder/spi-builder-workspace/Sources/LayoutMarker.swift:563:101: error: cannot find type 'NSLayoutConstraint' in scope
private func makeLeft(to anchor: LayoutAnchor?, info: LayoutOptionsInfo, relation: Relation) -> NSLayoutConstraint {
^~~~~~~~~~~~~~~~~~
/Users/admin/builder/spi-builder-workspace/Sources/LayoutMarker.swift:567:102: error: cannot find type 'NSLayoutConstraint' in scope
private func makeRight(to anchor: LayoutAnchor?, info: LayoutOptionsInfo, relation: Relation) -> NSLayoutConstraint {
^~~~~~~~~~~~~~~~~~
/Users/admin/builder/spi-builder-workspace/Sources/LayoutMarker.swift:571:104: error: cannot find type 'NSLayoutConstraint' in scope
private func makeCenter(to anchor: LayoutAnchor?, info: LayoutOptionsInfo, relation: Relation) -> [NSLayoutConstraint] {
^~~~~~~~~~~~~~~~~~
/Users/admin/builder/spi-builder-workspace/Sources/LayoutMarker.swift:576:104: error: cannot find type 'NSLayoutConstraint' in scope
private func makeCenterX(to anchor: LayoutAnchor?, info: LayoutOptionsInfo, relation: Relation) -> NSLayoutConstraint {
^~~~~~~~~~~~~~~~~~
/Users/admin/builder/spi-builder-workspace/Sources/LayoutMarker.swift:580:104: error: cannot find type 'NSLayoutConstraint' in scope
private func makeCenterY(to anchor: LayoutAnchor?, info: LayoutOptionsInfo, relation: Relation) -> NSLayoutConstraint {
^~~~~~~~~~~~~~~~~~
/Users/admin/builder/spi-builder-workspace/Sources/LayoutMarker.swift:584:102: error: cannot find type 'NSLayoutConstraint' in scope
private func makeWidth(to anchor: LayoutAnchor?, info: LayoutOptionsInfo, relation: Relation) -> NSLayoutConstraint {
^~~~~~~~~~~~~~~~~~
/Users/admin/builder/spi-builder-workspace/Sources/LayoutMarker.swift:588:103: error: cannot find type 'NSLayoutConstraint' in scope
private func makeHeight(to anchor: LayoutAnchor?, info: LayoutOptionsInfo, relation: Relation) -> NSLayoutConstraint {
^~~~~~~~~~~~~~~~~~
/Users/admin/builder/spi-builder-workspace/Sources/LayoutMarker.swift:592:103: error: cannot find type 'NSLayoutConstraint' in scope
private func makeEdges(to anchor: LayoutAnchor?, info: LayoutOptionsInfo, relation: Relation) -> [NSLayoutConstraint] {
^~~~~~~~~~~~~~~~~~
/Users/admin/builder/spi-builder-workspace/Sources/LayoutMarker.swift:617:113: error: cannot find type 'NSLayoutConstraint' in scope
private func makeHorizontalEdges(to anchor: LayoutAnchor?, info: LayoutOptionsInfo, relation: Relation) -> [NSLayoutConstraint] {
^~~~~~~~~~~~~~~~~~
/Users/admin/builder/spi-builder-workspace/Sources/LayoutMarker.swift:636:111: error: cannot find type 'NSLayoutConstraint' in scope
private func makeVerticalEdges(to anchor: LayoutAnchor?, info: LayoutOptionsInfo, relation: Relation) -> [NSLayoutConstraint] {
^~~~~~~~~~~~~~~~~~
/Users/admin/builder/spi-builder-workspace/Sources/LayoutMarker.swift:655:102: error: cannot find type 'NSLayoutConstraint' in scope
private func makeSize(to anchor: LayoutAnchor?, info: LayoutOptionsInfo, relation: Relation) -> [NSLayoutConstraint] {
^~~~~~~~~~~~~~~~~~
/Users/admin/builder/spi-builder-workspace/Sources/LayoutMarker.swift:681:110: error: cannot find type 'NSLayoutConstraint' in scope
private func makeFirstBaseline(to anchor: LayoutAnchor?, info: LayoutOptionsInfo, relation: Relation) -> NSLayoutConstraint {
^~~~~~~~~~~~~~~~~~
/Users/admin/builder/spi-builder-workspace/Sources/LayoutMarker.swift:685:109: error: cannot find type 'NSLayoutConstraint' in scope
private func makeLastBaseline(to anchor: LayoutAnchor?, info: LayoutOptionsInfo, relation: Relation) -> NSLayoutConstraint {
^~~~~~~~~~~~~~~~~~
/Users/admin/builder/spi-builder-workspace/Sources/LayoutMarker.swift:691:168: error: cannot find type 'NSLayoutYAxisAnchor' in scope
private func resolveYAnchor(_ anchor: LayoutAnchor?, viewPath: KeyPath<LayoutView, NSLayoutYAxisAnchor>, guidePath: KeyPath<LayoutGuide, NSLayoutYAxisAnchor>?) -> NSLayoutYAxisAnchor {
^~~~~~~~~~~~~~~~~~~
/Users/admin/builder/spi-builder-workspace/Sources/LayoutMarker.swift:691:88: error: cannot find type 'NSLayoutYAxisAnchor' in scope
private func resolveYAnchor(_ anchor: LayoutAnchor?, viewPath: KeyPath<LayoutView, NSLayoutYAxisAnchor>, guidePath: KeyPath<LayoutGuide, NSLayoutYAxisAnchor>?) -> NSLayoutYAxisAnchor {
^~~~~~~~~~~~~~~~~~~
/Users/admin/builder/spi-builder-workspace/Sources/LayoutMarker.swift:700:167: error: cannot find type 'NSLayoutXAxisAnchor' in scope
private func resolveXAnchor(_ anchor: LayoutAnchor?, viewPath: KeyPath<LayoutView, NSLayoutXAxisAnchor>, guidePath: KeyPath<LayoutGuide, NSLayoutXAxisAnchor>) -> NSLayoutXAxisAnchor {
^~~~~~~~~~~~~~~~~~~
/Users/admin/builder/spi-builder-workspace/Sources/LayoutMarker.swift:700:88: error: cannot find type 'NSLayoutXAxisAnchor' in scope
private func resolveXAnchor(_ anchor: LayoutAnchor?, viewPath: KeyPath<LayoutView, NSLayoutXAxisAnchor>, guidePath: KeyPath<LayoutGuide, NSLayoutXAxisAnchor>) -> NSLayoutXAxisAnchor {
^~~~~~~~~~~~~~~~~~~
/Users/admin/builder/spi-builder-workspace/Sources/LayoutMarker.swift:709:171: error: cannot find type 'NSLayoutDimension' in scope
private func resolveDimensionAnchor(_ anchor: LayoutAnchor?, viewPath: KeyPath<LayoutView, NSLayoutDimension>, guidePath: KeyPath<LayoutGuide, NSLayoutDimension>) -> NSLayoutDimension {
^~~~~~~~~~~~~~~~~
/Users/admin/builder/spi-builder-workspace/Sources/LayoutMarker.swift:709:96: error: cannot find type 'NSLayoutDimension' in scope
private func resolveDimensionAnchor(_ anchor: LayoutAnchor?, viewPath: KeyPath<LayoutView, NSLayoutDimension>, guidePath: KeyPath<LayoutGuide, NSLayoutDimension>) -> NSLayoutDimension {
^~~~~~~~~~~~~~~~~
/Users/admin/builder/spi-builder-workspace/Sources/LayoutMarker.swift:770:113: error: cannot find type 'NSLayoutConstraint' in scope
func constraint(for anchor: NSLayoutYAxisAnchor, to other: NSLayoutYAxisAnchor, info: LayoutOptionsInfo) -> NSLayoutConstraint {
^~~~~~~~~~~~~~~~~~
/Users/admin/builder/spi-builder-workspace/Sources/LayoutMarker.swift:770:33: error: cannot find type 'NSLayoutYAxisAnchor' in scope
func constraint(for anchor: NSLayoutYAxisAnchor, to other: NSLayoutYAxisAnchor, info: LayoutOptionsInfo) -> NSLayoutConstraint {
^~~~~~~~~~~~~~~~~~~
/Users/admin/builder/spi-builder-workspace/Sources/LayoutMarker.swift:770:64: error: cannot find type 'NSLayoutYAxisAnchor' in scope
func constraint(for anchor: NSLayoutYAxisAnchor, to other: NSLayoutYAxisAnchor, info: LayoutOptionsInfo) -> NSLayoutConstraint {
^~~~~~~~~~~~~~~~~~~
/Users/admin/builder/spi-builder-workspace/Sources/LayoutMarker.swift:780:113: error: cannot find type 'NSLayoutConstraint' in scope
func constraint(for anchor: NSLayoutXAxisAnchor, to other: NSLayoutXAxisAnchor, info: LayoutOptionsInfo) -> NSLayoutConstraint {
^~~~~~~~~~~~~~~~~~
/Users/admin/builder/spi-builder-workspace/Sources/LayoutMarker.swift:780:33: error: cannot find type 'NSLayoutXAxisAnchor' in scope
func constraint(for anchor: NSLayoutXAxisAnchor, to other: NSLayoutXAxisAnchor, info: LayoutOptionsInfo) -> NSLayoutConstraint {
^~~~~~~~~~~~~~~~~~~
/Users/admin/builder/spi-builder-workspace/Sources/LayoutMarker.swift:780:64: error: cannot find type 'NSLayoutXAxisAnchor' in scope
func constraint(for anchor: NSLayoutXAxisAnchor, to other: NSLayoutXAxisAnchor, info: LayoutOptionsInfo) -> NSLayoutConstraint {
^~~~~~~~~~~~~~~~~~~
/Users/admin/builder/spi-builder-workspace/Sources/LayoutMarker.swift:790:110: error: cannot find type 'NSLayoutConstraint' in scope
func constraint(for anchor: NSLayoutDimension, to other: NSLayoutDimension?, info: LayoutOptionsInfo) -> NSLayoutConstraint {
^~~~~~~~~~~~~~~~~~
/Users/admin/builder/spi-builder-workspace/Sources/LayoutMarker.swift:790:33: error: cannot find type 'NSLayoutDimension' in scope
func constraint(for anchor: NSLayoutDimension, to other: NSLayoutDimension?, info: LayoutOptionsInfo) -> NSLayoutConstraint {
^~~~~~~~~~~~~~~~~
/Users/admin/builder/spi-builder-workspace/Sources/LayoutMarker.swift:790:62: error: cannot find type 'NSLayoutDimension' in scope
func constraint(for anchor: NSLayoutDimension, to other: NSLayoutDimension?, info: LayoutOptionsInfo) -> NSLayoutConstraint {
^~~~~~~~~~~~~~~~~
/Users/admin/builder/spi-builder-workspace/Sources/LayoutMarker.swift:850:11: error: cannot find type 'NSLayoutConstraint' in scope
extension NSLayoutConstraint {
^~~~~~~~~~~~~~~~~~
/Users/admin/builder/spi-builder-workspace/Sources/LayoutOptions.swift:73:11: error: cannot find type 'NSLayoutConstraint' in scope
extension NSLayoutConstraint {
^~~~~~~~~~~~~~~~~~
SwiftCompile normal arm64_32 Compiling\ LayoutMarker.swift /Users/admin/builder/spi-builder-workspace/Sources/LayoutMarker.swift (in target 'AutoFlex' from project 'AutoFlex')
SwiftCompile normal arm64_32 /Users/admin/builder/spi-builder-workspace/Sources/LayoutMarker.swift (in target 'AutoFlex' from project 'AutoFlex')
cd /Users/admin/builder/spi-builder-workspace/.swiftpm/xcode
SwiftCompile normal arm64 Compiling\ LayoutAnchor.swift /Users/admin/builder/spi-builder-workspace/Sources/LayoutAnchor.swift (in target 'AutoFlex' from project 'AutoFlex')
Command SwiftCompile failed with a nonzero exit code
** BUILD FAILED **
The following build commands failed:
EmitSwiftModule normal armv7k (in target 'AutoFlex' from project 'AutoFlex')
SwiftEmitModule normal armv7k Emitting\ module\ for\ AutoFlex (in target 'AutoFlex' from project 'AutoFlex')
SwiftEmitModule normal arm64_32 Emitting\ module\ for\ AutoFlex (in target 'AutoFlex' from project 'AutoFlex')
EmitSwiftModule normal arm64_32 (in target 'AutoFlex' from project 'AutoFlex')
SwiftEmitModule normal arm64 Emitting\ module\ for\ AutoFlex (in target 'AutoFlex' from project 'AutoFlex')
EmitSwiftModule normal arm64 (in target 'AutoFlex' from project 'AutoFlex')
SwiftCompile normal arm64 Compiling\ LayoutAnchor.swift /Users/admin/builder/spi-builder-workspace/Sources/LayoutAnchor.swift (in target 'AutoFlex' from project 'AutoFlex')
Building workspace spi-builder-workspace with scheme AutoFlex
(8 failures)
BUILD FAILURE 6.1 watchOS