Build Information
Failed to build StripeTerminal, reference master (f2c544), with Swift 6.1 for visionOS using Xcode 16.3 on 10 Oct 2026 07:02:07 UTC.
Build Command
env DEVELOPER_DIR=/Applications/Xcode-16.3.0.app xcrun xcodebuild -IDEClonedSourcePackagesDirPathOverride=$PWD/.dependencies -skipMacroValidation -skipPackagePluginValidation -derivedDataPath $PWD/.derivedData build -scheme StripeTerminal -destination generic/platform=xrOSBuild Log
========================================
RunAll
========================================
Builder version: 5.1.1
Interrupt handler set up.
========================================
Checkout
========================================
Clone URL: https://github.com/stripe/stripe-terminal-ios.git
Reference: master
Initialized empty Git repository in /Users/admin/builder/spi-builder-workspace/.git/
From https://github.com/stripe/stripe-terminal-ios
* branch master -> FETCH_HEAD
* [new branch] master -> origin/master
HEAD is now at f2c5448 [codeql] updates round 2 (pin the hash) (#400)
Updating files: 29% (6652/22418)
Updating files: 30% (6726/22418)
Updating files: 31% (6950/22418)
Updating files: 32% (7174/22418)
Updating files: 33% (7398/22418)
Updating files: 34% (7623/22418)
Updating files: 35% (7847/22418)
Updating files: 36% (8071/22418)
Updating files: 37% (8295/22418)
Updating files: 38% (8519/22418)
Updating files: 39% (8744/22418)
Updating files: 40% (8968/22418)
Updating files: 41% (9192/22418)
Updating files: 42% (9416/22418)
Updating files: 43% (9640/22418)
Updating files: 44% (9864/22418)
Updating files: 45% (10089/22418)
Updating files: 46% (10313/22418)
Updating files: 47% (10537/22418)
Updating files: 48% (10761/22418)
Updating files: 49% (10985/22418)
Updating files: 50% (11209/22418)
Updating files: 51% (11434/22418)
Updating files: 52% (11658/22418)
Updating files: 53% (11882/22418)
Updating files: 54% (12106/22418)
Updating files: 55% (12330/22418)
Updating files: 56% (12555/22418)
Updating files: 57% (12779/22418)
Updating files: 57% (12888/22418)
Updating files: 58% (13003/22418)
Updating files: 59% (13227/22418)
Updating files: 60% (13451/22418)
Updating files: 61% (13675/22418)
Updating files: 62% (13900/22418)
Updating files: 63% (14124/22418)
Updating files: 64% (14348/22418)
Updating files: 65% (14572/22418)
Updating files: 66% (14796/22418)
Updating files: 67% (15021/22418)
Updating files: 68% (15245/22418)
Updating files: 69% (15469/22418)
Updating files: 70% (15693/22418)
Updating files: 71% (15917/22418)
Updating files: 72% (16141/22418)
Updating files: 73% (16366/22418)
Updating files: 74% (16590/22418)
Updating files: 75% (16814/22418)
Updating files: 76% (17038/22418)
Updating files: 77% (17262/22418)
Updating files: 78% (17487/22418)
Updating files: 79% (17711/22418)
Updating files: 80% (17935/22418)
Updating files: 81% (18159/22418)
Updating files: 82% (18383/22418)
Updating files: 83% (18607/22418)
Updating files: 83% (18793/22418)
Updating files: 84% (18832/22418)
Updating files: 85% (19056/22418)
Updating files: 86% (19280/22418)
Updating files: 87% (19504/22418)
Updating files: 88% (19728/22418)
Updating files: 89% (19953/22418)
Updating files: 90% (20177/22418)
Updating files: 91% (20401/22418)
Updating files: 92% (20625/22418)
Updating files: 93% (20849/22418)
Updating files: 94% (21073/22418)
Updating files: 95% (21298/22418)
Updating files: 96% (21522/22418)
Updating files: 97% (21746/22418)
Updating files: 98% (21970/22418)
Updating files: 99% (22194/22418)
Updating files: 100% (22418/22418)
Updating files: 100% (22418/22418), done.
Cloned https://github.com/stripe/stripe-terminal-ios.git
Revision (git rev-parse @):
f2c5448bd948eddc94a2c06050df9702d947b143
SUCCESS checkout https://github.com/stripe/stripe-terminal-ios.git at master
========================================
Build
========================================
Selected platform: visionOS
Swift version: 6.1
Building package at path: $PWD
https://github.com/stripe/stripe-terminal-ios.git
https://github.com/stripe/stripe-terminal-ios.git
{
"dependencies" : [
],
"manifest_display_name" : "StripeTerminal",
"name" : "StripeTerminal",
"path" : "/Users/admin/builder/spi-builder-workspace",
"platforms" : [
{
"name" : "ios",
"version" : "16.0"
}
],
"products" : [
{
"name" : "StripeTerminal",
"targets" : [
"StripeTerminal"
],
"type" : {
"library" : [
"automatic"
]
}
}
],
"targets" : [
{
"c99name" : "StripeTerminal",
"module_type" : "BinaryTarget",
"name" : "StripeTerminal",
"path" : "remote/archive/StripeTerminal.xcframework.zip",
"product_memberships" : [
"StripeTerminal"
],
"sources" : [
],
"type" : "binary"
}
],
"tools_version" : "5.7"
}
Command line invocation:
/Applications/Xcode-16.3.0.app/Contents/Developer/usr/bin/xcodebuild -IDEClonedSourcePackagesDirPathOverride=/Users/admin/builder/spi-builder-workspace/.dependencies -resolvePackageDependencies
Resolve Package Graph
Resolve Package Graph
Resolved source packages:
StripeTerminal: /Users/admin/builder/spi-builder-workspace
resolved source packages: StripeTerminal
{
"dependencies" : [
],
"manifest_display_name" : "StripeTerminal",
"name" : "StripeTerminal",
"path" : "/Users/admin/builder/spi-builder-workspace",
"platforms" : [
{
"name" : "ios",
"version" : "16.0"
}
],
"products" : [
{
"name" : "StripeTerminal",
"targets" : [
"StripeTerminal"
],
"type" : {
"library" : [
"automatic"
]
}
}
],
"targets" : [
{
"c99name" : "StripeTerminal",
"module_type" : "BinaryTarget",
"name" : "StripeTerminal",
"path" : "remote/archive/StripeTerminal.xcframework.zip",
"product_memberships" : [
"StripeTerminal"
],
"sources" : [
],
"type" : "binary"
}
],
"tools_version" : "5.7"
}
{
"workspace" : {
"name" : "spi-builder-workspace",
"schemes" : [
"StripeTerminal"
]
}
}
Running build ...
env DEVELOPER_DIR=/Applications/Xcode-16.3.0.app xcrun xcodebuild -IDEClonedSourcePackagesDirPathOverride=$PWD/.dependencies -skipMacroValidation -skipPackagePluginValidation -derivedDataPath $PWD/.derivedData build -scheme StripeTerminal -destination generic/platform=xrOS OTHER_SWIFT_FLAGS=-stats-output-dir .stats -strict-concurrency=complete -enable-upcoming-feature StrictConcurrency -enable-upcoming-feature DisableOutwardActorInference -enable-upcoming-feature GlobalActorIsolatedTypesUsability -enable-upcoming-feature InferSendableFromCaptures
Command line invocation:
/Applications/Xcode-16.3.0.app/Contents/Developer/usr/bin/xcodebuild -IDEClonedSourcePackagesDirPathOverride=/Users/admin/builder/spi-builder-workspace/.dependencies -skipMacroValidation -skipPackagePluginValidation -derivedDataPath /Users/admin/builder/spi-builder-workspace/.derivedData build -scheme StripeTerminal -destination generic/platform=xrOS "OTHER_SWIFT_FLAGS=-stats-output-dir .stats -strict-concurrency=complete -enable-upcoming-feature StrictConcurrency -enable-upcoming-feature DisableOutwardActorInference -enable-upcoming-feature GlobalActorIsolatedTypesUsability -enable-upcoming-feature InferSendableFromCaptures"
Build settings from command line:
OTHER_SWIFT_FLAGS = -stats-output-dir .stats -strict-concurrency=complete -enable-upcoming-feature StrictConcurrency -enable-upcoming-feature DisableOutwardActorInference -enable-upcoming-feature GlobalActorIsolatedTypesUsability -enable-upcoming-feature InferSendableFromCaptures
Resolve Package Graph
Resolved source packages:
StripeTerminal: /Users/admin/builder/spi-builder-workspace
ComputePackagePrebuildTargetDependencyGraph
Prepare packages
CreateBuildRequest
SendProjectDescription
CreateBuildOperation
ComputeTargetDependencyGraph
note: Building targets in dependency order
note: Target dependency graph (1 target)
Target 'StripeTerminal' in project 'StripeTerminal' (no dependencies)
GatherProvisioningInputs
CreateBuildDescription
ExecuteExternalTool /Applications/Xcode-16.3.0.app/Contents/Developer/Toolchains/XcodeDefault.xctoolchain/usr/bin/clang -v -E -dM -isysroot /Applications/Xcode-16.3.0.app/Contents/Developer/Platforms/XROS.platform/Developer/SDKs/XROS2.4.sdk -x c -c /dev/null
Build description signature: c32b9716000461066c62a15bcd9c10ee
Build description path: /Users/admin/builder/spi-builder-workspace/.derivedData/Build/Intermediates.noindex/XCBuildData/c32b9716000461066c62a15bcd9c10ee.xcbuilddata
/Users/admin/builder/spi-builder-workspace/.dependencies/artifacts/spi-builder-workspace/StripeTerminal/StripeTerminal.xcframework:1:1: error: While building for visionOS, no library for this platform was found in '/Users/admin/builder/spi-builder-workspace/.dependencies/artifacts/spi-builder-workspace/StripeTerminal/StripeTerminal.xcframework'. (in target 'StripeTerminal' from project 'StripeTerminal')
** BUILD FAILED **
The following build commands failed:
Building workspace spi-builder-workspace with scheme StripeTerminal
(1 failure)
Command line invocation:
/Applications/Xcode-16.3.0.app/Contents/Developer/usr/bin/xcodebuild -IDEClonedSourcePackagesDirPathOverride=/Users/admin/builder/spi-builder-workspace/.dependencies -resolvePackageDependencies
Resolve Package Graph
Resolved source packages:
StripeTerminal: /Users/admin/builder/spi-builder-workspace
resolved source packages: StripeTerminal
{
"dependencies" : [
],
"manifest_display_name" : "StripeTerminal",
"name" : "StripeTerminal",
"path" : "/Users/admin/builder/spi-builder-workspace",
"platforms" : [
{
"name" : "ios",
"version" : "16.0"
}
],
"products" : [
{
"name" : "StripeTerminal",
"targets" : [
"StripeTerminal"
],
"type" : {
"library" : [
"automatic"
]
}
}
],
"targets" : [
{
"c99name" : "StripeTerminal",
"module_type" : "BinaryTarget",
"name" : "StripeTerminal",
"path" : "remote/archive/StripeTerminal.xcframework.zip",
"product_memberships" : [
"StripeTerminal"
],
"sources" : [
],
"type" : "binary"
}
],
"tools_version" : "5.7"
}
{
"workspace" : {
"name" : "spi-builder-workspace",
"schemes" : [
"StripeTerminal"
]
}
}
Running build ...
env DEVELOPER_DIR=/Applications/Xcode-16.3.0.app xcrun xcodebuild -IDEClonedSourcePackagesDirPathOverride=$PWD/.dependencies -skipMacroValidation -skipPackagePluginValidation -derivedDataPath $PWD/.derivedData build -scheme StripeTerminal -destination generic/platform=xrOS
Command line invocation:
/Applications/Xcode-16.3.0.app/Contents/Developer/usr/bin/xcodebuild -IDEClonedSourcePackagesDirPathOverride=/Users/admin/builder/spi-builder-workspace/.dependencies -skipMacroValidation -skipPackagePluginValidation -derivedDataPath /Users/admin/builder/spi-builder-workspace/.derivedData build -scheme StripeTerminal -destination generic/platform=xrOS
Resolve Package Graph
Resolved source packages:
StripeTerminal: /Users/admin/builder/spi-builder-workspace
ComputePackagePrebuildTargetDependencyGraph
Prepare packages
CreateBuildRequest
SendProjectDescription
CreateBuildOperation
ComputeTargetDependencyGraph
note: Building targets in dependency order
note: Target dependency graph (1 target)
Target 'StripeTerminal' in project 'StripeTerminal' (no dependencies)
GatherProvisioningInputs
CreateBuildDescription
ExecuteExternalTool /Applications/Xcode-16.3.0.app/Contents/Developer/Toolchains/XcodeDefault.xctoolchain/usr/bin/clang -v -E -dM -isysroot /Applications/Xcode-16.3.0.app/Contents/Developer/Platforms/XROS.platform/Developer/SDKs/XROS2.4.sdk -x c -c /dev/null
Build description signature: 244bbb91e797e3f83e815a71e336eb77
Build description path: /Users/admin/builder/spi-builder-workspace/.derivedData/Build/Intermediates.noindex/XCBuildData/244bbb91e797e3f83e815a71e336eb77.xcbuilddata
/Users/admin/builder/spi-builder-workspace/.dependencies/artifacts/spi-builder-workspace/StripeTerminal/StripeTerminal.xcframework:1:1: error: While building for visionOS, no library for this platform was found in '/Users/admin/builder/spi-builder-workspace/.dependencies/artifacts/spi-builder-workspace/StripeTerminal/StripeTerminal.xcframework'. (in target 'StripeTerminal' from project 'StripeTerminal')
** BUILD FAILED **
The following build commands failed:
Building workspace spi-builder-workspace with scheme StripeTerminal
(1 failure)
BUILD FAILURE 6.1 visionOS