The Swift Package Index logo.Swift Package Index

Build Information

Failed to build KadrPersistence, reference v0.6.0 (9eb2dc), with Swift 6.4 for watchOS using Xcode 27.0 on 27 Sep 2026 20:00:53 UTC.

Build Command

env DEVELOPER_DIR=/Applications/Xcode-27.0.0-Release.Candidate.app xcrun xcodebuild -IDEClonedSourcePackagesDirPathOverride=$PWD/.dependencies -skipMacroValidation -skipPackagePluginValidation -derivedDataPath $PWD/.derivedData build -scheme KadrPersistence -destination generic/platform=watchOS

Build Log

========================================
RunAll
========================================
Builder version: 5.1.0
Interrupt handler set up.
========================================
Checkout
========================================
Clone URL: https://github.com/SteliyanH/kadr-persistence.git
Reference: v0.6.0
Initialized empty Git repository in /Users/admin/builder/spi-builder-workspace/.git/
From https://github.com/SteliyanH/kadr-persistence
 * tag               v0.6.0     -> FETCH_HEAD
HEAD is now at 9eb2dc6 Merge pull request #14 from SteliyanH/develop
Cloned https://github.com/SteliyanH/kadr-persistence.git
Revision (git rev-parse @):
9eb2dc65bc3add137995e7ca220b15bd78afa097
SPI manifest file found: $PWD/.spi.yml
SUCCESS checkout https://github.com/SteliyanH/kadr-persistence.git at v0.6.0
========================================
Build
========================================
Selected platform:         watchOS
Swift version:             6.4
Building package at path:  $PWD
https://github.com/SteliyanH/kadr-persistence.git
Command line invocation:
    /Applications/Xcode-27.0.0-Release.Candidate.app/Contents/Developer/usr/bin/xcodebuild -IDEClonedSourcePackagesDirPathOverride=/Users/admin/builder/spi-builder-workspace/.dependencies -resolvePackageDependencies
Resolve Package Graph
Fetching from https://github.com/SteliyanH/kadr.git
Creating working copy of package ‘kadr’
Checking out 1.1.0 of package ‘kadr’
Resolve Package Graph
Resolve Package Graph
Resolved source packages:
  Kadr: https://github.com/SteliyanH/kadr.git @ 1.1.0
  KadrPersistence: /Users/admin/builder/spi-builder-workspace
resolved source packages: Kadr, KadrPersistence
2026-09-27 16:00:10.859 xcodebuild[563:3081] [MT] IDERunDestination: Supported platforms for the buildables in the current scheme is empty.
{
  "dependencies" : [
    {
      "identity" : "kadr",
      "requirement" : {
        "range" : [
          {
            "lower_bound" : "1.0.0",
            "upper_bound" : "2.0.0"
          }
        ]
      },
      "type" : "sourceControl",
      "url" : "https://github.com/SteliyanH/kadr.git"
    }
  ],
  "manifest_display_name" : "KadrPersistence",
  "name" : "KadrPersistence",
  "path" : "/Users/admin/builder/spi-builder-workspace",
  "platforms" : [
    {
      "name" : "ios",
      "version" : "17.0"
    },
    {
      "name" : "macos",
      "version" : "14.0"
    },
    {
      "name" : "tvos",
      "version" : "17.0"
    },
    {
      "name" : "visionos",
      "version" : "1.0"
    }
  ],
  "products" : [
    {
      "name" : "KadrPersistence",
      "targets" : [
        "KadrPersistence"
      ],
      "type" : {
        "library" : [
          "automatic"
        ]
      }
    }
  ],
  "targets" : [
    {
      "c99name" : "KadrPersistenceTests",
      "module_type" : "SwiftTarget",
      "name" : "KadrPersistenceTests",
      "path" : "Tests/KadrPersistenceTests",
      "resources" : [
        {
          "path" : "/Users/admin/builder/spi-builder-workspace/Tests/KadrPersistenceTests/Fixtures",
          "rule" : {
            "copy" : {
            }
          }
        }
      ],
      "sources" : [
        "CompletenessTests.swift",
        "FileImageStoreTests.swift",
        "FixtureCorpusTests.swift",
        "FixtureGeneration.swift",
        "LossTests.swift",
        "PrefetchedImageStoreTests.swift",
        "RoundTripTests.swift",
        "SchemaMigrationTests.swift",
        "SchemaTests.swift",
        "TestSupport.swift",
        "TextAnimationTests.swift"
      ],
      "target_dependencies" : [
        "KadrPersistence"
      ],
      "type" : "test"
    },
    {
      "c99name" : "KadrPersistence",
      "module_type" : "SwiftTarget",
      "name" : "KadrPersistence",
      "path" : "Sources/KadrPersistence",
      "product_dependencies" : [
        "Kadr"
      ],
      "product_memberships" : [
        "KadrPersistence"
      ],
      "sources" : [
        "DocumentTypes.swift",
        "Encoding+Values.swift",
        "Encoding.swift",
        "FileImageStore.swift",
        "ImageStore.swift",
        "Lossy.swift",
        "PersistenceError.swift",
        "PrefetchedImageStore.swift",
        "SchemaMigration.swift"
      ],
      "type" : "library"
    }
  ],
  "tools_version" : "6.0"
}
{
  "workspace" : {
    "name" : "KadrPersistence",
    "schemes" : [
      "KadrPersistence"
    ]
  }
}
2026-09-27 16:00:43.572 xcodebuild[718:4282] [MT] IDERunDestination: Supported platforms for the buildables in the current scheme is empty.
Running build ...
env DEVELOPER_DIR=/Applications/Xcode-27.0.0-Release.Candidate.app xcrun xcodebuild -IDEClonedSourcePackagesDirPathOverride=$PWD/.dependencies -skipMacroValidation -skipPackagePluginValidation -derivedDataPath $PWD/.derivedData build -scheme KadrPersistence -destination generic/platform=watchOS
Command line invocation:
    /Applications/Xcode-27.0.0-Release.Candidate.app/Contents/Developer/usr/bin/xcodebuild -IDEClonedSourcePackagesDirPathOverride=/Users/admin/builder/spi-builder-workspace/.dependencies -skipMacroValidation -skipPackagePluginValidation -derivedDataPath /Users/admin/builder/spi-builder-workspace/.derivedData build -scheme KadrPersistence -destination generic/platform=watchOS
Resolve Package Graph
Resolve Package Graph
Resolved source packages:
  Kadr: https://github.com/SteliyanH/kadr.git @ 1.1.0
  KadrPersistence: /Users/admin/builder/spi-builder-workspace
ComputePackagePrebuildTargetDependencyGraph
Prepare packages
CreateBuildRequest
SendProjectDescription
CreateBuildOperation
ComputeTargetDependencyGraph
note: Building targets in dependency order
note: Target dependency graph (4 targets)
    Target 'KadrPersistence-product' in project 'KadrPersistence'
        ➜ Explicit dependency on target 'KadrPersistence' in project 'KadrPersistence'
        ➜ Explicit dependency on target 'Kadr-product' in project 'Kadr'
    Target 'KadrPersistence' in project 'KadrPersistence'
        ➜ Explicit dependency on target 'Kadr-product' in project 'Kadr'
    Target 'Kadr-product' in project 'Kadr'
        ➜ Explicit dependency on target 'Kadr' in project 'Kadr'
    Target 'Kadr' in project 'Kadr' (no dependencies)
GatherProvisioningInputs
CreateBuildDescription
ExecuteExternalTool /Applications/Xcode-27.0.0-Release.Candidate.app/Contents/Developer/Toolchains/XcodeDefault.xctoolchain/usr/bin/clang -v -E -dM -isysroot /Applications/Xcode-27.0.0-Release.Candidate.app/Contents/Developer/Platforms/WatchOS.platform/Developer/SDKs/WatchOS27.0.sdk -x c -c /dev/null
ExecuteExternalTool /Applications/Xcode-27.0.0-Release.Candidate.app/Contents/Developer/Toolchains/XcodeDefault.xctoolchain/usr/bin/swiftc --version
ExecuteExternalTool /Applications/Xcode-27.0.0-Release.Candidate.app/Contents/Developer/Toolchains/XcodeDefault.xctoolchain/usr/bin/ld -version_details
ReadFileContents /Applications/Xcode-27.0.0-Release.Candidate.app/Contents/Developer/Toolchains/XcodeDefault.xctoolchain/usr/share/docc/features.json
Build description signature: ece16bfba28fa6dce5a0f618d1d74488
Build description path: /Users/admin/builder/spi-builder-workspace/.derivedData/Build/Intermediates.noindex/XCBuildData/ece16bfba28fa6dce5a0f618d1d74488.xcbuilddata
CreateBuildDirectory /Users/admin/builder/spi-builder-workspace/.derivedData/ModuleCache.noindex
    cd /Users/admin/builder/spi-builder-workspace/.swiftpm/xcode
    builtin-create-build-directory /Users/admin/builder/spi-builder-workspace/.derivedData/ModuleCache.noindex
CreateBuildDirectory /Users/admin/builder/spi-builder-workspace/.derivedData/SDKExplicitPrecompiledModules
    cd /Users/admin/builder/spi-builder-workspace/.swiftpm/xcode
    builtin-create-build-directory /Users/admin/builder/spi-builder-workspace/.derivedData/SDKExplicitPrecompiledModules
CreateBuildDirectory /Users/admin/builder/spi-builder-workspace/.derivedData/CompilationCache.noindex
    cd /Users/admin/builder/spi-builder-workspace/.swiftpm/xcode
    builtin-create-build-directory /Users/admin/builder/spi-builder-workspace/.derivedData/CompilationCache.noindex
ClangStatCache /Applications/Xcode-27.0.0-Release.Candidate.app/Contents/Developer/Toolchains/XcodeDefault.xctoolchain/usr/bin/clang-stat-cache /Applications/Xcode-27.0.0-Release.Candidate.app/Contents/Developer/Platforms/WatchOS.platform/Developer/SDKs/WatchOS27.0.sdk /Users/admin/builder/spi-builder-workspace/.derivedData/SDKStatCaches.noindex/watchos27.0-24R360-e829b21a6f8c9b70876ba0858053c04477534ef55a1706bf4c1112bbb242f0a2.sdkstatcache
    cd /Users/admin/builder/spi-builder-workspace/.swiftpm/xcode
    /Applications/Xcode-27.0.0-Release.Candidate.app/Contents/Developer/Toolchains/XcodeDefault.xctoolchain/usr/bin/clang-stat-cache /Applications/Xcode-27.0.0-Release.Candidate.app/Contents/Developer/Platforms/WatchOS.platform/Developer/SDKs/WatchOS27.0.sdk -o /Users/admin/builder/spi-builder-workspace/.derivedData/SDKStatCaches.noindex/watchos27.0-24R360-e829b21a6f8c9b70876ba0858053c04477534ef55a1706bf4c1112bbb242f0a2.sdkstatcache
CreateBuildDirectory /Users/admin/builder/spi-builder-workspace/.derivedData/Build/Products
    cd /Users/admin/builder/spi-builder-workspace/.swiftpm/xcode
    builtin-create-build-directory /Users/admin/builder/spi-builder-workspace/.derivedData/Build/Products
CreateBuildDirectory /Users/admin/builder/spi-builder-workspace/.derivedData/Build/Intermediates.noindex
    cd /Users/admin/builder/spi-builder-workspace/.swiftpm/xcode
    builtin-create-build-directory /Users/admin/builder/spi-builder-workspace/.derivedData/Build/Intermediates.noindex
CreateBuildDirectory /Users/admin/builder/spi-builder-workspace/.derivedData/Build/Products/Debug-watchos
    cd /Users/admin/builder/spi-builder-workspace/.swiftpm/xcode
    builtin-create-build-directory /Users/admin/builder/spi-builder-workspace/.derivedData/Build/Products/Debug-watchos
CreateBuildDirectory /Users/admin/builder/spi-builder-workspace/.derivedData/Build/Intermediates.noindex/PrecompiledHeaders
    cd /Users/admin/builder/spi-builder-workspace/.swiftpm/xcode
    builtin-create-build-directory /Users/admin/builder/spi-builder-workspace/.derivedData/Build/Intermediates.noindex/PrecompiledHeaders
CreateBuildDirectory /Users/admin/builder/spi-builder-workspace/.derivedData/Build/Intermediates.noindex/ExplicitPrecompiledModules
    cd /Users/admin/builder/spi-builder-workspace/.swiftpm/xcode
    builtin-create-build-directory /Users/admin/builder/spi-builder-workspace/.derivedData/Build/Intermediates.noindex/ExplicitPrecompiledModules
CreateBuildDirectory /Users/admin/builder/spi-builder-workspace/.derivedData/Build/Intermediates.noindex/SwiftExplicitPrecompiledModules
    cd /Users/admin/builder/spi-builder-workspace/.swiftpm/xcode
    builtin-create-build-directory /Users/admin/builder/spi-builder-workspace/.derivedData/Build/Intermediates.noindex/SwiftExplicitPrecompiledModules
CreateBuildDirectory /Users/admin/builder/spi-builder-workspace/.derivedData/Build/Intermediates.noindex/EagerLinkingTBDs/Debug-watchos
    cd /Users/admin/builder/spi-builder-workspace/.swiftpm/xcode
    builtin-create-build-directory /Users/admin/builder/spi-builder-workspace/.derivedData/Build/Intermediates.noindex/EagerLinkingTBDs/Debug-watchos
CreateBuildDirectory /Users/admin/builder/spi-builder-workspace/.derivedData/Build/Products/Debug-watchos/PackageFrameworks
    cd /Users/admin/builder/spi-builder-workspace/.swiftpm/xcode
    builtin-create-build-directory /Users/admin/builder/spi-builder-workspace/.derivedData/Build/Products/Debug-watchos/PackageFrameworks
WriteAuxiliaryFile /Users/admin/builder/spi-builder-workspace/.derivedData/Build/Intermediates.noindex/KadrPersistence.build/Debug-watchos/KadrPersistence-t.build/Objects-normal/arm64/KadrPersistence.SwiftFileList (in target 'KadrPersistence' from project 'KadrPersistence')
    cd /Users/admin/builder/spi-builder-workspace
    write-file /Users/admin/builder/spi-builder-workspace/.derivedData/Build/Intermediates.noindex/KadrPersistence.build/Debug-watchos/KadrPersistence-t.build/Objects-normal/arm64/KadrPersistence.SwiftFileList
WriteAuxiliaryFile /Users/admin/builder/spi-builder-workspace/.derivedData/Build/Intermediates.noindex/KadrPersistence.build/Debug-watchos/KadrPersistence-t.build/Objects-normal/arm64_32/KadrPersistence.LinkFileList (in target 'KadrPersistence' from project 'KadrPersistence')
    cd /Users/admin/builder/spi-builder-workspace
    write-file /Users/admin/builder/spi-builder-workspace/.derivedData/Build/Intermediates.noindex/KadrPersistence.build/Debug-watchos/KadrPersistence-t.build/Objects-normal/arm64_32/KadrPersistence.LinkFileList
WriteAuxiliaryFile /Users/admin/builder/spi-builder-workspace/.derivedData/Build/Intermediates.noindex/KadrPersistence.build/Debug-watchos/KadrPersistence-t.build/Objects-normal/arm64/KadrPersistence-OutputFileMap.json (in target 'KadrPersistence' from project 'KadrPersistence')
    cd /Users/admin/builder/spi-builder-workspace
    write-file /Users/admin/builder/spi-builder-workspace/.derivedData/Build/Intermediates.noindex/KadrPersistence.build/Debug-watchos/KadrPersistence-t.build/Objects-normal/arm64/KadrPersistence-OutputFileMap.json
WriteAuxiliaryFile /Users/admin/builder/spi-builder-workspace/.derivedData/Build/Intermediates.noindex/KadrPersistence.build/Debug-watchos/KadrPersistence-t.build/Objects-normal/arm64/KadrPersistence.SwiftConstValuesFileList (in target 'KadrPersistence' from project 'KadrPersistence')
    cd /Users/admin/builder/spi-builder-workspace
    write-file /Users/admin/builder/spi-builder-workspace/.derivedData/Build/Intermediates.noindex/KadrPersistence.build/Debug-watchos/KadrPersistence-t.build/Objects-normal/arm64/KadrPersistence.SwiftConstValuesFileList
WriteAuxiliaryFile /Users/admin/builder/spi-builder-workspace/.derivedData/Build/Intermediates.noindex/KadrPersistence.build/Debug-watchos/KadrPersistence-t.build/Objects-normal/arm64_32/KadrPersistence.SwiftFileList (in target 'KadrPersistence' from project 'KadrPersistence')
    cd /Users/admin/builder/spi-builder-workspace
    write-file /Users/admin/builder/spi-builder-workspace/.derivedData/Build/Intermediates.noindex/KadrPersistence.build/Debug-watchos/KadrPersistence-t.build/Objects-normal/arm64_32/KadrPersistence.SwiftFileList
WriteAuxiliaryFile /Users/admin/builder/spi-builder-workspace/.derivedData/Build/Intermediates.noindex/KadrPersistence.build/Debug-watchos/KadrPersistence-t.build/Objects-normal/arm64_32/KadrPersistence-OutputFileMap.json (in target 'KadrPersistence' from project 'KadrPersistence')
    cd /Users/admin/builder/spi-builder-workspace
    write-file /Users/admin/builder/spi-builder-workspace/.derivedData/Build/Intermediates.noindex/KadrPersistence.build/Debug-watchos/KadrPersistence-t.build/Objects-normal/arm64_32/KadrPersistence-OutputFileMap.json
WriteAuxiliaryFile /Users/admin/builder/spi-builder-workspace/.derivedData/Build/Intermediates.noindex/KadrPersistence.build/Debug-watchos/KadrPersistence-t.build/Objects-normal/arm64/KadrPersistence_const_extract_protocols.json (in target 'KadrPersistence' from project 'KadrPersistence')
    cd /Users/admin/builder/spi-builder-workspace
    write-file /Users/admin/builder/spi-builder-workspace/.derivedData/Build/Intermediates.noindex/KadrPersistence.build/Debug-watchos/KadrPersistence-t.build/Objects-normal/arm64/KadrPersistence_const_extract_protocols.json
WriteAuxiliaryFile /Users/admin/builder/spi-builder-workspace/.derivedData/Build/Intermediates.noindex/KadrPersistence.build/Debug-watchos/KadrPersistence-t.build/Objects-normal/arm64_32/KadrPersistence.SwiftConstValuesFileList (in target 'KadrPersistence' from project 'KadrPersistence')
    cd /Users/admin/builder/spi-builder-workspace
    write-file /Users/admin/builder/spi-builder-workspace/.derivedData/Build/Intermediates.noindex/KadrPersistence.build/Debug-watchos/KadrPersistence-t.build/Objects-normal/arm64_32/KadrPersistence.SwiftConstValuesFileList
WriteAuxiliaryFile /Users/admin/builder/spi-builder-workspace/.derivedData/Build/Intermediates.noindex/KadrPersistence.build/Debug-watchos/KadrPersistence-t.build/Objects-normal/arm64_32/KadrPersistence_const_extract_protocols.json (in target 'KadrPersistence' from project 'KadrPersistence')
    cd /Users/admin/builder/spi-builder-workspace
    write-file /Users/admin/builder/spi-builder-workspace/.derivedData/Build/Intermediates.noindex/KadrPersistence.build/Debug-watchos/KadrPersistence-t.build/Objects-normal/arm64_32/KadrPersistence_const_extract_protocols.json
WriteAuxiliaryFile /Users/admin/builder/spi-builder-workspace/.derivedData/Build/Intermediates.noindex/KadrPersistence.build/Debug-watchos/KadrPersistence-t.build/Objects-normal/arm64/KadrPersistence.LinkFileList (in target 'KadrPersistence' from project 'KadrPersistence')
    cd /Users/admin/builder/spi-builder-workspace
    write-file /Users/admin/builder/spi-builder-workspace/.derivedData/Build/Intermediates.noindex/KadrPersistence.build/Debug-watchos/KadrPersistence-t.build/Objects-normal/arm64/KadrPersistence.LinkFileList
WriteAuxiliaryFile /Users/admin/builder/spi-builder-workspace/.derivedData/Build/Intermediates.noindex/KadrPersistence.build/Debug-watchos/KadrPersistence-t.build/KadrPersistence.modulemap (in target 'KadrPersistence' from project 'KadrPersistence')
    cd /Users/admin/builder/spi-builder-workspace
    write-file /Users/admin/builder/spi-builder-workspace/.derivedData/Build/Intermediates.noindex/KadrPersistence.build/Debug-watchos/KadrPersistence-t.build/KadrPersistence.modulemap
WriteAuxiliaryFile /Users/admin/builder/spi-builder-workspace/.derivedData/Build/Intermediates.noindex/KadrPersistence.build/Debug-watchos/KadrPersistence-t.build/KadrPersistence.DependencyStaticMetadataFileList (in target 'KadrPersistence' from project 'KadrPersistence')
    cd /Users/admin/builder/spi-builder-workspace
    write-file /Users/admin/builder/spi-builder-workspace/.derivedData/Build/Intermediates.noindex/KadrPersistence.build/Debug-watchos/KadrPersistence-t.build/KadrPersistence.DependencyStaticMetadataFileList
WriteAuxiliaryFile /Users/admin/builder/spi-builder-workspace/.derivedData/Build/Intermediates.noindex/KadrPersistence.build/Debug-watchos/KadrPersistence-t.build/KadrPersistence.DependencyMetadataFileList (in target 'KadrPersistence' from project 'KadrPersistence')
    cd /Users/admin/builder/spi-builder-workspace
    write-file /Users/admin/builder/spi-builder-workspace/.derivedData/Build/Intermediates.noindex/KadrPersistence.build/Debug-watchos/KadrPersistence-t.build/KadrPersistence.DependencyMetadataFileList
WriteAuxiliaryFile /Users/admin/builder/spi-builder-workspace/.derivedData/Build/Intermediates.noindex/Kadr.build/Debug-watchos/Kadr-t.build/Objects-normal/arm64_32/Kadr_const_extract_protocols.json (in target 'Kadr' from project 'Kadr')
    cd /Users/admin/builder/spi-builder-workspace/.dependencies/checkouts/kadr
    write-file /Users/admin/builder/spi-builder-workspace/.derivedData/Build/Intermediates.noindex/Kadr.build/Debug-watchos/Kadr-t.build/Objects-normal/arm64_32/Kadr_const_extract_protocols.json
WriteAuxiliaryFile /Users/admin/builder/spi-builder-workspace/.derivedData/Build/Intermediates.noindex/Kadr.build/Debug-watchos/Kadr-t.build/Objects-normal/arm64_32/Kadr.SwiftFileList (in target 'Kadr' from project 'Kadr')
    cd /Users/admin/builder/spi-builder-workspace/.dependencies/checkouts/kadr
    write-file /Users/admin/builder/spi-builder-workspace/.derivedData/Build/Intermediates.noindex/Kadr.build/Debug-watchos/Kadr-t.build/Objects-normal/arm64_32/Kadr.SwiftFileList
WriteAuxiliaryFile /Users/admin/builder/spi-builder-workspace/.derivedData/Build/Intermediates.noindex/Kadr.build/Debug-watchos/Kadr-t.build/Objects-normal/arm64_32/Kadr.SwiftConstValuesFileList (in target 'Kadr' from project 'Kadr')
    cd /Users/admin/builder/spi-builder-workspace/.dependencies/checkouts/kadr
    write-file /Users/admin/builder/spi-builder-workspace/.derivedData/Build/Intermediates.noindex/Kadr.build/Debug-watchos/Kadr-t.build/Objects-normal/arm64_32/Kadr.SwiftConstValuesFileList
WriteAuxiliaryFile /Users/admin/builder/spi-builder-workspace/.derivedData/Build/Intermediates.noindex/Kadr.build/Debug-watchos/Kadr-t.build/Objects-normal/arm64_32/Kadr.LinkFileList (in target 'Kadr' from project 'Kadr')
    cd /Users/admin/builder/spi-builder-workspace/.dependencies/checkouts/kadr
    write-file /Users/admin/builder/spi-builder-workspace/.derivedData/Build/Intermediates.noindex/Kadr.build/Debug-watchos/Kadr-t.build/Objects-normal/arm64_32/Kadr.LinkFileList
WriteAuxiliaryFile /Users/admin/builder/spi-builder-workspace/.derivedData/Build/Intermediates.noindex/Kadr.build/Debug-watchos/Kadr-t.build/Objects-normal/arm64_32/Kadr-OutputFileMap.json (in target 'Kadr' from project 'Kadr')
    cd /Users/admin/builder/spi-builder-workspace/.dependencies/checkouts/kadr
    write-file /Users/admin/builder/spi-builder-workspace/.derivedData/Build/Intermediates.noindex/Kadr.build/Debug-watchos/Kadr-t.build/Objects-normal/arm64_32/Kadr-OutputFileMap.json
WriteAuxiliaryFile /Users/admin/builder/spi-builder-workspace/.derivedData/Build/Intermediates.noindex/Kadr.build/Debug-watchos/Kadr-t.build/Objects-normal/arm64/Kadr_const_extract_protocols.json (in target 'Kadr' from project 'Kadr')
    cd /Users/admin/builder/spi-builder-workspace/.dependencies/checkouts/kadr
    write-file /Users/admin/builder/spi-builder-workspace/.derivedData/Build/Intermediates.noindex/Kadr.build/Debug-watchos/Kadr-t.build/Objects-normal/arm64/Kadr_const_extract_protocols.json
WriteAuxiliaryFile /Users/admin/builder/spi-builder-workspace/.derivedData/Build/Intermediates.noindex/Kadr.build/Debug-watchos/Kadr-t.build/Objects-normal/arm64/Kadr.SwiftFileList (in target 'Kadr' from project 'Kadr')
    cd /Users/admin/builder/spi-builder-workspace/.dependencies/checkouts/kadr
    write-file /Users/admin/builder/spi-builder-workspace/.derivedData/Build/Intermediates.noindex/Kadr.build/Debug-watchos/Kadr-t.build/Objects-normal/arm64/Kadr.SwiftFileList
WriteAuxiliaryFile /Users/admin/builder/spi-builder-workspace/.derivedData/Build/Intermediates.noindex/Kadr.build/Debug-watchos/Kadr-t.build/Objects-normal/arm64/Kadr.SwiftConstValuesFileList (in target 'Kadr' from project 'Kadr')
    cd /Users/admin/builder/spi-builder-workspace/.dependencies/checkouts/kadr
    write-file /Users/admin/builder/spi-builder-workspace/.derivedData/Build/Intermediates.noindex/Kadr.build/Debug-watchos/Kadr-t.build/Objects-normal/arm64/Kadr.SwiftConstValuesFileList
WriteAuxiliaryFile /Users/admin/builder/spi-builder-workspace/.derivedData/Build/Intermediates.noindex/Kadr.build/Debug-watchos/Kadr-t.build/Objects-normal/arm64/Kadr.LinkFileList (in target 'Kadr' from project 'Kadr')
    cd /Users/admin/builder/spi-builder-workspace/.dependencies/checkouts/kadr
    write-file /Users/admin/builder/spi-builder-workspace/.derivedData/Build/Intermediates.noindex/Kadr.build/Debug-watchos/Kadr-t.build/Objects-normal/arm64/Kadr.LinkFileList
Copy /Users/admin/builder/spi-builder-workspace/.derivedData/Build/Intermediates.noindex/GeneratedModuleMaps-watchos/KadrPersistence.modulemap /Users/admin/builder/spi-builder-workspace/.derivedData/Build/Intermediates.noindex/KadrPersistence.build/Debug-watchos/KadrPersistence-t.build/KadrPersistence.modulemap (in target 'KadrPersistence' from project 'KadrPersistence')
    cd /Users/admin/builder/spi-builder-workspace
    builtin-copy -exclude .DS_Store -exclude CVS -exclude .svn -exclude .git -exclude .hg -resolve-src-symlinks /Users/admin/builder/spi-builder-workspace/.derivedData/Build/Intermediates.noindex/KadrPersistence.build/Debug-watchos/KadrPersistence-t.build/KadrPersistence.modulemap /Users/admin/builder/spi-builder-workspace/.derivedData/Build/Intermediates.noindex/GeneratedModuleMaps-watchos
WriteAuxiliaryFile /Users/admin/builder/spi-builder-workspace/.derivedData/Build/Intermediates.noindex/Kadr.build/Debug-watchos/Kadr-t.build/Objects-normal/arm64/Kadr-OutputFileMap.json (in target 'Kadr' from project 'Kadr')
    cd /Users/admin/builder/spi-builder-workspace/.dependencies/checkouts/kadr
    write-file /Users/admin/builder/spi-builder-workspace/.derivedData/Build/Intermediates.noindex/Kadr.build/Debug-watchos/Kadr-t.build/Objects-normal/arm64/Kadr-OutputFileMap.json
WriteAuxiliaryFile /Users/admin/builder/spi-builder-workspace/.derivedData/Build/Intermediates.noindex/Kadr.build/Debug-watchos/Kadr-t.build/Kadr.modulemap (in target 'Kadr' from project 'Kadr')
    cd /Users/admin/builder/spi-builder-workspace/.dependencies/checkouts/kadr
    write-file /Users/admin/builder/spi-builder-workspace/.derivedData/Build/Intermediates.noindex/Kadr.build/Debug-watchos/Kadr-t.build/Kadr.modulemap
WriteAuxiliaryFile /Users/admin/builder/spi-builder-workspace/.derivedData/Build/Intermediates.noindex/Kadr.build/Debug-watchos/Kadr-t.build/Kadr.DependencyStaticMetadataFileList (in target 'Kadr' from project 'Kadr')
    cd /Users/admin/builder/spi-builder-workspace/.dependencies/checkouts/kadr
    write-file /Users/admin/builder/spi-builder-workspace/.derivedData/Build/Intermediates.noindex/Kadr.build/Debug-watchos/Kadr-t.build/Kadr.DependencyStaticMetadataFileList
WriteAuxiliaryFile /Users/admin/builder/spi-builder-workspace/.derivedData/Build/Intermediates.noindex/Kadr.build/Debug-watchos/Kadr-t.build/Kadr.DependencyMetadataFileList (in target 'Kadr' from project 'Kadr')
    cd /Users/admin/builder/spi-builder-workspace/.dependencies/checkouts/kadr
    write-file /Users/admin/builder/spi-builder-workspace/.derivedData/Build/Intermediates.noindex/Kadr.build/Debug-watchos/Kadr-t.build/Kadr.DependencyMetadataFileList
Copy /Users/admin/builder/spi-builder-workspace/.derivedData/Build/Intermediates.noindex/GeneratedModuleMaps-watchos/Kadr.modulemap /Users/admin/builder/spi-builder-workspace/.derivedData/Build/Intermediates.noindex/Kadr.build/Debug-watchos/Kadr-t.build/Kadr.modulemap (in target 'Kadr' from project 'Kadr')
    cd /Users/admin/builder/spi-builder-workspace/.dependencies/checkouts/kadr
    builtin-copy -exclude .DS_Store -exclude CVS -exclude .svn -exclude .git -exclude .hg -resolve-src-symlinks /Users/admin/builder/spi-builder-workspace/.derivedData/Build/Intermediates.noindex/Kadr.build/Debug-watchos/Kadr-t.build/Kadr.modulemap /Users/admin/builder/spi-builder-workspace/.derivedData/Build/Intermediates.noindex/GeneratedModuleMaps-watchos
SwiftDriver Kadr normal arm64_32 com.apple.xcode.tools.swift.compiler (in target 'Kadr' from project 'Kadr')
    cd /Users/admin/builder/spi-builder-workspace/.swiftpm/xcode
    builtin-SwiftDriver -- /Applications/Xcode-27.0.0-Release.Candidate.app/Contents/Developer/Toolchains/XcodeDefault.xctoolchain/usr/bin/swiftc -parse-as-library -module-name Kadr -Onone @/Users/admin/builder/spi-builder-workspace/.derivedData/Build/Intermediates.noindex/Kadr.build/Debug-watchos/Kadr-t.build/Objects-normal/arm64_32/Kadr.SwiftFileList -DSWIFT_PACKAGE -DDEBUG -DSWIFT_MODULE_RESOURCE_BUNDLE_UNAVAILABLE -DXcode -enable-experimental-feature StrictConcurrency -plugin-path /Applications/Xcode-27.0.0-Release.Candidate.app/Contents/Developer/Toolchains/XcodeDefault.xctoolchain/usr/lib/swift/host/plugins/testing -enable-experimental-feature DebugDescriptionMacro -sdk /Applications/Xcode-27.0.0-Release.Candidate.app/Contents/Developer/Platforms/WatchOS.platform/Developer/SDKs/WatchOS27.0.sdk -target arm64_32-apple-watchos10.0 -g -module-cache-path /Users/admin/builder/spi-builder-workspace/.derivedData/ModuleCache.noindex -Xfrontend -serialize-debugging-options -profile-coverage-mapping -profile-generate -enable-testing -suppress-warnings -index-store-path /Users/admin/builder/spi-builder-workspace/.derivedData/Index.noindex/DataStore -Xcc -D_LIBCPP_HARDENING_MODE\=_LIBCPP_HARDENING_MODE_DEBUG -swift-version 6 -I /Users/admin/builder/spi-builder-workspace/.derivedData/Build/Products/Debug-watchos -Isystem /Applications/Xcode-27.0.0-Release.Candidate.app/Contents/Developer/Platforms/WatchOS.platform/Developer/usr/lib -F /Users/admin/builder/spi-builder-workspace/.derivedData/Build/Products/Debug-watchos -F /Applications/Xcode-27.0.0-Release.Candidate.app/Contents/Developer/Platforms/WatchOS.platform/Developer/Library/Frameworks -F /Applications/Xcode-27.0.0-Release.Candidate.app/Contents/Developer/Platforms/WatchOS.platform/Developer/SDKs/WatchOS27.0.sdk/Developer/Library/Frameworks -c -j10 -enable-batch-mode -incremental -Xcc -ivfsstatcache -Xcc /Users/admin/builder/spi-builder-workspace/.derivedData/SDKStatCaches.noindex/watchos27.0-24R360-e829b21a6f8c9b70876ba0858053c04477534ef55a1706bf4c1112bbb242f0a2.sdkstatcache -output-file-map /Users/admin/builder/spi-builder-workspace/.derivedData/Build/Intermediates.noindex/Kadr.build/Debug-watchos/Kadr-t.build/Objects-normal/arm64_32/Kadr-OutputFileMap.json -save-temps -no-color-diagnostics -explicit-module-build -module-cache-path /Users/admin/builder/spi-builder-workspace/.derivedData/Build/Intermediates.noindex/SwiftExplicitPrecompiledModules -clang-scanner-module-cache-path /Users/admin/builder/spi-builder-workspace/.derivedData/ModuleCache.noindex -sdk-module-cache-path /Users/admin/builder/spi-builder-workspace/.derivedData/SDKExplicitPrecompiledModules -emit-dependencies -emit-module -emit-module-path /Users/admin/builder/spi-builder-workspace/.derivedData/Build/Intermediates.noindex/Kadr.build/Debug-watchos/Kadr-t.build/Objects-normal/arm64_32/Kadr.swiftmodule -serialize-diagnostics -dependency-scan-serialize-diagnostics-path /Users/admin/builder/spi-builder-workspace/.derivedData/Build/Intermediates.noindex/Kadr.build/Debug-watchos/Kadr-t.build/Objects-normal/arm64_32/Kadr-dependency-scan.dia -user-module-version 1.1.0 -validate-clang-modules-once -clang-build-session-file /Users/admin/builder/spi-builder-workspace/.derivedData/ModuleCache.noindex/Session.modulevalidation -Xcc -fmodules-prune-interval\=86400 -Xcc -fmodules-prune-after\=345600 -package-name kadr -emit-const-values -const-gather-protocols-list /Users/admin/builder/spi-builder-workspace/.derivedData/Build/Intermediates.noindex/Kadr.build/Debug-watchos/Kadr-t.build/Objects-normal/arm64_32/Kadr_const_extract_protocols.json -Xcc -I/Users/admin/builder/spi-builder-workspace/.derivedData/Build/Products/Debug-watchos/include -Xcc -I/Users/admin/builder/spi-builder-workspace/.derivedData/Build/Intermediates.noindex/Kadr.build/Debug-watchos/Kadr-t.build/DerivedSources-normal/arm64_32 -Xcc -I/Users/admin/builder/spi-builder-workspace/.derivedData/Build/Intermediates.noindex/Kadr.build/Debug-watchos/Kadr-t.build/DerivedSources/arm64_32 -Xcc -I/Users/admin/builder/spi-builder-workspace/.derivedData/Build/Intermediates.noindex/Kadr.build/Debug-watchos/Kadr-t.build/DerivedSources -Xcc -DSWIFT_PACKAGE -Xcc -DDEBUG\=1 -emit-objc-header -emit-objc-header-path /Users/admin/builder/spi-builder-workspace/.derivedData/Build/Intermediates.noindex/Kadr.build/Debug-watchos/Kadr-t.build/Objects-normal/arm64_32/Kadr-Swift.h -working-directory /Users/admin/builder/spi-builder-workspace/.swiftpm/xcode -experimental-emit-module-separately -disable-cmo
/Users/admin/builder/spi-builder-workspace/.dependencies/checkouts/kadr/Sources/Kadr/DSL/Video.swift:3:8: error: Unable to resolve module dependency: 'CoreImage' (in target 'Kadr' from project 'Kadr')
    note: A dependency of main module 'Kadr'
    /Users/admin/builder/spi-builder-workspace/.dependencies/checkouts/kadr/Sources/Kadr/DSL/VideoClip.swift:3:8: note: Also imported here
    /Users/admin/builder/spi-builder-workspace/.dependencies/checkouts/kadr/Sources/Kadr/Engine/Compositor.swift:3:8: note: Also imported here
    /Users/admin/builder/spi-builder-workspace/.dependencies/checkouts/kadr/Sources/Kadr/Engine/CropCompositor.swift:2:8: note: Also imported here
    /Users/admin/builder/spi-builder-workspace/.dependencies/checkouts/kadr/Sources/Kadr/Engine/FilterProcessor.swift:2:8: note: Also imported here
    /Users/admin/builder/spi-builder-workspace/.dependencies/checkouts/kadr/Sources/Kadr/Engine/KadrVideoCompositor.swift:4:8: note: Also imported here
    /Users/admin/builder/spi-builder-workspace/.dependencies/checkouts/kadr/Sources/Kadr/Engine/MaskCompositor.swift:2:8: note: Also imported here
    /Users/admin/builder/spi-builder-workspace/.dependencies/checkouts/kadr/Sources/Kadr/Engine/MultiInputCompositor.swift:3:8: note: Also imported here
    /Users/admin/builder/spi-builder-workspace/.dependencies/checkouts/kadr/Sources/Kadr/Filters/Filter.swift:2:8: note: Also imported here
/Users/admin/builder/spi-builder-workspace/.dependencies/checkouts/kadr/Sources/Kadr/DSL/Video.swift:3:8: note: A dependency of main module 'Kadr'
import CoreImage
       ^ (in target 'Kadr' from project 'Kadr')
/Users/admin/builder/spi-builder-workspace/.dependencies/checkouts/kadr/Sources/Kadr/DSL/VideoClip.swift:3:8: note: Also imported here
import CoreImage
       ^ (in target 'Kadr' from project 'Kadr')
/Users/admin/builder/spi-builder-workspace/.dependencies/checkouts/kadr/Sources/Kadr/Engine/Compositor.swift:3:8: note: Also imported here
import CoreImage
       ^ (in target 'Kadr' from project 'Kadr')
/Users/admin/builder/spi-builder-workspace/.dependencies/checkouts/kadr/Sources/Kadr/Engine/CropCompositor.swift:2:8: note: Also imported here
import CoreImage
       ^ (in target 'Kadr' from project 'Kadr')
/Users/admin/builder/spi-builder-workspace/.dependencies/checkouts/kadr/Sources/Kadr/Engine/FilterProcessor.swift:2:8: note: Also imported here
import CoreImage
       ^ (in target 'Kadr' from project 'Kadr')
/Users/admin/builder/spi-builder-workspace/.dependencies/checkouts/kadr/Sources/Kadr/Engine/KadrVideoCompositor.swift:4:8: note: Also imported here
import CoreImage
       ^ (in target 'Kadr' from project 'Kadr')
/Users/admin/builder/spi-builder-workspace/.dependencies/checkouts/kadr/Sources/Kadr/Engine/MaskCompositor.swift:2:8: note: Also imported here
import CoreImage
       ^ (in target 'Kadr' from project 'Kadr')
/Users/admin/builder/spi-builder-workspace/.dependencies/checkouts/kadr/Sources/Kadr/Engine/MultiInputCompositor.swift:3:8: note: Also imported here
import CoreImage
       ^ (in target 'Kadr' from project 'Kadr')
/Users/admin/builder/spi-builder-workspace/.dependencies/checkouts/kadr/Sources/Kadr/Filters/Filter.swift:2:8: note: Also imported here
import CoreImage
       ^ (in target 'Kadr' from project 'Kadr')
SwiftDriver Kadr normal arm64 com.apple.xcode.tools.swift.compiler (in target 'Kadr' from project 'Kadr')
    cd /Users/admin/builder/spi-builder-workspace/.swiftpm/xcode
    builtin-SwiftDriver -- /Applications/Xcode-27.0.0-Release.Candidate.app/Contents/Developer/Toolchains/XcodeDefault.xctoolchain/usr/bin/swiftc -parse-as-library -module-name Kadr -Onone @/Users/admin/builder/spi-builder-workspace/.derivedData/Build/Intermediates.noindex/Kadr.build/Debug-watchos/Kadr-t.build/Objects-normal/arm64/Kadr.SwiftFileList -DSWIFT_PACKAGE -DDEBUG -DSWIFT_MODULE_RESOURCE_BUNDLE_UNAVAILABLE -DXcode -enable-experimental-feature StrictConcurrency -plugin-path /Applications/Xcode-27.0.0-Release.Candidate.app/Contents/Developer/Toolchains/XcodeDefault.xctoolchain/usr/lib/swift/host/plugins/testing -enable-experimental-feature DebugDescriptionMacro -sdk /Applications/Xcode-27.0.0-Release.Candidate.app/Contents/Developer/Platforms/WatchOS.platform/Developer/SDKs/WatchOS27.0.sdk -target arm64-apple-watchos10.0 -g -module-cache-path /Users/admin/builder/spi-builder-workspace/.derivedData/ModuleCache.noindex -Xfrontend -serialize-debugging-options -profile-coverage-mapping -profile-generate -enable-testing -suppress-warnings -index-store-path /Users/admin/builder/spi-builder-workspace/.derivedData/Index.noindex/DataStore -Xcc -D_LIBCPP_HARDENING_MODE\=_LIBCPP_HARDENING_MODE_DEBUG -swift-version 6 -I /Users/admin/builder/spi-builder-workspace/.derivedData/Build/Products/Debug-watchos -Isystem /Applications/Xcode-27.0.0-Release.Candidate.app/Contents/Developer/Platforms/WatchOS.platform/Developer/usr/lib -F /Users/admin/builder/spi-builder-workspace/.derivedData/Build/Products/Debug-watchos -F /Applications/Xcode-27.0.0-Release.Candidate.app/Contents/Developer/Platforms/WatchOS.platform/Developer/Library/Frameworks -F /Applications/Xcode-27.0.0-Release.Candidate.app/Contents/Developer/Platforms/WatchOS.platform/Developer/SDKs/WatchOS27.0.sdk/Developer/Library/Frameworks -c -j10 -enable-batch-mode -incremental -Xcc -ivfsstatcache -Xcc /Users/admin/builder/spi-builder-workspace/.derivedData/SDKStatCaches.noindex/watchos27.0-24R360-e829b21a6f8c9b70876ba0858053c04477534ef55a1706bf4c1112bbb242f0a2.sdkstatcache -output-file-map /Users/admin/builder/spi-builder-workspace/.derivedData/Build/Intermediates.noindex/Kadr.build/Debug-watchos/Kadr-t.build/Objects-normal/arm64/Kadr-OutputFileMap.json -save-temps -no-color-diagnostics -explicit-module-build -module-cache-path /Users/admin/builder/spi-builder-workspace/.derivedData/Build/Intermediates.noindex/SwiftExplicitPrecompiledModules -clang-scanner-module-cache-path /Users/admin/builder/spi-builder-workspace/.derivedData/ModuleCache.noindex -sdk-module-cache-path /Users/admin/builder/spi-builder-workspace/.derivedData/SDKExplicitPrecompiledModules -emit-dependencies -emit-module -emit-module-path /Users/admin/builder/spi-builder-workspace/.derivedData/Build/Intermediates.noindex/Kadr.build/Debug-watchos/Kadr-t.build/Objects-normal/arm64/Kadr.swiftmodule -serialize-diagnostics -dependency-scan-serialize-diagnostics-path /Users/admin/builder/spi-builder-workspace/.derivedData/Build/Intermediates.noindex/Kadr.build/Debug-watchos/Kadr-t.build/Objects-normal/arm64/Kadr-dependency-scan.dia -user-module-version 1.1.0 -validate-clang-modules-once -clang-build-session-file /Users/admin/builder/spi-builder-workspace/.derivedData/ModuleCache.noindex/Session.modulevalidation -Xcc -fmodules-prune-interval\=86400 -Xcc -fmodules-prune-after\=345600 -package-name kadr -emit-const-values -const-gather-protocols-list /Users/admin/builder/spi-builder-workspace/.derivedData/Build/Intermediates.noindex/Kadr.build/Debug-watchos/Kadr-t.build/Objects-normal/arm64/Kadr_const_extract_protocols.json -Xcc -I/Users/admin/builder/spi-builder-workspace/.derivedData/Build/Products/Debug-watchos/include -Xcc -I/Users/admin/builder/spi-builder-workspace/.derivedData/Build/Intermediates.noindex/Kadr.build/Debug-watchos/Kadr-t.build/DerivedSources-normal/arm64 -Xcc -I/Users/admin/builder/spi-builder-workspace/.derivedData/Build/Intermediates.noindex/Kadr.build/Debug-watchos/Kadr-t.build/DerivedSources/arm64 -Xcc -I/Users/admin/builder/spi-builder-workspace/.derivedData/Build/Intermediates.noindex/Kadr.build/Debug-watchos/Kadr-t.build/DerivedSources -Xcc -DSWIFT_PACKAGE -Xcc -DDEBUG\=1 -emit-objc-header -emit-objc-header-path /Users/admin/builder/spi-builder-workspace/.derivedData/Build/Intermediates.noindex/Kadr.build/Debug-watchos/Kadr-t.build/Objects-normal/arm64/Kadr-Swift.h -working-directory /Users/admin/builder/spi-builder-workspace/.swiftpm/xcode -experimental-emit-module-separately -disable-cmo
/Users/admin/builder/spi-builder-workspace/.dependencies/checkouts/kadr/Sources/Kadr/DSL/Video.swift:3:8: error: Unable to resolve module dependency: 'CoreImage' (in target 'Kadr' from project 'Kadr')
    note: A dependency of main module 'Kadr'
    /Users/admin/builder/spi-builder-workspace/.dependencies/checkouts/kadr/Sources/Kadr/DSL/VideoClip.swift:3:8: note: Also imported here
    /Users/admin/builder/spi-builder-workspace/.dependencies/checkouts/kadr/Sources/Kadr/Engine/Compositor.swift:3:8: note: Also imported here
    /Users/admin/builder/spi-builder-workspace/.dependencies/checkouts/kadr/Sources/Kadr/Engine/CropCompositor.swift:2:8: note: Also imported here
    /Users/admin/builder/spi-builder-workspace/.dependencies/checkouts/kadr/Sources/Kadr/Engine/FilterProcessor.swift:2:8: note: Also imported here
    /Users/admin/builder/spi-builder-workspace/.dependencies/checkouts/kadr/Sources/Kadr/Engine/KadrVideoCompositor.swift:4:8: note: Also imported here
    /Users/admin/builder/spi-builder-workspace/.dependencies/checkouts/kadr/Sources/Kadr/Engine/MaskCompositor.swift:2:8: note: Also imported here
    /Users/admin/builder/spi-builder-workspace/.dependencies/checkouts/kadr/Sources/Kadr/Engine/MultiInputCompositor.swift:3:8: note: Also imported here
    /Users/admin/builder/spi-builder-workspace/.dependencies/checkouts/kadr/Sources/Kadr/Filters/Filter.swift:2:8: note: Also imported here
/Users/admin/builder/spi-builder-workspace/.dependencies/checkouts/kadr/Sources/Kadr/DSL/Video.swift:3:8: note: A dependency of main module 'Kadr'
import CoreImage
       ^ (in target 'Kadr' from project 'Kadr')
/Users/admin/builder/spi-builder-workspace/.dependencies/checkouts/kadr/Sources/Kadr/DSL/VideoClip.swift:3:8: note: Also imported here
import CoreImage
       ^ (in target 'Kadr' from project 'Kadr')
/Users/admin/builder/spi-builder-workspace/.dependencies/checkouts/kadr/Sources/Kadr/Engine/Compositor.swift:3:8: note: Also imported here
import CoreImage
       ^ (in target 'Kadr' from project 'Kadr')
/Users/admin/builder/spi-builder-workspace/.dependencies/checkouts/kadr/Sources/Kadr/Engine/CropCompositor.swift:2:8: note: Also imported here
import CoreImage
       ^ (in target 'Kadr' from project 'Kadr')
/Users/admin/builder/spi-builder-workspace/.dependencies/checkouts/kadr/Sources/Kadr/Engine/FilterProcessor.swift:2:8: note: Also imported here
import CoreImage
       ^ (in target 'Kadr' from project 'Kadr')
/Users/admin/builder/spi-builder-workspace/.dependencies/checkouts/kadr/Sources/Kadr/Engine/KadrVideoCompositor.swift:4:8: note: Also imported here
import CoreImage
       ^ (in target 'Kadr' from project 'Kadr')
/Users/admin/builder/spi-builder-workspace/.dependencies/checkouts/kadr/Sources/Kadr/Engine/MaskCompositor.swift:2:8: note: Also imported here
import CoreImage
       ^ (in target 'Kadr' from project 'Kadr')
/Users/admin/builder/spi-builder-workspace/.dependencies/checkouts/kadr/Sources/Kadr/Engine/MultiInputCompositor.swift:3:8: note: Also imported here
import CoreImage
       ^ (in target 'Kadr' from project 'Kadr')
/Users/admin/builder/spi-builder-workspace/.dependencies/checkouts/kadr/Sources/Kadr/Filters/Filter.swift:2:8: note: Also imported here
import CoreImage
       ^ (in target 'Kadr' from project 'Kadr')
PruneExplicitPrecompiledModules /Users/admin/builder/spi-builder-workspace/.derivedData/Build/Intermediates.noindex/ExplicitPrecompiledModules
PruneExplicitPrecompiledModules /Users/admin/builder/spi-builder-workspace/.derivedData/Build/Intermediates.noindex/SwiftExplicitPrecompiledModules
PruneExplicitPrecompiledModules /Users/admin/builder/spi-builder-workspace/.derivedData/SDKExplicitPrecompiledModules
2026-09-27 16:00:45.782 xcodebuild[719:4328] [MT] IDERunDestination: Supported platforms for the buildables in the current scheme is empty.
** BUILD FAILED **
The following build commands failed:
	SwiftDriver Kadr normal arm64_32 com.apple.xcode.tools.swift.compiler (in target 'Kadr' from project 'Kadr')
	SwiftDriver Kadr normal arm64 com.apple.xcode.tools.swift.compiler (in target 'Kadr' from project 'Kadr')
	Building workspace KadrPersistence with scheme KadrPersistence
(3 failures)
Command line invocation:
    /Applications/Xcode-27.0.0-Release.Candidate.app/Contents/Developer/usr/bin/xcodebuild -IDEClonedSourcePackagesDirPathOverride=/Users/admin/builder/spi-builder-workspace/.dependencies -resolvePackageDependencies
Resolve Package Graph
Resolved source packages:
  Kadr: https://github.com/SteliyanH/kadr.git @ 1.1.0
  KadrPersistence: /Users/admin/builder/spi-builder-workspace
resolved source packages: Kadr, KadrPersistence
2026-09-27 16:00:49.593 xcodebuild[742:4640] [MT] IDERunDestination: Supported platforms for the buildables in the current scheme is empty.
{
  "dependencies" : [
    {
      "identity" : "kadr",
      "requirement" : {
        "range" : [
          {
            "lower_bound" : "1.0.0",
            "upper_bound" : "2.0.0"
          }
        ]
      },
      "type" : "sourceControl",
      "url" : "https://github.com/SteliyanH/kadr.git"
    }
  ],
  "manifest_display_name" : "KadrPersistence",
  "name" : "KadrPersistence",
  "path" : "/Users/admin/builder/spi-builder-workspace",
  "platforms" : [
    {
      "name" : "ios",
      "version" : "17.0"
    },
    {
      "name" : "macos",
      "version" : "14.0"
    },
    {
      "name" : "tvos",
      "version" : "17.0"
    },
    {
      "name" : "visionos",
      "version" : "1.0"
    }
  ],
  "products" : [
    {
      "name" : "KadrPersistence",
      "targets" : [
        "KadrPersistence"
      ],
      "type" : {
        "library" : [
          "automatic"
        ]
      }
    }
  ],
  "targets" : [
    {
      "c99name" : "KadrPersistenceTests",
      "module_type" : "SwiftTarget",
      "name" : "KadrPersistenceTests",
      "path" : "Tests/KadrPersistenceTests",
      "resources" : [
        {
          "path" : "/Users/admin/builder/spi-builder-workspace/Tests/KadrPersistenceTests/Fixtures",
          "rule" : {
            "copy" : {
            }
          }
        }
      ],
      "sources" : [
        "CompletenessTests.swift",
        "FileImageStoreTests.swift",
        "FixtureCorpusTests.swift",
        "FixtureGeneration.swift",
        "LossTests.swift",
        "PrefetchedImageStoreTests.swift",
        "RoundTripTests.swift",
        "SchemaMigrationTests.swift",
        "SchemaTests.swift",
        "TestSupport.swift",
        "TextAnimationTests.swift"
      ],
      "target_dependencies" : [
        "KadrPersistence"
      ],
      "type" : "test"
    },
    {
      "c99name" : "KadrPersistence",
      "module_type" : "SwiftTarget",
      "name" : "KadrPersistence",
      "path" : "Sources/KadrPersistence",
      "product_dependencies" : [
        "Kadr"
      ],
      "product_memberships" : [
        "KadrPersistence"
      ],
      "sources" : [
        "DocumentTypes.swift",
        "Encoding+Values.swift",
        "Encoding.swift",
        "FileImageStore.swift",
        "ImageStore.swift",
        "Lossy.swift",
        "PersistenceError.swift",
        "PrefetchedImageStore.swift",
        "SchemaMigration.swift"
      ],
      "type" : "library"
    }
  ],
  "tools_version" : "6.0"
}
{
  "workspace" : {
    "name" : "KadrPersistence",
    "schemes" : [
      "KadrPersistence"
    ]
  }
}
2026-09-27 16:00:50.993 xcodebuild[750:4701] [MT] IDERunDestination: Supported platforms for the buildables in the current scheme is empty.
Running build ...
env DEVELOPER_DIR=/Applications/Xcode-27.0.0-Release.Candidate.app xcrun xcodebuild -IDEClonedSourcePackagesDirPathOverride=$PWD/.dependencies -skipMacroValidation -skipPackagePluginValidation -derivedDataPath $PWD/.derivedData build -scheme KadrPersistence -destination generic/platform=watchOS
Command line invocation:
    /Applications/Xcode-27.0.0-Release.Candidate.app/Contents/Developer/usr/bin/xcodebuild -IDEClonedSourcePackagesDirPathOverride=/Users/admin/builder/spi-builder-workspace/.dependencies -skipMacroValidation -skipPackagePluginValidation -derivedDataPath /Users/admin/builder/spi-builder-workspace/.derivedData build -scheme KadrPersistence -destination generic/platform=watchOS
Resolve Package Graph
Resolved source packages:
  Kadr: https://github.com/SteliyanH/kadr.git @ 1.1.0
  KadrPersistence: /Users/admin/builder/spi-builder-workspace
ComputePackagePrebuildTargetDependencyGraph
Prepare packages
CreateBuildRequest
SendProjectDescription
CreateBuildOperation
ComputeTargetDependencyGraph
note: Building targets in dependency order
note: Target dependency graph (4 targets)
    Target 'KadrPersistence-product' in project 'KadrPersistence'
        ➜ Explicit dependency on target 'KadrPersistence' in project 'KadrPersistence'
        ➜ Explicit dependency on target 'Kadr-product' in project 'Kadr'
    Target 'KadrPersistence' in project 'KadrPersistence'
        ➜ Explicit dependency on target 'Kadr-product' in project 'Kadr'
    Target 'Kadr-product' in project 'Kadr'
        ➜ Explicit dependency on target 'Kadr' in project 'Kadr'
    Target 'Kadr' in project 'Kadr' (no dependencies)
GatherProvisioningInputs
CreateBuildDescription
ClangStatCache /Applications/Xcode-27.0.0-Release.Candidate.app/Contents/Developer/Toolchains/XcodeDefault.xctoolchain/usr/bin/clang-stat-cache /Applications/Xcode-27.0.0-Release.Candidate.app/Contents/Developer/Platforms/WatchOS.platform/Developer/SDKs/WatchOS27.0.sdk /Users/admin/builder/spi-builder-workspace/.derivedData/SDKStatCaches.noindex/watchos27.0-24R360-e829b21a6f8c9b70876ba0858053c04477534ef55a1706bf4c1112bbb242f0a2.sdkstatcache
    cd /Users/admin/builder/spi-builder-workspace/.swiftpm/xcode
    /Applications/Xcode-27.0.0-Release.Candidate.app/Contents/Developer/Toolchains/XcodeDefault.xctoolchain/usr/bin/clang-stat-cache /Applications/Xcode-27.0.0-Release.Candidate.app/Contents/Developer/Platforms/WatchOS.platform/Developer/SDKs/WatchOS27.0.sdk -o /Users/admin/builder/spi-builder-workspace/.derivedData/SDKStatCaches.noindex/watchos27.0-24R360-e829b21a6f8c9b70876ba0858053c04477534ef55a1706bf4c1112bbb242f0a2.sdkstatcache
SwiftDriver Kadr normal arm64_32 com.apple.xcode.tools.swift.compiler (in target 'Kadr' from project 'Kadr')
    cd /Users/admin/builder/spi-builder-workspace/.swiftpm/xcode
    builtin-SwiftDriver -- /Applications/Xcode-27.0.0-Release.Candidate.app/Contents/Developer/Toolchains/XcodeDefault.xctoolchain/usr/bin/swiftc -parse-as-library -module-name Kadr -Onone @/Users/admin/builder/spi-builder-workspace/.derivedData/Build/Intermediates.noindex/Kadr.build/Debug-watchos/Kadr-t.build/Objects-normal/arm64_32/Kadr.SwiftFileList -DSWIFT_PACKAGE -DDEBUG -DSWIFT_MODULE_RESOURCE_BUNDLE_UNAVAILABLE -DXcode -enable-experimental-feature StrictConcurrency -plugin-path /Applications/Xcode-27.0.0-Release.Candidate.app/Contents/Developer/Toolchains/XcodeDefault.xctoolchain/usr/lib/swift/host/plugins/testing -enable-experimental-feature DebugDescriptionMacro -sdk /Applications/Xcode-27.0.0-Release.Candidate.app/Contents/Developer/Platforms/WatchOS.platform/Developer/SDKs/WatchOS27.0.sdk -target arm64_32-apple-watchos10.0 -g -module-cache-path /Users/admin/builder/spi-builder-workspace/.derivedData/ModuleCache.noindex -Xfrontend -serialize-debugging-options -profile-coverage-mapping -profile-generate -enable-testing -suppress-warnings -index-store-path /Users/admin/builder/spi-builder-workspace/.derivedData/Index.noindex/DataStore -Xcc -D_LIBCPP_HARDENING_MODE\=_LIBCPP_HARDENING_MODE_DEBUG -swift-version 6 -I /Users/admin/builder/spi-builder-workspace/.derivedData/Build/Products/Debug-watchos -Isystem /Applications/Xcode-27.0.0-Release.Candidate.app/Contents/Developer/Platforms/WatchOS.platform/Developer/usr/lib -F /Users/admin/builder/spi-builder-workspace/.derivedData/Build/Products/Debug-watchos -F /Applications/Xcode-27.0.0-Release.Candidate.app/Contents/Developer/Platforms/WatchOS.platform/Developer/Library/Frameworks -F /Applications/Xcode-27.0.0-Release.Candidate.app/Contents/Developer/Platforms/WatchOS.platform/Developer/SDKs/WatchOS27.0.sdk/Developer/Library/Frameworks -c -j10 -enable-batch-mode -incremental -Xcc -ivfsstatcache -Xcc /Users/admin/builder/spi-builder-workspace/.derivedData/SDKStatCaches.noindex/watchos27.0-24R360-e829b21a6f8c9b70876ba0858053c04477534ef55a1706bf4c1112bbb242f0a2.sdkstatcache -output-file-map /Users/admin/builder/spi-builder-workspace/.derivedData/Build/Intermediates.noindex/Kadr.build/Debug-watchos/Kadr-t.build/Objects-normal/arm64_32/Kadr-OutputFileMap.json -save-temps -no-color-diagnostics -explicit-module-build -module-cache-path /Users/admin/builder/spi-builder-workspace/.derivedData/Build/Intermediates.noindex/SwiftExplicitPrecompiledModules -clang-scanner-module-cache-path /Users/admin/builder/spi-builder-workspace/.derivedData/ModuleCache.noindex -sdk-module-cache-path /Users/admin/builder/spi-builder-workspace/.derivedData/SDKExplicitPrecompiledModules -emit-dependencies -emit-module -emit-module-path /Users/admin/builder/spi-builder-workspace/.derivedData/Build/Intermediates.noindex/Kadr.build/Debug-watchos/Kadr-t.build/Objects-normal/arm64_32/Kadr.swiftmodule -serialize-diagnostics -dependency-scan-serialize-diagnostics-path /Users/admin/builder/spi-builder-workspace/.derivedData/Build/Intermediates.noindex/Kadr.build/Debug-watchos/Kadr-t.build/Objects-normal/arm64_32/Kadr-dependency-scan.dia -user-module-version 1.1.0 -validate-clang-modules-once -clang-build-session-file /Users/admin/builder/spi-builder-workspace/.derivedData/ModuleCache.noindex/Session.modulevalidation -Xcc -fmodules-prune-interval\=86400 -Xcc -fmodules-prune-after\=345600 -package-name kadr -emit-const-values -const-gather-protocols-list /Users/admin/builder/spi-builder-workspace/.derivedData/Build/Intermediates.noindex/Kadr.build/Debug-watchos/Kadr-t.build/Objects-normal/arm64_32/Kadr_const_extract_protocols.json -Xcc -I/Users/admin/builder/spi-builder-workspace/.derivedData/Build/Products/Debug-watchos/include -Xcc -I/Users/admin/builder/spi-builder-workspace/.derivedData/Build/Intermediates.noindex/Kadr.build/Debug-watchos/Kadr-t.build/DerivedSources-normal/arm64_32 -Xcc -I/Users/admin/builder/spi-builder-workspace/.derivedData/Build/Intermediates.noindex/Kadr.build/Debug-watchos/Kadr-t.build/DerivedSources/arm64_32 -Xcc -I/Users/admin/builder/spi-builder-workspace/.derivedData/Build/Intermediates.noindex/Kadr.build/Debug-watchos/Kadr-t.build/DerivedSources -Xcc -DSWIFT_PACKAGE -Xcc -DDEBUG\=1 -emit-objc-header -emit-objc-header-path /Users/admin/builder/spi-builder-workspace/.derivedData/Build/Intermediates.noindex/Kadr.build/Debug-watchos/Kadr-t.build/Objects-normal/arm64_32/Kadr-Swift.h -working-directory /Users/admin/builder/spi-builder-workspace/.swiftpm/xcode -experimental-emit-module-separately -disable-cmo
/Users/admin/builder/spi-builder-workspace/.dependencies/checkouts/kadr/Sources/Kadr/DSL/Video.swift:3:8: error: Unable to resolve module dependency: 'CoreImage' (in target 'Kadr' from project 'Kadr')
    note: A dependency of main module 'Kadr'
    /Users/admin/builder/spi-builder-workspace/.dependencies/checkouts/kadr/Sources/Kadr/DSL/VideoClip.swift:3:8: note: Also imported here
    /Users/admin/builder/spi-builder-workspace/.dependencies/checkouts/kadr/Sources/Kadr/Engine/Compositor.swift:3:8: note: Also imported here
    /Users/admin/builder/spi-builder-workspace/.dependencies/checkouts/kadr/Sources/Kadr/Engine/CropCompositor.swift:2:8: note: Also imported here
    /Users/admin/builder/spi-builder-workspace/.dependencies/checkouts/kadr/Sources/Kadr/Engine/FilterProcessor.swift:2:8: note: Also imported here
    /Users/admin/builder/spi-builder-workspace/.dependencies/checkouts/kadr/Sources/Kadr/Engine/KadrVideoCompositor.swift:4:8: note: Also imported here
    /Users/admin/builder/spi-builder-workspace/.dependencies/checkouts/kadr/Sources/Kadr/Engine/MaskCompositor.swift:2:8: note: Also imported here
    /Users/admin/builder/spi-builder-workspace/.dependencies/checkouts/kadr/Sources/Kadr/Engine/MultiInputCompositor.swift:3:8: note: Also imported here
    /Users/admin/builder/spi-builder-workspace/.dependencies/checkouts/kadr/Sources/Kadr/Filters/Filter.swift:2:8: note: Also imported here
/Users/admin/builder/spi-builder-workspace/.dependencies/checkouts/kadr/Sources/Kadr/DSL/Video.swift:3:8: note: A dependency of main module 'Kadr'
import CoreImage
       ^ (in target 'Kadr' from project 'Kadr')
/Users/admin/builder/spi-builder-workspace/.dependencies/checkouts/kadr/Sources/Kadr/DSL/VideoClip.swift:3:8: note: Also imported here
import CoreImage
       ^ (in target 'Kadr' from project 'Kadr')
/Users/admin/builder/spi-builder-workspace/.dependencies/checkouts/kadr/Sources/Kadr/Engine/Compositor.swift:3:8: note: Also imported here
import CoreImage
       ^ (in target 'Kadr' from project 'Kadr')
/Users/admin/builder/spi-builder-workspace/.dependencies/checkouts/kadr/Sources/Kadr/Engine/CropCompositor.swift:2:8: note: Also imported here
import CoreImage
       ^ (in target 'Kadr' from project 'Kadr')
/Users/admin/builder/spi-builder-workspace/.dependencies/checkouts/kadr/Sources/Kadr/Engine/FilterProcessor.swift:2:8: note: Also imported here
import CoreImage
       ^ (in target 'Kadr' from project 'Kadr')
/Users/admin/builder/spi-builder-workspace/.dependencies/checkouts/kadr/Sources/Kadr/Engine/KadrVideoCompositor.swift:4:8: note: Also imported here
import CoreImage
       ^ (in target 'Kadr' from project 'Kadr')
/Users/admin/builder/spi-builder-workspace/.dependencies/checkouts/kadr/Sources/Kadr/Engine/MaskCompositor.swift:2:8: note: Also imported here
import CoreImage
       ^ (in target 'Kadr' from project 'Kadr')
/Users/admin/builder/spi-builder-workspace/.dependencies/checkouts/kadr/Sources/Kadr/Engine/MultiInputCompositor.swift:3:8: note: Also imported here
import CoreImage
       ^ (in target 'Kadr' from project 'Kadr')
/Users/admin/builder/spi-builder-workspace/.dependencies/checkouts/kadr/Sources/Kadr/Filters/Filter.swift:2:8: note: Also imported here
import CoreImage
       ^ (in target 'Kadr' from project 'Kadr')
SwiftDriver Kadr normal arm64 com.apple.xcode.tools.swift.compiler (in target 'Kadr' from project 'Kadr')
    cd /Users/admin/builder/spi-builder-workspace/.swiftpm/xcode
    builtin-SwiftDriver -- /Applications/Xcode-27.0.0-Release.Candidate.app/Contents/Developer/Toolchains/XcodeDefault.xctoolchain/usr/bin/swiftc -parse-as-library -module-name Kadr -Onone @/Users/admin/builder/spi-builder-workspace/.derivedData/Build/Intermediates.noindex/Kadr.build/Debug-watchos/Kadr-t.build/Objects-normal/arm64/Kadr.SwiftFileList -DSWIFT_PACKAGE -DDEBUG -DSWIFT_MODULE_RESOURCE_BUNDLE_UNAVAILABLE -DXcode -enable-experimental-feature StrictConcurrency -plugin-path /Applications/Xcode-27.0.0-Release.Candidate.app/Contents/Developer/Toolchains/XcodeDefault.xctoolchain/usr/lib/swift/host/plugins/testing -enable-experimental-feature DebugDescriptionMacro -sdk /Applications/Xcode-27.0.0-Release.Candidate.app/Contents/Developer/Platforms/WatchOS.platform/Developer/SDKs/WatchOS27.0.sdk -target arm64-apple-watchos10.0 -g -module-cache-path /Users/admin/builder/spi-builder-workspace/.derivedData/ModuleCache.noindex -Xfrontend -serialize-debugging-options -profile-coverage-mapping -profile-generate -enable-testing -suppress-warnings -index-store-path /Users/admin/builder/spi-builder-workspace/.derivedData/Index.noindex/DataStore -Xcc -D_LIBCPP_HARDENING_MODE\=_LIBCPP_HARDENING_MODE_DEBUG -swift-version 6 -I /Users/admin/builder/spi-builder-workspace/.derivedData/Build/Products/Debug-watchos -Isystem /Applications/Xcode-27.0.0-Release.Candidate.app/Contents/Developer/Platforms/WatchOS.platform/Developer/usr/lib -F /Users/admin/builder/spi-builder-workspace/.derivedData/Build/Products/Debug-watchos -F /Applications/Xcode-27.0.0-Release.Candidate.app/Contents/Developer/Platforms/WatchOS.platform/Developer/Library/Frameworks -F /Applications/Xcode-27.0.0-Release.Candidate.app/Contents/Developer/Platforms/WatchOS.platform/Developer/SDKs/WatchOS27.0.sdk/Developer/Library/Frameworks -c -j10 -enable-batch-mode -incremental -Xcc -ivfsstatcache -Xcc /Users/admin/builder/spi-builder-workspace/.derivedData/SDKStatCaches.noindex/watchos27.0-24R360-e829b21a6f8c9b70876ba0858053c04477534ef55a1706bf4c1112bbb242f0a2.sdkstatcache -output-file-map /Users/admin/builder/spi-builder-workspace/.derivedData/Build/Intermediates.noindex/Kadr.build/Debug-watchos/Kadr-t.build/Objects-normal/arm64/Kadr-OutputFileMap.json -save-temps -no-color-diagnostics -explicit-module-build -module-cache-path /Users/admin/builder/spi-builder-workspace/.derivedData/Build/Intermediates.noindex/SwiftExplicitPrecompiledModules -clang-scanner-module-cache-path /Users/admin/builder/spi-builder-workspace/.derivedData/ModuleCache.noindex -sdk-module-cache-path /Users/admin/builder/spi-builder-workspace/.derivedData/SDKExplicitPrecompiledModules -emit-dependencies -emit-module -emit-module-path /Users/admin/builder/spi-builder-workspace/.derivedData/Build/Intermediates.noindex/Kadr.build/Debug-watchos/Kadr-t.build/Objects-normal/arm64/Kadr.swiftmodule -serialize-diagnostics -dependency-scan-serialize-diagnostics-path /Users/admin/builder/spi-builder-workspace/.derivedData/Build/Intermediates.noindex/Kadr.build/Debug-watchos/Kadr-t.build/Objects-normal/arm64/Kadr-dependency-scan.dia -user-module-version 1.1.0 -validate-clang-modules-once -clang-build-session-file /Users/admin/builder/spi-builder-workspace/.derivedData/ModuleCache.noindex/Session.modulevalidation -Xcc -fmodules-prune-interval\=86400 -Xcc -fmodules-prune-after\=345600 -package-name kadr -emit-const-values -const-gather-protocols-list /Users/admin/builder/spi-builder-workspace/.derivedData/Build/Intermediates.noindex/Kadr.build/Debug-watchos/Kadr-t.build/Objects-normal/arm64/Kadr_const_extract_protocols.json -Xcc -I/Users/admin/builder/spi-builder-workspace/.derivedData/Build/Products/Debug-watchos/include -Xcc -I/Users/admin/builder/spi-builder-workspace/.derivedData/Build/Intermediates.noindex/Kadr.build/Debug-watchos/Kadr-t.build/DerivedSources-normal/arm64 -Xcc -I/Users/admin/builder/spi-builder-workspace/.derivedData/Build/Intermediates.noindex/Kadr.build/Debug-watchos/Kadr-t.build/DerivedSources/arm64 -Xcc -I/Users/admin/builder/spi-builder-workspace/.derivedData/Build/Intermediates.noindex/Kadr.build/Debug-watchos/Kadr-t.build/DerivedSources -Xcc -DSWIFT_PACKAGE -Xcc -DDEBUG\=1 -emit-objc-header -emit-objc-header-path /Users/admin/builder/spi-builder-workspace/.derivedData/Build/Intermediates.noindex/Kadr.build/Debug-watchos/Kadr-t.build/Objects-normal/arm64/Kadr-Swift.h -working-directory /Users/admin/builder/spi-builder-workspace/.swiftpm/xcode -experimental-emit-module-separately -disable-cmo
/Users/admin/builder/spi-builder-workspace/.dependencies/checkouts/kadr/Sources/Kadr/DSL/Video.swift:3:8: error: Unable to resolve module dependency: 'CoreImage' (in target 'Kadr' from project 'Kadr')
    note: A dependency of main module 'Kadr'
    /Users/admin/builder/spi-builder-workspace/.dependencies/checkouts/kadr/Sources/Kadr/DSL/VideoClip.swift:3:8: note: Also imported here
    /Users/admin/builder/spi-builder-workspace/.dependencies/checkouts/kadr/Sources/Kadr/Engine/Compositor.swift:3:8: note: Also imported here
    /Users/admin/builder/spi-builder-workspace/.dependencies/checkouts/kadr/Sources/Kadr/Engine/CropCompositor.swift:2:8: note: Also imported here
    /Users/admin/builder/spi-builder-workspace/.dependencies/checkouts/kadr/Sources/Kadr/Engine/FilterProcessor.swift:2:8: note: Also imported here
    /Users/admin/builder/spi-builder-workspace/.dependencies/checkouts/kadr/Sources/Kadr/Engine/KadrVideoCompositor.swift:4:8: note: Also imported here
    /Users/admin/builder/spi-builder-workspace/.dependencies/checkouts/kadr/Sources/Kadr/Engine/MaskCompositor.swift:2:8: note: Also imported here
    /Users/admin/builder/spi-builder-workspace/.dependencies/checkouts/kadr/Sources/Kadr/Engine/MultiInputCompositor.swift:3:8: note: Also imported here
    /Users/admin/builder/spi-builder-workspace/.dependencies/checkouts/kadr/Sources/Kadr/Filters/Filter.swift:2:8: note: Also imported here
/Users/admin/builder/spi-builder-workspace/.dependencies/checkouts/kadr/Sources/Kadr/DSL/Video.swift:3:8: note: A dependency of main module 'Kadr'
import CoreImage
       ^ (in target 'Kadr' from project 'Kadr')
/Users/admin/builder/spi-builder-workspace/.dependencies/checkouts/kadr/Sources/Kadr/DSL/VideoClip.swift:3:8: note: Also imported here
import CoreImage
       ^ (in target 'Kadr' from project 'Kadr')
/Users/admin/builder/spi-builder-workspace/.dependencies/checkouts/kadr/Sources/Kadr/Engine/Compositor.swift:3:8: note: Also imported here
import CoreImage
       ^ (in target 'Kadr' from project 'Kadr')
/Users/admin/builder/spi-builder-workspace/.dependencies/checkouts/kadr/Sources/Kadr/Engine/CropCompositor.swift:2:8: note: Also imported here
import CoreImage
       ^ (in target 'Kadr' from project 'Kadr')
/Users/admin/builder/spi-builder-workspace/.dependencies/checkouts/kadr/Sources/Kadr/Engine/FilterProcessor.swift:2:8: note: Also imported here
import CoreImage
       ^ (in target 'Kadr' from project 'Kadr')
/Users/admin/builder/spi-builder-workspace/.dependencies/checkouts/kadr/Sources/Kadr/Engine/KadrVideoCompositor.swift:4:8: note: Also imported here
import CoreImage
       ^ (in target 'Kadr' from project 'Kadr')
/Users/admin/builder/spi-builder-workspace/.dependencies/checkouts/kadr/Sources/Kadr/Engine/MaskCompositor.swift:2:8: note: Also imported here
import CoreImage
       ^ (in target 'Kadr' from project 'Kadr')
/Users/admin/builder/spi-builder-workspace/.dependencies/checkouts/kadr/Sources/Kadr/Engine/MultiInputCompositor.swift:3:8: note: Also imported here
import CoreImage
       ^ (in target 'Kadr' from project 'Kadr')
/Users/admin/builder/spi-builder-workspace/.dependencies/checkouts/kadr/Sources/Kadr/Filters/Filter.swift:2:8: note: Also imported here
import CoreImage
       ^ (in target 'Kadr' from project 'Kadr')
PruneExplicitPrecompiledModules /Users/admin/builder/spi-builder-workspace/.derivedData/SDKExplicitPrecompiledModules
PruneExplicitPrecompiledModules /Users/admin/builder/spi-builder-workspace/.derivedData/Build/Intermediates.noindex/SwiftExplicitPrecompiledModules
PruneExplicitPrecompiledModules /Users/admin/builder/spi-builder-workspace/.derivedData/Build/Intermediates.noindex/ExplicitPrecompiledModules
2026-09-27 16:00:52.100 xcodebuild[751:4727] [MT] IDERunDestination: Supported platforms for the buildables in the current scheme is empty.
** BUILD FAILED **
The following build commands failed:
	SwiftDriver Kadr normal arm64_32 com.apple.xcode.tools.swift.compiler (in target 'Kadr' from project 'Kadr')
	SwiftDriver Kadr normal arm64 com.apple.xcode.tools.swift.compiler (in target 'Kadr' from project 'Kadr')
	Building workspace KadrPersistence with scheme KadrPersistence
(3 failures)
BUILD FAILURE 6.4 watchOS