The Swift Package Index logo.Swift Package Index

Build Information

Failed to build spm, reference 0.0.2 (90cb00), with Swift 6.1 for Wasm on 4 Sep 2026 15:32:41 UTC.

Build Command

bash -c docker run --pull=always --rm -v "checkouts-54344844-0":/host -w "$PWD" -e JAVA_HOME="/root/.sdkman/candidates/java/current" -e SPI_BUILD="1" -e SPI_PROCESSING="1" registry.gitlab.com/saguaro1/spi-images:wasm-6.1-latest swift build --swift-sdk wasm32-unknown-wasi 2>&1

Build Log

========================================
RunAll
========================================
Builder version: 5.0.2
Interrupt handler set up.
========================================
Checkout
========================================
Clone URL: https://github.com/0xwdg/spm.git
Reference: 0.0.2
Initialized empty Git repository in /host/spi-builder-workspace/.git/
hint: Using 'master' as the name for the initial branch. This default branch name
hint: is subject to change. To configure the initial branch name to use in all
hint: of your new repositories, which will suppress this warning, call:
hint:
hint: 	git config --global init.defaultBranch <name>
hint:
hint: Names commonly chosen instead of 'master' are 'main', 'trunk' and
hint: 'development'. The just-created branch can be renamed via this command:
hint:
hint: 	git branch -m <name>
From https://github.com/0xwdg/spm
 * tag               0.0.2      -> FETCH_HEAD
HEAD is now at 90cb004 Disable linux run, fix documentation deployment
Cloned https://github.com/0xwdg/spm.git
Revision (git rev-parse @):
90cb00464bfbd31d0425936bcd025db9411c3677
SPI manifest file found: $PWD/.spi.yml
SUCCESS checkout https://github.com/0xwdg/spm.git at 0.0.2
========================================
Build
========================================
Selected platform:         wasm
Swift version:             6.1
Building package at path:  $PWD
https://github.com/0xwdg/spm.git
https://github.com/0xwdg/spm.git
WARNING: environment variable SUPPRESS_SWIFT_6_FLAGS is not set
Running build ...
bash -c docker run --pull=always --rm -v "checkouts-54344844-0":/host -w "$PWD" -e JAVA_HOME="/root/.sdkman/candidates/java/current" -e SPI_BUILD="1" -e SPI_PROCESSING="1" registry.gitlab.com/saguaro1/spi-images:wasm-6.1-latest swift build --swift-sdk wasm32-unknown-wasi -Xswiftc -Xfrontend -Xswiftc -stats-output-dir -Xswiftc -Xfrontend -Xswiftc .stats -Xswiftc -strict-concurrency=complete -Xswiftc -enable-upcoming-feature -Xswiftc StrictConcurrency -Xswiftc -enable-upcoming-feature -Xswiftc DisableOutwardActorInference -Xswiftc -enable-upcoming-feature -Xswiftc GlobalActorIsolatedTypesUsability -Xswiftc -enable-upcoming-feature -Xswiftc InferSendableFromCaptures 2>&1
wasm-6.1-latest: Pulling from saguaro1/spi-images
Digest: sha256:290f441d1f5b7bf0dbbe61e8b7514208804cdcb507d57b3c762463ad036298f7
Status: Image is up to date for registry.gitlab.com/saguaro1/spi-images:wasm-6.1-latest
Building for debugging...
[0/7] Write sources
[2/7] Write swift-version-24593BA9C3E375BF.txt
error: emit-module command failed with exit code 1 (use -v to see invocation)
[4/60] Emitting module SPMCore
<unknown>:0: warning: upcoming feature 'InferSendableFromCaptures' is already enabled as of Swift version 6
<unknown>:0: warning: upcoming feature 'GlobalActorIsolatedTypesUsability' is already enabled as of Swift version 6
<unknown>:0: warning: upcoming feature 'DisableOutwardActorInference' is already enabled as of Swift version 6
/host/spi-builder-workspace/Sources/spm/helpers/CLI.swift:218:46: error: cannot find type 'Process' in scope
216 |
217 | /// Runs a process while showing an indeterminate terminal spinner.
218 | static func runProcessWithSpinner(_ process: Process, message: String) throws -> Int32 {
    |                                              `- error: cannot find type 'Process' in scope
219 |     let frames = ["-", "\\", "|", "/"]
220 |     let state = CLIProgressState()
[5/67] Compiling SPMCore XcodeObjectComment.swift
<unknown>:0: warning: upcoming feature 'InferSendableFromCaptures' is already enabled as of Swift version 6
<unknown>:0: warning: upcoming feature 'GlobalActorIsolatedTypesUsability' is already enabled as of Swift version 6
<unknown>:0: warning: upcoming feature 'DisableOutwardActorInference' is already enabled as of Swift version 6
[6/67] Compiling SPMCore XcodeObjectID.swift
<unknown>:0: warning: upcoming feature 'InferSendableFromCaptures' is already enabled as of Swift version 6
<unknown>:0: warning: upcoming feature 'GlobalActorIsolatedTypesUsability' is already enabled as of Swift version 6
<unknown>:0: warning: upcoming feature 'DisableOutwardActorInference' is already enabled as of Swift version 6
[7/67] Compiling SPMCore XcodeObjectRangeContaining.swift
<unknown>:0: warning: upcoming feature 'InferSendableFromCaptures' is already enabled as of Swift version 6
<unknown>:0: warning: upcoming feature 'GlobalActorIsolatedTypesUsability' is already enabled as of Swift version 6
<unknown>:0: warning: upcoming feature 'DisableOutwardActorInference' is already enabled as of Swift version 6
[8/67] Compiling SPMCore XcodeObjectRangeWithID.swift
<unknown>:0: warning: upcoming feature 'InferSendableFromCaptures' is already enabled as of Swift version 6
<unknown>:0: warning: upcoming feature 'GlobalActorIsolatedTypesUsability' is already enabled as of Swift version 6
<unknown>:0: warning: upcoming feature 'DisableOutwardActorInference' is already enabled as of Swift version 6
[9/67] Compiling SPMCore XcodeObjectRangesContaining.swift
<unknown>:0: warning: upcoming feature 'InferSendableFromCaptures' is already enabled as of Swift version 6
<unknown>:0: warning: upcoming feature 'GlobalActorIsolatedTypesUsability' is already enabled as of Swift version 6
<unknown>:0: warning: upcoming feature 'DisableOutwardActorInference' is already enabled as of Swift version 6
[10/67] Compiling SPMCore XcodePackageInstaller.swift
<unknown>:0: warning: upcoming feature 'InferSendableFromCaptures' is already enabled as of Swift version 6
<unknown>:0: warning: upcoming feature 'GlobalActorIsolatedTypesUsability' is already enabled as of Swift version 6
<unknown>:0: warning: upcoming feature 'DisableOutwardActorInference' is already enabled as of Swift version 6
[11/67] Compiling SPMCore XcodePackageInstallerTypes.swift
<unknown>:0: warning: upcoming feature 'InferSendableFromCaptures' is already enabled as of Swift version 6
<unknown>:0: warning: upcoming feature 'GlobalActorIsolatedTypesUsability' is already enabled as of Swift version 6
<unknown>:0: warning: upcoming feature 'DisableOutwardActorInference' is already enabled as of Swift version 6
[12/67] Compiling SPMCore PossibleSwiftPackageProductNames.swift
<unknown>:0: warning: upcoming feature 'InferSendableFromCaptures' is already enabled as of Swift version 6
<unknown>:0: warning: upcoming feature 'GlobalActorIsolatedTypesUsability' is already enabled as of Swift version 6
<unknown>:0: warning: upcoming feature 'DisableOutwardActorInference' is already enabled as of Swift version 6
[13/67] Compiling SPMCore RunXcodePackageInstallerCommand.swift
<unknown>:0: warning: upcoming feature 'InferSendableFromCaptures' is already enabled as of Swift version 6
<unknown>:0: warning: upcoming feature 'GlobalActorIsolatedTypesUsability' is already enabled as of Swift version 6
<unknown>:0: warning: upcoming feature 'DisableOutwardActorInference' is already enabled as of Swift version 6
[14/67] Compiling SPMCore SafeArraySubscript.swift
<unknown>:0: warning: upcoming feature 'InferSendableFromCaptures' is already enabled as of Swift version 6
<unknown>:0: warning: upcoming feature 'GlobalActorIsolatedTypesUsability' is already enabled as of Swift version 6
<unknown>:0: warning: upcoming feature 'DisableOutwardActorInference' is already enabled as of Swift version 6
[15/67] Compiling SPMCore SwiftPackageName.swift
<unknown>:0: warning: upcoming feature 'InferSendableFromCaptures' is already enabled as of Swift version 6
<unknown>:0: warning: upcoming feature 'GlobalActorIsolatedTypesUsability' is already enabled as of Swift version 6
<unknown>:0: warning: upcoming feature 'DisableOutwardActorInference' is already enabled as of Swift version 6
[16/67] Compiling SPMCore SwiftPackageProductDependencyObject.swift
<unknown>:0: warning: upcoming feature 'InferSendableFromCaptures' is already enabled as of Swift version 6
<unknown>:0: warning: upcoming feature 'GlobalActorIsolatedTypesUsability' is already enabled as of Swift version 6
<unknown>:0: warning: upcoming feature 'DisableOutwardActorInference' is already enabled as of Swift version 6
[17/67] Compiling SPMCore UninstallPackage.swift
<unknown>:0: warning: upcoming feature 'InferSendableFromCaptures' is already enabled as of Swift version 6
<unknown>:0: warning: upcoming feature 'GlobalActorIsolatedTypesUsability' is already enabled as of Swift version 6
<unknown>:0: warning: upcoming feature 'DisableOutwardActorInference' is already enabled as of Swift version 6
[18/67] Compiling SPMCore XcodeListBlockRange.swift
<unknown>:0: warning: upcoming feature 'InferSendableFromCaptures' is already enabled as of Swift version 6
<unknown>:0: warning: upcoming feature 'GlobalActorIsolatedTypesUsability' is already enabled as of Swift version 6
<unknown>:0: warning: upcoming feature 'DisableOutwardActorInference' is already enabled as of Swift version 6
[19/67] Compiling SPMCore MakeXcodeObjectID.swift
<unknown>:0: warning: upcoming feature 'InferSendableFromCaptures' is already enabled as of Swift version 6
<unknown>:0: warning: upcoming feature 'GlobalActorIsolatedTypesUsability' is already enabled as of Swift version 6
<unknown>:0: warning: upcoming feature 'DisableOutwardActorInference' is already enabled as of Swift version 6
[20/67] Compiling SPMCore NativeTargets.swift
<unknown>:0: warning: upcoming feature 'InferSendableFromCaptures' is already enabled as of Swift version 6
<unknown>:0: warning: upcoming feature 'GlobalActorIsolatedTypesUsability' is already enabled as of Swift version 6
<unknown>:0: warning: upcoming feature 'DisableOutwardActorInference' is already enabled as of Swift version 6
[21/67] Compiling SPMCore NormalizedSwiftPackageURL.swift
<unknown>:0: warning: upcoming feature 'InferSendableFromCaptures' is already enabled as of Swift version 6
<unknown>:0: warning: upcoming feature 'GlobalActorIsolatedTypesUsability' is already enabled as of Swift version 6
<unknown>:0: warning: upcoming feature 'DisableOutwardActorInference' is already enabled as of Swift version 6
[22/67] Compiling SPMCore PackageReferenceObject.swift
<unknown>:0: warning: upcoming feature 'InferSendableFromCaptures' is already enabled as of Swift version 6
<unknown>:0: warning: upcoming feature 'GlobalActorIsolatedTypesUsability' is already enabled as of Swift version 6
<unknown>:0: warning: upcoming feature 'DisableOutwardActorInference' is already enabled as of Swift version 6
[23/67] Compiling SPMCore PackageReferenceSection.swift
<unknown>:0: warning: upcoming feature 'InferSendableFromCaptures' is already enabled as of Swift version 6
<unknown>:0: warning: upcoming feature 'GlobalActorIsolatedTypesUsability' is already enabled as of Swift version 6
<unknown>:0: warning: upcoming feature 'DisableOutwardActorInference' is already enabled as of Swift version 6
[24/67] Compiling SPMCore PackageRequirement.swift
<unknown>:0: warning: upcoming feature 'InferSendableFromCaptures' is already enabled as of Swift version 6
<unknown>:0: warning: upcoming feature 'GlobalActorIsolatedTypesUsability' is already enabled as of Swift version 6
<unknown>:0: warning: upcoming feature 'DisableOutwardActorInference' is already enabled as of Swift version 6
[25/67] Compiling SPMCore ParseXcodePackageSemanticVersion.swift
<unknown>:0: warning: upcoming feature 'InferSendableFromCaptures' is already enabled as of Swift version 6
<unknown>:0: warning: upcoming feature 'GlobalActorIsolatedTypesUsability' is already enabled as of Swift version 6
<unknown>:0: warning: upcoming feature 'DisableOutwardActorInference' is already enabled as of Swift version 6
[26/67] Compiling SPMCore swiftLint.swift
<unknown>:0: warning: upcoming feature 'InferSendableFromCaptures' is already enabled as of Swift version 6
<unknown>:0: warning: upcoming feature 'GlobalActorIsolatedTypesUsability' is already enabled as of Swift version 6
<unknown>:0: warning: upcoming feature 'DisableOutwardActorInference' is already enabled as of Swift version 6
/host/spi-builder-workspace/Sources/spm/helpers/CLI.swift:218:46: error: cannot find type 'Process' in scope
216 |
217 | /// Runs a process while showing an indeterminate terminal spinner.
218 | static func runProcessWithSpinner(_ process: Process, message: String) throws -> Int32 {
    |                                              `- error: cannot find type 'Process' in scope
219 |     let frames = ["-", "\\", "|", "/"]
220 |     let state = CLIProgressState()
/host/spi-builder-workspace/Sources/spm/helpers/CLI.swift:228:5: error: cannot find 'DispatchQueue' in scope
226 |     }
227 |
228 |     DispatchQueue.global(qos: .userInitiated).async {
    |     `- error: cannot find 'DispatchQueue' in scope
229 |         var frameIndex = 0
230 |         while true {
/host/spi-builder-workspace/Sources/spm/helpers/CLI.swift:241:13: error: cannot find 'Thread' in scope
239 |             printC("\(frames[frameIndex % frames.count]) \(message)", terminator: "\r")
240 |             frameIndex += 1
241 |             Thread.sleep(forTimeInterval: 0.12)
    |             `- error: cannot find 'Thread' in scope
242 |         }
243 |     }
/host/spi-builder-workspace/Sources/spm/helpers/CLI.swift:228:32: error: cannot infer contextual base in reference to member 'userInitiated'
226 |     }
227 |
228 |     DispatchQueue.global(qos: .userInitiated).async {
    |                                `- error: cannot infer contextual base in reference to member 'userInitiated'
229 |         var frameIndex = 0
230 |         while true {
[27/67] Compiling SPMCore CLI.swift
<unknown>:0: warning: upcoming feature 'InferSendableFromCaptures' is already enabled as of Swift version 6
<unknown>:0: warning: upcoming feature 'GlobalActorIsolatedTypesUsability' is already enabled as of Swift version 6
<unknown>:0: warning: upcoming feature 'DisableOutwardActorInference' is already enabled as of Swift version 6
/host/spi-builder-workspace/Sources/spm/helpers/CLI.swift:218:46: error: cannot find type 'Process' in scope
216 |
217 | /// Runs a process while showing an indeterminate terminal spinner.
218 | static func runProcessWithSpinner(_ process: Process, message: String) throws -> Int32 {
    |                                              `- error: cannot find type 'Process' in scope
219 |     let frames = ["-", "\\", "|", "/"]
220 |     let state = CLIProgressState()
/host/spi-builder-workspace/Sources/spm/helpers/CLI.swift:228:5: error: cannot find 'DispatchQueue' in scope
226 |     }
227 |
228 |     DispatchQueue.global(qos: .userInitiated).async {
    |     `- error: cannot find 'DispatchQueue' in scope
229 |         var frameIndex = 0
230 |         while true {
/host/spi-builder-workspace/Sources/spm/helpers/CLI.swift:241:13: error: cannot find 'Thread' in scope
239 |             printC("\(frames[frameIndex % frames.count]) \(message)", terminator: "\r")
240 |             frameIndex += 1
241 |             Thread.sleep(forTimeInterval: 0.12)
    |             `- error: cannot find 'Thread' in scope
242 |         }
243 |     }
/host/spi-builder-workspace/Sources/spm/helpers/CLI.swift:228:32: error: cannot infer contextual base in reference to member 'userInitiated'
226 |     }
227 |
228 |     DispatchQueue.global(qos: .userInitiated).async {
    |                                `- error: cannot infer contextual base in reference to member 'userInitiated'
229 |         var frameIndex = 0
230 |         while true {
[28/67] Compiling SPMCore AddPackageProductToTarget.swift
<unknown>:0: warning: upcoming feature 'InferSendableFromCaptures' is already enabled as of Swift version 6
<unknown>:0: warning: upcoming feature 'GlobalActorIsolatedTypesUsability' is already enabled as of Swift version 6
<unknown>:0: warning: upcoming feature 'DisableOutwardActorInference' is already enabled as of Swift version 6
/host/spi-builder-workspace/Sources/spm/helpers/CLI.swift:218:46: error: cannot find type 'Process' in scope
216 |
217 | /// Runs a process while showing an indeterminate terminal spinner.
218 | static func runProcessWithSpinner(_ process: Process, message: String) throws -> Int32 {
    |                                              `- error: cannot find type 'Process' in scope
219 |     let frames = ["-", "\\", "|", "/"]
220 |     let state = CLIProgressState()
/host/spi-builder-workspace/Sources/spm/helpers/CLI.swift:228:5: error: cannot find 'DispatchQueue' in scope
226 |     }
227 |
228 |     DispatchQueue.global(qos: .userInitiated).async {
    |     `- error: cannot find 'DispatchQueue' in scope
229 |         var frameIndex = 0
230 |         while true {
/host/spi-builder-workspace/Sources/spm/helpers/CLI.swift:241:13: error: cannot find 'Thread' in scope
239 |             printC("\(frames[frameIndex % frames.count]) \(message)", terminator: "\r")
240 |             frameIndex += 1
241 |             Thread.sleep(forTimeInterval: 0.12)
    |             `- error: cannot find 'Thread' in scope
242 |         }
243 |     }
/host/spi-builder-workspace/Sources/spm/helpers/CLI.swift:228:32: error: cannot infer contextual base in reference to member 'userInitiated'
226 |     }
227 |
228 |     DispatchQueue.global(qos: .userInitiated).async {
    |                                `- error: cannot infer contextual base in reference to member 'userInitiated'
229 |         var frameIndex = 0
230 |         while true {
[29/67] Compiling SPMCore AddPackageReferenceListEntry.swift
<unknown>:0: warning: upcoming feature 'InferSendableFromCaptures' is already enabled as of Swift version 6
<unknown>:0: warning: upcoming feature 'GlobalActorIsolatedTypesUsability' is already enabled as of Swift version 6
<unknown>:0: warning: upcoming feature 'DisableOutwardActorInference' is already enabled as of Swift version 6
/host/spi-builder-workspace/Sources/spm/helpers/CLI.swift:218:46: error: cannot find type 'Process' in scope
216 |
217 | /// Runs a process while showing an indeterminate terminal spinner.
218 | static func runProcessWithSpinner(_ process: Process, message: String) throws -> Int32 {
    |                                              `- error: cannot find type 'Process' in scope
219 |     let frames = ["-", "\\", "|", "/"]
220 |     let state = CLIProgressState()
/host/spi-builder-workspace/Sources/spm/helpers/CLI.swift:228:5: error: cannot find 'DispatchQueue' in scope
226 |     }
227 |
228 |     DispatchQueue.global(qos: .userInitiated).async {
    |     `- error: cannot find 'DispatchQueue' in scope
229 |         var frameIndex = 0
230 |         while true {
/host/spi-builder-workspace/Sources/spm/helpers/CLI.swift:241:13: error: cannot find 'Thread' in scope
239 |             printC("\(frames[frameIndex % frames.count]) \(message)", terminator: "\r")
240 |             frameIndex += 1
241 |             Thread.sleep(forTimeInterval: 0.12)
    |             `- error: cannot find 'Thread' in scope
242 |         }
243 |     }
/host/spi-builder-workspace/Sources/spm/helpers/CLI.swift:228:32: error: cannot infer contextual base in reference to member 'userInitiated'
226 |     }
227 |
228 |     DispatchQueue.global(qos: .userInitiated).async {
    |                                `- error: cannot infer contextual base in reference to member 'userInitiated'
229 |         var frameIndex = 0
230 |         while true {
[30/67] Compiling SPMCore AddXcodeListEntry.swift
<unknown>:0: warning: upcoming feature 'InferSendableFromCaptures' is already enabled as of Swift version 6
<unknown>:0: warning: upcoming feature 'GlobalActorIsolatedTypesUsability' is already enabled as of Swift version 6
<unknown>:0: warning: upcoming feature 'DisableOutwardActorInference' is already enabled as of Swift version 6
/host/spi-builder-workspace/Sources/spm/helpers/CLI.swift:218:46: error: cannot find type 'Process' in scope
216 |
217 | /// Runs a process while showing an indeterminate terminal spinner.
218 | static func runProcessWithSpinner(_ process: Process, message: String) throws -> Int32 {
    |                                              `- error: cannot find type 'Process' in scope
219 |     let frames = ["-", "\\", "|", "/"]
220 |     let state = CLIProgressState()
/host/spi-builder-workspace/Sources/spm/helpers/CLI.swift:228:5: error: cannot find 'DispatchQueue' in scope
226 |     }
227 |
228 |     DispatchQueue.global(qos: .userInitiated).async {
    |     `- error: cannot find 'DispatchQueue' in scope
229 |         var frameIndex = 0
230 |         while true {
/host/spi-builder-workspace/Sources/spm/helpers/CLI.swift:241:13: error: cannot find 'Thread' in scope
239 |             printC("\(frames[frameIndex % frames.count]) \(message)", terminator: "\r")
240 |             frameIndex += 1
241 |             Thread.sleep(forTimeInterval: 0.12)
    |             `- error: cannot find 'Thread' in scope
242 |         }
243 |     }
/host/spi-builder-workspace/Sources/spm/helpers/CLI.swift:228:32: error: cannot infer contextual base in reference to member 'userInitiated'
226 |     }
227 |
228 |     DispatchQueue.global(qos: .userInitiated).async {
    |                                `- error: cannot infer contextual base in reference to member 'userInitiated'
229 |         var frameIndex = 0
230 |         while true {
[31/67] Compiling SPMCore BuildFileObject.swift
<unknown>:0: warning: upcoming feature 'InferSendableFromCaptures' is already enabled as of Swift version 6
<unknown>:0: warning: upcoming feature 'GlobalActorIsolatedTypesUsability' is already enabled as of Swift version 6
<unknown>:0: warning: upcoming feature 'DisableOutwardActorInference' is already enabled as of Swift version 6
/host/spi-builder-workspace/Sources/spm/helpers/CLI.swift:218:46: error: cannot find type 'Process' in scope
216 |
217 | /// Runs a process while showing an indeterminate terminal spinner.
218 | static func runProcessWithSpinner(_ process: Process, message: String) throws -> Int32 {
    |                                              `- error: cannot find type 'Process' in scope
219 |     let frames = ["-", "\\", "|", "/"]
220 |     let state = CLIProgressState()
/host/spi-builder-workspace/Sources/spm/helpers/CLI.swift:228:5: error: cannot find 'DispatchQueue' in scope
226 |     }
227 |
228 |     DispatchQueue.global(qos: .userInitiated).async {
    |     `- error: cannot find 'DispatchQueue' in scope
229 |         var frameIndex = 0
230 |         while true {
/host/spi-builder-workspace/Sources/spm/helpers/CLI.swift:241:13: error: cannot find 'Thread' in scope
239 |             printC("\(frames[frameIndex % frames.count]) \(message)", terminator: "\r")
240 |             frameIndex += 1
241 |             Thread.sleep(forTimeInterval: 0.12)
    |             `- error: cannot find 'Thread' in scope
242 |         }
243 |     }
/host/spi-builder-workspace/Sources/spm/helpers/CLI.swift:228:32: error: cannot infer contextual base in reference to member 'userInitiated'
226 |     }
227 |
228 |     DispatchQueue.global(qos: .userInitiated).async {
    |                                `- error: cannot infer contextual base in reference to member 'userInitiated'
229 |         var frameIndex = 0
230 |         while true {
[32/67] Compiling SPMCore DefaultBranch.swift
<unknown>:0: warning: upcoming feature 'InferSendableFromCaptures' is already enabled as of Swift version 6
<unknown>:0: warning: upcoming feature 'GlobalActorIsolatedTypesUsability' is already enabled as of Swift version 6
<unknown>:0: warning: upcoming feature 'DisableOutwardActorInference' is already enabled as of Swift version 6
/host/spi-builder-workspace/Sources/spm/helpers/CLI.swift:218:46: error: cannot find type 'Process' in scope
216 |
217 | /// Runs a process while showing an indeterminate terminal spinner.
218 | static func runProcessWithSpinner(_ process: Process, message: String) throws -> Int32 {
    |                                              `- error: cannot find type 'Process' in scope
219 |     let frames = ["-", "\\", "|", "/"]
220 |     let state = CLIProgressState()
/host/spi-builder-workspace/Sources/spm/helpers/CLI.swift:228:5: error: cannot find 'DispatchQueue' in scope
226 |     }
227 |
228 |     DispatchQueue.global(qos: .userInitiated).async {
    |     `- error: cannot find 'DispatchQueue' in scope
229 |         var frameIndex = 0
230 |         while true {
/host/spi-builder-workspace/Sources/spm/helpers/CLI.swift:241:13: error: cannot find 'Thread' in scope
239 |             printC("\(frames[frameIndex % frames.count]) \(message)", terminator: "\r")
240 |             frameIndex += 1
241 |             Thread.sleep(forTimeInterval: 0.12)
    |             `- error: cannot find 'Thread' in scope
242 |         }
243 |     }
/host/spi-builder-workspace/Sources/spm/helpers/CLI.swift:228:32: error: cannot infer contextual base in reference to member 'userInitiated'
226 |     }
227 |
228 |     DispatchQueue.global(qos: .userInitiated).async {
    |                                `- error: cannot infer contextual base in reference to member 'userInitiated'
229 |         var frameIndex = 0
230 |         while true {
[33/67] Compiling SPMCore ExistingBuildFileID.swift
<unknown>:0: warning: upcoming feature 'InferSendableFromCaptures' is already enabled as of Swift version 6
<unknown>:0: warning: upcoming feature 'GlobalActorIsolatedTypesUsability' is already enabled as of Swift version 6
<unknown>:0: warning: upcoming feature 'DisableOutwardActorInference' is already enabled as of Swift version 6
[34/67] Compiling SPMCore ExistingPackageReferenceID.swift
<unknown>:0: warning: upcoming feature 'InferSendableFromCaptures' is already enabled as of Swift version 6
<unknown>:0: warning: upcoming feature 'GlobalActorIsolatedTypesUsability' is already enabled as of Swift version 6
<unknown>:0: warning: upcoming feature 'DisableOutwardActorInference' is already enabled as of Swift version 6
[35/67] Compiling SPMCore ExistingProductDependencyID.swift
<unknown>:0: warning: upcoming feature 'InferSendableFromCaptures' is already enabled as of Swift version 6
<unknown>:0: warning: upcoming feature 'GlobalActorIsolatedTypesUsability' is already enabled as of Swift version 6
<unknown>:0: warning: upcoming feature 'DisableOutwardActorInference' is already enabled as of Swift version 6
[36/67] Compiling SPMCore FindXcodeProject.swift
<unknown>:0: warning: upcoming feature 'InferSendableFromCaptures' is already enabled as of Swift version 6
<unknown>:0: warning: upcoming feature 'GlobalActorIsolatedTypesUsability' is already enabled as of Swift version 6
<unknown>:0: warning: upcoming feature 'DisableOutwardActorInference' is already enabled as of Swift version 6
[37/67] Compiling SPMCore InsertPackageReferenceObject.swift
<unknown>:0: warning: upcoming feature 'InferSendableFromCaptures' is already enabled as of Swift version 6
<unknown>:0: warning: upcoming feature 'GlobalActorIsolatedTypesUsability' is already enabled as of Swift version 6
<unknown>:0: warning: upcoming feature 'DisableOutwardActorInference' is already enabled as of Swift version 6
[38/67] Compiling SPMCore InsertXcodeObject.swift
<unknown>:0: warning: upcoming feature 'InferSendableFromCaptures' is already enabled as of Swift version 6
<unknown>:0: warning: upcoming feature 'GlobalActorIsolatedTypesUsability' is already enabled as of Swift version 6
<unknown>:0: warning: upcoming feature 'DisableOutwardActorInference' is already enabled as of Swift version 6
[39/67] Compiling SPMCore LibraryProducts.swift
<unknown>:0: warning: upcoming feature 'InferSendableFromCaptures' is already enabled as of Swift version 6
<unknown>:0: warning: upcoming feature 'GlobalActorIsolatedTypesUsability' is already enabled as of Swift version 6
<unknown>:0: warning: upcoming feature 'DisableOutwardActorInference' is already enabled as of Swift version 6
[40/67] Compiling SPMCore FileTransaction.swift
<unknown>:0: warning: upcoming feature 'InferSendableFromCaptures' is already enabled as of Swift version 6
<unknown>:0: warning: upcoming feature 'GlobalActorIsolatedTypesUsability' is already enabled as of Swift version 6
<unknown>:0: warning: upcoming feature 'DisableOutwardActorInference' is already enabled as of Swift version 6
/host/spi-builder-workspace/Sources/spm/ProcessRunner.swift:54:23: error: cannot find 'Process' in scope
 52 |         timeout: TimeInterval = 120
 53 |     ) throws -> ProcessResult {
 54 |         let process = Process()
    |                       `- error: cannot find 'Process' in scope
 55 |         let outputPipe = Pipe()
 56 |         let errorPipe = Pipe()
/host/spi-builder-workspace/Sources/spm/ProcessRunner.swift:66:41: error: value of type 'FileHandle' has no member 'readabilityHandler'
 64 |         process.standardError = errorPipe
 65 |
 66 |         outputPipe.fileHandleForReading.readabilityHandler = { handle in
    |                                         `- error: value of type 'FileHandle' has no member 'readabilityHandler'
 67 |             outputBuffer.append(handle.availableData)
 68 |         }
/host/spi-builder-workspace/Sources/spm/ProcessRunner.swift:66:64: error: cannot infer type of closure parameter 'handle' without a type annotation
 64 |         process.standardError = errorPipe
 65 |
 66 |         outputPipe.fileHandleForReading.readabilityHandler = { handle in
    |                                                                `- error: cannot infer type of closure parameter 'handle' without a type annotation
 67 |             outputBuffer.append(handle.availableData)
 68 |         }
/host/spi-builder-workspace/Sources/spm/ProcessRunner.swift:69:40: error: value of type 'FileHandle' has no member 'readabilityHandler'
 67 |             outputBuffer.append(handle.availableData)
 68 |         }
 69 |         errorPipe.fileHandleForReading.readabilityHandler = { handle in
    |                                        `- error: value of type 'FileHandle' has no member 'readabilityHandler'
 70 |             errorBuffer.append(handle.availableData)
 71 |         }
/host/spi-builder-workspace/Sources/spm/ProcessRunner.swift:69:63: error: cannot infer type of closure parameter 'handle' without a type annotation
 67 |             outputBuffer.append(handle.availableData)
 68 |         }
 69 |         errorPipe.fileHandleForReading.readabilityHandler = { handle in
    |                                                               `- error: cannot infer type of closure parameter 'handle' without a type annotation
 70 |             errorBuffer.append(handle.availableData)
 71 |         }
/host/spi-builder-workspace/Sources/spm/ProcessRunner.swift:81:29: error: value of type 'RunLoop' has no member 'run'
 79 |         let deadline = Date().addingTimeInterval(timeout)
 80 |         while process.isRunning && Date() < deadline {
 81 |             RunLoop.current.run(until: Date().addingTimeInterval(0.01))
    |                             `- error: value of type 'RunLoop' has no member 'run'
 82 |         }
 83 |
/host/spi-builder-workspace/Sources/spm/ProcessRunner.swift:87:45: error: value of type 'FileHandle' has no member 'readabilityHandler'
 85 |             process.terminate()
 86 |             process.waitUntilExit()
 87 |             outputPipe.fileHandleForReading.readabilityHandler = nil
    |                                             `- error: value of type 'FileHandle' has no member 'readabilityHandler'
 88 |             errorPipe.fileHandleForReading.readabilityHandler = nil
 89 |             throw SPMCommandError.failure(
/host/spi-builder-workspace/Sources/spm/ProcessRunner.swift:88:44: error: value of type 'FileHandle' has no member 'readabilityHandler'
 86 |             process.waitUntilExit()
 87 |             outputPipe.fileHandleForReading.readabilityHandler = nil
 88 |             errorPipe.fileHandleForReading.readabilityHandler = nil
    |                                            `- error: value of type 'FileHandle' has no member 'readabilityHandler'
 89 |             throw SPMCommandError.failure(
 90 |                 "Command timed out after \(Int(timeout)) seconds: \(executable)",
/host/spi-builder-workspace/Sources/spm/ProcessRunner.swift:95:41: error: value of type 'FileHandle' has no member 'readabilityHandler'
 93 |         }
 94 |
 95 |         outputPipe.fileHandleForReading.readabilityHandler = nil
    |                                         `- error: value of type 'FileHandle' has no member 'readabilityHandler'
 96 |         errorPipe.fileHandleForReading.readabilityHandler = nil
 97 |         outputBuffer.append(outputPipe.fileHandleForReading.readDataToEndOfFile())
/host/spi-builder-workspace/Sources/spm/ProcessRunner.swift:96:40: error: value of type 'FileHandle' has no member 'readabilityHandler'
 94 |
 95 |         outputPipe.fileHandleForReading.readabilityHandler = nil
 96 |         errorPipe.fileHandleForReading.readabilityHandler = nil
    |                                        `- error: value of type 'FileHandle' has no member 'readabilityHandler'
 97 |         outputBuffer.append(outputPipe.fileHandleForReading.readDataToEndOfFile())
 98 |         errorBuffer.append(errorPipe.fileHandleForReading.readDataToEndOfFile())
[41/67] Compiling SPMCore OverwriteOptions.swift
<unknown>:0: warning: upcoming feature 'InferSendableFromCaptures' is already enabled as of Swift version 6
<unknown>:0: warning: upcoming feature 'GlobalActorIsolatedTypesUsability' is already enabled as of Swift version 6
<unknown>:0: warning: upcoming feature 'DisableOutwardActorInference' is already enabled as of Swift version 6
/host/spi-builder-workspace/Sources/spm/ProcessRunner.swift:54:23: error: cannot find 'Process' in scope
 52 |         timeout: TimeInterval = 120
 53 |     ) throws -> ProcessResult {
 54 |         let process = Process()
    |                       `- error: cannot find 'Process' in scope
 55 |         let outputPipe = Pipe()
 56 |         let errorPipe = Pipe()
/host/spi-builder-workspace/Sources/spm/ProcessRunner.swift:66:41: error: value of type 'FileHandle' has no member 'readabilityHandler'
 64 |         process.standardError = errorPipe
 65 |
 66 |         outputPipe.fileHandleForReading.readabilityHandler = { handle in
    |                                         `- error: value of type 'FileHandle' has no member 'readabilityHandler'
 67 |             outputBuffer.append(handle.availableData)
 68 |         }
/host/spi-builder-workspace/Sources/spm/ProcessRunner.swift:66:64: error: cannot infer type of closure parameter 'handle' without a type annotation
 64 |         process.standardError = errorPipe
 65 |
 66 |         outputPipe.fileHandleForReading.readabilityHandler = { handle in
    |                                                                `- error: cannot infer type of closure parameter 'handle' without a type annotation
 67 |             outputBuffer.append(handle.availableData)
 68 |         }
/host/spi-builder-workspace/Sources/spm/ProcessRunner.swift:69:40: error: value of type 'FileHandle' has no member 'readabilityHandler'
 67 |             outputBuffer.append(handle.availableData)
 68 |         }
 69 |         errorPipe.fileHandleForReading.readabilityHandler = { handle in
    |                                        `- error: value of type 'FileHandle' has no member 'readabilityHandler'
 70 |             errorBuffer.append(handle.availableData)
 71 |         }
/host/spi-builder-workspace/Sources/spm/ProcessRunner.swift:69:63: error: cannot infer type of closure parameter 'handle' without a type annotation
 67 |             outputBuffer.append(handle.availableData)
 68 |         }
 69 |         errorPipe.fileHandleForReading.readabilityHandler = { handle in
    |                                                               `- error: cannot infer type of closure parameter 'handle' without a type annotation
 70 |             errorBuffer.append(handle.availableData)
 71 |         }
/host/spi-builder-workspace/Sources/spm/ProcessRunner.swift:81:29: error: value of type 'RunLoop' has no member 'run'
 79 |         let deadline = Date().addingTimeInterval(timeout)
 80 |         while process.isRunning && Date() < deadline {
 81 |             RunLoop.current.run(until: Date().addingTimeInterval(0.01))
    |                             `- error: value of type 'RunLoop' has no member 'run'
 82 |         }
 83 |
/host/spi-builder-workspace/Sources/spm/ProcessRunner.swift:87:45: error: value of type 'FileHandle' has no member 'readabilityHandler'
 85 |             process.terminate()
 86 |             process.waitUntilExit()
 87 |             outputPipe.fileHandleForReading.readabilityHandler = nil
    |                                             `- error: value of type 'FileHandle' has no member 'readabilityHandler'
 88 |             errorPipe.fileHandleForReading.readabilityHandler = nil
 89 |             throw SPMCommandError.failure(
/host/spi-builder-workspace/Sources/spm/ProcessRunner.swift:88:44: error: value of type 'FileHandle' has no member 'readabilityHandler'
 86 |             process.waitUntilExit()
 87 |             outputPipe.fileHandleForReading.readabilityHandler = nil
 88 |             errorPipe.fileHandleForReading.readabilityHandler = nil
    |                                            `- error: value of type 'FileHandle' has no member 'readabilityHandler'
 89 |             throw SPMCommandError.failure(
 90 |                 "Command timed out after \(Int(timeout)) seconds: \(executable)",
/host/spi-builder-workspace/Sources/spm/ProcessRunner.swift:95:41: error: value of type 'FileHandle' has no member 'readabilityHandler'
 93 |         }
 94 |
 95 |         outputPipe.fileHandleForReading.readabilityHandler = nil
    |                                         `- error: value of type 'FileHandle' has no member 'readabilityHandler'
 96 |         errorPipe.fileHandleForReading.readabilityHandler = nil
 97 |         outputBuffer.append(outputPipe.fileHandleForReading.readDataToEndOfFile())
/host/spi-builder-workspace/Sources/spm/ProcessRunner.swift:96:40: error: value of type 'FileHandle' has no member 'readabilityHandler'
 94 |
 95 |         outputPipe.fileHandleForReading.readabilityHandler = nil
 96 |         errorPipe.fileHandleForReading.readabilityHandler = nil
    |                                        `- error: value of type 'FileHandle' has no member 'readabilityHandler'
 97 |         outputBuffer.append(outputPipe.fileHandleForReading.readDataToEndOfFile())
 98 |         errorBuffer.append(errorPipe.fileHandleForReading.readDataToEndOfFile())
[42/67] Compiling SPMCore PackageCommands.swift
<unknown>:0: warning: upcoming feature 'InferSendableFromCaptures' is already enabled as of Swift version 6
<unknown>:0: warning: upcoming feature 'GlobalActorIsolatedTypesUsability' is already enabled as of Swift version 6
<unknown>:0: warning: upcoming feature 'DisableOutwardActorInference' is already enabled as of Swift version 6
/host/spi-builder-workspace/Sources/spm/ProcessRunner.swift:54:23: error: cannot find 'Process' in scope
 52 |         timeout: TimeInterval = 120
 53 |     ) throws -> ProcessResult {
 54 |         let process = Process()
    |                       `- error: cannot find 'Process' in scope
 55 |         let outputPipe = Pipe()
 56 |         let errorPipe = Pipe()
/host/spi-builder-workspace/Sources/spm/ProcessRunner.swift:66:41: error: value of type 'FileHandle' has no member 'readabilityHandler'
 64 |         process.standardError = errorPipe
 65 |
 66 |         outputPipe.fileHandleForReading.readabilityHandler = { handle in
    |                                         `- error: value of type 'FileHandle' has no member 'readabilityHandler'
 67 |             outputBuffer.append(handle.availableData)
 68 |         }
/host/spi-builder-workspace/Sources/spm/ProcessRunner.swift:66:64: error: cannot infer type of closure parameter 'handle' without a type annotation
 64 |         process.standardError = errorPipe
 65 |
 66 |         outputPipe.fileHandleForReading.readabilityHandler = { handle in
    |                                                                `- error: cannot infer type of closure parameter 'handle' without a type annotation
 67 |             outputBuffer.append(handle.availableData)
 68 |         }
/host/spi-builder-workspace/Sources/spm/ProcessRunner.swift:69:40: error: value of type 'FileHandle' has no member 'readabilityHandler'
 67 |             outputBuffer.append(handle.availableData)
 68 |         }
 69 |         errorPipe.fileHandleForReading.readabilityHandler = { handle in
    |                                        `- error: value of type 'FileHandle' has no member 'readabilityHandler'
 70 |             errorBuffer.append(handle.availableData)
 71 |         }
/host/spi-builder-workspace/Sources/spm/ProcessRunner.swift:69:63: error: cannot infer type of closure parameter 'handle' without a type annotation
 67 |             outputBuffer.append(handle.availableData)
 68 |         }
 69 |         errorPipe.fileHandleForReading.readabilityHandler = { handle in
    |                                                               `- error: cannot infer type of closure parameter 'handle' without a type annotation
 70 |             errorBuffer.append(handle.availableData)
 71 |         }
/host/spi-builder-workspace/Sources/spm/ProcessRunner.swift:81:29: error: value of type 'RunLoop' has no member 'run'
 79 |         let deadline = Date().addingTimeInterval(timeout)
 80 |         while process.isRunning && Date() < deadline {
 81 |             RunLoop.current.run(until: Date().addingTimeInterval(0.01))
    |                             `- error: value of type 'RunLoop' has no member 'run'
 82 |         }
 83 |
/host/spi-builder-workspace/Sources/spm/ProcessRunner.swift:87:45: error: value of type 'FileHandle' has no member 'readabilityHandler'
 85 |             process.terminate()
 86 |             process.waitUntilExit()
 87 |             outputPipe.fileHandleForReading.readabilityHandler = nil
    |                                             `- error: value of type 'FileHandle' has no member 'readabilityHandler'
 88 |             errorPipe.fileHandleForReading.readabilityHandler = nil
 89 |             throw SPMCommandError.failure(
/host/spi-builder-workspace/Sources/spm/ProcessRunner.swift:88:44: error: value of type 'FileHandle' has no member 'readabilityHandler'
 86 |             process.waitUntilExit()
 87 |             outputPipe.fileHandleForReading.readabilityHandler = nil
 88 |             errorPipe.fileHandleForReading.readabilityHandler = nil
    |                                            `- error: value of type 'FileHandle' has no member 'readabilityHandler'
 89 |             throw SPMCommandError.failure(
 90 |                 "Command timed out after \(Int(timeout)) seconds: \(executable)",
/host/spi-builder-workspace/Sources/spm/ProcessRunner.swift:95:41: error: value of type 'FileHandle' has no member 'readabilityHandler'
 93 |         }
 94 |
 95 |         outputPipe.fileHandleForReading.readabilityHandler = nil
    |                                         `- error: value of type 'FileHandle' has no member 'readabilityHandler'
 96 |         errorPipe.fileHandleForReading.readabilityHandler = nil
 97 |         outputBuffer.append(outputPipe.fileHandleForReading.readDataToEndOfFile())
/host/spi-builder-workspace/Sources/spm/ProcessRunner.swift:96:40: error: value of type 'FileHandle' has no member 'readabilityHandler'
 94 |
 95 |         outputPipe.fileHandleForReading.readabilityHandler = nil
 96 |         errorPipe.fileHandleForReading.readabilityHandler = nil
    |                                        `- error: value of type 'FileHandle' has no member 'readabilityHandler'
 97 |         outputBuffer.append(outputPipe.fileHandleForReading.readDataToEndOfFile())
 98 |         errorBuffer.append(errorPipe.fileHandleForReading.readDataToEndOfFile())
[43/67] Compiling SPMCore PackageContext.swift
<unknown>:0: warning: upcoming feature 'InferSendableFromCaptures' is already enabled as of Swift version 6
<unknown>:0: warning: upcoming feature 'GlobalActorIsolatedTypesUsability' is already enabled as of Swift version 6
<unknown>:0: warning: upcoming feature 'DisableOutwardActorInference' is already enabled as of Swift version 6
/host/spi-builder-workspace/Sources/spm/ProcessRunner.swift:54:23: error: cannot find 'Process' in scope
 52 |         timeout: TimeInterval = 120
 53 |     ) throws -> ProcessResult {
 54 |         let process = Process()
    |                       `- error: cannot find 'Process' in scope
 55 |         let outputPipe = Pipe()
 56 |         let errorPipe = Pipe()
/host/spi-builder-workspace/Sources/spm/ProcessRunner.swift:66:41: error: value of type 'FileHandle' has no member 'readabilityHandler'
 64 |         process.standardError = errorPipe
 65 |
 66 |         outputPipe.fileHandleForReading.readabilityHandler = { handle in
    |                                         `- error: value of type 'FileHandle' has no member 'readabilityHandler'
 67 |             outputBuffer.append(handle.availableData)
 68 |         }
/host/spi-builder-workspace/Sources/spm/ProcessRunner.swift:66:64: error: cannot infer type of closure parameter 'handle' without a type annotation
 64 |         process.standardError = errorPipe
 65 |
 66 |         outputPipe.fileHandleForReading.readabilityHandler = { handle in
    |                                                                `- error: cannot infer type of closure parameter 'handle' without a type annotation
 67 |             outputBuffer.append(handle.availableData)
 68 |         }
/host/spi-builder-workspace/Sources/spm/ProcessRunner.swift:69:40: error: value of type 'FileHandle' has no member 'readabilityHandler'
 67 |             outputBuffer.append(handle.availableData)
 68 |         }
 69 |         errorPipe.fileHandleForReading.readabilityHandler = { handle in
    |                                        `- error: value of type 'FileHandle' has no member 'readabilityHandler'
 70 |             errorBuffer.append(handle.availableData)
 71 |         }
/host/spi-builder-workspace/Sources/spm/ProcessRunner.swift:69:63: error: cannot infer type of closure parameter 'handle' without a type annotation
 67 |             outputBuffer.append(handle.availableData)
 68 |         }
 69 |         errorPipe.fileHandleForReading.readabilityHandler = { handle in
    |                                                               `- error: cannot infer type of closure parameter 'handle' without a type annotation
 70 |             errorBuffer.append(handle.availableData)
 71 |         }
/host/spi-builder-workspace/Sources/spm/ProcessRunner.swift:81:29: error: value of type 'RunLoop' has no member 'run'
 79 |         let deadline = Date().addingTimeInterval(timeout)
 80 |         while process.isRunning && Date() < deadline {
 81 |             RunLoop.current.run(until: Date().addingTimeInterval(0.01))
    |                             `- error: value of type 'RunLoop' has no member 'run'
 82 |         }
 83 |
/host/spi-builder-workspace/Sources/spm/ProcessRunner.swift:87:45: error: value of type 'FileHandle' has no member 'readabilityHandler'
 85 |             process.terminate()
 86 |             process.waitUntilExit()
 87 |             outputPipe.fileHandleForReading.readabilityHandler = nil
    |                                             `- error: value of type 'FileHandle' has no member 'readabilityHandler'
 88 |             errorPipe.fileHandleForReading.readabilityHandler = nil
 89 |             throw SPMCommandError.failure(
/host/spi-builder-workspace/Sources/spm/ProcessRunner.swift:88:44: error: value of type 'FileHandle' has no member 'readabilityHandler'
 86 |             process.waitUntilExit()
 87 |             outputPipe.fileHandleForReading.readabilityHandler = nil
 88 |             errorPipe.fileHandleForReading.readabilityHandler = nil
    |                                            `- error: value of type 'FileHandle' has no member 'readabilityHandler'
 89 |             throw SPMCommandError.failure(
 90 |                 "Command timed out after \(Int(timeout)) seconds: \(executable)",
/host/spi-builder-workspace/Sources/spm/ProcessRunner.swift:95:41: error: value of type 'FileHandle' has no member 'readabilityHandler'
 93 |         }
 94 |
 95 |         outputPipe.fileHandleForReading.readabilityHandler = nil
    |                                         `- error: value of type 'FileHandle' has no member 'readabilityHandler'
 96 |         errorPipe.fileHandleForReading.readabilityHandler = nil
 97 |         outputBuffer.append(outputPipe.fileHandleForReading.readDataToEndOfFile())
/host/spi-builder-workspace/Sources/spm/ProcessRunner.swift:96:40: error: value of type 'FileHandle' has no member 'readabilityHandler'
 94 |
 95 |         outputPipe.fileHandleForReading.readabilityHandler = nil
 96 |         errorPipe.fileHandleForReading.readabilityHandler = nil
    |                                        `- error: value of type 'FileHandle' has no member 'readabilityHandler'
 97 |         outputBuffer.append(outputPipe.fileHandleForReading.readDataToEndOfFile())
 98 |         errorBuffer.append(errorPipe.fileHandleForReading.readDataToEndOfFile())
[44/67] Compiling SPMCore ProcessRunner.swift
<unknown>:0: warning: upcoming feature 'InferSendableFromCaptures' is already enabled as of Swift version 6
<unknown>:0: warning: upcoming feature 'GlobalActorIsolatedTypesUsability' is already enabled as of Swift version 6
<unknown>:0: warning: upcoming feature 'DisableOutwardActorInference' is already enabled as of Swift version 6
/host/spi-builder-workspace/Sources/spm/ProcessRunner.swift:54:23: error: cannot find 'Process' in scope
 52 |         timeout: TimeInterval = 120
 53 |     ) throws -> ProcessResult {
 54 |         let process = Process()
    |                       `- error: cannot find 'Process' in scope
 55 |         let outputPipe = Pipe()
 56 |         let errorPipe = Pipe()
/host/spi-builder-workspace/Sources/spm/ProcessRunner.swift:66:41: error: value of type 'FileHandle' has no member 'readabilityHandler'
 64 |         process.standardError = errorPipe
 65 |
 66 |         outputPipe.fileHandleForReading.readabilityHandler = { handle in
    |                                         `- error: value of type 'FileHandle' has no member 'readabilityHandler'
 67 |             outputBuffer.append(handle.availableData)
 68 |         }
/host/spi-builder-workspace/Sources/spm/ProcessRunner.swift:66:64: error: cannot infer type of closure parameter 'handle' without a type annotation
 64 |         process.standardError = errorPipe
 65 |
 66 |         outputPipe.fileHandleForReading.readabilityHandler = { handle in
    |                                                                `- error: cannot infer type of closure parameter 'handle' without a type annotation
 67 |             outputBuffer.append(handle.availableData)
 68 |         }
/host/spi-builder-workspace/Sources/spm/ProcessRunner.swift:69:40: error: value of type 'FileHandle' has no member 'readabilityHandler'
 67 |             outputBuffer.append(handle.availableData)
 68 |         }
 69 |         errorPipe.fileHandleForReading.readabilityHandler = { handle in
    |                                        `- error: value of type 'FileHandle' has no member 'readabilityHandler'
 70 |             errorBuffer.append(handle.availableData)
 71 |         }
/host/spi-builder-workspace/Sources/spm/ProcessRunner.swift:69:63: error: cannot infer type of closure parameter 'handle' without a type annotation
 67 |             outputBuffer.append(handle.availableData)
 68 |         }
 69 |         errorPipe.fileHandleForReading.readabilityHandler = { handle in
    |                                                               `- error: cannot infer type of closure parameter 'handle' without a type annotation
 70 |             errorBuffer.append(handle.availableData)
 71 |         }
/host/spi-builder-workspace/Sources/spm/ProcessRunner.swift:81:29: error: value of type 'RunLoop' has no member 'run'
 79 |         let deadline = Date().addingTimeInterval(timeout)
 80 |         while process.isRunning && Date() < deadline {
 81 |             RunLoop.current.run(until: Date().addingTimeInterval(0.01))
    |                             `- error: value of type 'RunLoop' has no member 'run'
 82 |         }
 83 |
/host/spi-builder-workspace/Sources/spm/ProcessRunner.swift:87:45: error: value of type 'FileHandle' has no member 'readabilityHandler'
 85 |             process.terminate()
 86 |             process.waitUntilExit()
 87 |             outputPipe.fileHandleForReading.readabilityHandler = nil
    |                                             `- error: value of type 'FileHandle' has no member 'readabilityHandler'
 88 |             errorPipe.fileHandleForReading.readabilityHandler = nil
 89 |             throw SPMCommandError.failure(
/host/spi-builder-workspace/Sources/spm/ProcessRunner.swift:88:44: error: value of type 'FileHandle' has no member 'readabilityHandler'
 86 |             process.waitUntilExit()
 87 |             outputPipe.fileHandleForReading.readabilityHandler = nil
 88 |             errorPipe.fileHandleForReading.readabilityHandler = nil
    |                                            `- error: value of type 'FileHandle' has no member 'readabilityHandler'
 89 |             throw SPMCommandError.failure(
 90 |                 "Command timed out after \(Int(timeout)) seconds: \(executable)",
/host/spi-builder-workspace/Sources/spm/ProcessRunner.swift:95:41: error: value of type 'FileHandle' has no member 'readabilityHandler'
 93 |         }
 94 |
 95 |         outputPipe.fileHandleForReading.readabilityHandler = nil
    |                                         `- error: value of type 'FileHandle' has no member 'readabilityHandler'
 96 |         errorPipe.fileHandleForReading.readabilityHandler = nil
 97 |         outputBuffer.append(outputPipe.fileHandleForReading.readDataToEndOfFile())
/host/spi-builder-workspace/Sources/spm/ProcessRunner.swift:96:40: error: value of type 'FileHandle' has no member 'readabilityHandler'
 94 |
 95 |         outputPipe.fileHandleForReading.readabilityHandler = nil
 96 |         errorPipe.fileHandleForReading.readabilityHandler = nil
    |                                        `- error: value of type 'FileHandle' has no member 'readabilityHandler'
 97 |         outputBuffer.append(outputPipe.fileHandleForReading.readDataToEndOfFile())
 98 |         errorBuffer.append(errorPipe.fileHandleForReading.readDataToEndOfFile())
[45/67] Compiling SPMCore SPMCommandError.swift
<unknown>:0: warning: upcoming feature 'InferSendableFromCaptures' is already enabled as of Swift version 6
<unknown>:0: warning: upcoming feature 'GlobalActorIsolatedTypesUsability' is already enabled as of Swift version 6
<unknown>:0: warning: upcoming feature 'DisableOutwardActorInference' is already enabled as of Swift version 6
/host/spi-builder-workspace/Sources/spm/ProcessRunner.swift:54:23: error: cannot find 'Process' in scope
 52 |         timeout: TimeInterval = 120
 53 |     ) throws -> ProcessResult {
 54 |         let process = Process()
    |                       `- error: cannot find 'Process' in scope
 55 |         let outputPipe = Pipe()
 56 |         let errorPipe = Pipe()
/host/spi-builder-workspace/Sources/spm/ProcessRunner.swift:66:41: error: value of type 'FileHandle' has no member 'readabilityHandler'
 64 |         process.standardError = errorPipe
 65 |
 66 |         outputPipe.fileHandleForReading.readabilityHandler = { handle in
    |                                         `- error: value of type 'FileHandle' has no member 'readabilityHandler'
 67 |             outputBuffer.append(handle.availableData)
 68 |         }
/host/spi-builder-workspace/Sources/spm/ProcessRunner.swift:66:64: error: cannot infer type of closure parameter 'handle' without a type annotation
 64 |         process.standardError = errorPipe
 65 |
 66 |         outputPipe.fileHandleForReading.readabilityHandler = { handle in
    |                                                                `- error: cannot infer type of closure parameter 'handle' without a type annotation
 67 |             outputBuffer.append(handle.availableData)
 68 |         }
/host/spi-builder-workspace/Sources/spm/ProcessRunner.swift:69:40: error: value of type 'FileHandle' has no member 'readabilityHandler'
 67 |             outputBuffer.append(handle.availableData)
 68 |         }
 69 |         errorPipe.fileHandleForReading.readabilityHandler = { handle in
    |                                        `- error: value of type 'FileHandle' has no member 'readabilityHandler'
 70 |             errorBuffer.append(handle.availableData)
 71 |         }
/host/spi-builder-workspace/Sources/spm/ProcessRunner.swift:69:63: error: cannot infer type of closure parameter 'handle' without a type annotation
 67 |             outputBuffer.append(handle.availableData)
 68 |         }
 69 |         errorPipe.fileHandleForReading.readabilityHandler = { handle in
    |                                                               `- error: cannot infer type of closure parameter 'handle' without a type annotation
 70 |             errorBuffer.append(handle.availableData)
 71 |         }
/host/spi-builder-workspace/Sources/spm/ProcessRunner.swift:81:29: error: value of type 'RunLoop' has no member 'run'
 79 |         let deadline = Date().addingTimeInterval(timeout)
 80 |         while process.isRunning && Date() < deadline {
 81 |             RunLoop.current.run(until: Date().addingTimeInterval(0.01))
    |                             `- error: value of type 'RunLoop' has no member 'run'
 82 |         }
 83 |
/host/spi-builder-workspace/Sources/spm/ProcessRunner.swift:87:45: error: value of type 'FileHandle' has no member 'readabilityHandler'
 85 |             process.terminate()
 86 |             process.waitUntilExit()
 87 |             outputPipe.fileHandleForReading.readabilityHandler = nil
    |                                             `- error: value of type 'FileHandle' has no member 'readabilityHandler'
 88 |             errorPipe.fileHandleForReading.readabilityHandler = nil
 89 |             throw SPMCommandError.failure(
/host/spi-builder-workspace/Sources/spm/ProcessRunner.swift:88:44: error: value of type 'FileHandle' has no member 'readabilityHandler'
 86 |             process.waitUntilExit()
 87 |             outputPipe.fileHandleForReading.readabilityHandler = nil
 88 |             errorPipe.fileHandleForReading.readabilityHandler = nil
    |                                            `- error: value of type 'FileHandle' has no member 'readabilityHandler'
 89 |             throw SPMCommandError.failure(
 90 |                 "Command timed out after \(Int(timeout)) seconds: \(executable)",
/host/spi-builder-workspace/Sources/spm/ProcessRunner.swift:95:41: error: value of type 'FileHandle' has no member 'readabilityHandler'
 93 |         }
 94 |
 95 |         outputPipe.fileHandleForReading.readabilityHandler = nil
    |                                         `- error: value of type 'FileHandle' has no member 'readabilityHandler'
 96 |         errorPipe.fileHandleForReading.readabilityHandler = nil
 97 |         outputBuffer.append(outputPipe.fileHandleForReading.readDataToEndOfFile())
/host/spi-builder-workspace/Sources/spm/ProcessRunner.swift:96:40: error: value of type 'FileHandle' has no member 'readabilityHandler'
 94 |
 95 |         outputPipe.fileHandleForReading.readabilityHandler = nil
 96 |         errorPipe.fileHandleForReading.readabilityHandler = nil
    |                                        `- error: value of type 'FileHandle' has no member 'readabilityHandler'
 97 |         outputBuffer.append(outputPipe.fileHandleForReading.readDataToEndOfFile())
 98 |         errorBuffer.append(errorPipe.fileHandleForReading.readDataToEndOfFile())
[46/67] Compiling SPMCore SPMOutput.swift
<unknown>:0: warning: upcoming feature 'InferSendableFromCaptures' is already enabled as of Swift version 6
<unknown>:0: warning: upcoming feature 'GlobalActorIsolatedTypesUsability' is already enabled as of Swift version 6
<unknown>:0: warning: upcoming feature 'DisableOutwardActorInference' is already enabled as of Swift version 6
/host/spi-builder-workspace/Sources/spm/ProcessRunner.swift:54:23: error: cannot find 'Process' in scope
 52 |         timeout: TimeInterval = 120
 53 |     ) throws -> ProcessResult {
 54 |         let process = Process()
    |                       `- error: cannot find 'Process' in scope
 55 |         let outputPipe = Pipe()
 56 |         let errorPipe = Pipe()
/host/spi-builder-workspace/Sources/spm/ProcessRunner.swift:66:41: error: value of type 'FileHandle' has no member 'readabilityHandler'
 64 |         process.standardError = errorPipe
 65 |
 66 |         outputPipe.fileHandleForReading.readabilityHandler = { handle in
    |                                         `- error: value of type 'FileHandle' has no member 'readabilityHandler'
 67 |             outputBuffer.append(handle.availableData)
 68 |         }
/host/spi-builder-workspace/Sources/spm/ProcessRunner.swift:66:64: error: cannot infer type of closure parameter 'handle' without a type annotation
 64 |         process.standardError = errorPipe
 65 |
 66 |         outputPipe.fileHandleForReading.readabilityHandler = { handle in
    |                                                                `- error: cannot infer type of closure parameter 'handle' without a type annotation
 67 |             outputBuffer.append(handle.availableData)
 68 |         }
/host/spi-builder-workspace/Sources/spm/ProcessRunner.swift:69:40: error: value of type 'FileHandle' has no member 'readabilityHandler'
 67 |             outputBuffer.append(handle.availableData)
 68 |         }
 69 |         errorPipe.fileHandleForReading.readabilityHandler = { handle in
    |                                        `- error: value of type 'FileHandle' has no member 'readabilityHandler'
 70 |             errorBuffer.append(handle.availableData)
 71 |         }
/host/spi-builder-workspace/Sources/spm/ProcessRunner.swift:69:63: error: cannot infer type of closure parameter 'handle' without a type annotation
 67 |             outputBuffer.append(handle.availableData)
 68 |         }
 69 |         errorPipe.fileHandleForReading.readabilityHandler = { handle in
    |                                                               `- error: cannot infer type of closure parameter 'handle' without a type annotation
 70 |             errorBuffer.append(handle.availableData)
 71 |         }
/host/spi-builder-workspace/Sources/spm/ProcessRunner.swift:81:29: error: value of type 'RunLoop' has no member 'run'
 79 |         let deadline = Date().addingTimeInterval(timeout)
 80 |         while process.isRunning && Date() < deadline {
 81 |             RunLoop.current.run(until: Date().addingTimeInterval(0.01))
    |                             `- error: value of type 'RunLoop' has no member 'run'
 82 |         }
 83 |
/host/spi-builder-workspace/Sources/spm/ProcessRunner.swift:87:45: error: value of type 'FileHandle' has no member 'readabilityHandler'
 85 |             process.terminate()
 86 |             process.waitUntilExit()
 87 |             outputPipe.fileHandleForReading.readabilityHandler = nil
    |                                             `- error: value of type 'FileHandle' has no member 'readabilityHandler'
 88 |             errorPipe.fileHandleForReading.readabilityHandler = nil
 89 |             throw SPMCommandError.failure(
/host/spi-builder-workspace/Sources/spm/ProcessRunner.swift:88:44: error: value of type 'FileHandle' has no member 'readabilityHandler'
 86 |             process.waitUntilExit()
 87 |             outputPipe.fileHandleForReading.readabilityHandler = nil
 88 |             errorPipe.fileHandleForReading.readabilityHandler = nil
    |                                            `- error: value of type 'FileHandle' has no member 'readabilityHandler'
 89 |             throw SPMCommandError.failure(
 90 |                 "Command timed out after \(Int(timeout)) seconds: \(executable)",
/host/spi-builder-workspace/Sources/spm/ProcessRunner.swift:95:41: error: value of type 'FileHandle' has no member 'readabilityHandler'
 93 |         }
 94 |
 95 |         outputPipe.fileHandleForReading.readabilityHandler = nil
    |                                         `- error: value of type 'FileHandle' has no member 'readabilityHandler'
 96 |         errorPipe.fileHandleForReading.readabilityHandler = nil
 97 |         outputBuffer.append(outputPipe.fileHandleForReading.readDataToEndOfFile())
/host/spi-builder-workspace/Sources/spm/ProcessRunner.swift:96:40: error: value of type 'FileHandle' has no member 'readabilityHandler'
 94 |
 95 |         outputPipe.fileHandleForReading.readabilityHandler = nil
 96 |         errorPipe.fileHandleForReading.readabilityHandler = nil
    |                                        `- error: value of type 'FileHandle' has no member 'readabilityHandler'
 97 |         outputBuffer.append(outputPipe.fileHandleForReading.readDataToEndOfFile())
 98 |         errorBuffer.append(errorPipe.fileHandleForReading.readDataToEndOfFile())
[47/67] Compiling SPMCore SPMRuntime.swift
<unknown>:0: warning: upcoming feature 'InferSendableFromCaptures' is already enabled as of Swift version 6
<unknown>:0: warning: upcoming feature 'GlobalActorIsolatedTypesUsability' is already enabled as of Swift version 6
<unknown>:0: warning: upcoming feature 'DisableOutwardActorInference' is already enabled as of Swift version 6
/host/spi-builder-workspace/Sources/spm/ProcessRunner.swift:54:23: error: cannot find 'Process' in scope
 52 |         timeout: TimeInterval = 120
 53 |     ) throws -> ProcessResult {
 54 |         let process = Process()
    |                       `- error: cannot find 'Process' in scope
 55 |         let outputPipe = Pipe()
 56 |         let errorPipe = Pipe()
/host/spi-builder-workspace/Sources/spm/ProcessRunner.swift:66:41: error: value of type 'FileHandle' has no member 'readabilityHandler'
 64 |         process.standardError = errorPipe
 65 |
 66 |         outputPipe.fileHandleForReading.readabilityHandler = { handle in
    |                                         `- error: value of type 'FileHandle' has no member 'readabilityHandler'
 67 |             outputBuffer.append(handle.availableData)
 68 |         }
/host/spi-builder-workspace/Sources/spm/ProcessRunner.swift:66:64: error: cannot infer type of closure parameter 'handle' without a type annotation
 64 |         process.standardError = errorPipe
 65 |
 66 |         outputPipe.fileHandleForReading.readabilityHandler = { handle in
    |                                                                `- error: cannot infer type of closure parameter 'handle' without a type annotation
 67 |             outputBuffer.append(handle.availableData)
 68 |         }
/host/spi-builder-workspace/Sources/spm/ProcessRunner.swift:69:40: error: value of type 'FileHandle' has no member 'readabilityHandler'
 67 |             outputBuffer.append(handle.availableData)
 68 |         }
 69 |         errorPipe.fileHandleForReading.readabilityHandler = { handle in
    |                                        `- error: value of type 'FileHandle' has no member 'readabilityHandler'
 70 |             errorBuffer.append(handle.availableData)
 71 |         }
/host/spi-builder-workspace/Sources/spm/ProcessRunner.swift:69:63: error: cannot infer type of closure parameter 'handle' without a type annotation
 67 |             outputBuffer.append(handle.availableData)
 68 |         }
 69 |         errorPipe.fileHandleForReading.readabilityHandler = { handle in
    |                                                               `- error: cannot infer type of closure parameter 'handle' without a type annotation
 70 |             errorBuffer.append(handle.availableData)
 71 |         }
/host/spi-builder-workspace/Sources/spm/ProcessRunner.swift:81:29: error: value of type 'RunLoop' has no member 'run'
 79 |         let deadline = Date().addingTimeInterval(timeout)
 80 |         while process.isRunning && Date() < deadline {
 81 |             RunLoop.current.run(until: Date().addingTimeInterval(0.01))
    |                             `- error: value of type 'RunLoop' has no member 'run'
 82 |         }
 83 |
/host/spi-builder-workspace/Sources/spm/ProcessRunner.swift:87:45: error: value of type 'FileHandle' has no member 'readabilityHandler'
 85 |             process.terminate()
 86 |             process.waitUntilExit()
 87 |             outputPipe.fileHandleForReading.readabilityHandler = nil
    |                                             `- error: value of type 'FileHandle' has no member 'readabilityHandler'
 88 |             errorPipe.fileHandleForReading.readabilityHandler = nil
 89 |             throw SPMCommandError.failure(
/host/spi-builder-workspace/Sources/spm/ProcessRunner.swift:88:44: error: value of type 'FileHandle' has no member 'readabilityHandler'
 86 |             process.waitUntilExit()
 87 |             outputPipe.fileHandleForReading.readabilityHandler = nil
 88 |             errorPipe.fileHandleForReading.readabilityHandler = nil
    |                                            `- error: value of type 'FileHandle' has no member 'readabilityHandler'
 89 |             throw SPMCommandError.failure(
 90 |                 "Command timed out after \(Int(timeout)) seconds: \(executable)",
/host/spi-builder-workspace/Sources/spm/ProcessRunner.swift:95:41: error: value of type 'FileHandle' has no member 'readabilityHandler'
 93 |         }
 94 |
 95 |         outputPipe.fileHandleForReading.readabilityHandler = nil
    |                                         `- error: value of type 'FileHandle' has no member 'readabilityHandler'
 96 |         errorPipe.fileHandleForReading.readabilityHandler = nil
 97 |         outputBuffer.append(outputPipe.fileHandleForReading.readDataToEndOfFile())
/host/spi-builder-workspace/Sources/spm/ProcessRunner.swift:96:40: error: value of type 'FileHandle' has no member 'readabilityHandler'
 94 |
 95 |         outputPipe.fileHandleForReading.readabilityHandler = nil
 96 |         errorPipe.fileHandleForReading.readabilityHandler = nil
    |                                        `- error: value of type 'FileHandle' has no member 'readabilityHandler'
 97 |         outputBuffer.append(outputPipe.fileHandleForReading.readDataToEndOfFile())
 98 |         errorBuffer.append(errorPipe.fileHandleForReading.readDataToEndOfFile())
[48/67] Compiling SPMCore SPMVersion.swift
<unknown>:0: warning: upcoming feature 'InferSendableFromCaptures' is already enabled as of Swift version 6
<unknown>:0: warning: upcoming feature 'GlobalActorIsolatedTypesUsability' is already enabled as of Swift version 6
<unknown>:0: warning: upcoming feature 'DisableOutwardActorInference' is already enabled as of Swift version 6
[49/67] Compiling SPMCore StringHelpers.swift
<unknown>:0: warning: upcoming feature 'InferSendableFromCaptures' is already enabled as of Swift version 6
<unknown>:0: warning: upcoming feature 'GlobalActorIsolatedTypesUsability' is already enabled as of Swift version 6
<unknown>:0: warning: upcoming feature 'DisableOutwardActorInference' is already enabled as of Swift version 6
[50/67] Compiling SPMCore TextDiff.swift
<unknown>:0: warning: upcoming feature 'InferSendableFromCaptures' is already enabled as of Swift version 6
<unknown>:0: warning: upcoming feature 'GlobalActorIsolatedTypesUsability' is already enabled as of Swift version 6
<unknown>:0: warning: upcoming feature 'DisableOutwardActorInference' is already enabled as of Swift version 6
[51/67] Compiling SPMCore editorConfig.swift
<unknown>:0: warning: upcoming feature 'InferSendableFromCaptures' is already enabled as of Swift version 6
<unknown>:0: warning: upcoming feature 'GlobalActorIsolatedTypesUsability' is already enabled as of Swift version 6
<unknown>:0: warning: upcoming feature 'DisableOutwardActorInference' is already enabled as of Swift version 6
[52/67] Compiling SPMCore gitIgnore.swift
<unknown>:0: warning: upcoming feature 'InferSendableFromCaptures' is already enabled as of Swift version 6
<unknown>:0: warning: upcoming feature 'GlobalActorIsolatedTypesUsability' is already enabled as of Swift version 6
<unknown>:0: warning: upcoming feature 'DisableOutwardActorInference' is already enabled as of Swift version 6
[53/67] Compiling SPMCore header.swift
<unknown>:0: warning: upcoming feature 'InferSendableFromCaptures' is already enabled as of Swift version 6
<unknown>:0: warning: upcoming feature 'GlobalActorIsolatedTypesUsability' is already enabled as of Swift version 6
<unknown>:0: warning: upcoming feature 'DisableOutwardActorInference' is already enabled as of Swift version 6
[54/67] Compiling SPMCore mitLicense.swift
<unknown>:0: warning: upcoming feature 'InferSendableFromCaptures' is already enabled as of Swift version 6
<unknown>:0: warning: upcoming feature 'GlobalActorIsolatedTypesUsability' is already enabled as of Swift version 6
<unknown>:0: warning: upcoming feature 'DisableOutwardActorInference' is already enabled as of Swift version 6
[55/67] Compiling SPMCore readme.swift
<unknown>:0: warning: upcoming feature 'InferSendableFromCaptures' is already enabled as of Swift version 6
<unknown>:0: warning: upcoming feature 'GlobalActorIsolatedTypesUsability' is already enabled as of Swift version 6
<unknown>:0: warning: upcoming feature 'DisableOutwardActorInference' is already enabled as of Swift version 6
[56/67] Compiling SPMCore BuildOptions.swift
<unknown>:0: warning: upcoming feature 'InferSendableFromCaptures' is already enabled as of Swift version 6
<unknown>:0: warning: upcoming feature 'GlobalActorIsolatedTypesUsability' is already enabled as of Swift version 6
<unknown>:0: warning: upcoming feature 'DisableOutwardActorInference' is already enabled as of Swift version 6
[57/67] Compiling SPMCore CommandRunner.swift
<unknown>:0: warning: upcoming feature 'InferSendableFromCaptures' is already enabled as of Swift version 6
<unknown>:0: warning: upcoming feature 'GlobalActorIsolatedTypesUsability' is already enabled as of Swift version 6
<unknown>:0: warning: upcoming feature 'DisableOutwardActorInference' is already enabled as of Swift version 6
[58/67] Compiling SPMCore CompileExecutable.swift
<unknown>:0: warning: upcoming feature 'InferSendableFromCaptures' is already enabled as of Swift version 6
<unknown>:0: warning: upcoming feature 'GlobalActorIsolatedTypesUsability' is already enabled as of Swift version 6
<unknown>:0: warning: upcoming feature 'DisableOutwardActorInference' is already enabled as of Swift version 6
[59/67] Compiling SPMCore CompletionCommand.swift
<unknown>:0: warning: upcoming feature 'InferSendableFromCaptures' is already enabled as of Swift version 6
<unknown>:0: warning: upcoming feature 'GlobalActorIsolatedTypesUsability' is already enabled as of Swift version 6
<unknown>:0: warning: upcoming feature 'DisableOutwardActorInference' is already enabled as of Swift version 6
[60/67] Compiling SPMCore Configuration.swift
<unknown>:0: warning: upcoming feature 'InferSendableFromCaptures' is already enabled as of Swift version 6
<unknown>:0: warning: upcoming feature 'GlobalActorIsolatedTypesUsability' is already enabled as of Swift version 6
<unknown>:0: warning: upcoming feature 'DisableOutwardActorInference' is already enabled as of Swift version 6
[61/67] Compiling SPMCore ConfigurationValidation.swift
<unknown>:0: warning: upcoming feature 'InferSendableFromCaptures' is already enabled as of Swift version 6
<unknown>:0: warning: upcoming feature 'GlobalActorIsolatedTypesUsability' is already enabled as of Swift version 6
<unknown>:0: warning: upcoming feature 'DisableOutwardActorInference' is already enabled as of Swift version 6
[62/67] Compiling SPMCore DoctorCommand.swift
<unknown>:0: warning: upcoming feature 'InferSendableFromCaptures' is already enabled as of Swift version 6
<unknown>:0: warning: upcoming feature 'GlobalActorIsolatedTypesUsability' is already enabled as of Swift version 6
<unknown>:0: warning: upcoming feature 'DisableOutwardActorInference' is already enabled as of Swift version 6
[63/67] Compiling SPMCore DocumentationOptions.swift
<unknown>:0: warning: upcoming feature 'InferSendableFromCaptures' is already enabled as of Swift version 6
<unknown>:0: warning: upcoming feature 'GlobalActorIsolatedTypesUsability' is already enabled as of Swift version 6
<unknown>:0: warning: upcoming feature 'DisableOutwardActorInference' is already enabled as of Swift version 6
Running build ...
bash -c docker run --pull=always --rm -v "checkouts-54344844-0":/host -w "$PWD" -e JAVA_HOME="/root/.sdkman/candidates/java/current" -e SPI_BUILD="1" -e SPI_PROCESSING="1" registry.gitlab.com/saguaro1/spi-images:wasm-6.1-latest swift build --swift-sdk wasm32-unknown-wasi 2>&1
wasm-6.1-latest: Pulling from saguaro1/spi-images
Digest: sha256:290f441d1f5b7bf0dbbe61e8b7514208804cdcb507d57b3c762463ad036298f7
Status: Image is up to date for registry.gitlab.com/saguaro1/spi-images:wasm-6.1-latest
[0/1] Planning build
Building for debugging...
[0/5] Write swift-version-24593BA9C3E375BF.txt
error: emit-module command failed with exit code 1 (use -v to see invocation)
[2/58] Emitting module SPMCore
/host/spi-builder-workspace/Sources/spm/helpers/CLI.swift:218:46: error: cannot find type 'Process' in scope
216 |
217 | /// Runs a process while showing an indeterminate terminal spinner.
218 | static func runProcessWithSpinner(_ process: Process, message: String) throws -> Int32 {
    |                                              `- error: cannot find type 'Process' in scope
219 |     let frames = ["-", "\\", "|", "/"]
220 |     let state = CLIProgressState()
[3/65] Compiling SPMCore FileTransaction.swift
/host/spi-builder-workspace/Sources/spm/ProcessRunner.swift:54:23: error: cannot find 'Process' in scope
 52 |         timeout: TimeInterval = 120
 53 |     ) throws -> ProcessResult {
 54 |         let process = Process()
    |                       `- error: cannot find 'Process' in scope
 55 |         let outputPipe = Pipe()
 56 |         let errorPipe = Pipe()
/host/spi-builder-workspace/Sources/spm/ProcessRunner.swift:66:41: error: value of type 'FileHandle' has no member 'readabilityHandler'
 64 |         process.standardError = errorPipe
 65 |
 66 |         outputPipe.fileHandleForReading.readabilityHandler = { handle in
    |                                         `- error: value of type 'FileHandle' has no member 'readabilityHandler'
 67 |             outputBuffer.append(handle.availableData)
 68 |         }
/host/spi-builder-workspace/Sources/spm/ProcessRunner.swift:66:64: error: cannot infer type of closure parameter 'handle' without a type annotation
 64 |         process.standardError = errorPipe
 65 |
 66 |         outputPipe.fileHandleForReading.readabilityHandler = { handle in
    |                                                                `- error: cannot infer type of closure parameter 'handle' without a type annotation
 67 |             outputBuffer.append(handle.availableData)
 68 |         }
/host/spi-builder-workspace/Sources/spm/ProcessRunner.swift:69:40: error: value of type 'FileHandle' has no member 'readabilityHandler'
 67 |             outputBuffer.append(handle.availableData)
 68 |         }
 69 |         errorPipe.fileHandleForReading.readabilityHandler = { handle in
    |                                        `- error: value of type 'FileHandle' has no member 'readabilityHandler'
 70 |             errorBuffer.append(handle.availableData)
 71 |         }
/host/spi-builder-workspace/Sources/spm/ProcessRunner.swift:69:63: error: cannot infer type of closure parameter 'handle' without a type annotation
 67 |             outputBuffer.append(handle.availableData)
 68 |         }
 69 |         errorPipe.fileHandleForReading.readabilityHandler = { handle in
    |                                                               `- error: cannot infer type of closure parameter 'handle' without a type annotation
 70 |             errorBuffer.append(handle.availableData)
 71 |         }
/host/spi-builder-workspace/Sources/spm/ProcessRunner.swift:81:29: error: value of type 'RunLoop' has no member 'run'
 79 |         let deadline = Date().addingTimeInterval(timeout)
 80 |         while process.isRunning && Date() < deadline {
 81 |             RunLoop.current.run(until: Date().addingTimeInterval(0.01))
    |                             `- error: value of type 'RunLoop' has no member 'run'
 82 |         }
 83 |
/host/spi-builder-workspace/Sources/spm/ProcessRunner.swift:87:45: error: value of type 'FileHandle' has no member 'readabilityHandler'
 85 |             process.terminate()
 86 |             process.waitUntilExit()
 87 |             outputPipe.fileHandleForReading.readabilityHandler = nil
    |                                             `- error: value of type 'FileHandle' has no member 'readabilityHandler'
 88 |             errorPipe.fileHandleForReading.readabilityHandler = nil
 89 |             throw SPMCommandError.failure(
/host/spi-builder-workspace/Sources/spm/ProcessRunner.swift:88:44: error: value of type 'FileHandle' has no member 'readabilityHandler'
 86 |             process.waitUntilExit()
 87 |             outputPipe.fileHandleForReading.readabilityHandler = nil
 88 |             errorPipe.fileHandleForReading.readabilityHandler = nil
    |                                            `- error: value of type 'FileHandle' has no member 'readabilityHandler'
 89 |             throw SPMCommandError.failure(
 90 |                 "Command timed out after \(Int(timeout)) seconds: \(executable)",
/host/spi-builder-workspace/Sources/spm/ProcessRunner.swift:95:41: error: value of type 'FileHandle' has no member 'readabilityHandler'
 93 |         }
 94 |
 95 |         outputPipe.fileHandleForReading.readabilityHandler = nil
    |                                         `- error: value of type 'FileHandle' has no member 'readabilityHandler'
 96 |         errorPipe.fileHandleForReading.readabilityHandler = nil
 97 |         outputBuffer.append(outputPipe.fileHandleForReading.readDataToEndOfFile())
/host/spi-builder-workspace/Sources/spm/ProcessRunner.swift:96:40: error: value of type 'FileHandle' has no member 'readabilityHandler'
 94 |
 95 |         outputPipe.fileHandleForReading.readabilityHandler = nil
 96 |         errorPipe.fileHandleForReading.readabilityHandler = nil
    |                                        `- error: value of type 'FileHandle' has no member 'readabilityHandler'
 97 |         outputBuffer.append(outputPipe.fileHandleForReading.readDataToEndOfFile())
 98 |         errorBuffer.append(errorPipe.fileHandleForReading.readDataToEndOfFile())
[4/65] Compiling SPMCore OverwriteOptions.swift
/host/spi-builder-workspace/Sources/spm/ProcessRunner.swift:54:23: error: cannot find 'Process' in scope
 52 |         timeout: TimeInterval = 120
 53 |     ) throws -> ProcessResult {
 54 |         let process = Process()
    |                       `- error: cannot find 'Process' in scope
 55 |         let outputPipe = Pipe()
 56 |         let errorPipe = Pipe()
/host/spi-builder-workspace/Sources/spm/ProcessRunner.swift:66:41: error: value of type 'FileHandle' has no member 'readabilityHandler'
 64 |         process.standardError = errorPipe
 65 |
 66 |         outputPipe.fileHandleForReading.readabilityHandler = { handle in
    |                                         `- error: value of type 'FileHandle' has no member 'readabilityHandler'
 67 |             outputBuffer.append(handle.availableData)
 68 |         }
/host/spi-builder-workspace/Sources/spm/ProcessRunner.swift:66:64: error: cannot infer type of closure parameter 'handle' without a type annotation
 64 |         process.standardError = errorPipe
 65 |
 66 |         outputPipe.fileHandleForReading.readabilityHandler = { handle in
    |                                                                `- error: cannot infer type of closure parameter 'handle' without a type annotation
 67 |             outputBuffer.append(handle.availableData)
 68 |         }
/host/spi-builder-workspace/Sources/spm/ProcessRunner.swift:69:40: error: value of type 'FileHandle' has no member 'readabilityHandler'
 67 |             outputBuffer.append(handle.availableData)
 68 |         }
 69 |         errorPipe.fileHandleForReading.readabilityHandler = { handle in
    |                                        `- error: value of type 'FileHandle' has no member 'readabilityHandler'
 70 |             errorBuffer.append(handle.availableData)
 71 |         }
/host/spi-builder-workspace/Sources/spm/ProcessRunner.swift:69:63: error: cannot infer type of closure parameter 'handle' without a type annotation
 67 |             outputBuffer.append(handle.availableData)
 68 |         }
 69 |         errorPipe.fileHandleForReading.readabilityHandler = { handle in
    |                                                               `- error: cannot infer type of closure parameter 'handle' without a type annotation
 70 |             errorBuffer.append(handle.availableData)
 71 |         }
/host/spi-builder-workspace/Sources/spm/ProcessRunner.swift:81:29: error: value of type 'RunLoop' has no member 'run'
 79 |         let deadline = Date().addingTimeInterval(timeout)
 80 |         while process.isRunning && Date() < deadline {
 81 |             RunLoop.current.run(until: Date().addingTimeInterval(0.01))
    |                             `- error: value of type 'RunLoop' has no member 'run'
 82 |         }
 83 |
/host/spi-builder-workspace/Sources/spm/ProcessRunner.swift:87:45: error: value of type 'FileHandle' has no member 'readabilityHandler'
 85 |             process.terminate()
 86 |             process.waitUntilExit()
 87 |             outputPipe.fileHandleForReading.readabilityHandler = nil
    |                                             `- error: value of type 'FileHandle' has no member 'readabilityHandler'
 88 |             errorPipe.fileHandleForReading.readabilityHandler = nil
 89 |             throw SPMCommandError.failure(
/host/spi-builder-workspace/Sources/spm/ProcessRunner.swift:88:44: error: value of type 'FileHandle' has no member 'readabilityHandler'
 86 |             process.waitUntilExit()
 87 |             outputPipe.fileHandleForReading.readabilityHandler = nil
 88 |             errorPipe.fileHandleForReading.readabilityHandler = nil
    |                                            `- error: value of type 'FileHandle' has no member 'readabilityHandler'
 89 |             throw SPMCommandError.failure(
 90 |                 "Command timed out after \(Int(timeout)) seconds: \(executable)",
/host/spi-builder-workspace/Sources/spm/ProcessRunner.swift:95:41: error: value of type 'FileHandle' has no member 'readabilityHandler'
 93 |         }
 94 |
 95 |         outputPipe.fileHandleForReading.readabilityHandler = nil
    |                                         `- error: value of type 'FileHandle' has no member 'readabilityHandler'
 96 |         errorPipe.fileHandleForReading.readabilityHandler = nil
 97 |         outputBuffer.append(outputPipe.fileHandleForReading.readDataToEndOfFile())
/host/spi-builder-workspace/Sources/spm/ProcessRunner.swift:96:40: error: value of type 'FileHandle' has no member 'readabilityHandler'
 94 |
 95 |         outputPipe.fileHandleForReading.readabilityHandler = nil
 96 |         errorPipe.fileHandleForReading.readabilityHandler = nil
    |                                        `- error: value of type 'FileHandle' has no member 'readabilityHandler'
 97 |         outputBuffer.append(outputPipe.fileHandleForReading.readDataToEndOfFile())
 98 |         errorBuffer.append(errorPipe.fileHandleForReading.readDataToEndOfFile())
[5/65] Compiling SPMCore PackageCommands.swift
/host/spi-builder-workspace/Sources/spm/ProcessRunner.swift:54:23: error: cannot find 'Process' in scope
 52 |         timeout: TimeInterval = 120
 53 |     ) throws -> ProcessResult {
 54 |         let process = Process()
    |                       `- error: cannot find 'Process' in scope
 55 |         let outputPipe = Pipe()
 56 |         let errorPipe = Pipe()
/host/spi-builder-workspace/Sources/spm/ProcessRunner.swift:66:41: error: value of type 'FileHandle' has no member 'readabilityHandler'
 64 |         process.standardError = errorPipe
 65 |
 66 |         outputPipe.fileHandleForReading.readabilityHandler = { handle in
    |                                         `- error: value of type 'FileHandle' has no member 'readabilityHandler'
 67 |             outputBuffer.append(handle.availableData)
 68 |         }
/host/spi-builder-workspace/Sources/spm/ProcessRunner.swift:66:64: error: cannot infer type of closure parameter 'handle' without a type annotation
 64 |         process.standardError = errorPipe
 65 |
 66 |         outputPipe.fileHandleForReading.readabilityHandler = { handle in
    |                                                                `- error: cannot infer type of closure parameter 'handle' without a type annotation
 67 |             outputBuffer.append(handle.availableData)
 68 |         }
/host/spi-builder-workspace/Sources/spm/ProcessRunner.swift:69:40: error: value of type 'FileHandle' has no member 'readabilityHandler'
 67 |             outputBuffer.append(handle.availableData)
 68 |         }
 69 |         errorPipe.fileHandleForReading.readabilityHandler = { handle in
    |                                        `- error: value of type 'FileHandle' has no member 'readabilityHandler'
 70 |             errorBuffer.append(handle.availableData)
 71 |         }
/host/spi-builder-workspace/Sources/spm/ProcessRunner.swift:69:63: error: cannot infer type of closure parameter 'handle' without a type annotation
 67 |             outputBuffer.append(handle.availableData)
 68 |         }
 69 |         errorPipe.fileHandleForReading.readabilityHandler = { handle in
    |                                                               `- error: cannot infer type of closure parameter 'handle' without a type annotation
 70 |             errorBuffer.append(handle.availableData)
 71 |         }
/host/spi-builder-workspace/Sources/spm/ProcessRunner.swift:81:29: error: value of type 'RunLoop' has no member 'run'
 79 |         let deadline = Date().addingTimeInterval(timeout)
 80 |         while process.isRunning && Date() < deadline {
 81 |             RunLoop.current.run(until: Date().addingTimeInterval(0.01))
    |                             `- error: value of type 'RunLoop' has no member 'run'
 82 |         }
 83 |
/host/spi-builder-workspace/Sources/spm/ProcessRunner.swift:87:45: error: value of type 'FileHandle' has no member 'readabilityHandler'
 85 |             process.terminate()
 86 |             process.waitUntilExit()
 87 |             outputPipe.fileHandleForReading.readabilityHandler = nil
    |                                             `- error: value of type 'FileHandle' has no member 'readabilityHandler'
 88 |             errorPipe.fileHandleForReading.readabilityHandler = nil
 89 |             throw SPMCommandError.failure(
/host/spi-builder-workspace/Sources/spm/ProcessRunner.swift:88:44: error: value of type 'FileHandle' has no member 'readabilityHandler'
 86 |             process.waitUntilExit()
 87 |             outputPipe.fileHandleForReading.readabilityHandler = nil
 88 |             errorPipe.fileHandleForReading.readabilityHandler = nil
    |                                            `- error: value of type 'FileHandle' has no member 'readabilityHandler'
 89 |             throw SPMCommandError.failure(
 90 |                 "Command timed out after \(Int(timeout)) seconds: \(executable)",
/host/spi-builder-workspace/Sources/spm/ProcessRunner.swift:95:41: error: value of type 'FileHandle' has no member 'readabilityHandler'
 93 |         }
 94 |
 95 |         outputPipe.fileHandleForReading.readabilityHandler = nil
    |                                         `- error: value of type 'FileHandle' has no member 'readabilityHandler'
 96 |         errorPipe.fileHandleForReading.readabilityHandler = nil
 97 |         outputBuffer.append(outputPipe.fileHandleForReading.readDataToEndOfFile())
/host/spi-builder-workspace/Sources/spm/ProcessRunner.swift:96:40: error: value of type 'FileHandle' has no member 'readabilityHandler'
 94 |
 95 |         outputPipe.fileHandleForReading.readabilityHandler = nil
 96 |         errorPipe.fileHandleForReading.readabilityHandler = nil
    |                                        `- error: value of type 'FileHandle' has no member 'readabilityHandler'
 97 |         outputBuffer.append(outputPipe.fileHandleForReading.readDataToEndOfFile())
 98 |         errorBuffer.append(errorPipe.fileHandleForReading.readDataToEndOfFile())
[6/65] Compiling SPMCore PackageContext.swift
/host/spi-builder-workspace/Sources/spm/ProcessRunner.swift:54:23: error: cannot find 'Process' in scope
 52 |         timeout: TimeInterval = 120
 53 |     ) throws -> ProcessResult {
 54 |         let process = Process()
    |                       `- error: cannot find 'Process' in scope
 55 |         let outputPipe = Pipe()
 56 |         let errorPipe = Pipe()
/host/spi-builder-workspace/Sources/spm/ProcessRunner.swift:66:41: error: value of type 'FileHandle' has no member 'readabilityHandler'
 64 |         process.standardError = errorPipe
 65 |
 66 |         outputPipe.fileHandleForReading.readabilityHandler = { handle in
    |                                         `- error: value of type 'FileHandle' has no member 'readabilityHandler'
 67 |             outputBuffer.append(handle.availableData)
 68 |         }
/host/spi-builder-workspace/Sources/spm/ProcessRunner.swift:66:64: error: cannot infer type of closure parameter 'handle' without a type annotation
 64 |         process.standardError = errorPipe
 65 |
 66 |         outputPipe.fileHandleForReading.readabilityHandler = { handle in
    |                                                                `- error: cannot infer type of closure parameter 'handle' without a type annotation
 67 |             outputBuffer.append(handle.availableData)
 68 |         }
/host/spi-builder-workspace/Sources/spm/ProcessRunner.swift:69:40: error: value of type 'FileHandle' has no member 'readabilityHandler'
 67 |             outputBuffer.append(handle.availableData)
 68 |         }
 69 |         errorPipe.fileHandleForReading.readabilityHandler = { handle in
    |                                        `- error: value of type 'FileHandle' has no member 'readabilityHandler'
 70 |             errorBuffer.append(handle.availableData)
 71 |         }
/host/spi-builder-workspace/Sources/spm/ProcessRunner.swift:69:63: error: cannot infer type of closure parameter 'handle' without a type annotation
 67 |             outputBuffer.append(handle.availableData)
 68 |         }
 69 |         errorPipe.fileHandleForReading.readabilityHandler = { handle in
    |                                                               `- error: cannot infer type of closure parameter 'handle' without a type annotation
 70 |             errorBuffer.append(handle.availableData)
 71 |         }
/host/spi-builder-workspace/Sources/spm/ProcessRunner.swift:81:29: error: value of type 'RunLoop' has no member 'run'
 79 |         let deadline = Date().addingTimeInterval(timeout)
 80 |         while process.isRunning && Date() < deadline {
 81 |             RunLoop.current.run(until: Date().addingTimeInterval(0.01))
    |                             `- error: value of type 'RunLoop' has no member 'run'
 82 |         }
 83 |
/host/spi-builder-workspace/Sources/spm/ProcessRunner.swift:87:45: error: value of type 'FileHandle' has no member 'readabilityHandler'
 85 |             process.terminate()
 86 |             process.waitUntilExit()
 87 |             outputPipe.fileHandleForReading.readabilityHandler = nil
    |                                             `- error: value of type 'FileHandle' has no member 'readabilityHandler'
 88 |             errorPipe.fileHandleForReading.readabilityHandler = nil
 89 |             throw SPMCommandError.failure(
/host/spi-builder-workspace/Sources/spm/ProcessRunner.swift:88:44: error: value of type 'FileHandle' has no member 'readabilityHandler'
 86 |             process.waitUntilExit()
 87 |             outputPipe.fileHandleForReading.readabilityHandler = nil
 88 |             errorPipe.fileHandleForReading.readabilityHandler = nil
    |                                            `- error: value of type 'FileHandle' has no member 'readabilityHandler'
 89 |             throw SPMCommandError.failure(
 90 |                 "Command timed out after \(Int(timeout)) seconds: \(executable)",
/host/spi-builder-workspace/Sources/spm/ProcessRunner.swift:95:41: error: value of type 'FileHandle' has no member 'readabilityHandler'
 93 |         }
 94 |
 95 |         outputPipe.fileHandleForReading.readabilityHandler = nil
    |                                         `- error: value of type 'FileHandle' has no member 'readabilityHandler'
 96 |         errorPipe.fileHandleForReading.readabilityHandler = nil
 97 |         outputBuffer.append(outputPipe.fileHandleForReading.readDataToEndOfFile())
/host/spi-builder-workspace/Sources/spm/ProcessRunner.swift:96:40: error: value of type 'FileHandle' has no member 'readabilityHandler'
 94 |
 95 |         outputPipe.fileHandleForReading.readabilityHandler = nil
 96 |         errorPipe.fileHandleForReading.readabilityHandler = nil
    |                                        `- error: value of type 'FileHandle' has no member 'readabilityHandler'
 97 |         outputBuffer.append(outputPipe.fileHandleForReading.readDataToEndOfFile())
 98 |         errorBuffer.append(errorPipe.fileHandleForReading.readDataToEndOfFile())
[7/65] Compiling SPMCore ProcessRunner.swift
/host/spi-builder-workspace/Sources/spm/ProcessRunner.swift:54:23: error: cannot find 'Process' in scope
 52 |         timeout: TimeInterval = 120
 53 |     ) throws -> ProcessResult {
 54 |         let process = Process()
    |                       `- error: cannot find 'Process' in scope
 55 |         let outputPipe = Pipe()
 56 |         let errorPipe = Pipe()
/host/spi-builder-workspace/Sources/spm/ProcessRunner.swift:66:41: error: value of type 'FileHandle' has no member 'readabilityHandler'
 64 |         process.standardError = errorPipe
 65 |
 66 |         outputPipe.fileHandleForReading.readabilityHandler = { handle in
    |                                         `- error: value of type 'FileHandle' has no member 'readabilityHandler'
 67 |             outputBuffer.append(handle.availableData)
 68 |         }
/host/spi-builder-workspace/Sources/spm/ProcessRunner.swift:66:64: error: cannot infer type of closure parameter 'handle' without a type annotation
 64 |         process.standardError = errorPipe
 65 |
 66 |         outputPipe.fileHandleForReading.readabilityHandler = { handle in
    |                                                                `- error: cannot infer type of closure parameter 'handle' without a type annotation
 67 |             outputBuffer.append(handle.availableData)
 68 |         }
/host/spi-builder-workspace/Sources/spm/ProcessRunner.swift:69:40: error: value of type 'FileHandle' has no member 'readabilityHandler'
 67 |             outputBuffer.append(handle.availableData)
 68 |         }
 69 |         errorPipe.fileHandleForReading.readabilityHandler = { handle in
    |                                        `- error: value of type 'FileHandle' has no member 'readabilityHandler'
 70 |             errorBuffer.append(handle.availableData)
 71 |         }
/host/spi-builder-workspace/Sources/spm/ProcessRunner.swift:69:63: error: cannot infer type of closure parameter 'handle' without a type annotation
 67 |             outputBuffer.append(handle.availableData)
 68 |         }
 69 |         errorPipe.fileHandleForReading.readabilityHandler = { handle in
    |                                                               `- error: cannot infer type of closure parameter 'handle' without a type annotation
 70 |             errorBuffer.append(handle.availableData)
 71 |         }
/host/spi-builder-workspace/Sources/spm/ProcessRunner.swift:81:29: error: value of type 'RunLoop' has no member 'run'
 79 |         let deadline = Date().addingTimeInterval(timeout)
 80 |         while process.isRunning && Date() < deadline {
 81 |             RunLoop.current.run(until: Date().addingTimeInterval(0.01))
    |                             `- error: value of type 'RunLoop' has no member 'run'
 82 |         }
 83 |
/host/spi-builder-workspace/Sources/spm/ProcessRunner.swift:87:45: error: value of type 'FileHandle' has no member 'readabilityHandler'
 85 |             process.terminate()
 86 |             process.waitUntilExit()
 87 |             outputPipe.fileHandleForReading.readabilityHandler = nil
    |                                             `- error: value of type 'FileHandle' has no member 'readabilityHandler'
 88 |             errorPipe.fileHandleForReading.readabilityHandler = nil
 89 |             throw SPMCommandError.failure(
/host/spi-builder-workspace/Sources/spm/ProcessRunner.swift:88:44: error: value of type 'FileHandle' has no member 'readabilityHandler'
 86 |             process.waitUntilExit()
 87 |             outputPipe.fileHandleForReading.readabilityHandler = nil
 88 |             errorPipe.fileHandleForReading.readabilityHandler = nil
    |                                            `- error: value of type 'FileHandle' has no member 'readabilityHandler'
 89 |             throw SPMCommandError.failure(
 90 |                 "Command timed out after \(Int(timeout)) seconds: \(executable)",
/host/spi-builder-workspace/Sources/spm/ProcessRunner.swift:95:41: error: value of type 'FileHandle' has no member 'readabilityHandler'
 93 |         }
 94 |
 95 |         outputPipe.fileHandleForReading.readabilityHandler = nil
    |                                         `- error: value of type 'FileHandle' has no member 'readabilityHandler'
 96 |         errorPipe.fileHandleForReading.readabilityHandler = nil
 97 |         outputBuffer.append(outputPipe.fileHandleForReading.readDataToEndOfFile())
/host/spi-builder-workspace/Sources/spm/ProcessRunner.swift:96:40: error: value of type 'FileHandle' has no member 'readabilityHandler'
 94 |
 95 |         outputPipe.fileHandleForReading.readabilityHandler = nil
 96 |         errorPipe.fileHandleForReading.readabilityHandler = nil
    |                                        `- error: value of type 'FileHandle' has no member 'readabilityHandler'
 97 |         outputBuffer.append(outputPipe.fileHandleForReading.readDataToEndOfFile())
 98 |         errorBuffer.append(errorPipe.fileHandleForReading.readDataToEndOfFile())
[8/65] Compiling SPMCore SPMCommandError.swift
/host/spi-builder-workspace/Sources/spm/ProcessRunner.swift:54:23: error: cannot find 'Process' in scope
 52 |         timeout: TimeInterval = 120
 53 |     ) throws -> ProcessResult {
 54 |         let process = Process()
    |                       `- error: cannot find 'Process' in scope
 55 |         let outputPipe = Pipe()
 56 |         let errorPipe = Pipe()
/host/spi-builder-workspace/Sources/spm/ProcessRunner.swift:66:41: error: value of type 'FileHandle' has no member 'readabilityHandler'
 64 |         process.standardError = errorPipe
 65 |
 66 |         outputPipe.fileHandleForReading.readabilityHandler = { handle in
    |                                         `- error: value of type 'FileHandle' has no member 'readabilityHandler'
 67 |             outputBuffer.append(handle.availableData)
 68 |         }
/host/spi-builder-workspace/Sources/spm/ProcessRunner.swift:66:64: error: cannot infer type of closure parameter 'handle' without a type annotation
 64 |         process.standardError = errorPipe
 65 |
 66 |         outputPipe.fileHandleForReading.readabilityHandler = { handle in
    |                                                                `- error: cannot infer type of closure parameter 'handle' without a type annotation
 67 |             outputBuffer.append(handle.availableData)
 68 |         }
/host/spi-builder-workspace/Sources/spm/ProcessRunner.swift:69:40: error: value of type 'FileHandle' has no member 'readabilityHandler'
 67 |             outputBuffer.append(handle.availableData)
 68 |         }
 69 |         errorPipe.fileHandleForReading.readabilityHandler = { handle in
    |                                        `- error: value of type 'FileHandle' has no member 'readabilityHandler'
 70 |             errorBuffer.append(handle.availableData)
 71 |         }
/host/spi-builder-workspace/Sources/spm/ProcessRunner.swift:69:63: error: cannot infer type of closure parameter 'handle' without a type annotation
 67 |             outputBuffer.append(handle.availableData)
 68 |         }
 69 |         errorPipe.fileHandleForReading.readabilityHandler = { handle in
    |                                                               `- error: cannot infer type of closure parameter 'handle' without a type annotation
 70 |             errorBuffer.append(handle.availableData)
 71 |         }
/host/spi-builder-workspace/Sources/spm/ProcessRunner.swift:81:29: error: value of type 'RunLoop' has no member 'run'
 79 |         let deadline = Date().addingTimeInterval(timeout)
 80 |         while process.isRunning && Date() < deadline {
 81 |             RunLoop.current.run(until: Date().addingTimeInterval(0.01))
    |                             `- error: value of type 'RunLoop' has no member 'run'
 82 |         }
 83 |
/host/spi-builder-workspace/Sources/spm/ProcessRunner.swift:87:45: error: value of type 'FileHandle' has no member 'readabilityHandler'
 85 |             process.terminate()
 86 |             process.waitUntilExit()
 87 |             outputPipe.fileHandleForReading.readabilityHandler = nil
    |                                             `- error: value of type 'FileHandle' has no member 'readabilityHandler'
 88 |             errorPipe.fileHandleForReading.readabilityHandler = nil
 89 |             throw SPMCommandError.failure(
/host/spi-builder-workspace/Sources/spm/ProcessRunner.swift:88:44: error: value of type 'FileHandle' has no member 'readabilityHandler'
 86 |             process.waitUntilExit()
 87 |             outputPipe.fileHandleForReading.readabilityHandler = nil
 88 |             errorPipe.fileHandleForReading.readabilityHandler = nil
    |                                            `- error: value of type 'FileHandle' has no member 'readabilityHandler'
 89 |             throw SPMCommandError.failure(
 90 |                 "Command timed out after \(Int(timeout)) seconds: \(executable)",
/host/spi-builder-workspace/Sources/spm/ProcessRunner.swift:95:41: error: value of type 'FileHandle' has no member 'readabilityHandler'
 93 |         }
 94 |
 95 |         outputPipe.fileHandleForReading.readabilityHandler = nil
    |                                         `- error: value of type 'FileHandle' has no member 'readabilityHandler'
 96 |         errorPipe.fileHandleForReading.readabilityHandler = nil
 97 |         outputBuffer.append(outputPipe.fileHandleForReading.readDataToEndOfFile())
/host/spi-builder-workspace/Sources/spm/ProcessRunner.swift:96:40: error: value of type 'FileHandle' has no member 'readabilityHandler'
 94 |
 95 |         outputPipe.fileHandleForReading.readabilityHandler = nil
 96 |         errorPipe.fileHandleForReading.readabilityHandler = nil
    |                                        `- error: value of type 'FileHandle' has no member 'readabilityHandler'
 97 |         outputBuffer.append(outputPipe.fileHandleForReading.readDataToEndOfFile())
 98 |         errorBuffer.append(errorPipe.fileHandleForReading.readDataToEndOfFile())
[9/65] Compiling SPMCore SPMOutput.swift
/host/spi-builder-workspace/Sources/spm/ProcessRunner.swift:54:23: error: cannot find 'Process' in scope
 52 |         timeout: TimeInterval = 120
 53 |     ) throws -> ProcessResult {
 54 |         let process = Process()
    |                       `- error: cannot find 'Process' in scope
 55 |         let outputPipe = Pipe()
 56 |         let errorPipe = Pipe()
/host/spi-builder-workspace/Sources/spm/ProcessRunner.swift:66:41: error: value of type 'FileHandle' has no member 'readabilityHandler'
 64 |         process.standardError = errorPipe
 65 |
 66 |         outputPipe.fileHandleForReading.readabilityHandler = { handle in
    |                                         `- error: value of type 'FileHandle' has no member 'readabilityHandler'
 67 |             outputBuffer.append(handle.availableData)
 68 |         }
/host/spi-builder-workspace/Sources/spm/ProcessRunner.swift:66:64: error: cannot infer type of closure parameter 'handle' without a type annotation
 64 |         process.standardError = errorPipe
 65 |
 66 |         outputPipe.fileHandleForReading.readabilityHandler = { handle in
    |                                                                `- error: cannot infer type of closure parameter 'handle' without a type annotation
 67 |             outputBuffer.append(handle.availableData)
 68 |         }
/host/spi-builder-workspace/Sources/spm/ProcessRunner.swift:69:40: error: value of type 'FileHandle' has no member 'readabilityHandler'
 67 |             outputBuffer.append(handle.availableData)
 68 |         }
 69 |         errorPipe.fileHandleForReading.readabilityHandler = { handle in
    |                                        `- error: value of type 'FileHandle' has no member 'readabilityHandler'
 70 |             errorBuffer.append(handle.availableData)
 71 |         }
/host/spi-builder-workspace/Sources/spm/ProcessRunner.swift:69:63: error: cannot infer type of closure parameter 'handle' without a type annotation
 67 |             outputBuffer.append(handle.availableData)
 68 |         }
 69 |         errorPipe.fileHandleForReading.readabilityHandler = { handle in
    |                                                               `- error: cannot infer type of closure parameter 'handle' without a type annotation
 70 |             errorBuffer.append(handle.availableData)
 71 |         }
/host/spi-builder-workspace/Sources/spm/ProcessRunner.swift:81:29: error: value of type 'RunLoop' has no member 'run'
 79 |         let deadline = Date().addingTimeInterval(timeout)
 80 |         while process.isRunning && Date() < deadline {
 81 |             RunLoop.current.run(until: Date().addingTimeInterval(0.01))
    |                             `- error: value of type 'RunLoop' has no member 'run'
 82 |         }
 83 |
/host/spi-builder-workspace/Sources/spm/ProcessRunner.swift:87:45: error: value of type 'FileHandle' has no member 'readabilityHandler'
 85 |             process.terminate()
 86 |             process.waitUntilExit()
 87 |             outputPipe.fileHandleForReading.readabilityHandler = nil
    |                                             `- error: value of type 'FileHandle' has no member 'readabilityHandler'
 88 |             errorPipe.fileHandleForReading.readabilityHandler = nil
 89 |             throw SPMCommandError.failure(
/host/spi-builder-workspace/Sources/spm/ProcessRunner.swift:88:44: error: value of type 'FileHandle' has no member 'readabilityHandler'
 86 |             process.waitUntilExit()
 87 |             outputPipe.fileHandleForReading.readabilityHandler = nil
 88 |             errorPipe.fileHandleForReading.readabilityHandler = nil
    |                                            `- error: value of type 'FileHandle' has no member 'readabilityHandler'
 89 |             throw SPMCommandError.failure(
 90 |                 "Command timed out after \(Int(timeout)) seconds: \(executable)",
/host/spi-builder-workspace/Sources/spm/ProcessRunner.swift:95:41: error: value of type 'FileHandle' has no member 'readabilityHandler'
 93 |         }
 94 |
 95 |         outputPipe.fileHandleForReading.readabilityHandler = nil
    |                                         `- error: value of type 'FileHandle' has no member 'readabilityHandler'
 96 |         errorPipe.fileHandleForReading.readabilityHandler = nil
 97 |         outputBuffer.append(outputPipe.fileHandleForReading.readDataToEndOfFile())
/host/spi-builder-workspace/Sources/spm/ProcessRunner.swift:96:40: error: value of type 'FileHandle' has no member 'readabilityHandler'
 94 |
 95 |         outputPipe.fileHandleForReading.readabilityHandler = nil
 96 |         errorPipe.fileHandleForReading.readabilityHandler = nil
    |                                        `- error: value of type 'FileHandle' has no member 'readabilityHandler'
 97 |         outputBuffer.append(outputPipe.fileHandleForReading.readDataToEndOfFile())
 98 |         errorBuffer.append(errorPipe.fileHandleForReading.readDataToEndOfFile())
[10/65] Compiling SPMCore SPMRuntime.swift
/host/spi-builder-workspace/Sources/spm/ProcessRunner.swift:54:23: error: cannot find 'Process' in scope
 52 |         timeout: TimeInterval = 120
 53 |     ) throws -> ProcessResult {
 54 |         let process = Process()
    |                       `- error: cannot find 'Process' in scope
 55 |         let outputPipe = Pipe()
 56 |         let errorPipe = Pipe()
/host/spi-builder-workspace/Sources/spm/ProcessRunner.swift:66:41: error: value of type 'FileHandle' has no member 'readabilityHandler'
 64 |         process.standardError = errorPipe
 65 |
 66 |         outputPipe.fileHandleForReading.readabilityHandler = { handle in
    |                                         `- error: value of type 'FileHandle' has no member 'readabilityHandler'
 67 |             outputBuffer.append(handle.availableData)
 68 |         }
/host/spi-builder-workspace/Sources/spm/ProcessRunner.swift:66:64: error: cannot infer type of closure parameter 'handle' without a type annotation
 64 |         process.standardError = errorPipe
 65 |
 66 |         outputPipe.fileHandleForReading.readabilityHandler = { handle in
    |                                                                `- error: cannot infer type of closure parameter 'handle' without a type annotation
 67 |             outputBuffer.append(handle.availableData)
 68 |         }
/host/spi-builder-workspace/Sources/spm/ProcessRunner.swift:69:40: error: value of type 'FileHandle' has no member 'readabilityHandler'
 67 |             outputBuffer.append(handle.availableData)
 68 |         }
 69 |         errorPipe.fileHandleForReading.readabilityHandler = { handle in
    |                                        `- error: value of type 'FileHandle' has no member 'readabilityHandler'
 70 |             errorBuffer.append(handle.availableData)
 71 |         }
/host/spi-builder-workspace/Sources/spm/ProcessRunner.swift:69:63: error: cannot infer type of closure parameter 'handle' without a type annotation
 67 |             outputBuffer.append(handle.availableData)
 68 |         }
 69 |         errorPipe.fileHandleForReading.readabilityHandler = { handle in
    |                                                               `- error: cannot infer type of closure parameter 'handle' without a type annotation
 70 |             errorBuffer.append(handle.availableData)
 71 |         }
/host/spi-builder-workspace/Sources/spm/ProcessRunner.swift:81:29: error: value of type 'RunLoop' has no member 'run'
 79 |         let deadline = Date().addingTimeInterval(timeout)
 80 |         while process.isRunning && Date() < deadline {
 81 |             RunLoop.current.run(until: Date().addingTimeInterval(0.01))
    |                             `- error: value of type 'RunLoop' has no member 'run'
 82 |         }
 83 |
/host/spi-builder-workspace/Sources/spm/ProcessRunner.swift:87:45: error: value of type 'FileHandle' has no member 'readabilityHandler'
 85 |             process.terminate()
 86 |             process.waitUntilExit()
 87 |             outputPipe.fileHandleForReading.readabilityHandler = nil
    |                                             `- error: value of type 'FileHandle' has no member 'readabilityHandler'
 88 |             errorPipe.fileHandleForReading.readabilityHandler = nil
 89 |             throw SPMCommandError.failure(
/host/spi-builder-workspace/Sources/spm/ProcessRunner.swift:88:44: error: value of type 'FileHandle' has no member 'readabilityHandler'
 86 |             process.waitUntilExit()
 87 |             outputPipe.fileHandleForReading.readabilityHandler = nil
 88 |             errorPipe.fileHandleForReading.readabilityHandler = nil
    |                                            `- error: value of type 'FileHandle' has no member 'readabilityHandler'
 89 |             throw SPMCommandError.failure(
 90 |                 "Command timed out after \(Int(timeout)) seconds: \(executable)",
/host/spi-builder-workspace/Sources/spm/ProcessRunner.swift:95:41: error: value of type 'FileHandle' has no member 'readabilityHandler'
 93 |         }
 94 |
 95 |         outputPipe.fileHandleForReading.readabilityHandler = nil
    |                                         `- error: value of type 'FileHandle' has no member 'readabilityHandler'
 96 |         errorPipe.fileHandleForReading.readabilityHandler = nil
 97 |         outputBuffer.append(outputPipe.fileHandleForReading.readDataToEndOfFile())
/host/spi-builder-workspace/Sources/spm/ProcessRunner.swift:96:40: error: value of type 'FileHandle' has no member 'readabilityHandler'
 94 |
 95 |         outputPipe.fileHandleForReading.readabilityHandler = nil
 96 |         errorPipe.fileHandleForReading.readabilityHandler = nil
    |                                        `- error: value of type 'FileHandle' has no member 'readabilityHandler'
 97 |         outputBuffer.append(outputPipe.fileHandleForReading.readDataToEndOfFile())
 98 |         errorBuffer.append(errorPipe.fileHandleForReading.readDataToEndOfFile())
[11/65] Compiling SPMCore swiftLint.swift
/host/spi-builder-workspace/Sources/spm/helpers/CLI.swift:218:46: error: cannot find type 'Process' in scope
216 |
217 | /// Runs a process while showing an indeterminate terminal spinner.
218 | static func runProcessWithSpinner(_ process: Process, message: String) throws -> Int32 {
    |                                              `- error: cannot find type 'Process' in scope
219 |     let frames = ["-", "\\", "|", "/"]
220 |     let state = CLIProgressState()
/host/spi-builder-workspace/Sources/spm/helpers/CLI.swift:228:5: error: cannot find 'DispatchQueue' in scope
226 |     }
227 |
228 |     DispatchQueue.global(qos: .userInitiated).async {
    |     `- error: cannot find 'DispatchQueue' in scope
229 |         var frameIndex = 0
230 |         while true {
/host/spi-builder-workspace/Sources/spm/helpers/CLI.swift:241:13: error: cannot find 'Thread' in scope
239 |             printC("\(frames[frameIndex % frames.count]) \(message)", terminator: "\r")
240 |             frameIndex += 1
241 |             Thread.sleep(forTimeInterval: 0.12)
    |             `- error: cannot find 'Thread' in scope
242 |         }
243 |     }
/host/spi-builder-workspace/Sources/spm/helpers/CLI.swift:228:32: error: cannot infer contextual base in reference to member 'userInitiated'
226 |     }
227 |
228 |     DispatchQueue.global(qos: .userInitiated).async {
    |                                `- error: cannot infer contextual base in reference to member 'userInitiated'
229 |         var frameIndex = 0
230 |         while true {
[12/65] Compiling SPMCore CLI.swift
/host/spi-builder-workspace/Sources/spm/helpers/CLI.swift:218:46: error: cannot find type 'Process' in scope
216 |
217 | /// Runs a process while showing an indeterminate terminal spinner.
218 | static func runProcessWithSpinner(_ process: Process, message: String) throws -> Int32 {
    |                                              `- error: cannot find type 'Process' in scope
219 |     let frames = ["-", "\\", "|", "/"]
220 |     let state = CLIProgressState()
/host/spi-builder-workspace/Sources/spm/helpers/CLI.swift:228:5: error: cannot find 'DispatchQueue' in scope
226 |     }
227 |
228 |     DispatchQueue.global(qos: .userInitiated).async {
    |     `- error: cannot find 'DispatchQueue' in scope
229 |         var frameIndex = 0
230 |         while true {
/host/spi-builder-workspace/Sources/spm/helpers/CLI.swift:241:13: error: cannot find 'Thread' in scope
239 |             printC("\(frames[frameIndex % frames.count]) \(message)", terminator: "\r")
240 |             frameIndex += 1
241 |             Thread.sleep(forTimeInterval: 0.12)
    |             `- error: cannot find 'Thread' in scope
242 |         }
243 |     }
/host/spi-builder-workspace/Sources/spm/helpers/CLI.swift:228:32: error: cannot infer contextual base in reference to member 'userInitiated'
226 |     }
227 |
228 |     DispatchQueue.global(qos: .userInitiated).async {
    |                                `- error: cannot infer contextual base in reference to member 'userInitiated'
229 |         var frameIndex = 0
230 |         while true {
[13/65] Compiling SPMCore AddPackageProductToTarget.swift
/host/spi-builder-workspace/Sources/spm/helpers/CLI.swift:218:46: error: cannot find type 'Process' in scope
216 |
217 | /// Runs a process while showing an indeterminate terminal spinner.
218 | static func runProcessWithSpinner(_ process: Process, message: String) throws -> Int32 {
    |                                              `- error: cannot find type 'Process' in scope
219 |     let frames = ["-", "\\", "|", "/"]
220 |     let state = CLIProgressState()
/host/spi-builder-workspace/Sources/spm/helpers/CLI.swift:228:5: error: cannot find 'DispatchQueue' in scope
226 |     }
227 |
228 |     DispatchQueue.global(qos: .userInitiated).async {
    |     `- error: cannot find 'DispatchQueue' in scope
229 |         var frameIndex = 0
230 |         while true {
/host/spi-builder-workspace/Sources/spm/helpers/CLI.swift:241:13: error: cannot find 'Thread' in scope
239 |             printC("\(frames[frameIndex % frames.count]) \(message)", terminator: "\r")
240 |             frameIndex += 1
241 |             Thread.sleep(forTimeInterval: 0.12)
    |             `- error: cannot find 'Thread' in scope
242 |         }
243 |     }
/host/spi-builder-workspace/Sources/spm/helpers/CLI.swift:228:32: error: cannot infer contextual base in reference to member 'userInitiated'
226 |     }
227 |
228 |     DispatchQueue.global(qos: .userInitiated).async {
    |                                `- error: cannot infer contextual base in reference to member 'userInitiated'
229 |         var frameIndex = 0
230 |         while true {
[14/65] Compiling SPMCore AddPackageReferenceListEntry.swift
/host/spi-builder-workspace/Sources/spm/helpers/CLI.swift:218:46: error: cannot find type 'Process' in scope
216 |
217 | /// Runs a process while showing an indeterminate terminal spinner.
218 | static func runProcessWithSpinner(_ process: Process, message: String) throws -> Int32 {
    |                                              `- error: cannot find type 'Process' in scope
219 |     let frames = ["-", "\\", "|", "/"]
220 |     let state = CLIProgressState()
/host/spi-builder-workspace/Sources/spm/helpers/CLI.swift:228:5: error: cannot find 'DispatchQueue' in scope
226 |     }
227 |
228 |     DispatchQueue.global(qos: .userInitiated).async {
    |     `- error: cannot find 'DispatchQueue' in scope
229 |         var frameIndex = 0
230 |         while true {
/host/spi-builder-workspace/Sources/spm/helpers/CLI.swift:241:13: error: cannot find 'Thread' in scope
239 |             printC("\(frames[frameIndex % frames.count]) \(message)", terminator: "\r")
240 |             frameIndex += 1
241 |             Thread.sleep(forTimeInterval: 0.12)
    |             `- error: cannot find 'Thread' in scope
242 |         }
243 |     }
/host/spi-builder-workspace/Sources/spm/helpers/CLI.swift:228:32: error: cannot infer contextual base in reference to member 'userInitiated'
226 |     }
227 |
228 |     DispatchQueue.global(qos: .userInitiated).async {
    |                                `- error: cannot infer contextual base in reference to member 'userInitiated'
229 |         var frameIndex = 0
230 |         while true {
[15/65] Compiling SPMCore AddXcodeListEntry.swift
/host/spi-builder-workspace/Sources/spm/helpers/CLI.swift:218:46: error: cannot find type 'Process' in scope
216 |
217 | /// Runs a process while showing an indeterminate terminal spinner.
218 | static func runProcessWithSpinner(_ process: Process, message: String) throws -> Int32 {
    |                                              `- error: cannot find type 'Process' in scope
219 |     let frames = ["-", "\\", "|", "/"]
220 |     let state = CLIProgressState()
/host/spi-builder-workspace/Sources/spm/helpers/CLI.swift:228:5: error: cannot find 'DispatchQueue' in scope
226 |     }
227 |
228 |     DispatchQueue.global(qos: .userInitiated).async {
    |     `- error: cannot find 'DispatchQueue' in scope
229 |         var frameIndex = 0
230 |         while true {
/host/spi-builder-workspace/Sources/spm/helpers/CLI.swift:241:13: error: cannot find 'Thread' in scope
239 |             printC("\(frames[frameIndex % frames.count]) \(message)", terminator: "\r")
240 |             frameIndex += 1
241 |             Thread.sleep(forTimeInterval: 0.12)
    |             `- error: cannot find 'Thread' in scope
242 |         }
243 |     }
/host/spi-builder-workspace/Sources/spm/helpers/CLI.swift:228:32: error: cannot infer contextual base in reference to member 'userInitiated'
226 |     }
227 |
228 |     DispatchQueue.global(qos: .userInitiated).async {
    |                                `- error: cannot infer contextual base in reference to member 'userInitiated'
229 |         var frameIndex = 0
230 |         while true {
[16/65] Compiling SPMCore BuildFileObject.swift
/host/spi-builder-workspace/Sources/spm/helpers/CLI.swift:218:46: error: cannot find type 'Process' in scope
216 |
217 | /// Runs a process while showing an indeterminate terminal spinner.
218 | static func runProcessWithSpinner(_ process: Process, message: String) throws -> Int32 {
    |                                              `- error: cannot find type 'Process' in scope
219 |     let frames = ["-", "\\", "|", "/"]
220 |     let state = CLIProgressState()
/host/spi-builder-workspace/Sources/spm/helpers/CLI.swift:228:5: error: cannot find 'DispatchQueue' in scope
226 |     }
227 |
228 |     DispatchQueue.global(qos: .userInitiated).async {
    |     `- error: cannot find 'DispatchQueue' in scope
229 |         var frameIndex = 0
230 |         while true {
/host/spi-builder-workspace/Sources/spm/helpers/CLI.swift:241:13: error: cannot find 'Thread' in scope
239 |             printC("\(frames[frameIndex % frames.count]) \(message)", terminator: "\r")
240 |             frameIndex += 1
241 |             Thread.sleep(forTimeInterval: 0.12)
    |             `- error: cannot find 'Thread' in scope
242 |         }
243 |     }
/host/spi-builder-workspace/Sources/spm/helpers/CLI.swift:228:32: error: cannot infer contextual base in reference to member 'userInitiated'
226 |     }
227 |
228 |     DispatchQueue.global(qos: .userInitiated).async {
    |                                `- error: cannot infer contextual base in reference to member 'userInitiated'
229 |         var frameIndex = 0
230 |         while true {
[17/65] Compiling SPMCore DefaultBranch.swift
/host/spi-builder-workspace/Sources/spm/helpers/CLI.swift:218:46: error: cannot find type 'Process' in scope
216 |
217 | /// Runs a process while showing an indeterminate terminal spinner.
218 | static func runProcessWithSpinner(_ process: Process, message: String) throws -> Int32 {
    |                                              `- error: cannot find type 'Process' in scope
219 |     let frames = ["-", "\\", "|", "/"]
220 |     let state = CLIProgressState()
/host/spi-builder-workspace/Sources/spm/helpers/CLI.swift:228:5: error: cannot find 'DispatchQueue' in scope
226 |     }
227 |
228 |     DispatchQueue.global(qos: .userInitiated).async {
    |     `- error: cannot find 'DispatchQueue' in scope
229 |         var frameIndex = 0
230 |         while true {
/host/spi-builder-workspace/Sources/spm/helpers/CLI.swift:241:13: error: cannot find 'Thread' in scope
239 |             printC("\(frames[frameIndex % frames.count]) \(message)", terminator: "\r")
240 |             frameIndex += 1
241 |             Thread.sleep(forTimeInterval: 0.12)
    |             `- error: cannot find 'Thread' in scope
242 |         }
243 |     }
/host/spi-builder-workspace/Sources/spm/helpers/CLI.swift:228:32: error: cannot infer contextual base in reference to member 'userInitiated'
226 |     }
227 |
228 |     DispatchQueue.global(qos: .userInitiated).async {
    |                                `- error: cannot infer contextual base in reference to member 'userInitiated'
229 |         var frameIndex = 0
230 |         while true {
[18/65] Compiling SPMCore ExistingBuildFileID.swift
[19/65] Compiling SPMCore ExistingPackageReferenceID.swift
[20/65] Compiling SPMCore ExistingProductDependencyID.swift
[21/65] Compiling SPMCore FindXcodeProject.swift
[22/65] Compiling SPMCore InsertPackageReferenceObject.swift
[23/65] Compiling SPMCore InsertXcodeObject.swift
[24/65] Compiling SPMCore LibraryProducts.swift
[25/65] Compiling SPMCore MakeXcodeObjectID.swift
[26/65] Compiling SPMCore NativeTargets.swift
[27/65] Compiling SPMCore NormalizedSwiftPackageURL.swift
[28/65] Compiling SPMCore PackageReferenceObject.swift
[29/65] Compiling SPMCore PackageReferenceSection.swift
[30/65] Compiling SPMCore PackageRequirement.swift
[31/65] Compiling SPMCore ParseXcodePackageSemanticVersion.swift
[32/65] Compiling SPMCore PossibleSwiftPackageProductNames.swift
[33/65] Compiling SPMCore RunXcodePackageInstallerCommand.swift
[34/65] Compiling SPMCore SafeArraySubscript.swift
[35/65] Compiling SPMCore SwiftPackageName.swift
[36/65] Compiling SPMCore SwiftPackageProductDependencyObject.swift
[37/65] Compiling SPMCore UninstallPackage.swift
[38/65] Compiling SPMCore XcodeListBlockRange.swift
[39/65] Compiling SPMCore SPMVersion.swift
[40/65] Compiling SPMCore StringHelpers.swift
[41/65] Compiling SPMCore TextDiff.swift
[42/65] Compiling SPMCore editorConfig.swift
[43/65] Compiling SPMCore gitIgnore.swift
[44/65] Compiling SPMCore header.swift
[45/65] Compiling SPMCore mitLicense.swift
[46/65] Compiling SPMCore readme.swift
[47/65] Compiling SPMCore XcodeObjectComment.swift
[48/65] Compiling SPMCore XcodeObjectID.swift
[49/65] Compiling SPMCore XcodeObjectRangeContaining.swift
[50/65] Compiling SPMCore XcodeObjectRangeWithID.swift
[51/65] Compiling SPMCore XcodeObjectRangesContaining.swift
[52/65] Compiling SPMCore XcodePackageInstaller.swift
[53/65] Compiling SPMCore XcodePackageInstallerTypes.swift
[54/65] Compiling SPMCore BuildOptions.swift
[55/65] Compiling SPMCore CommandRunner.swift
[56/65] Compiling SPMCore CompileExecutable.swift
[57/65] Compiling SPMCore CompletionCommand.swift
[58/65] Compiling SPMCore Configuration.swift
[59/65] Compiling SPMCore ConfigurationValidation.swift
[60/65] Compiling SPMCore DoctorCommand.swift
[61/65] Compiling SPMCore DocumentationOptions.swift
BUILD FAILURE 6.1 wasm