Build Information
Failed to build swift-statsd-client, reference main (a46acb), with Swift 6.2 for Wasm on 10 Oct 2026 17:46:33 UTC.
Build Command
bash -c docker run --pull=always --rm -v "checkouts-54344843-0":/host -w "$PWD" -e JAVA_HOME="/root/.sdkman/candidates/java/current" -e SPI_BUILD="1" -e SPI_PROCESSING="1" registry.gitlab.com/saguaro1/spi-images:wasm-6.2-latest swift build --swift-sdk swift-6.2-RELEASE_wasm 2>&1Build Log
========================================
RunAll
========================================
Builder version: 5.1.1
Interrupt handler set up.
========================================
Checkout
========================================
Clone URL: https://github.com/apple/swift-statsd-client.git
Reference: main
Initialized empty Git repository in /host/spi-builder-workspace/.git/
hint: Using 'master' as the name for the initial branch. This default branch name
hint: is subject to change. To configure the initial branch name to use in all
hint: of your new repositories, which will suppress this warning, call:
hint:
hint: git config --global init.defaultBranch <name>
hint:
hint: Names commonly chosen instead of 'master' are 'main', 'trunk' and
hint: 'development'. The just-created branch can be renamed via this command:
hint:
hint: git branch -m <name>
From https://github.com/apple/swift-statsd-client
* branch main -> FETCH_HEAD
* [new branch] main -> origin/main
HEAD is now at a46acbf Disable Xcode 6.1 tests (#80)
Cloned https://github.com/apple/swift-statsd-client.git
Revision (git rev-parse @):
a46acbf10a505e8ca98a47afeb7318d3a4daf104
SPI manifest file found: $PWD/.spi.yml
SUCCESS checkout https://github.com/apple/swift-statsd-client.git at main
========================================
Build
========================================
Selected platform: wasm
Swift version: 6.2
Building package at path: $PWD
https://github.com/apple/swift-statsd-client.git
Running build ...
bash -c docker run --pull=always --rm -v "checkouts-54344843-0":/host -w "$PWD" -e JAVA_HOME="/root/.sdkman/candidates/java/current" -e SPI_BUILD="1" -e SPI_PROCESSING="1" registry.gitlab.com/saguaro1/spi-images:wasm-6.2-latest swift build --swift-sdk swift-6.2-RELEASE_wasm 2>&1
wasm-6.2-latest: Pulling from saguaro1/spi-images
Digest: sha256:c092ff8dc506a2a30e6239b6992792fd4f7dfaaa46cac3b3c48d8fe35e954282
Status: Image is up to date for registry.gitlab.com/saguaro1/spi-images:wasm-6.2-latest
Fetching https://github.com/apple/swift-nio.git
Fetching https://github.com/apple/swift-metrics.git
Fetching https://github.com/apple/swift-atomics.git
[1/3563] Fetching swift-metrics
[3564/5452] Fetching swift-metrics, swift-atomics
Fetched https://github.com/apple/swift-metrics.git from cache (0.48s)
[38/1889] Fetching swift-atomics
Fetched https://github.com/apple/swift-atomics.git from cache (0.69s)
[1/86374] Fetching swift-nio
Fetched https://github.com/apple/swift-nio.git from cache (3.33s)
Computing version for https://github.com/apple/swift-atomics.git
Computed https://github.com/apple/swift-atomics.git at 1.3.1 (3.55s)
Computing version for https://github.com/apple/swift-metrics.git
Computed https://github.com/apple/swift-metrics.git at 2.12.0 (0.18s)
Computing version for https://github.com/apple/swift-nio.git
Computed https://github.com/apple/swift-nio.git at 2.104.0 (0.49s)
Fetching https://github.com/apple/swift-system.git
Fetching https://github.com/apple/swift-collections.git
[1/7241] Fetching swift-system
[7242/35936] Fetching swift-system, swift-collections
Fetched https://github.com/apple/swift-system.git from cache (0.66s)
[287/28695] Fetching swift-collections
Fetched https://github.com/apple/swift-collections.git from cache (1.62s)
Computing version for https://github.com/apple/swift-collections.git
Computed https://github.com/apple/swift-collections.git at 1.7.2 (1.88s)
Computing version for https://github.com/apple/swift-system.git
Computed https://github.com/apple/swift-system.git at 1.8.1 (0.21s)
Creating working copy for https://github.com/apple/swift-collections.git
Working copy of https://github.com/apple/swift-collections.git resolved at 1.7.2
Creating working copy for https://github.com/apple/swift-system.git
Working copy of https://github.com/apple/swift-system.git resolved at 1.8.1
Creating working copy for https://github.com/apple/swift-metrics.git
Working copy of https://github.com/apple/swift-metrics.git resolved at 2.12.0
Creating working copy for https://github.com/apple/swift-atomics.git
Working copy of https://github.com/apple/swift-atomics.git resolved at 1.3.1
Creating working copy for https://github.com/apple/swift-nio.git
Working copy of https://github.com/apple/swift-nio.git resolved at 2.104.0
Building for debugging...
[0/26] Write sources
[12/26] Compiling CNIOWASI CNIOWASI.c
[13/26] Compiling CNIOOpenBSD shim.c
[14/26] Compiling CNIOWindows shim.c
[15/26] Compiling CNIOLinux shim.c
[16/26] Compiling CNIOLinux liburing_shims.c
[17/26] Compiling CNIOFreeBSD shim.c
[18/26] Write sources
[19/26] Compiling CNIOPosix event_loop_id.c
[20/26] Compiling _AtomicsShims.c
[21/26] Compiling CNIODarwin shim.c
[22/26] Compiling CNIOWindows WSAStartup.c
[23/26] Write swift-version-24593BA9C3E375BF.txt
[24/83] Compiling c-nioatomics.c
[26/83] Compiling Atomics AtomicInteger.swift
[27/83] Compiling Atomics AtomicOptionalWrappable.swift
[28/83] Compiling Atomics AtomicReference.swift
[29/83] Compiling Atomics AtomicMemoryOrderings.swift
[30/86] Compiling CoreMetrics WithMetricsFactory.swift
[30/86] Compiling c-atomics.c
[32/86] Compiling Atomics UnsafeAtomic.swift
[33/86] Compiling Atomics UnsafeAtomicLazyReference.swift
[34/86] Compiling Atomics AtomicStorage.swift
[35/86] Compiling Atomics AtomicValue.swift
[40/88] Compiling Atomics DoubleWord.swift
[41/88] Compiling Atomics ManagedAtomic.swift
[42/88] Compiling Atomics ManagedAtomicLazyReference.swift
[48/88] Compiling Atomics IntegerOperations.swift
[49/88] Compiling Atomics Unmanaged extensions.swift
[50/88] Compiling InternalCollectionsUtilities _UnsafeBitSet+Index.swift
[51/91] Emitting module _NIOBase64
[52/93] Compiling _NIOBase64 Base64.swift
[53/96] Compiling _NIODataStructures PriorityQueue.swift
[54/96] Compiling InternalCollectionsUtilities UnsafeRawBufferPointer+Extras.swift
[55/96] Compiling InternalCollectionsUtilities _SortedCollection.swift
[56/96] Compiling InternalCollectionsUtilities _UniqueCollection.swift
[57/96] Compiling InternalCollectionsUtilities UnsafeMutablePointer+Extras.swift
[58/96] Compiling InternalCollectionsUtilities UnsafeMutableRawBufferPointer+Extras.swift
[59/96] Compiling InternalCollectionsUtilities UnsafePointer+Extras.swift
[60/96] Compiling Atomics RawRepresentable.swift
[61/96] Compiling Atomics AtomicBool.swift
[64/96] Compiling Atomics IntegerConformances.swift
[65/96] Compiling Atomics PointerConformances.swift
[66/96] Compiling Atomics Primitives.native.swift
[67/96] Compiling Atomics OptionalRawRepresentable.swift
[68/96] Emitting module InternalCollectionsUtilities
[69/96] Compiling InternalCollectionsUtilities _UnsafeBitSet+_Word.swift
[70/96] Compiling InternalCollectionsUtilities _UnsafeBitSet.swift
[71/96] Compiling InternalCollectionsUtilities UnsafeBufferPointer+Extras.swift
[72/96] Compiling InternalCollectionsUtilities UnsafeMutableBufferPointer+Extras.swift
[75/97] Compiling CoreMetrics Metrics.swift
[76/97] Compiling CoreMetrics MappingMetricsFactory.swift
[80/97] Emitting module Atomics
[86/101] Compiling NIOConcurrencyHelpers NIOLockedValueBox.swift
[87/102] Compiling SpanPreview OutputSpan+InputSpanHelpers.swift
[88/102] Compiling SpanPreview MutableSpan+InputSpanHelpers.swift
[89/102] Emitting module SpanPreview
[91/102] Compiling SpanPreview InputSpan.swift
[93/145] Emitting module NIOConcurrencyHelpers
[94/145] Compiling NIOConcurrencyHelpers NIOThreadPoolWorkAvailable.swift
[95/145] Compiling NIOConcurrencyHelpers lock.swift
[96/145] Compiling NIOConcurrencyHelpers NIOLock.swift
[97/145] Compiling NIOConcurrencyHelpers atomics.swift
[98/145] Compiling NIOConcurrencyHelpers NIOAtomic.swift
[99/146] Compiling CoreMetrics Locks.swift
[100/146] Emitting module CoreMetrics
[103/147] Compiling DequeModule UniqueDeque+Consumption.swift
[104/147] Compiling DequeModule UniqueDeque+ContainerOperations.swift
[105/147] Compiling DequeModule UniqueDeque+Deprecations.swift
[106/147] Compiling DequeModule UniqueDeque+Descriptions.swift
[107/147] Compiling DequeModule UniqueDeque+Equatable.swift
[108/147] Compiling DequeModule UniqueDeque+Hashable.swift
[109/152] Compiling DequeModule UniqueDeque+Initializers.swift
[110/152] Compiling DequeModule UniqueDeque+Insertions.swift
[111/152] Compiling DequeModule UniqueDeque+Iterable.swift
[112/152] Compiling DequeModule UniqueDeque+Prepend.swift
[113/152] Compiling DequeModule UniqueDeque+Removals.swift
[114/152] Compiling _NIODataStructures _TinyArray.swift
[115/152] Compiling _NIODataStructures Heap.swift
[116/152] Emitting module _NIODataStructures
[118/153] Compiling DequeModule _DequeBuffer.swift
[119/153] Compiling DequeModule _DequeBufferHeader.swift
[120/153] Compiling DequeModule RigidDeque+Append.swift
[121/153] Compiling DequeModule RigidDeque+Consumption.swift
[122/153] Compiling DequeModule RigidDeque+ContainerOperations.swift
[123/153] Compiling DequeModule RigidDeque+Deprecations.swift
[124/153] Compiling DequeModule RigidDeque+Descriptions.swift
[125/153] Compiling DequeModule RigidDeque+Equatable.swift
[126/153] Compiling DequeModule RigidDeque+Hashable.swift
[127/153] Compiling DequeModule RigidDeque+Initializers.swift
[128/153] Compiling DequeModule RigidDeque+Insertions.swift
[129/153] Compiling DequeModule RigidDeque+Iterable.swift
[130/153] Compiling DequeModule RigidDeque+Prepend.swift
[131/153] Compiling DequeModule RigidDeque+Removals.swift
[132/153] Compiling DequeModule RigidDeque+Replacements.swift
[133/153] Compiling DequeModule RigidDeque+Testing.swift
[134/153] Compiling DequeModule RigidDeque.swift
[135/153] Compiling DequeModule UniqueDeque+Append.swift
[136/153] Compiling DequeModule Deque+Codable.swift
[137/153] Compiling DequeModule Deque+Collection.swift
[138/153] Compiling DequeModule Deque+CustomReflectable.swift
[139/153] Compiling DequeModule Deque+Descriptions.swift
[140/153] Compiling DequeModule Deque+Equatable.swift
[141/153] Compiling DequeModule Deque+ExpressibleByArrayLiteral.swift
[142/153] Compiling DequeModule Deque+Extras.swift
[143/153] Compiling DequeModule Deque+Hashable.swift
[144/153] Compiling DequeModule Deque+Testing.swift
[145/153] Compiling DequeModule Deque._Storage.swift
[146/153] Compiling DequeModule Deque._UnsafeHandle.swift
[147/153] Compiling DequeModule Deque.swift
[148/153] Emitting module DequeModule
[149/153] Compiling DequeModule UniqueDeque+Replacements.swift
[150/153] Compiling DequeModule UniqueDeque.swift
[151/153] Compiling DequeModule _DequeSlot.swift
[152/153] Compiling DequeModule _UnsafeDequeHandle.swift
[153/153] Compiling DequeModule _UnsafeDequeSegments.swift
[155/218] Compiling NIOCore EventLoopFuture+Deprecated.swift
[156/218] Compiling NIOCore EventLoopFuture+WithEventLoop.swift
[157/218] Compiling NIOCore EventLoopFuture.swift
[158/218] Compiling NIOCore FileDescriptor.swift
[159/218] Compiling NIOCore FileHandle.swift
[160/218] Compiling NIOCore FileRegion.swift
[161/218] Compiling NIOCore GlobalSingletons.swift
[162/218] Compiling NIOCore IO.swift
[163/218] Compiling NIOCore IOData.swift
[164/226] Compiling NIOCore NIOThrowingAsyncSequenceProducer.swift
[165/226] Compiling NIOCore BSDSocketAPI.swift
[166/226] Compiling NIOCore ByteBuffer-aux.swift
[167/226] Compiling NIOCore ByteBuffer-binaryEncodedLengthPrefix.swift
[168/226] Compiling NIOCore ByteBuffer-conversions.swift
[169/226] Compiling NIOCore ByteBuffer-core.swift
[170/226] Compiling NIOCore ByteBuffer-hex.swift
[171/226] Compiling NIOCore ByteBuffer-int.swift
[172/226] Compiling NIOCore ByteBuffer-lengthPrefix.swift
[173/226] Compiling NIOCore IPProtocol.swift
[174/226] Compiling NIOCore IntegerBitPacking.swift
[175/226] Compiling NIOCore IntegerTypes.swift
[176/226] Compiling NIOCore Interfaces.swift
[177/226] Compiling NIOCore Linux.swift
[178/226] Compiling NIOCore MarkedCircularBuffer.swift
[179/226] Compiling NIOCore MulticastChannel.swift
[180/226] Compiling NIOCore NIOAny.swift
[181/226] Compiling NIOCore NIOCloseOnErrorHandler.swift
[182/226] Compiling NIOCore SingleStepByteToMessageDecoder.swift
[183/226] Compiling NIOCore SocketAddresses.swift
[184/226] Compiling NIOCore SocketOptionProvider.swift
[185/226] Compiling NIOCore SystemCallHelpers.swift
[186/226] Compiling NIOCore TimeAmount+Duration.swift
[187/226] Compiling NIOCore TypeAssistedChannelHandler.swift
[188/226] Compiling NIOCore UniversalBootstrapSupport.swift
[189/226] Compiling NIOCore Utilities.swift
[190/226] Compiling NIOCore CircularBuffer.swift
[191/226] Compiling NIOCore Codec.swift
[192/226] Compiling NIOCore ConvenienceOptionSupport.swift
[193/226] Compiling NIOCore DeadChannel.swift
[194/226] Compiling NIOCore DispatchQueue+WithFuture.swift
[195/226] Compiling NIOCore EventLoop+Deprecated.swift
[196/226] Compiling NIOCore EventLoop+SerialExecutor.swift
[197/226] Compiling NIOCore EventLoop.swift
[198/226] Compiling NIOCore EventLoopFuture+AssumeIsolated.swift
[199/226] Compiling NIOCore NIOCoreSendableMetatype.swift
[200/226] Compiling NIOCore NIODecodedAsyncSequence.swift
[201/226] Compiling NIOCore NIOLoopBound.swift
[202/226] Compiling NIOCore NIOPooledRecvBufferAllocator.swift
[203/226] Compiling NIOCore NIOScheduledCallback.swift
[204/226] Compiling NIOCore NIOSendable.swift
[205/226] Compiling NIOCore NIOSplitLinesMessageDecoder.swift
[206/226] Compiling NIOCore NIOTransportAccessibleChannelCore.swift
[207/226] Compiling NIOCore RecvByteBufferAllocator.swift
[208/226] Compiling NIOCore ByteBuffer-multi-int.swift
[209/226] Compiling NIOCore ByteBuffer-quicBinaryEncodingStrategy.swift
[210/226] Compiling NIOCore ByteBuffer-views.swift
[211/226] Compiling NIOCore Channel.swift
[212/226] Compiling NIOCore ChannelHandler.swift
[213/226] Compiling NIOCore ChannelHandlers.swift
[214/226] Compiling NIOCore ChannelInvoker.swift
[215/226] Compiling NIOCore ChannelOption.swift
[216/226] Compiling NIOCore ChannelPipeline.swift
[217/226] Compiling NIOCore AddressedEnvelope.swift
[218/226] Compiling NIOCore AsyncAwaitSupport.swift
[219/226] Compiling NIOCore AsyncChannel.swift
[220/226] Compiling NIOCore AsyncChannelHandler.swift
[221/226] Compiling NIOCore AsyncChannelInboundStream.swift
[222/226] Compiling NIOCore AsyncChannelOutboundWriter.swift
[223/226] Compiling NIOCore NIOAsyncSequenceProducer.swift
[224/226] Compiling NIOCore NIOAsyncSequenceProducerStrategies.swift
[225/226] Compiling NIOCore NIOAsyncWriter.swift
[226/226] Emitting module NIOCore
[228/281] Compiling NIOPosix BSDSocketAPICommon.swift
/host/spi-builder-workspace/.build/checkouts/swift-nio/Sources/NIOPosix/BaseSocketChannel+AccessibleTransport.swift:17:11: error: cannot find type 'BaseSocketChannel' in scope
15 | import NIOCore
16 |
17 | extension BaseSocketChannel where SocketType: BaseSocket {
| `- error: cannot find type 'BaseSocketChannel' in scope
18 | /// The underlying transport type backing this channel.
19 | typealias Transport = NIOBSDSocket.Handle
/host/spi-builder-workspace/.build/checkouts/swift-nio/Sources/NIOPosix/BaseSocketChannel+AccessibleTransport.swift:27:11: error: cannot find type 'BaseSocketChannel' in scope
25 | }
26 |
27 | extension BaseSocketChannel where SocketType: PipePair {
| `- error: cannot find type 'BaseSocketChannel' in scope
28 | /// The underlying transport type backing this channel.
29 | typealias Transport = NIOBSDSocket.PipeHandle
/host/spi-builder-workspace/.build/checkouts/swift-nio/Sources/NIOPosix/BaseSocketChannel+AccessibleTransport.swift:42:11: error: cannot find type 'SocketChannel' in scope
40 | }
41 |
42 | extension SocketChannel: NIOTransportAccessibleChannelCore {}
| `- error: cannot find type 'SocketChannel' in scope
43 | extension ServerSocketChannel: NIOTransportAccessibleChannelCore {}
44 | extension DatagramChannel: NIOTransportAccessibleChannelCore {}
/host/spi-builder-workspace/.build/checkouts/swift-nio/Sources/NIOPosix/BaseSocketChannel+AccessibleTransport.swift:43:11: error: cannot find type 'ServerSocketChannel' in scope
41 |
42 | extension SocketChannel: NIOTransportAccessibleChannelCore {}
43 | extension ServerSocketChannel: NIOTransportAccessibleChannelCore {}
| `- error: cannot find type 'ServerSocketChannel' in scope
44 | extension DatagramChannel: NIOTransportAccessibleChannelCore {}
45 | extension PipeChannel: NIOTransportAccessibleChannelCore {}
/host/spi-builder-workspace/.build/checkouts/swift-nio/Sources/NIOPosix/BaseSocketChannel+AccessibleTransport.swift:44:11: error: cannot find type 'DatagramChannel' in scope
42 | extension SocketChannel: NIOTransportAccessibleChannelCore {}
43 | extension ServerSocketChannel: NIOTransportAccessibleChannelCore {}
44 | extension DatagramChannel: NIOTransportAccessibleChannelCore {}
| `- error: cannot find type 'DatagramChannel' in scope
45 | extension PipeChannel: NIOTransportAccessibleChannelCore {}
46 |
/host/spi-builder-workspace/.build/checkouts/swift-nio/Sources/NIOPosix/BaseSocketChannel+AccessibleTransport.swift:45:11: error: cannot find type 'PipeChannel' in scope
43 | extension ServerSocketChannel: NIOTransportAccessibleChannelCore {}
44 | extension DatagramChannel: NIOTransportAccessibleChannelCore {}
45 | extension PipeChannel: NIOTransportAccessibleChannelCore {}
| `- error: cannot find type 'PipeChannel' in scope
46 |
/host/spi-builder-workspace/.build/checkouts/swift-nio/Sources/NIOPosix/BaseSocketChannel+AccessibleTransport.swift:17:29: error: 'where' clause cannot be applied to a non-generic top-level declaration
15 | import NIOCore
16 |
17 | extension BaseSocketChannel where SocketType: BaseSocket {
| `- error: 'where' clause cannot be applied to a non-generic top-level declaration
18 | /// The underlying transport type backing this channel.
19 | typealias Transport = NIOBSDSocket.Handle
/host/spi-builder-workspace/.build/checkouts/swift-nio/Sources/NIOPosix/BaseSocketChannel+AccessibleTransport.swift:27:29: error: 'where' clause cannot be applied to a non-generic top-level declaration
25 | }
26 |
27 | extension BaseSocketChannel where SocketType: PipePair {
| `- error: 'where' clause cannot be applied to a non-generic top-level declaration
28 | /// The underlying transport type backing this channel.
29 | typealias Transport = NIOBSDSocket.PipeHandle
[229/281] Compiling NIOPosix BSDSocketAPIPosix.swift
/host/spi-builder-workspace/.build/checkouts/swift-nio/Sources/NIOPosix/BaseSocketChannel+AccessibleTransport.swift:17:11: error: cannot find type 'BaseSocketChannel' in scope
15 | import NIOCore
16 |
17 | extension BaseSocketChannel where SocketType: BaseSocket {
| `- error: cannot find type 'BaseSocketChannel' in scope
18 | /// The underlying transport type backing this channel.
19 | typealias Transport = NIOBSDSocket.Handle
/host/spi-builder-workspace/.build/checkouts/swift-nio/Sources/NIOPosix/BaseSocketChannel+AccessibleTransport.swift:27:11: error: cannot find type 'BaseSocketChannel' in scope
25 | }
26 |
27 | extension BaseSocketChannel where SocketType: PipePair {
| `- error: cannot find type 'BaseSocketChannel' in scope
28 | /// The underlying transport type backing this channel.
29 | typealias Transport = NIOBSDSocket.PipeHandle
/host/spi-builder-workspace/.build/checkouts/swift-nio/Sources/NIOPosix/BaseSocketChannel+AccessibleTransport.swift:42:11: error: cannot find type 'SocketChannel' in scope
40 | }
41 |
42 | extension SocketChannel: NIOTransportAccessibleChannelCore {}
| `- error: cannot find type 'SocketChannel' in scope
43 | extension ServerSocketChannel: NIOTransportAccessibleChannelCore {}
44 | extension DatagramChannel: NIOTransportAccessibleChannelCore {}
/host/spi-builder-workspace/.build/checkouts/swift-nio/Sources/NIOPosix/BaseSocketChannel+AccessibleTransport.swift:43:11: error: cannot find type 'ServerSocketChannel' in scope
41 |
42 | extension SocketChannel: NIOTransportAccessibleChannelCore {}
43 | extension ServerSocketChannel: NIOTransportAccessibleChannelCore {}
| `- error: cannot find type 'ServerSocketChannel' in scope
44 | extension DatagramChannel: NIOTransportAccessibleChannelCore {}
45 | extension PipeChannel: NIOTransportAccessibleChannelCore {}
/host/spi-builder-workspace/.build/checkouts/swift-nio/Sources/NIOPosix/BaseSocketChannel+AccessibleTransport.swift:44:11: error: cannot find type 'DatagramChannel' in scope
42 | extension SocketChannel: NIOTransportAccessibleChannelCore {}
43 | extension ServerSocketChannel: NIOTransportAccessibleChannelCore {}
44 | extension DatagramChannel: NIOTransportAccessibleChannelCore {}
| `- error: cannot find type 'DatagramChannel' in scope
45 | extension PipeChannel: NIOTransportAccessibleChannelCore {}
46 |
/host/spi-builder-workspace/.build/checkouts/swift-nio/Sources/NIOPosix/BaseSocketChannel+AccessibleTransport.swift:45:11: error: cannot find type 'PipeChannel' in scope
43 | extension ServerSocketChannel: NIOTransportAccessibleChannelCore {}
44 | extension DatagramChannel: NIOTransportAccessibleChannelCore {}
45 | extension PipeChannel: NIOTransportAccessibleChannelCore {}
| `- error: cannot find type 'PipeChannel' in scope
46 |
/host/spi-builder-workspace/.build/checkouts/swift-nio/Sources/NIOPosix/BaseSocketChannel+AccessibleTransport.swift:17:29: error: 'where' clause cannot be applied to a non-generic top-level declaration
15 | import NIOCore
16 |
17 | extension BaseSocketChannel where SocketType: BaseSocket {
| `- error: 'where' clause cannot be applied to a non-generic top-level declaration
18 | /// The underlying transport type backing this channel.
19 | typealias Transport = NIOBSDSocket.Handle
/host/spi-builder-workspace/.build/checkouts/swift-nio/Sources/NIOPosix/BaseSocketChannel+AccessibleTransport.swift:27:29: error: 'where' clause cannot be applied to a non-generic top-level declaration
25 | }
26 |
27 | extension BaseSocketChannel where SocketType: PipePair {
| `- error: 'where' clause cannot be applied to a non-generic top-level declaration
28 | /// The underlying transport type backing this channel.
29 | typealias Transport = NIOBSDSocket.PipeHandle
[230/281] Compiling NIOPosix BSDSocketAPIWindows.swift
/host/spi-builder-workspace/.build/checkouts/swift-nio/Sources/NIOPosix/BaseSocketChannel+AccessibleTransport.swift:17:11: error: cannot find type 'BaseSocketChannel' in scope
15 | import NIOCore
16 |
17 | extension BaseSocketChannel where SocketType: BaseSocket {
| `- error: cannot find type 'BaseSocketChannel' in scope
18 | /// The underlying transport type backing this channel.
19 | typealias Transport = NIOBSDSocket.Handle
/host/spi-builder-workspace/.build/checkouts/swift-nio/Sources/NIOPosix/BaseSocketChannel+AccessibleTransport.swift:27:11: error: cannot find type 'BaseSocketChannel' in scope
25 | }
26 |
27 | extension BaseSocketChannel where SocketType: PipePair {
| `- error: cannot find type 'BaseSocketChannel' in scope
28 | /// The underlying transport type backing this channel.
29 | typealias Transport = NIOBSDSocket.PipeHandle
/host/spi-builder-workspace/.build/checkouts/swift-nio/Sources/NIOPosix/BaseSocketChannel+AccessibleTransport.swift:42:11: error: cannot find type 'SocketChannel' in scope
40 | }
41 |
42 | extension SocketChannel: NIOTransportAccessibleChannelCore {}
| `- error: cannot find type 'SocketChannel' in scope
43 | extension ServerSocketChannel: NIOTransportAccessibleChannelCore {}
44 | extension DatagramChannel: NIOTransportAccessibleChannelCore {}
/host/spi-builder-workspace/.build/checkouts/swift-nio/Sources/NIOPosix/BaseSocketChannel+AccessibleTransport.swift:43:11: error: cannot find type 'ServerSocketChannel' in scope
41 |
42 | extension SocketChannel: NIOTransportAccessibleChannelCore {}
43 | extension ServerSocketChannel: NIOTransportAccessibleChannelCore {}
| `- error: cannot find type 'ServerSocketChannel' in scope
44 | extension DatagramChannel: NIOTransportAccessibleChannelCore {}
45 | extension PipeChannel: NIOTransportAccessibleChannelCore {}
/host/spi-builder-workspace/.build/checkouts/swift-nio/Sources/NIOPosix/BaseSocketChannel+AccessibleTransport.swift:44:11: error: cannot find type 'DatagramChannel' in scope
42 | extension SocketChannel: NIOTransportAccessibleChannelCore {}
43 | extension ServerSocketChannel: NIOTransportAccessibleChannelCore {}
44 | extension DatagramChannel: NIOTransportAccessibleChannelCore {}
| `- error: cannot find type 'DatagramChannel' in scope
45 | extension PipeChannel: NIOTransportAccessibleChannelCore {}
46 |
/host/spi-builder-workspace/.build/checkouts/swift-nio/Sources/NIOPosix/BaseSocketChannel+AccessibleTransport.swift:45:11: error: cannot find type 'PipeChannel' in scope
43 | extension ServerSocketChannel: NIOTransportAccessibleChannelCore {}
44 | extension DatagramChannel: NIOTransportAccessibleChannelCore {}
45 | extension PipeChannel: NIOTransportAccessibleChannelCore {}
| `- error: cannot find type 'PipeChannel' in scope
46 |
/host/spi-builder-workspace/.build/checkouts/swift-nio/Sources/NIOPosix/BaseSocketChannel+AccessibleTransport.swift:17:29: error: 'where' clause cannot be applied to a non-generic top-level declaration
15 | import NIOCore
16 |
17 | extension BaseSocketChannel where SocketType: BaseSocket {
| `- error: 'where' clause cannot be applied to a non-generic top-level declaration
18 | /// The underlying transport type backing this channel.
19 | typealias Transport = NIOBSDSocket.Handle
/host/spi-builder-workspace/.build/checkouts/swift-nio/Sources/NIOPosix/BaseSocketChannel+AccessibleTransport.swift:27:29: error: 'where' clause cannot be applied to a non-generic top-level declaration
25 | }
26 |
27 | extension BaseSocketChannel where SocketType: PipePair {
| `- error: 'where' clause cannot be applied to a non-generic top-level declaration
28 | /// The underlying transport type backing this channel.
29 | typealias Transport = NIOBSDSocket.PipeHandle
[231/281] Compiling NIOPosix BaseSocket.swift
/host/spi-builder-workspace/.build/checkouts/swift-nio/Sources/NIOPosix/BaseSocketChannel+AccessibleTransport.swift:17:11: error: cannot find type 'BaseSocketChannel' in scope
15 | import NIOCore
16 |
17 | extension BaseSocketChannel where SocketType: BaseSocket {
| `- error: cannot find type 'BaseSocketChannel' in scope
18 | /// The underlying transport type backing this channel.
19 | typealias Transport = NIOBSDSocket.Handle
/host/spi-builder-workspace/.build/checkouts/swift-nio/Sources/NIOPosix/BaseSocketChannel+AccessibleTransport.swift:27:11: error: cannot find type 'BaseSocketChannel' in scope
25 | }
26 |
27 | extension BaseSocketChannel where SocketType: PipePair {
| `- error: cannot find type 'BaseSocketChannel' in scope
28 | /// The underlying transport type backing this channel.
29 | typealias Transport = NIOBSDSocket.PipeHandle
/host/spi-builder-workspace/.build/checkouts/swift-nio/Sources/NIOPosix/BaseSocketChannel+AccessibleTransport.swift:42:11: error: cannot find type 'SocketChannel' in scope
40 | }
41 |
42 | extension SocketChannel: NIOTransportAccessibleChannelCore {}
| `- error: cannot find type 'SocketChannel' in scope
43 | extension ServerSocketChannel: NIOTransportAccessibleChannelCore {}
44 | extension DatagramChannel: NIOTransportAccessibleChannelCore {}
/host/spi-builder-workspace/.build/checkouts/swift-nio/Sources/NIOPosix/BaseSocketChannel+AccessibleTransport.swift:43:11: error: cannot find type 'ServerSocketChannel' in scope
41 |
42 | extension SocketChannel: NIOTransportAccessibleChannelCore {}
43 | extension ServerSocketChannel: NIOTransportAccessibleChannelCore {}
| `- error: cannot find type 'ServerSocketChannel' in scope
44 | extension DatagramChannel: NIOTransportAccessibleChannelCore {}
45 | extension PipeChannel: NIOTransportAccessibleChannelCore {}
/host/spi-builder-workspace/.build/checkouts/swift-nio/Sources/NIOPosix/BaseSocketChannel+AccessibleTransport.swift:44:11: error: cannot find type 'DatagramChannel' in scope
42 | extension SocketChannel: NIOTransportAccessibleChannelCore {}
43 | extension ServerSocketChannel: NIOTransportAccessibleChannelCore {}
44 | extension DatagramChannel: NIOTransportAccessibleChannelCore {}
| `- error: cannot find type 'DatagramChannel' in scope
45 | extension PipeChannel: NIOTransportAccessibleChannelCore {}
46 |
/host/spi-builder-workspace/.build/checkouts/swift-nio/Sources/NIOPosix/BaseSocketChannel+AccessibleTransport.swift:45:11: error: cannot find type 'PipeChannel' in scope
43 | extension ServerSocketChannel: NIOTransportAccessibleChannelCore {}
44 | extension DatagramChannel: NIOTransportAccessibleChannelCore {}
45 | extension PipeChannel: NIOTransportAccessibleChannelCore {}
| `- error: cannot find type 'PipeChannel' in scope
46 |
/host/spi-builder-workspace/.build/checkouts/swift-nio/Sources/NIOPosix/BaseSocketChannel+AccessibleTransport.swift:17:29: error: 'where' clause cannot be applied to a non-generic top-level declaration
15 | import NIOCore
16 |
17 | extension BaseSocketChannel where SocketType: BaseSocket {
| `- error: 'where' clause cannot be applied to a non-generic top-level declaration
18 | /// The underlying transport type backing this channel.
19 | typealias Transport = NIOBSDSocket.Handle
/host/spi-builder-workspace/.build/checkouts/swift-nio/Sources/NIOPosix/BaseSocketChannel+AccessibleTransport.swift:27:29: error: 'where' clause cannot be applied to a non-generic top-level declaration
25 | }
26 |
27 | extension BaseSocketChannel where SocketType: PipePair {
| `- error: 'where' clause cannot be applied to a non-generic top-level declaration
28 | /// The underlying transport type backing this channel.
29 | typealias Transport = NIOBSDSocket.PipeHandle
[232/281] Compiling NIOPosix BaseSocketChannel+AccessibleTransport.swift
/host/spi-builder-workspace/.build/checkouts/swift-nio/Sources/NIOPosix/BaseSocketChannel+AccessibleTransport.swift:17:11: error: cannot find type 'BaseSocketChannel' in scope
15 | import NIOCore
16 |
17 | extension BaseSocketChannel where SocketType: BaseSocket {
| `- error: cannot find type 'BaseSocketChannel' in scope
18 | /// The underlying transport type backing this channel.
19 | typealias Transport = NIOBSDSocket.Handle
/host/spi-builder-workspace/.build/checkouts/swift-nio/Sources/NIOPosix/BaseSocketChannel+AccessibleTransport.swift:27:11: error: cannot find type 'BaseSocketChannel' in scope
25 | }
26 |
27 | extension BaseSocketChannel where SocketType: PipePair {
| `- error: cannot find type 'BaseSocketChannel' in scope
28 | /// The underlying transport type backing this channel.
29 | typealias Transport = NIOBSDSocket.PipeHandle
/host/spi-builder-workspace/.build/checkouts/swift-nio/Sources/NIOPosix/BaseSocketChannel+AccessibleTransport.swift:42:11: error: cannot find type 'SocketChannel' in scope
40 | }
41 |
42 | extension SocketChannel: NIOTransportAccessibleChannelCore {}
| `- error: cannot find type 'SocketChannel' in scope
43 | extension ServerSocketChannel: NIOTransportAccessibleChannelCore {}
44 | extension DatagramChannel: NIOTransportAccessibleChannelCore {}
/host/spi-builder-workspace/.build/checkouts/swift-nio/Sources/NIOPosix/BaseSocketChannel+AccessibleTransport.swift:43:11: error: cannot find type 'ServerSocketChannel' in scope
41 |
42 | extension SocketChannel: NIOTransportAccessibleChannelCore {}
43 | extension ServerSocketChannel: NIOTransportAccessibleChannelCore {}
| `- error: cannot find type 'ServerSocketChannel' in scope
44 | extension DatagramChannel: NIOTransportAccessibleChannelCore {}
45 | extension PipeChannel: NIOTransportAccessibleChannelCore {}
/host/spi-builder-workspace/.build/checkouts/swift-nio/Sources/NIOPosix/BaseSocketChannel+AccessibleTransport.swift:44:11: error: cannot find type 'DatagramChannel' in scope
42 | extension SocketChannel: NIOTransportAccessibleChannelCore {}
43 | extension ServerSocketChannel: NIOTransportAccessibleChannelCore {}
44 | extension DatagramChannel: NIOTransportAccessibleChannelCore {}
| `- error: cannot find type 'DatagramChannel' in scope
45 | extension PipeChannel: NIOTransportAccessibleChannelCore {}
46 |
/host/spi-builder-workspace/.build/checkouts/swift-nio/Sources/NIOPosix/BaseSocketChannel+AccessibleTransport.swift:45:11: error: cannot find type 'PipeChannel' in scope
43 | extension ServerSocketChannel: NIOTransportAccessibleChannelCore {}
44 | extension DatagramChannel: NIOTransportAccessibleChannelCore {}
45 | extension PipeChannel: NIOTransportAccessibleChannelCore {}
| `- error: cannot find type 'PipeChannel' in scope
46 |
/host/spi-builder-workspace/.build/checkouts/swift-nio/Sources/NIOPosix/BaseSocketChannel+AccessibleTransport.swift:17:29: error: 'where' clause cannot be applied to a non-generic top-level declaration
15 | import NIOCore
16 |
17 | extension BaseSocketChannel where SocketType: BaseSocket {
| `- error: 'where' clause cannot be applied to a non-generic top-level declaration
18 | /// The underlying transport type backing this channel.
19 | typealias Transport = NIOBSDSocket.Handle
/host/spi-builder-workspace/.build/checkouts/swift-nio/Sources/NIOPosix/BaseSocketChannel+AccessibleTransport.swift:27:29: error: 'where' clause cannot be applied to a non-generic top-level declaration
25 | }
26 |
27 | extension BaseSocketChannel where SocketType: PipePair {
| `- error: 'where' clause cannot be applied to a non-generic top-level declaration
28 | /// The underlying transport type backing this channel.
29 | typealias Transport = NIOBSDSocket.PipeHandle
[233/281] Compiling NIOPosix BaseSocketChannel+SocketOptionProvider.swift
/host/spi-builder-workspace/.build/checkouts/swift-nio/Sources/NIOPosix/BaseSocketChannel+AccessibleTransport.swift:17:11: error: cannot find type 'BaseSocketChannel' in scope
15 | import NIOCore
16 |
17 | extension BaseSocketChannel where SocketType: BaseSocket {
| `- error: cannot find type 'BaseSocketChannel' in scope
18 | /// The underlying transport type backing this channel.
19 | typealias Transport = NIOBSDSocket.Handle
/host/spi-builder-workspace/.build/checkouts/swift-nio/Sources/NIOPosix/BaseSocketChannel+AccessibleTransport.swift:27:11: error: cannot find type 'BaseSocketChannel' in scope
25 | }
26 |
27 | extension BaseSocketChannel where SocketType: PipePair {
| `- error: cannot find type 'BaseSocketChannel' in scope
28 | /// The underlying transport type backing this channel.
29 | typealias Transport = NIOBSDSocket.PipeHandle
/host/spi-builder-workspace/.build/checkouts/swift-nio/Sources/NIOPosix/BaseSocketChannel+AccessibleTransport.swift:42:11: error: cannot find type 'SocketChannel' in scope
40 | }
41 |
42 | extension SocketChannel: NIOTransportAccessibleChannelCore {}
| `- error: cannot find type 'SocketChannel' in scope
43 | extension ServerSocketChannel: NIOTransportAccessibleChannelCore {}
44 | extension DatagramChannel: NIOTransportAccessibleChannelCore {}
/host/spi-builder-workspace/.build/checkouts/swift-nio/Sources/NIOPosix/BaseSocketChannel+AccessibleTransport.swift:43:11: error: cannot find type 'ServerSocketChannel' in scope
41 |
42 | extension SocketChannel: NIOTransportAccessibleChannelCore {}
43 | extension ServerSocketChannel: NIOTransportAccessibleChannelCore {}
| `- error: cannot find type 'ServerSocketChannel' in scope
44 | extension DatagramChannel: NIOTransportAccessibleChannelCore {}
45 | extension PipeChannel: NIOTransportAccessibleChannelCore {}
/host/spi-builder-workspace/.build/checkouts/swift-nio/Sources/NIOPosix/BaseSocketChannel+AccessibleTransport.swift:44:11: error: cannot find type 'DatagramChannel' in scope
42 | extension SocketChannel: NIOTransportAccessibleChannelCore {}
43 | extension ServerSocketChannel: NIOTransportAccessibleChannelCore {}
44 | extension DatagramChannel: NIOTransportAccessibleChannelCore {}
| `- error: cannot find type 'DatagramChannel' in scope
45 | extension PipeChannel: NIOTransportAccessibleChannelCore {}
46 |
/host/spi-builder-workspace/.build/checkouts/swift-nio/Sources/NIOPosix/BaseSocketChannel+AccessibleTransport.swift:45:11: error: cannot find type 'PipeChannel' in scope
43 | extension ServerSocketChannel: NIOTransportAccessibleChannelCore {}
44 | extension DatagramChannel: NIOTransportAccessibleChannelCore {}
45 | extension PipeChannel: NIOTransportAccessibleChannelCore {}
| `- error: cannot find type 'PipeChannel' in scope
46 |
/host/spi-builder-workspace/.build/checkouts/swift-nio/Sources/NIOPosix/BaseSocketChannel+AccessibleTransport.swift:17:29: error: 'where' clause cannot be applied to a non-generic top-level declaration
15 | import NIOCore
16 |
17 | extension BaseSocketChannel where SocketType: BaseSocket {
| `- error: 'where' clause cannot be applied to a non-generic top-level declaration
18 | /// The underlying transport type backing this channel.
19 | typealias Transport = NIOBSDSocket.Handle
/host/spi-builder-workspace/.build/checkouts/swift-nio/Sources/NIOPosix/BaseSocketChannel+AccessibleTransport.swift:27:29: error: 'where' clause cannot be applied to a non-generic top-level declaration
25 | }
26 |
27 | extension BaseSocketChannel where SocketType: PipePair {
| `- error: 'where' clause cannot be applied to a non-generic top-level declaration
28 | /// The underlying transport type backing this channel.
29 | typealias Transport = NIOBSDSocket.PipeHandle
[234/281] Compiling NIOPosix BaseSocketChannel.swift
/host/spi-builder-workspace/.build/checkouts/swift-nio/Sources/NIOPosix/BaseSocketChannel+AccessibleTransport.swift:17:11: error: cannot find type 'BaseSocketChannel' in scope
15 | import NIOCore
16 |
17 | extension BaseSocketChannel where SocketType: BaseSocket {
| `- error: cannot find type 'BaseSocketChannel' in scope
18 | /// The underlying transport type backing this channel.
19 | typealias Transport = NIOBSDSocket.Handle
/host/spi-builder-workspace/.build/checkouts/swift-nio/Sources/NIOPosix/BaseSocketChannel+AccessibleTransport.swift:27:11: error: cannot find type 'BaseSocketChannel' in scope
25 | }
26 |
27 | extension BaseSocketChannel where SocketType: PipePair {
| `- error: cannot find type 'BaseSocketChannel' in scope
28 | /// The underlying transport type backing this channel.
29 | typealias Transport = NIOBSDSocket.PipeHandle
/host/spi-builder-workspace/.build/checkouts/swift-nio/Sources/NIOPosix/BaseSocketChannel+AccessibleTransport.swift:42:11: error: cannot find type 'SocketChannel' in scope
40 | }
41 |
42 | extension SocketChannel: NIOTransportAccessibleChannelCore {}
| `- error: cannot find type 'SocketChannel' in scope
43 | extension ServerSocketChannel: NIOTransportAccessibleChannelCore {}
44 | extension DatagramChannel: NIOTransportAccessibleChannelCore {}
/host/spi-builder-workspace/.build/checkouts/swift-nio/Sources/NIOPosix/BaseSocketChannel+AccessibleTransport.swift:43:11: error: cannot find type 'ServerSocketChannel' in scope
41 |
42 | extension SocketChannel: NIOTransportAccessibleChannelCore {}
43 | extension ServerSocketChannel: NIOTransportAccessibleChannelCore {}
| `- error: cannot find type 'ServerSocketChannel' in scope
44 | extension DatagramChannel: NIOTransportAccessibleChannelCore {}
45 | extension PipeChannel: NIOTransportAccessibleChannelCore {}
/host/spi-builder-workspace/.build/checkouts/swift-nio/Sources/NIOPosix/BaseSocketChannel+AccessibleTransport.swift:44:11: error: cannot find type 'DatagramChannel' in scope
42 | extension SocketChannel: NIOTransportAccessibleChannelCore {}
43 | extension ServerSocketChannel: NIOTransportAccessibleChannelCore {}
44 | extension DatagramChannel: NIOTransportAccessibleChannelCore {}
| `- error: cannot find type 'DatagramChannel' in scope
45 | extension PipeChannel: NIOTransportAccessibleChannelCore {}
46 |
/host/spi-builder-workspace/.build/checkouts/swift-nio/Sources/NIOPosix/BaseSocketChannel+AccessibleTransport.swift:45:11: error: cannot find type 'PipeChannel' in scope
43 | extension ServerSocketChannel: NIOTransportAccessibleChannelCore {}
44 | extension DatagramChannel: NIOTransportAccessibleChannelCore {}
45 | extension PipeChannel: NIOTransportAccessibleChannelCore {}
| `- error: cannot find type 'PipeChannel' in scope
46 |
/host/spi-builder-workspace/.build/checkouts/swift-nio/Sources/NIOPosix/BaseSocketChannel+AccessibleTransport.swift:17:29: error: 'where' clause cannot be applied to a non-generic top-level declaration
15 | import NIOCore
16 |
17 | extension BaseSocketChannel where SocketType: BaseSocket {
| `- error: 'where' clause cannot be applied to a non-generic top-level declaration
18 | /// The underlying transport type backing this channel.
19 | typealias Transport = NIOBSDSocket.Handle
/host/spi-builder-workspace/.build/checkouts/swift-nio/Sources/NIOPosix/BaseSocketChannel+AccessibleTransport.swift:27:29: error: 'where' clause cannot be applied to a non-generic top-level declaration
25 | }
26 |
27 | extension BaseSocketChannel where SocketType: PipePair {
| `- error: 'where' clause cannot be applied to a non-generic top-level declaration
28 | /// The underlying transport type backing this channel.
29 | typealias Transport = NIOBSDSocket.PipeHandle
error: emit-module command failed with exit code 1 (use -v to see invocation)
[235/281] Emitting module NIOPosix
/host/spi-builder-workspace/.build/checkouts/swift-nio/Sources/NIOPosix/BaseSocketChannel+AccessibleTransport.swift:17:11: error: cannot find type 'BaseSocketChannel' in scope
15 | import NIOCore
16 |
17 | extension BaseSocketChannel where SocketType: BaseSocket {
| `- error: cannot find type 'BaseSocketChannel' in scope
18 | /// The underlying transport type backing this channel.
19 | typealias Transport = NIOBSDSocket.Handle
/host/spi-builder-workspace/.build/checkouts/swift-nio/Sources/NIOPosix/BaseSocketChannel+AccessibleTransport.swift:27:11: error: cannot find type 'BaseSocketChannel' in scope
25 | }
26 |
27 | extension BaseSocketChannel where SocketType: PipePair {
| `- error: cannot find type 'BaseSocketChannel' in scope
28 | /// The underlying transport type backing this channel.
29 | typealias Transport = NIOBSDSocket.PipeHandle
/host/spi-builder-workspace/.build/checkouts/swift-nio/Sources/NIOPosix/BaseSocketChannel+AccessibleTransport.swift:42:11: error: cannot find type 'SocketChannel' in scope
40 | }
41 |
42 | extension SocketChannel: NIOTransportAccessibleChannelCore {}
| `- error: cannot find type 'SocketChannel' in scope
43 | extension ServerSocketChannel: NIOTransportAccessibleChannelCore {}
44 | extension DatagramChannel: NIOTransportAccessibleChannelCore {}
/host/spi-builder-workspace/.build/checkouts/swift-nio/Sources/NIOPosix/BaseSocketChannel+AccessibleTransport.swift:43:11: error: cannot find type 'ServerSocketChannel' in scope
41 |
42 | extension SocketChannel: NIOTransportAccessibleChannelCore {}
43 | extension ServerSocketChannel: NIOTransportAccessibleChannelCore {}
| `- error: cannot find type 'ServerSocketChannel' in scope
44 | extension DatagramChannel: NIOTransportAccessibleChannelCore {}
45 | extension PipeChannel: NIOTransportAccessibleChannelCore {}
/host/spi-builder-workspace/.build/checkouts/swift-nio/Sources/NIOPosix/BaseSocketChannel+AccessibleTransport.swift:44:11: error: cannot find type 'DatagramChannel' in scope
42 | extension SocketChannel: NIOTransportAccessibleChannelCore {}
43 | extension ServerSocketChannel: NIOTransportAccessibleChannelCore {}
44 | extension DatagramChannel: NIOTransportAccessibleChannelCore {}
| `- error: cannot find type 'DatagramChannel' in scope
45 | extension PipeChannel: NIOTransportAccessibleChannelCore {}
46 |
/host/spi-builder-workspace/.build/checkouts/swift-nio/Sources/NIOPosix/BaseSocketChannel+AccessibleTransport.swift:45:11: error: cannot find type 'PipeChannel' in scope
43 | extension ServerSocketChannel: NIOTransportAccessibleChannelCore {}
44 | extension DatagramChannel: NIOTransportAccessibleChannelCore {}
45 | extension PipeChannel: NIOTransportAccessibleChannelCore {}
| `- error: cannot find type 'PipeChannel' in scope
46 |
[236/288] Compiling NIOPosix SelectorWSAPoll.swift
[237/288] Compiling NIOPosix ServerSocket.swift
[238/288] Compiling NIOPosix Socket.swift
[239/288] Compiling NIOPosix SocketChannel.swift
[240/288] Compiling NIOPosix SocketProtocols.swift
[241/288] Compiling NIOPosix StructuredConcurrencyHelpers.swift
[242/288] Compiling NIOPosix System.swift
[243/288] Compiling NIOPosix MultiThreadedEventLoopGroup.swift
[244/288] Compiling NIOPosix NIOPosixSendableMetatype.swift
[245/288] Compiling NIOPosix NIORandomizedDNSResolver.swift
[246/288] Compiling NIOPosix NIOThreadPool.swift
[247/288] Compiling NIOPosix NonBlockingFileIO.swift
[248/288] Compiling NIOPosix PendingDatagramWritesManager.swift
[249/288] Compiling NIOPosix PendingWritesManager.swift
[250/288] Compiling NIOPosix PipeChannel.swift
[251/288] Compiling NIOPosix PipePair.swift
[252/288] Compiling NIOPosix Pool.swift
[253/288] Compiling NIOPosix PosixSingletons+ConcurrencyTakeOver.swift
[254/288] Compiling NIOPosix PosixSingletons.swift
[255/288] Compiling NIOPosix RawSocketBootstrap.swift
[256/288] Compiling NIOPosix Resolver.swift
[257/288] Compiling NIOPosix Selectable.swift
[258/288] Compiling NIOPosix SelectableChannel.swift
[259/288] Compiling NIOPosix SelectableEventLoop.swift
[260/288] Compiling NIOPosix SelectorEpoll.swift
[261/288] Compiling NIOPosix SelectorGeneric.swift
[262/288] Compiling NIOPosix SelectorKqueue.swift
[263/288] Compiling NIOPosix SelectorUring.swift
[264/288] Compiling NIOPosix HappyEyeballs.swift
[265/288] Compiling NIOPosix IO.swift
[266/288] Compiling NIOPosix IntegerBitPacking.swift
[267/288] Compiling NIOPosix IntegerTypes.swift
[268/288] Compiling NIOPosix Linux.swift
[269/288] Compiling NIOPosix LinuxCPUSet.swift
[270/288] Compiling NIOPosix LinuxUring.swift
[271/288] Compiling NIOPosix BaseStreamSocketChannel.swift
[272/288] Compiling NIOPosix Bootstrap.swift
[273/288] Compiling NIOPosix ControlMessage.swift
[274/288] Compiling NIOPosix DatagramVectorReadManager.swift
[275/288] Compiling NIOPosix Errors+Any.swift
[276/288] Compiling NIOPosix FileDescriptor.swift
[277/288] Compiling NIOPosix GetaddrinfoResolver.swift
[278/288] Compiling NIOPosix Thread.swift
[279/288] Compiling NIOPosix ThreadPosix.swift
[280/288] Compiling NIOPosix ThreadWindows.swift
[281/288] Compiling NIOPosix Utilities.swift
[282/288] Compiling NIOPosix VsockAddress.swift
[283/288] Compiling NIOPosix VsockChannelEvents.swift
[284/288] Compiling NIOPosix Windows.swift
[285/288] Emitting module NIOEmbedded
[286/288] Compiling NIOEmbedded AsyncTestingEventLoop.swift
BUILD FAILURE 6.2 wasm