The Swift Package Index logo.Swift Package Index

Build Information

Failed to build PreferenceKit, reference main (798579), with Swift 6.1 for watchOS using Xcode 16.3 on 16 Oct 2026 01:56:47 UTC.

Build Command

env DEVELOPER_DIR=/Applications/Xcode-16.3.0.app xcrun xcodebuild -IDEClonedSourcePackagesDirPathOverride=$PWD/.dependencies -skipMacroValidation -skipPackagePluginValidation -derivedDataPath $PWD/.derivedData build -scheme PreferenceKit-Package -destination generic/platform=watchOS

Build Log

    cd /Users/admin/builder/spi-builder-workspace
    builtin-copy -exclude .DS_Store -exclude CVS -exclude .svn -exclude .git -exclude .hg -resolve-src-symlinks -rename /Users/admin/builder/spi-builder-workspace/.derivedData/Build/Intermediates.noindex/PreferenceKit.build/Debug-watchos/PreferenceKit.build/Objects-normal/armv7k/PreferenceKit.swiftmodule /Users/admin/builder/spi-builder-workspace/.derivedData/Build/Products/Debug-watchos/PreferenceKit.swiftmodule/armv7k-apple-watchos.swiftmodule
Copy /Users/admin/builder/spi-builder-workspace/.derivedData/Build/Products/Debug-watchos/PreferenceKit.swiftmodule/armv7k-apple-watchos.swiftdoc /Users/admin/builder/spi-builder-workspace/.derivedData/Build/Intermediates.noindex/PreferenceKit.build/Debug-watchos/PreferenceKit.build/Objects-normal/armv7k/PreferenceKit.swiftdoc (in target 'PreferenceKit' from project 'PreferenceKit')
    cd /Users/admin/builder/spi-builder-workspace
    builtin-copy -exclude .DS_Store -exclude CVS -exclude .svn -exclude .git -exclude .hg -resolve-src-symlinks -rename /Users/admin/builder/spi-builder-workspace/.derivedData/Build/Intermediates.noindex/PreferenceKit.build/Debug-watchos/PreferenceKit.build/Objects-normal/armv7k/PreferenceKit.swiftdoc /Users/admin/builder/spi-builder-workspace/.derivedData/Build/Products/Debug-watchos/PreferenceKit.swiftmodule/armv7k-apple-watchos.swiftdoc
Copy /Users/admin/builder/spi-builder-workspace/.derivedData/Build/Products/Debug-watchos/PreferenceKit.swiftmodule/armv7k-apple-watchos.abi.json /Users/admin/builder/spi-builder-workspace/.derivedData/Build/Intermediates.noindex/PreferenceKit.build/Debug-watchos/PreferenceKit.build/Objects-normal/armv7k/PreferenceKit.abi.json (in target 'PreferenceKit' from project 'PreferenceKit')
    cd /Users/admin/builder/spi-builder-workspace
    builtin-copy -exclude .DS_Store -exclude CVS -exclude .svn -exclude .git -exclude .hg -resolve-src-symlinks -rename /Users/admin/builder/spi-builder-workspace/.derivedData/Build/Intermediates.noindex/PreferenceKit.build/Debug-watchos/PreferenceKit.build/Objects-normal/armv7k/PreferenceKit.abi.json /Users/admin/builder/spi-builder-workspace/.derivedData/Build/Products/Debug-watchos/PreferenceKit.swiftmodule/armv7k-apple-watchos.abi.json
Copy /Users/admin/builder/spi-builder-workspace/.derivedData/Build/Products/Debug-watchos/PreferenceKit.swiftmodule/Project/armv7k-apple-watchos.swiftsourceinfo /Users/admin/builder/spi-builder-workspace/.derivedData/Build/Intermediates.noindex/PreferenceKit.build/Debug-watchos/PreferenceKit.build/Objects-normal/armv7k/PreferenceKit.swiftsourceinfo (in target 'PreferenceKit' from project 'PreferenceKit')
    cd /Users/admin/builder/spi-builder-workspace
    builtin-copy -exclude .DS_Store -exclude CVS -exclude .svn -exclude .git -exclude .hg -resolve-src-symlinks -rename /Users/admin/builder/spi-builder-workspace/.derivedData/Build/Intermediates.noindex/PreferenceKit.build/Debug-watchos/PreferenceKit.build/Objects-normal/armv7k/PreferenceKit.swiftsourceinfo /Users/admin/builder/spi-builder-workspace/.derivedData/Build/Products/Debug-watchos/PreferenceKit.swiftmodule/Project/armv7k-apple-watchos.swiftsourceinfo
SwiftCompile normal armv7k Compiling\ PlatformTypes.swift,\ PlatformViewRepresentable.swift,\ PreferenceKitPrivacyAuthorizationStatus.swift /Users/admin/builder/spi-builder-workspace/Sources/PreferenceKit/Helpers/PlatformTypes.swift /Users/admin/builder/spi-builder-workspace/Sources/PreferenceKit/Helpers/PlatformViewRepresentable.swift /Users/admin/builder/spi-builder-workspace/Sources/PreferenceKit/Helpers/PreferenceKitPrivacyAuthorizationStatus.swift (in target 'PreferenceKit' from project 'PreferenceKit')
SwiftCompile normal armv7k /Users/admin/builder/spi-builder-workspace/Sources/PreferenceKit/Helpers/PlatformTypes.swift (in target 'PreferenceKit' from project 'PreferenceKit')
    cd /Users/admin/builder/spi-builder-workspace/.swiftpm/xcode

SwiftCompile normal armv7k /Users/admin/builder/spi-builder-workspace/Sources/PreferenceKit/Helpers/PlatformViewRepresentable.swift (in target 'PreferenceKit' from project 'PreferenceKit')
    cd /Users/admin/builder/spi-builder-workspace/.swiftpm/xcode

SwiftCompile normal armv7k /Users/admin/builder/spi-builder-workspace/Sources/PreferenceKit/Helpers/PreferenceKitPrivacyAuthorizationStatus.swift (in target 'PreferenceKit' from project 'PreferenceKit')
    cd /Users/admin/builder/spi-builder-workspace/.swiftpm/xcode

SwiftCompile normal arm64 Compiling\ ListButtonStyle.swift,\ MailView.swift,\ PKAppInfo.swift /Users/admin/builder/spi-builder-workspace/Sources/PreferenceKit/Helpers/ListButtonStyle.swift /Users/admin/builder/spi-builder-workspace/Sources/PreferenceKit/Helpers/MailView.swift /Users/admin/builder/spi-builder-workspace/Sources/PreferenceKit/Helpers/PKAppInfo.swift (in target 'PreferenceKit' from project 'PreferenceKit')
SwiftCompile normal arm64 /Users/admin/builder/spi-builder-workspace/Sources/PreferenceKit/Helpers/ListButtonStyle.swift (in target 'PreferenceKit' from project 'PreferenceKit')
    cd /Users/admin/builder/spi-builder-workspace/.swiftpm/xcode

SwiftCompile normal arm64 /Users/admin/builder/spi-builder-workspace/Sources/PreferenceKit/Helpers/MailView.swift (in target 'PreferenceKit' from project 'PreferenceKit')
    cd /Users/admin/builder/spi-builder-workspace/.swiftpm/xcode

SwiftCompile normal arm64 /Users/admin/builder/spi-builder-workspace/Sources/PreferenceKit/Helpers/PKAppInfo.swift (in target 'PreferenceKit' from project 'PreferenceKit')
    cd /Users/admin/builder/spi-builder-workspace/.swiftpm/xcode

SwiftDriverJobDiscovery normal arm64_32 Compiling resource_bundle_accessor.swift, Date+.swift, Device.swift (in target 'PreferenceKit' from project 'PreferenceKit')
SwiftCompile normal arm64 Compiling\ PlatformTypes.swift,\ PlatformViewRepresentable.swift,\ PreferenceKitPrivacyAuthorizationStatus.swift /Users/admin/builder/spi-builder-workspace/Sources/PreferenceKit/Helpers/PlatformTypes.swift /Users/admin/builder/spi-builder-workspace/Sources/PreferenceKit/Helpers/PlatformViewRepresentable.swift /Users/admin/builder/spi-builder-workspace/Sources/PreferenceKit/Helpers/PreferenceKitPrivacyAuthorizationStatus.swift (in target 'PreferenceKit' from project 'PreferenceKit')
SwiftCompile normal arm64 /Users/admin/builder/spi-builder-workspace/Sources/PreferenceKit/Helpers/PlatformTypes.swift (in target 'PreferenceKit' from project 'PreferenceKit')
    cd /Users/admin/builder/spi-builder-workspace/.swiftpm/xcode

SwiftCompile normal arm64 /Users/admin/builder/spi-builder-workspace/Sources/PreferenceKit/Helpers/PlatformViewRepresentable.swift (in target 'PreferenceKit' from project 'PreferenceKit')
    cd /Users/admin/builder/spi-builder-workspace/.swiftpm/xcode

SwiftCompile normal arm64 /Users/admin/builder/spi-builder-workspace/Sources/PreferenceKit/Helpers/PreferenceKitPrivacyAuthorizationStatus.swift (in target 'PreferenceKit' from project 'PreferenceKit')
    cd /Users/admin/builder/spi-builder-workspace/.swiftpm/xcode

SwiftDriverJobDiscovery normal arm64_32 Compiling WebViewer.swift, GeneratedAssetSymbols.swift (in target 'PreferenceKit' from project 'PreferenceKit')
SwiftCompile normal armv7k Compiling\ resource_bundle_accessor.swift,\ Date+.swift,\ Device.swift /Users/admin/builder/spi-builder-workspace/.derivedData/Build/Intermediates.noindex/PreferenceKit.build/Debug-watchos/PreferenceKit.build/DerivedSources/resource_bundle_accessor.swift /Users/admin/builder/spi-builder-workspace/Sources/PreferenceKit/Helpers/Date+.swift /Users/admin/builder/spi-builder-workspace/Sources/PreferenceKit/Helpers/Device.swift (in target 'PreferenceKit' from project 'PreferenceKit')
SwiftDriverJobDiscovery normal arm64_32 Compiling Acknowledgement.swift, ChangeLogEntry.swift, SocialMediaLink.swift (in target 'PreferenceKit' from project 'PreferenceKit')
SwiftCompile normal arm64 Compiling\ Acknowledgement.swift,\ ChangeLogEntry.swift,\ SocialMediaLink.swift /Users/admin/builder/spi-builder-workspace/Sources/PreferenceKit/Structs/Acknowledgement.swift /Users/admin/builder/spi-builder-workspace/Sources/PreferenceKit/Structs/ChangeLogEntry.swift /Users/admin/builder/spi-builder-workspace/Sources/PreferenceKit/Structs/SocialMediaLink.swift (in target 'PreferenceKit' from project 'PreferenceKit')
Command SwiftCompile failed with a nonzero exit code
** BUILD FAILED **
The following build commands failed:
	SwiftCompile normal arm64_32 Compiling\ PreferenceKitApplicationInfoSection.swift,\ PreferenceKitDeveloperSection.swift,\ PreferenceKitFooterSection.swift /Users/admin/builder/spi-builder-workspace/Sources/PreferenceKit/Views/PreferenceKitApplicationInfoSection.swift /Users/admin/builder/spi-builder-workspace/Sources/PreferenceKit/Views/PreferenceKitDeveloperSection.swift /Users/admin/builder/spi-builder-workspace/Sources/PreferenceKit/Views/PreferenceKitFooterSection.swift (in target 'PreferenceKit' from project 'PreferenceKit')
	SwiftCompile normal arm64_32 /Users/admin/builder/spi-builder-workspace/Sources/PreferenceKit/Views/PreferenceKitApplicationInfoSection.swift (in target 'PreferenceKit' from project 'PreferenceKit')
	SwiftCompile normal arm64 Compiling\ Acknowledgement.swift,\ ChangeLogEntry.swift,\ SocialMediaLink.swift /Users/admin/builder/spi-builder-workspace/Sources/PreferenceKit/Structs/Acknowledgement.swift /Users/admin/builder/spi-builder-workspace/Sources/PreferenceKit/Structs/ChangeLogEntry.swift /Users/admin/builder/spi-builder-workspace/Sources/PreferenceKit/Structs/SocialMediaLink.swift (in target 'PreferenceKit' from project 'PreferenceKit')
	Building workspace spi-builder-workspace with scheme PreferenceKit-Package
(4 failures)
Command line invocation:
    /Applications/Xcode-16.3.0.app/Contents/Developer/usr/bin/xcodebuild -IDEClonedSourcePackagesDirPathOverride=/Users/admin/builder/spi-builder-workspace/.dependencies -resolvePackageDependencies
Resolve Package Graph
Resolved source packages:
  PreferenceKit: /Users/admin/builder/spi-builder-workspace
  OSLogViewer: https://github.com/0xWDG/OSLogViewer.git @ 1.1.6
resolved source packages: PreferenceKit, OSLogViewer
{
  "default_localization" : "en",
  "dependencies" : [
    {
      "identity" : "oslogviewer",
      "requirement" : {
        "range" : [
          {
            "lower_bound" : "1.1.6",
            "upper_bound" : "2.0.0"
          }
        ]
      },
      "type" : "sourceControl",
      "url" : "https://github.com/0xWDG/OSLogViewer.git"
    }
  ],
  "manifest_display_name" : "PreferenceKit",
  "name" : "PreferenceKit",
  "path" : "/Users/admin/builder/spi-builder-workspace",
  "platforms" : [
    {
      "name" : "macos",
      "version" : "12.0"
    },
    {
      "name" : "ios",
      "version" : "15.0"
    },
    {
      "name" : "watchos",
      "version" : "8.0"
    },
    {
      "name" : "tvos",
      "version" : "15.0"
    }
  ],
  "products" : [
    {
      "name" : "PreferenceKit",
      "targets" : [
        "PreferenceKit"
      ],
      "type" : {
        "library" : [
          "automatic"
        ]
      }
    },
    {
      "name" : "PreferenceKitCamera",
      "targets" : [
        "PreferenceKitCamera"
      ],
      "type" : {
        "library" : [
          "automatic"
        ]
      }
    },
    {
      "name" : "PreferenceKitMicrophone",
      "targets" : [
        "PreferenceKitMicrophone"
      ],
      "type" : {
        "library" : [
          "automatic"
        ]
      }
    },
    {
      "name" : "PreferenceKitPhotos",
      "targets" : [
        "PreferenceKitPhotos"
      ],
      "type" : {
        "library" : [
          "automatic"
        ]
      }
    },
    {
      "name" : "PreferenceKitLocation",
      "targets" : [
        "PreferenceKitLocation"
      ],
      "type" : {
        "library" : [
          "automatic"
        ]
      }
    },
    {
      "name" : "PreferenceKitContacts",
      "targets" : [
        "PreferenceKitContacts"
      ],
      "type" : {
        "library" : [
          "automatic"
        ]
      }
    },
    {
      "name" : "PreferenceKitCalendar",
      "targets" : [
        "PreferenceKitCalendar"
      ],
      "type" : {
        "library" : [
          "automatic"
        ]
      }
    },
    {
      "name" : "PreferenceKitReminders",
      "targets" : [
        "PreferenceKitReminders"
      ],
      "type" : {
        "library" : [
          "automatic"
        ]
      }
    },
    {
      "name" : "PreferenceKitSpeechRecognition",
      "targets" : [
        "PreferenceKitSpeechRecognition"
      ],
      "type" : {
        "library" : [
          "automatic"
        ]
      }
    },
    {
      "name" : "PreferenceKitNotifications",
      "targets" : [
        "PreferenceKitNotifications"
      ],
      "type" : {
        "library" : [
          "automatic"
        ]
      }
    }
  ],
  "targets" : [
    {
      "c99name" : "PreferenceKitTests",
      "module_type" : "SwiftTarget",
      "name" : "PreferenceKitTests",
      "path" : "Tests/PreferenceKitTests",
      "sources" : [
        "PreferenceKitTests.swift"
      ],
      "target_dependencies" : [
        "PreferenceKit"
      ],
      "type" : "test"
    },
    {
      "c99name" : "PreferenceKitSpeechRecognition",
      "module_type" : "SwiftTarget",
      "name" : "PreferenceKitSpeechRecognition",
      "path" : "Sources/PreferenceKitSpeechRecognition",
      "product_memberships" : [
        "PreferenceKitSpeechRecognition"
      ],
      "sources" : [
        "PreferenceKitSpeechRecognition.swift"
      ],
      "target_dependencies" : [
        "PreferenceKit"
      ],
      "type" : "library"
    },
    {
      "c99name" : "PreferenceKitReminders",
      "module_type" : "SwiftTarget",
      "name" : "PreferenceKitReminders",
      "path" : "Sources/PreferenceKitReminders",
      "product_memberships" : [
        "PreferenceKitReminders"
      ],
      "sources" : [
        "PreferenceKitReminders.swift"
      ],
      "target_dependencies" : [
        "PreferenceKit"
      ],
      "type" : "library"
    },
    {
      "c99name" : "PreferenceKitPhotos",
      "module_type" : "SwiftTarget",
      "name" : "PreferenceKitPhotos",
      "path" : "Sources/PreferenceKitPhotos",
      "product_memberships" : [
        "PreferenceKitPhotos"
      ],
      "sources" : [
        "PreferenceKitPhotos.swift"
      ],
      "target_dependencies" : [
        "PreferenceKit"
      ],
      "type" : "library"
    },
    {
      "c99name" : "PreferenceKitNotifications",
      "module_type" : "SwiftTarget",
      "name" : "PreferenceKitNotifications",
      "path" : "Sources/PreferenceKitNotifications",
      "product_memberships" : [
        "PreferenceKitNotifications"
      ],
      "sources" : [
        "PreferenceKitNotifications.swift"
      ],
      "target_dependencies" : [
        "PreferenceKit"
      ],
      "type" : "library"
    },
    {
      "c99name" : "PreferenceKitMicrophone",
      "module_type" : "SwiftTarget",
      "name" : "PreferenceKitMicrophone",
      "path" : "Sources/PreferenceKitMicrophone",
      "product_memberships" : [
        "PreferenceKitMicrophone"
      ],
      "sources" : [
        "PreferenceKitMicrophone.swift"
      ],
      "target_dependencies" : [
        "PreferenceKit"
      ],
      "type" : "library"
    },
    {
      "c99name" : "PreferenceKitLocation",
      "module_type" : "SwiftTarget",
      "name" : "PreferenceKitLocation",
      "path" : "Sources/PreferenceKitLocation",
      "product_memberships" : [
        "PreferenceKitLocation"
      ],
      "sources" : [
        "PreferenceKitLocation.swift"
      ],
      "target_dependencies" : [
        "PreferenceKit"
      ],
      "type" : "library"
    },
    {
      "c99name" : "PreferenceKitContacts",
      "module_type" : "SwiftTarget",
      "name" : "PreferenceKitContacts",
      "path" : "Sources/PreferenceKitContacts",
      "product_memberships" : [
        "PreferenceKitContacts"
      ],
      "sources" : [
        "PreferenceKitContacts.swift"
      ],
      "target_dependencies" : [
        "PreferenceKit"
      ],
      "type" : "library"
    },
    {
      "c99name" : "PreferenceKitCamera",
      "module_type" : "SwiftTarget",
      "name" : "PreferenceKitCamera",
      "path" : "Sources/PreferenceKitCamera",
      "product_memberships" : [
        "PreferenceKitCamera"
      ],
      "sources" : [
        "PreferenceKitCamera.swift"
      ],
      "target_dependencies" : [
        "PreferenceKit"
      ],
      "type" : "library"
    },
    {
      "c99name" : "PreferenceKitCalendar",
      "module_type" : "SwiftTarget",
      "name" : "PreferenceKitCalendar",
      "path" : "Sources/PreferenceKitCalendar",
      "product_memberships" : [
        "PreferenceKitCalendar"
      ],
      "sources" : [
        "PreferenceKitCalendar.swift"
      ],
      "target_dependencies" : [
        "PreferenceKit"
      ],
      "type" : "library"
    },
    {
      "c99name" : "PreferenceKit",
      "module_type" : "SwiftTarget",
      "name" : "PreferenceKit",
      "path" : "Sources/PreferenceKit",
      "product_dependencies" : [
        "OSLogViewer"
      ],
      "product_memberships" : [
        "PreferenceKit",
        "PreferenceKitCamera",
        "PreferenceKitMicrophone",
        "PreferenceKitPhotos",
        "PreferenceKitLocation",
        "PreferenceKitContacts",
        "PreferenceKitCalendar",
        "PreferenceKitReminders",
        "PreferenceKitSpeechRecognition",
        "PreferenceKitNotifications"
      ],
      "resources" : [
        {
          "path" : "/Users/admin/builder/spi-builder-workspace/Sources/PreferenceKit/Assets.xcassets",
          "rule" : {
            "process" : {
            }
          }
        },
        {
          "path" : "/Users/admin/builder/spi-builder-workspace/Sources/PreferenceKit/Localizable.xcstrings",
          "rule" : {
            "process" : {
            }
          }
        }
      ],
      "sources" : [
        "Helpers/Date+.swift",
        "Helpers/Device.swift",
        "Helpers/ListButtonStyle.swift",
        "Helpers/MailView.swift",
        "Helpers/PKAppInfo.swift",
        "Helpers/PlatformTypes.swift",
        "Helpers/PlatformViewRepresentable.swift",
        "Helpers/PreferenceKitPrivacyAuthorizationStatus.swift",
        "Helpers/PreferenceKitPrivacyPermission.swift",
        "Helpers/String+LocalizedStringKey.swift",
        "Helpers/String+slugified.swift",
        "Helpers/WebView.swift",
        "Helpers/listBackground.swift",
        "Helpers/openURL.swift",
        "Structs/Acknowledgement.swift",
        "Structs/ChangeLogEntry.swift",
        "Structs/SocialMediaLink.swift",
        "Views/AcknowledgementView.swift",
        "Views/ChangeLogView.swift",
        "Views/PreferenceKit.swift",
        "Views/PreferenceKitApplicationInfoSection.swift",
        "Views/PreferenceKitDeveloperSection.swift",
        "Views/PreferenceKitFooterSection.swift",
        "Views/PreferenceKitHeaderSection.swift",
        "Views/PreferenceKitPrivacyViews.swift",
        "Views/PreferenceKitUpdateSection.swift",
        "Views/WebViewer.swift"
      ],
      "type" : "library"
    }
  ],
  "tools_version" : "6.0"
}
{
  "workspace" : {
    "name" : "spi-builder-workspace",
    "schemes" : [
      "OSLogViewer",
      "PreferenceKit",
      "PreferenceKit-Package",
      "PreferenceKitCalendar",
      "PreferenceKitCamera",
      "PreferenceKitContacts",
      "PreferenceKitLocation",
      "PreferenceKitMicrophone",
      "PreferenceKitNotifications",
      "PreferenceKitPhotos",
      "PreferenceKitReminders",
      "PreferenceKitSpeechRecognition"
    ]
  }
}
Running build ...
env DEVELOPER_DIR=/Applications/Xcode-16.3.0.app xcrun xcodebuild -IDEClonedSourcePackagesDirPathOverride=$PWD/.dependencies -skipMacroValidation -skipPackagePluginValidation -derivedDataPath $PWD/.derivedData build -scheme PreferenceKit-Package -destination generic/platform=watchOS
Command line invocation:
    /Applications/Xcode-16.3.0.app/Contents/Developer/usr/bin/xcodebuild -IDEClonedSourcePackagesDirPathOverride=/Users/admin/builder/spi-builder-workspace/.dependencies -skipMacroValidation -skipPackagePluginValidation -derivedDataPath /Users/admin/builder/spi-builder-workspace/.derivedData build -scheme PreferenceKit-Package -destination generic/platform=watchOS
Resolve Package Graph
Resolved source packages:
  OSLogViewer: https://github.com/0xWDG/OSLogViewer.git @ 1.1.6
  PreferenceKit: /Users/admin/builder/spi-builder-workspace
ComputePackagePrebuildTargetDependencyGraph
Prepare packages
CreateBuildRequest
SendProjectDescription
CreateBuildOperation
ComputeTargetDependencyGraph
note: Building targets in dependency order
note: Target dependency graph (24 targets)
    Target 'PreferenceKitSpeechRecognition' in project 'PreferenceKit'
        ➜ Explicit dependency on target 'PreferenceKitSpeechRecognition' in project 'PreferenceKit'
        ➜ Explicit dependency on target 'PreferenceKit' in project 'PreferenceKit'
        ➜ Explicit dependency on target 'OSLogViewer' in project 'OSLogViewer'
    Target 'PreferenceKitSpeechRecognition' in project 'PreferenceKit'
        ➜ Explicit dependency on target 'PreferenceKit' in project 'PreferenceKit'
        ➜ Explicit dependency on target 'OSLogViewer' in project 'OSLogViewer'
    Target 'PreferenceKitReminders' in project 'PreferenceKit'
        ➜ Explicit dependency on target 'PreferenceKitReminders' in project 'PreferenceKit'
        ➜ Explicit dependency on target 'PreferenceKit' in project 'PreferenceKit'
        ➜ Explicit dependency on target 'OSLogViewer' in project 'OSLogViewer'
    Target 'PreferenceKitReminders' in project 'PreferenceKit'
        ➜ Explicit dependency on target 'PreferenceKit' in project 'PreferenceKit'
        ➜ Explicit dependency on target 'OSLogViewer' in project 'OSLogViewer'
    Target 'PreferenceKitPhotos' in project 'PreferenceKit'
        ➜ Explicit dependency on target 'PreferenceKitPhotos' in project 'PreferenceKit'
        ➜ Explicit dependency on target 'PreferenceKit' in project 'PreferenceKit'
        ➜ Explicit dependency on target 'OSLogViewer' in project 'OSLogViewer'
    Target 'PreferenceKitPhotos' in project 'PreferenceKit'
        ➜ Explicit dependency on target 'PreferenceKit' in project 'PreferenceKit'
        ➜ Explicit dependency on target 'OSLogViewer' in project 'OSLogViewer'
    Target 'PreferenceKitNotifications' in project 'PreferenceKit'
        ➜ Explicit dependency on target 'PreferenceKitNotifications' in project 'PreferenceKit'
        ➜ Explicit dependency on target 'PreferenceKit' in project 'PreferenceKit'
        ➜ Explicit dependency on target 'OSLogViewer' in project 'OSLogViewer'
    Target 'PreferenceKitNotifications' in project 'PreferenceKit'
        ➜ Explicit dependency on target 'PreferenceKit' in project 'PreferenceKit'
        ➜ Explicit dependency on target 'OSLogViewer' in project 'OSLogViewer'
    Target 'PreferenceKitMicrophone' in project 'PreferenceKit'
        ➜ Explicit dependency on target 'PreferenceKitMicrophone' in project 'PreferenceKit'
        ➜ Explicit dependency on target 'PreferenceKit' in project 'PreferenceKit'
        ➜ Explicit dependency on target 'OSLogViewer' in project 'OSLogViewer'
    Target 'PreferenceKitMicrophone' in project 'PreferenceKit'
        ➜ Explicit dependency on target 'PreferenceKit' in project 'PreferenceKit'
        ➜ Explicit dependency on target 'OSLogViewer' in project 'OSLogViewer'
    Target 'PreferenceKitLocation' in project 'PreferenceKit'
        ➜ Explicit dependency on target 'PreferenceKitLocation' in project 'PreferenceKit'
        ➜ Explicit dependency on target 'PreferenceKit' in project 'PreferenceKit'
        ➜ Explicit dependency on target 'OSLogViewer' in project 'OSLogViewer'
    Target 'PreferenceKitLocation' in project 'PreferenceKit'
        ➜ Explicit dependency on target 'PreferenceKit' in project 'PreferenceKit'
        ➜ Explicit dependency on target 'OSLogViewer' in project 'OSLogViewer'
    Target 'PreferenceKitContacts' in project 'PreferenceKit'
        ➜ Explicit dependency on target 'PreferenceKitContacts' in project 'PreferenceKit'
        ➜ Explicit dependency on target 'PreferenceKit' in project 'PreferenceKit'
        ➜ Explicit dependency on target 'OSLogViewer' in project 'OSLogViewer'
    Target 'PreferenceKitContacts' in project 'PreferenceKit'
        ➜ Explicit dependency on target 'PreferenceKit' in project 'PreferenceKit'
        ➜ Explicit dependency on target 'OSLogViewer' in project 'OSLogViewer'
    Target 'PreferenceKitCamera' in project 'PreferenceKit'
        ➜ Explicit dependency on target 'PreferenceKitCamera' in project 'PreferenceKit'
        ➜ Explicit dependency on target 'PreferenceKit' in project 'PreferenceKit'
        ➜ Explicit dependency on target 'OSLogViewer' in project 'OSLogViewer'
    Target 'PreferenceKitCamera' in project 'PreferenceKit'
        ➜ Explicit dependency on target 'PreferenceKit' in project 'PreferenceKit'
        ➜ Explicit dependency on target 'OSLogViewer' in project 'OSLogViewer'
    Target 'PreferenceKitCalendar' in project 'PreferenceKit'
        ➜ Explicit dependency on target 'PreferenceKitCalendar' in project 'PreferenceKit'
        ➜ Explicit dependency on target 'PreferenceKit' in project 'PreferenceKit'
        ➜ Explicit dependency on target 'OSLogViewer' in project 'OSLogViewer'
    Target 'PreferenceKitCalendar' in project 'PreferenceKit'
        ➜ Explicit dependency on target 'PreferenceKit' in project 'PreferenceKit'
        ➜ Explicit dependency on target 'OSLogViewer' in project 'OSLogViewer'
    Target 'PreferenceKit' in project 'PreferenceKit'
        ➜ Explicit dependency on target 'PreferenceKit' in project 'PreferenceKit'
        ➜ Explicit dependency on target 'PreferenceKit_PreferenceKit' in project 'PreferenceKit'
        ➜ Explicit dependency on target 'OSLogViewer' in project 'OSLogViewer'
    Target 'PreferenceKit' in project 'PreferenceKit'
        ➜ Explicit dependency on target 'PreferenceKit_PreferenceKit' in project 'PreferenceKit'
        ➜ Explicit dependency on target 'OSLogViewer' in project 'OSLogViewer'
    Target 'OSLogViewer' in project 'OSLogViewer'
        ➜ Explicit dependency on target 'OSLogViewer' in project 'OSLogViewer'
        ➜ Explicit dependency on target 'OSLogViewer_OSLogViewer' in project 'OSLogViewer'
    Target 'OSLogViewer' in project 'OSLogViewer'
        ➜ Explicit dependency on target 'OSLogViewer_OSLogViewer' in project 'OSLogViewer'
    Target 'OSLogViewer_OSLogViewer' in project 'OSLogViewer' (no dependencies)
    Target 'PreferenceKit_PreferenceKit' in project 'PreferenceKit' (no dependencies)
GatherProvisioningInputs
CreateBuildDescription
ExecuteExternalTool /Applications/Xcode-16.3.0.app/Contents/Developer/usr/bin/actool --version --output-format xml1
ExecuteExternalTool /Applications/Xcode-16.3.0.app/Contents/Developer/usr/bin/xcstringstool compile --dry-run --output-directory /Users/admin/builder/spi-builder-workspace/.derivedData/Build/Intermediates.noindex/OSLogViewer.build/Debug-watchos/OSLogViewer_OSLogViewer.build /Users/admin/builder/spi-builder-workspace/.dependencies/checkouts/OSLogViewer/Sources/OSLogViewer/Localizable.xcstrings
ExecuteExternalTool /Applications/Xcode-16.3.0.app/Contents/Developer/Toolchains/XcodeDefault.xctoolchain/usr/bin/swiftc --version
ExecuteExternalTool /Applications/Xcode-16.3.0.app/Contents/Developer/Toolchains/XcodeDefault.xctoolchain/usr/bin/clang -v -E -dM -isysroot /Applications/Xcode-16.3.0.app/Contents/Developer/Platforms/WatchOS.platform/Developer/SDKs/WatchOS11.4.sdk -x c -c /dev/null
ExecuteExternalTool /Applications/Xcode-16.3.0.app/Contents/Developer/usr/bin/xcstringstool compile --dry-run --output-directory /Users/admin/builder/spi-builder-workspace/.derivedData/Build/Intermediates.noindex/PreferenceKit.build/Debug-watchos/PreferenceKit_PreferenceKit.build /Users/admin/builder/spi-builder-workspace/Sources/PreferenceKit/Localizable.xcstrings
ExecuteExternalTool /Applications/Xcode-16.3.0.app/Contents/Developer/Toolchains/XcodeDefault.xctoolchain/usr/bin/ld -version_details
ReadFileContents /Applications/Xcode-16.3.0.app/Contents/Developer/Toolchains/XcodeDefault.xctoolchain/usr/share/docc/features.json
Build description signature: afe71f34aa8b6dfbe5aa544a891f6335
Build description path: /Users/admin/builder/spi-builder-workspace/.derivedData/Build/Intermediates.noindex/XCBuildData/afe71f34aa8b6dfbe5aa544a891f6335.xcbuilddata
ClangStatCache /Applications/Xcode-16.3.0.app/Contents/Developer/Toolchains/XcodeDefault.xctoolchain/usr/bin/clang-stat-cache /Applications/Xcode-16.3.0.app/Contents/Developer/Platforms/WatchOS.platform/Developer/SDKs/WatchOS11.4.sdk /Users/admin/builder/spi-builder-workspace/.derivedData/SDKStatCaches.noindex/watchos11.4-22T246-43efb940ff07ba2497b70ec94253f576.sdkstatcache
    cd /Users/admin/builder/spi-builder-workspace/.swiftpm/xcode
    /Applications/Xcode-16.3.0.app/Contents/Developer/Toolchains/XcodeDefault.xctoolchain/usr/bin/clang-stat-cache /Applications/Xcode-16.3.0.app/Contents/Developer/Platforms/WatchOS.platform/Developer/SDKs/WatchOS11.4.sdk -o /Users/admin/builder/spi-builder-workspace/.derivedData/SDKStatCaches.noindex/watchos11.4-22T246-43efb940ff07ba2497b70ec94253f576.sdkstatcache
CompileXCStrings /Users/admin/builder/spi-builder-workspace/.derivedData/Build/Intermediates.noindex/OSLogViewer.build/Debug-watchos/OSLogViewer_OSLogViewer.build/ /Users/admin/builder/spi-builder-workspace/.dependencies/checkouts/OSLogViewer/Sources/OSLogViewer/Localizable.xcstrings (in target 'OSLogViewer_OSLogViewer' from project 'OSLogViewer')
    cd /Users/admin/builder/spi-builder-workspace/.dependencies/checkouts/OSLogViewer
    /Applications/Xcode-16.3.0.app/Contents/Developer/usr/bin/xcstringstool compile --output-directory /Users/admin/builder/spi-builder-workspace/.derivedData/Build/Intermediates.noindex/OSLogViewer.build/Debug-watchos/OSLogViewer_OSLogViewer.build /Users/admin/builder/spi-builder-workspace/.dependencies/checkouts/OSLogViewer/Sources/OSLogViewer/Localizable.xcstrings
ProcessInfoPlistFile /Users/admin/builder/spi-builder-workspace/.derivedData/Build/Products/Debug-watchos/OSLogViewer_OSLogViewer.bundle/Info.plist /Users/admin/builder/spi-builder-workspace/.derivedData/Build/Intermediates.noindex/OSLogViewer.build/Debug-watchos/OSLogViewer_OSLogViewer.build/empty-OSLogViewer_OSLogViewer.plist (in target 'OSLogViewer_OSLogViewer' from project 'OSLogViewer')
    cd /Users/admin/builder/spi-builder-workspace/.dependencies/checkouts/OSLogViewer
    builtin-infoPlistUtility /Users/admin/builder/spi-builder-workspace/.derivedData/Build/Intermediates.noindex/OSLogViewer.build/Debug-watchos/OSLogViewer_OSLogViewer.build/empty-OSLogViewer_OSLogViewer.plist -producttype com.apple.product-type.bundle -expandbuildsettings -format binary -platform watchos -o /Users/admin/builder/spi-builder-workspace/.derivedData/Build/Products/Debug-watchos/OSLogViewer_OSLogViewer.bundle/Info.plist
CompileXCStrings /Users/admin/builder/spi-builder-workspace/.derivedData/Build/Intermediates.noindex/PreferenceKit.build/Debug-watchos/PreferenceKit_PreferenceKit.build/ /Users/admin/builder/spi-builder-workspace/Sources/PreferenceKit/Localizable.xcstrings (in target 'PreferenceKit_PreferenceKit' from project 'PreferenceKit')
    cd /Users/admin/builder/spi-builder-workspace
    /Applications/Xcode-16.3.0.app/Contents/Developer/usr/bin/xcstringstool compile --output-directory /Users/admin/builder/spi-builder-workspace/.derivedData/Build/Intermediates.noindex/PreferenceKit.build/Debug-watchos/PreferenceKit_PreferenceKit.build /Users/admin/builder/spi-builder-workspace/Sources/PreferenceKit/Localizable.xcstrings
ProcessInfoPlistFile /Users/admin/builder/spi-builder-workspace/.derivedData/Build/Products/Debug-watchos/PreferenceKit_PreferenceKit.bundle/Info.plist /Users/admin/builder/spi-builder-workspace/.derivedData/Build/Intermediates.noindex/PreferenceKit.build/Debug-watchos/PreferenceKit_PreferenceKit.build/empty-PreferenceKit_PreferenceKit.plist (in target 'PreferenceKit_PreferenceKit' from project 'PreferenceKit')
    cd /Users/admin/builder/spi-builder-workspace
    builtin-infoPlistUtility /Users/admin/builder/spi-builder-workspace/.derivedData/Build/Intermediates.noindex/PreferenceKit.build/Debug-watchos/PreferenceKit_PreferenceKit.build/empty-PreferenceKit_PreferenceKit.plist -producttype com.apple.product-type.bundle -expandbuildsettings -format binary -platform watchos -additionalcontentfile /Users/admin/builder/spi-builder-workspace/.derivedData/Build/Intermediates.noindex/PreferenceKit.build/Debug-watchos/PreferenceKit_PreferenceKit.build/assetcatalog_generated_info.plist -o /Users/admin/builder/spi-builder-workspace/.derivedData/Build/Products/Debug-watchos/PreferenceKit_PreferenceKit.bundle/Info.plist
CopyStringsFile /Users/admin/builder/spi-builder-workspace/.derivedData/Build/Products/Debug-watchos/OSLogViewer_OSLogViewer.bundle/fr.lproj/Localizable.strings /Users/admin/builder/spi-builder-workspace/.derivedData/Build/Intermediates.noindex/OSLogViewer.build/Debug-watchos/OSLogViewer_OSLogViewer.build/fr.lproj/Localizable.strings (in target 'OSLogViewer_OSLogViewer' from project 'OSLogViewer')
    cd /Users/admin/builder/spi-builder-workspace/.dependencies/checkouts/OSLogViewer
    builtin-copyStrings --validate --outputencoding binary --outfilename Localizable.strings --outdir /Users/admin/builder/spi-builder-workspace/.derivedData/Build/Products/Debug-watchos/OSLogViewer_OSLogViewer.bundle/fr.lproj -- /Users/admin/builder/spi-builder-workspace/.derivedData/Build/Intermediates.noindex/OSLogViewer.build/Debug-watchos/OSLogViewer_OSLogViewer.build/fr.lproj/Localizable.strings
/Users/admin/builder/spi-builder-workspace/.derivedData/Build/Intermediates.noindex/OSLogViewer.build/Debug-watchos/OSLogViewer_OSLogViewer.build/fr.lproj/Localizable.strings:1:1: note: detected encoding of input file as Unicode (UTF-8) (in target 'OSLogViewer_OSLogViewer' from project 'OSLogViewer')
CopyStringsFile /Users/admin/builder/spi-builder-workspace/.derivedData/Build/Products/Debug-watchos/OSLogViewer_OSLogViewer.bundle/nl.lproj/Localizable.strings /Users/admin/builder/spi-builder-workspace/.derivedData/Build/Intermediates.noindex/OSLogViewer.build/Debug-watchos/OSLogViewer_OSLogViewer.build/nl.lproj/Localizable.strings (in target 'OSLogViewer_OSLogViewer' from project 'OSLogViewer')
    cd /Users/admin/builder/spi-builder-workspace/.dependencies/checkouts/OSLogViewer
    builtin-copyStrings --validate --outputencoding binary --outfilename Localizable.strings --outdir /Users/admin/builder/spi-builder-workspace/.derivedData/Build/Products/Debug-watchos/OSLogViewer_OSLogViewer.bundle/nl.lproj -- /Users/admin/builder/spi-builder-workspace/.derivedData/Build/Intermediates.noindex/OSLogViewer.build/Debug-watchos/OSLogViewer_OSLogViewer.build/nl.lproj/Localizable.strings
/Users/admin/builder/spi-builder-workspace/.derivedData/Build/Intermediates.noindex/OSLogViewer.build/Debug-watchos/OSLogViewer_OSLogViewer.build/nl.lproj/Localizable.strings:1:1: note: detected encoding of input file as Unicode (UTF-8) (in target 'OSLogViewer_OSLogViewer' from project 'OSLogViewer')
CopyStringsFile /Users/admin/builder/spi-builder-workspace/.derivedData/Build/Products/Debug-watchos/OSLogViewer_OSLogViewer.bundle/de.lproj/Localizable.strings /Users/admin/builder/spi-builder-workspace/.derivedData/Build/Intermediates.noindex/OSLogViewer.build/Debug-watchos/OSLogViewer_OSLogViewer.build/de.lproj/Localizable.strings (in target 'OSLogViewer_OSLogViewer' from project 'OSLogViewer')
    cd /Users/admin/builder/spi-builder-workspace/.dependencies/checkouts/OSLogViewer
    builtin-copyStrings --validate --outputencoding binary --outfilename Localizable.strings --outdir /Users/admin/builder/spi-builder-workspace/.derivedData/Build/Products/Debug-watchos/OSLogViewer_OSLogViewer.bundle/de.lproj -- /Users/admin/builder/spi-builder-workspace/.derivedData/Build/Intermediates.noindex/OSLogViewer.build/Debug-watchos/OSLogViewer_OSLogViewer.build/de.lproj/Localizable.strings
/Users/admin/builder/spi-builder-workspace/.derivedData/Build/Intermediates.noindex/OSLogViewer.build/Debug-watchos/OSLogViewer_OSLogViewer.build/de.lproj/Localizable.strings:1:1: note: detected encoding of input file as Unicode (UTF-8) (in target 'OSLogViewer_OSLogViewer' from project 'OSLogViewer')
CopyStringsFile /Users/admin/builder/spi-builder-workspace/.derivedData/Build/Products/Debug-watchos/PreferenceKit_PreferenceKit.bundle/fr.lproj/Localizable.strings /Users/admin/builder/spi-builder-workspace/.derivedData/Build/Intermediates.noindex/PreferenceKit.build/Debug-watchos/PreferenceKit_PreferenceKit.build/fr.lproj/Localizable.strings (in target 'PreferenceKit_PreferenceKit' from project 'PreferenceKit')
    cd /Users/admin/builder/spi-builder-workspace
    builtin-copyStrings --validate --outputencoding binary --outfilename Localizable.strings --outdir /Users/admin/builder/spi-builder-workspace/.derivedData/Build/Products/Debug-watchos/PreferenceKit_PreferenceKit.bundle/fr.lproj -- /Users/admin/builder/spi-builder-workspace/.derivedData/Build/Intermediates.noindex/PreferenceKit.build/Debug-watchos/PreferenceKit_PreferenceKit.build/fr.lproj/Localizable.strings
/Users/admin/builder/spi-builder-workspace/.derivedData/Build/Intermediates.noindex/PreferenceKit.build/Debug-watchos/PreferenceKit_PreferenceKit.build/fr.lproj/Localizable.strings:1:1: note: detected encoding of input file as Unicode (UTF-8) (in target 'PreferenceKit_PreferenceKit' from project 'PreferenceKit')
CopyStringsFile /Users/admin/builder/spi-builder-workspace/.derivedData/Build/Products/Debug-watchos/PreferenceKit_PreferenceKit.bundle/es-419.lproj/Localizable.strings /Users/admin/builder/spi-builder-workspace/.derivedData/Build/Intermediates.noindex/PreferenceKit.build/Debug-watchos/PreferenceKit_PreferenceKit.build/es-419.lproj/Localizable.strings (in target 'PreferenceKit_PreferenceKit' from project 'PreferenceKit')
    cd /Users/admin/builder/spi-builder-workspace
    builtin-copyStrings --validate --outputencoding binary --outfilename Localizable.strings --outdir /Users/admin/builder/spi-builder-workspace/.derivedData/Build/Products/Debug-watchos/PreferenceKit_PreferenceKit.bundle/es-419.lproj -- /Users/admin/builder/spi-builder-workspace/.derivedData/Build/Intermediates.noindex/PreferenceKit.build/Debug-watchos/PreferenceKit_PreferenceKit.build/es-419.lproj/Localizable.strings
/Users/admin/builder/spi-builder-workspace/.derivedData/Build/Intermediates.noindex/PreferenceKit.build/Debug-watchos/PreferenceKit_PreferenceKit.build/es-419.lproj/Localizable.strings:1:1: note: detected encoding of input file as Unicode (UTF-8) (in target 'PreferenceKit_PreferenceKit' from project 'PreferenceKit')
CopyStringsFile /Users/admin/builder/spi-builder-workspace/.derivedData/Build/Products/Debug-watchos/PreferenceKit_PreferenceKit.bundle/he.lproj/Localizable.strings /Users/admin/builder/spi-builder-workspace/.derivedData/Build/Intermediates.noindex/PreferenceKit.build/Debug-watchos/PreferenceKit_PreferenceKit.build/he.lproj/Localizable.strings (in target 'PreferenceKit_PreferenceKit' from project 'PreferenceKit')
    cd /Users/admin/builder/spi-builder-workspace
    builtin-copyStrings --validate --outputencoding binary --outfilename Localizable.strings --outdir /Users/admin/builder/spi-builder-workspace/.derivedData/Build/Products/Debug-watchos/PreferenceKit_PreferenceKit.bundle/he.lproj -- /Users/admin/builder/spi-builder-workspace/.derivedData/Build/Intermediates.noindex/PreferenceKit.build/Debug-watchos/PreferenceKit_PreferenceKit.build/he.lproj/Localizable.strings
/Users/admin/builder/spi-builder-workspace/.derivedData/Build/Intermediates.noindex/PreferenceKit.build/Debug-watchos/PreferenceKit_PreferenceKit.build/he.lproj/Localizable.strings:1:1: note: detected encoding of input file as Unicode (UTF-8) (in target 'PreferenceKit_PreferenceKit' from project 'PreferenceKit')
CopyStringsFile /Users/admin/builder/spi-builder-workspace/.derivedData/Build/Products/Debug-watchos/PreferenceKit_PreferenceKit.bundle/zh-Hant.lproj/Localizable.strings /Users/admin/builder/spi-builder-workspace/.derivedData/Build/Intermediates.noindex/PreferenceKit.build/Debug-watchos/PreferenceKit_PreferenceKit.build/zh-Hant.lproj/Localizable.strings (in target 'PreferenceKit_PreferenceKit' from project 'PreferenceKit')
    cd /Users/admin/builder/spi-builder-workspace
    builtin-copyStrings --validate --outputencoding binary --outfilename Localizable.strings --outdir /Users/admin/builder/spi-builder-workspace/.derivedData/Build/Products/Debug-watchos/PreferenceKit_PreferenceKit.bundle/zh-Hant.lproj -- /Users/admin/builder/spi-builder-workspace/.derivedData/Build/Intermediates.noindex/PreferenceKit.build/Debug-watchos/PreferenceKit_PreferenceKit.build/zh-Hant.lproj/Localizable.strings
/Users/admin/builder/spi-builder-workspace/.derivedData/Build/Intermediates.noindex/PreferenceKit.build/Debug-watchos/PreferenceKit_PreferenceKit.build/zh-Hant.lproj/Localizable.strings:1:1: note: detected encoding of input file as Unicode (UTF-8) (in target 'PreferenceKit_PreferenceKit' from project 'PreferenceKit')
CopyStringsFile /Users/admin/builder/spi-builder-workspace/.derivedData/Build/Products/Debug-watchos/PreferenceKit_PreferenceKit.bundle/zh-HK.lproj/Localizable.strings /Users/admin/builder/spi-builder-workspace/.derivedData/Build/Intermediates.noindex/PreferenceKit.build/Debug-watchos/PreferenceKit_PreferenceKit.build/zh-HK.lproj/Localizable.strings (in target 'PreferenceKit_PreferenceKit' from project 'PreferenceKit')
    cd /Users/admin/builder/spi-builder-workspace
    builtin-copyStrings --validate --outputencoding binary --outfilename Localizable.strings --outdir /Users/admin/builder/spi-builder-workspace/.derivedData/Build/Products/Debug-watchos/PreferenceKit_PreferenceKit.bundle/zh-HK.lproj -- /Users/admin/builder/spi-builder-workspace/.derivedData/Build/Intermediates.noindex/PreferenceKit.build/Debug-watchos/PreferenceKit_PreferenceKit.build/zh-HK.lproj/Localizable.strings
/Users/admin/builder/spi-builder-workspace/.derivedData/Build/Intermediates.noindex/PreferenceKit.build/Debug-watchos/PreferenceKit_PreferenceKit.build/zh-HK.lproj/Localizable.strings:1:1: note: detected encoding of input file as Unicode (UTF-8) (in target 'PreferenceKit_PreferenceKit' from project 'PreferenceKit')
CopyStringsFile /Users/admin/builder/spi-builder-workspace/.derivedData/Build/Products/Debug-watchos/PreferenceKit_PreferenceKit.bundle/hr.lproj/Localizable.strings /Users/admin/builder/spi-builder-workspace/.derivedData/Build/Intermediates.noindex/PreferenceKit.build/Debug-watchos/PreferenceKit_PreferenceKit.build/hr.lproj/Localizable.strings (in target 'PreferenceKit_PreferenceKit' from project 'PreferenceKit')
    cd /Users/admin/builder/spi-builder-workspace
    builtin-copyStrings --validate --outputencoding binary --outfilename Localizable.strings --outdir /Users/admin/builder/spi-builder-workspace/.derivedData/Build/Products/Debug-watchos/PreferenceKit_PreferenceKit.bundle/hr.lproj -- /Users/admin/builder/spi-builder-workspace/.derivedData/Build/Intermediates.noindex/PreferenceKit.build/Debug-watchos/PreferenceKit_PreferenceKit.build/hr.lproj/Localizable.strings
/Users/admin/builder/spi-builder-workspace/.derivedData/Build/Intermediates.noindex/PreferenceKit.build/Debug-watchos/PreferenceKit_PreferenceKit.build/hr.lproj/Localizable.strings:1:1: note: detected encoding of input file as Unicode (UTF-8) (in target 'PreferenceKit_PreferenceKit' from project 'PreferenceKit')
CopyStringsFile /Users/admin/builder/spi-builder-workspace/.derivedData/Build/Products/Debug-watchos/PreferenceKit_PreferenceKit.bundle/vi.lproj/Localizable.strings /Users/admin/builder/spi-builder-workspace/.derivedData/Build/Intermediates.noindex/PreferenceKit.build/Debug-watchos/PreferenceKit_PreferenceKit.build/vi.lproj/Localizable.strings (in target 'PreferenceKit_PreferenceKit' from project 'PreferenceKit')
    cd /Users/admin/builder/spi-builder-workspace
    builtin-copyStrings --validate --outputencoding binary --outfilename Localizable.strings --outdir /Users/admin/builder/spi-builder-workspace/.derivedData/Build/Products/Debug-watchos/PreferenceKit_PreferenceKit.bundle/vi.lproj -- /Users/admin/builder/spi-builder-workspace/.derivedData/Build/Intermediates.noindex/PreferenceKit.build/Debug-watchos/PreferenceKit_PreferenceKit.build/vi.lproj/Localizable.strings
/Users/admin/builder/spi-builder-workspace/.derivedData/Build/Intermediates.noindex/PreferenceKit.build/Debug-watchos/PreferenceKit_PreferenceKit.build/vi.lproj/Localizable.strings:1:1: note: detected encoding of input file as Unicode (UTF-8) (in target 'PreferenceKit_PreferenceKit' from project 'PreferenceKit')
CopyStringsFile /Users/admin/builder/spi-builder-workspace/.derivedData/Build/Products/Debug-watchos/PreferenceKit_PreferenceKit.bundle/ur.lproj/Localizable.strings /Users/admin/builder/spi-builder-workspace/.derivedData/Build/Intermediates.noindex/PreferenceKit.build/Debug-watchos/PreferenceKit_PreferenceKit.build/ur.lproj/Localizable.strings (in target 'PreferenceKit_PreferenceKit' from project 'PreferenceKit')
    cd /Users/admin/builder/spi-builder-workspace
    builtin-copyStrings --validate --outputencoding binary --outfilename Localizable.strings --outdir /Users/admin/builder/spi-builder-workspace/.derivedData/Build/Products/Debug-watchos/PreferenceKit_PreferenceKit.bundle/ur.lproj -- /Users/admin/builder/spi-builder-workspace/.derivedData/Build/Intermediates.noindex/PreferenceKit.build/Debug-watchos/PreferenceKit_PreferenceKit.build/ur.lproj/Localizable.strings
/Users/admin/builder/spi-builder-workspace/.derivedData/Build/Intermediates.noindex/PreferenceKit.build/Debug-watchos/PreferenceKit_PreferenceKit.build/ur.lproj/Localizable.strings:1:1: note: detected encoding of input file as Unicode (UTF-8) (in target 'PreferenceKit_PreferenceKit' from project 'PreferenceKit')
CopyStringsFile /Users/admin/builder/spi-builder-workspace/.derivedData/Build/Products/Debug-watchos/PreferenceKit_PreferenceKit.bundle/zh-Hans.lproj/Localizable.strings /Users/admin/builder/spi-builder-workspace/.derivedData/Build/Intermediates.noindex/PreferenceKit.build/Debug-watchos/PreferenceKit_PreferenceKit.build/zh-Hans.lproj/Localizable.strings (in target 'PreferenceKit_PreferenceKit' from project 'PreferenceKit')
    cd /Users/admin/builder/spi-builder-workspace
    builtin-copyStrings --validate --outputencoding binary --outfilename Localizable.strings --outdir /Users/admin/builder/spi-builder-workspace/.derivedData/Build/Products/Debug-watchos/PreferenceKit_PreferenceKit.bundle/zh-Hans.lproj -- /Users/admin/builder/spi-builder-workspace/.derivedData/Build/Intermediates.noindex/PreferenceKit.build/Debug-watchos/PreferenceKit_PreferenceKit.build/zh-Hans.lproj/Localizable.strings
/Users/admin/builder/spi-builder-workspace/.derivedData/Build/Intermediates.noindex/PreferenceKit.build/Debug-watchos/PreferenceKit_PreferenceKit.build/zh-Hans.lproj/Localizable.strings:1:1: note: detected encoding of input file as Unicode (UTF-8) (in target 'PreferenceKit_PreferenceKit' from project 'PreferenceKit')
CopyStringsFile /Users/admin/builder/spi-builder-workspace/.derivedData/Build/Products/Debug-watchos/PreferenceKit_PreferenceKit.bundle/uk.lproj/Localizable.strings /Users/admin/builder/spi-builder-workspace/.derivedData/Build/Intermediates.noindex/PreferenceKit.build/Debug-watchos/PreferenceKit_PreferenceKit.build/uk.lproj/Localizable.strings (in target 'PreferenceKit_PreferenceKit' from project 'PreferenceKit')
    cd /Users/admin/builder/spi-builder-workspace
    builtin-copyStrings --validate --outputencoding binary --outfilename Localizable.strings --outdir /Users/admin/builder/spi-builder-workspace/.derivedData/Build/Products/Debug-watchos/PreferenceKit_PreferenceKit.bundle/uk.lproj -- /Users/admin/builder/spi-builder-workspace/.derivedData/Build/Intermediates.noindex/PreferenceKit.build/Debug-watchos/PreferenceKit_PreferenceKit.build/uk.lproj/Localizable.strings
/Users/admin/builder/spi-builder-workspace/.derivedData/Build/Intermediates.noindex/PreferenceKit.build/Debug-watchos/PreferenceKit_PreferenceKit.build/uk.lproj/Localizable.strings:1:1: note: detected encoding of input file as Unicode (UTF-8) (in target 'PreferenceKit_PreferenceKit' from project 'PreferenceKit')
CopyStringsFile /Users/admin/builder/spi-builder-workspace/.derivedData/Build/Products/Debug-watchos/PreferenceKit_PreferenceKit.bundle/tr.lproj/Localizable.strings /Users/admin/builder/spi-builder-workspace/.derivedData/Build/Intermediates.noindex/PreferenceKit.build/Debug-watchos/PreferenceKit_PreferenceKit.build/tr.lproj/Localizable.strings (in target 'PreferenceKit_PreferenceKit' from project 'PreferenceKit')
    cd /Users/admin/builder/spi-builder-workspace
    builtin-copyStrings --validate --outputencoding binary --outfilename Localizable.strings --outdir /Users/admin/builder/spi-builder-workspace/.derivedData/Build/Products/Debug-watchos/PreferenceKit_PreferenceKit.bundle/tr.lproj -- /Users/admin/builder/spi-builder-workspace/.derivedData/Build/Intermediates.noindex/PreferenceKit.build/Debug-watchos/PreferenceKit_PreferenceKit.build/tr.lproj/Localizable.strings
/Users/admin/builder/spi-builder-workspace/.derivedData/Build/Intermediates.noindex/PreferenceKit.build/Debug-watchos/PreferenceKit_PreferenceKit.build/tr.lproj/Localizable.strings:1:1: note: detected encoding of input file as Unicode (UTF-8) (in target 'PreferenceKit_PreferenceKit' from project 'PreferenceKit')
CopyStringsFile /Users/admin/builder/spi-builder-workspace/.derivedData/Build/Products/Debug-watchos/PreferenceKit_PreferenceKit.bundle/th.lproj/Localizable.strings /Users/admin/builder/spi-builder-workspace/.derivedData/Build/Intermediates.noindex/PreferenceKit.build/Debug-watchos/PreferenceKit_PreferenceKit.build/th.lproj/Localizable.strings (in target 'PreferenceKit_PreferenceKit' from project 'PreferenceKit')
    cd /Users/admin/builder/spi-builder-workspace
    builtin-copyStrings --validate --outputencoding binary --outfilename Localizable.strings --outdir /Users/admin/builder/spi-builder-workspace/.derivedData/Build/Products/Debug-watchos/PreferenceKit_PreferenceKit.bundle/th.lproj -- /Users/admin/builder/spi-builder-workspace/.derivedData/Build/Intermediates.noindex/PreferenceKit.build/Debug-watchos/PreferenceKit_PreferenceKit.build/th.lproj/Localizable.strings
/Users/admin/builder/spi-builder-workspace/.derivedData/Build/Intermediates.noindex/PreferenceKit.build/Debug-watchos/PreferenceKit_PreferenceKit.build/th.lproj/Localizable.strings:1:1: note: detected encoding of input file as Unicode (UTF-8) (in target 'PreferenceKit_PreferenceKit' from project 'PreferenceKit')
CopyStringsFile /Users/admin/builder/spi-builder-workspace/.derivedData/Build/Products/Debug-watchos/PreferenceKit_PreferenceKit.bundle/sv.lproj/Localizable.strings /Users/admin/builder/spi-builder-workspace/.derivedData/Build/Intermediates.noindex/PreferenceKit.build/Debug-watchos/PreferenceKit_PreferenceKit.build/sv.lproj/Localizable.strings (in target 'PreferenceKit_PreferenceKit' from project 'PreferenceKit')
    cd /Users/admin/builder/spi-builder-workspace
    builtin-copyStrings --validate --outputencoding binary --outfilename Localizable.strings --outdir /Users/admin/builder/spi-builder-workspace/.derivedData/Build/Products/Debug-watchos/PreferenceKit_PreferenceKit.bundle/sv.lproj -- /Users/admin/builder/spi-builder-workspace/.derivedData/Build/Intermediates.noindex/PreferenceKit.build/Debug-watchos/PreferenceKit_PreferenceKit.build/sv.lproj/Localizable.strings
/Users/admin/builder/spi-builder-workspace/.derivedData/Build/Intermediates.noindex/PreferenceKit.build/Debug-watchos/PreferenceKit_PreferenceKit.build/sv.lproj/Localizable.strings:1:1: note: detected encoding of input file as Unicode (UTF-8) (in target 'PreferenceKit_PreferenceKit' from project 'PreferenceKit')
CopyStringsFile /Users/admin/builder/spi-builder-workspace/.derivedData/Build/Products/Debug-watchos/PreferenceKit_PreferenceKit.bundle/sk.lproj/Localizable.strings /Users/admin/builder/spi-builder-workspace/.derivedData/Build/Intermediates.noindex/PreferenceKit.build/Debug-watchos/PreferenceKit_PreferenceKit.build/sk.lproj/Localizable.strings (in target 'PreferenceKit_PreferenceKit' from project 'PreferenceKit')
    cd /Users/admin/builder/spi-builder-workspace
    builtin-copyStrings --validate --outputencoding binary --outfilename Localizable.strings --outdir /Users/admin/builder/spi-builder-workspace/.derivedData/Build/Products/Debug-watchos/PreferenceKit_PreferenceKit.bundle/sk.lproj -- /Users/admin/builder/spi-builder-workspace/.derivedData/Build/Intermediates.noindex/PreferenceKit.build/Debug-watchos/PreferenceKit_PreferenceKit.build/sk.lproj/Localizable.strings
/Users/admin/builder/spi-builder-workspace/.derivedData/Build/Intermediates.noindex/PreferenceKit.build/Debug-watchos/PreferenceKit_PreferenceKit.build/sk.lproj/Localizable.strings:1:1: note: detected encoding of input file as Unicode (UTF-8) (in target 'PreferenceKit_PreferenceKit' from project 'PreferenceKit')
CopyStringsFile /Users/admin/builder/spi-builder-workspace/.derivedData/Build/Products/Debug-watchos/PreferenceKit_PreferenceKit.bundle/si.lproj/Localizable.strings /Users/admin/builder/spi-builder-workspace/.derivedData/Build/Intermediates.noindex/PreferenceKit.build/Debug-watchos/PreferenceKit_PreferenceKit.build/si.lproj/Localizable.strings (in target 'PreferenceKit_PreferenceKit' from project 'PreferenceKit')
    cd /Users/admin/builder/spi-builder-workspace
    builtin-copyStrings --validate --outputencoding binary --outfilename Localizable.strings --outdir /Users/admin/builder/spi-builder-workspace/.derivedData/Build/Products/Debug-watchos/PreferenceKit_PreferenceKit.bundle/si.lproj -- /Users/admin/builder/spi-builder-workspace/.derivedData/Build/Intermediates.noindex/PreferenceKit.build/Debug-watchos/PreferenceKit_PreferenceKit.build/si.lproj/Localizable.strings
/Users/admin/builder/spi-builder-workspace/.derivedData/Build/Intermediates.noindex/PreferenceKit.build/Debug-watchos/PreferenceKit_PreferenceKit.build/si.lproj/Localizable.strings:1:1: note: detected encoding of input file as Unicode (UTF-8) (in target 'PreferenceKit_PreferenceKit' from project 'PreferenceKit')
CopyStringsFile /Users/admin/builder/spi-builder-workspace/.derivedData/Build/Products/Debug-watchos/PreferenceKit_PreferenceKit.bundle/ru.lproj/Localizable.strings /Users/admin/builder/spi-builder-workspace/.derivedData/Build/Intermediates.noindex/PreferenceKit.build/Debug-watchos/PreferenceKit_PreferenceKit.build/ru.lproj/Localizable.strings (in target 'PreferenceKit_PreferenceKit' from project 'PreferenceKit')
    cd /Users/admin/builder/spi-builder-workspace
    builtin-copyStrings --validate --outputencoding binary --outfilename Localizable.strings --outdir /Users/admin/builder/spi-builder-workspace/.derivedData/Build/Products/Debug-watchos/PreferenceKit_PreferenceKit.bundle/ru.lproj -- /Users/admin/builder/spi-builder-workspace/.derivedData/Build/Intermediates.noindex/PreferenceKit.build/Debug-watchos/PreferenceKit_PreferenceKit.build/ru.lproj/Localizable.strings
/Users/admin/builder/spi-builder-workspace/.derivedData/Build/Intermediates.noindex/PreferenceKit.build/Debug-watchos/PreferenceKit_PreferenceKit.build/ru.lproj/Localizable.strings:1:1: note: detected encoding of input file as Unicode (UTF-8) (in target 'PreferenceKit_PreferenceKit' from project 'PreferenceKit')
CopyStringsFile /Users/admin/builder/spi-builder-workspace/.derivedData/Build/Products/Debug-watchos/PreferenceKit_PreferenceKit.bundle/ro.lproj/Localizable.strings /Users/admin/builder/spi-builder-workspace/.derivedData/Build/Intermediates.noindex/PreferenceKit.build/Debug-watchos/PreferenceKit_PreferenceKit.build/ro.lproj/Localizable.strings (in target 'PreferenceKit_PreferenceKit' from project 'PreferenceKit')
    cd /Users/admin/builder/spi-builder-workspace
    builtin-copyStrings --validate --outputencoding binary --outfilename Localizable.strings --outdir /Users/admin/builder/spi-builder-workspace/.derivedData/Build/Products/Debug-watchos/PreferenceKit_PreferenceKit.bundle/ro.lproj -- /Users/admin/builder/spi-builder-workspace/.derivedData/Build/Intermediates.noindex/PreferenceKit.build/Debug-watchos/PreferenceKit_PreferenceKit.build/ro.lproj/Localizable.strings
/Users/admin/builder/spi-builder-workspace/.derivedData/Build/Intermediates.noindex/PreferenceKit.build/Debug-watchos/PreferenceKit_PreferenceKit.build/ro.lproj/Localizable.strings:1:1: note: detected encoding of input file as Unicode (UTF-8) (in target 'PreferenceKit_PreferenceKit' from project 'PreferenceKit')
CopyStringsFile /Users/admin/builder/spi-builder-workspace/.derivedData/Build/Products/Debug-watchos/PreferenceKit_PreferenceKit.bundle/pt-PT.lproj/Localizable.strings /Users/admin/builder/spi-builder-workspace/.derivedData/Build/Intermediates.noindex/PreferenceKit.build/Debug-watchos/PreferenceKit_PreferenceKit.build/pt-PT.lproj/Localizable.strings (in target 'PreferenceKit_PreferenceKit' from project 'PreferenceKit')
    cd /Users/admin/builder/spi-builder-workspace
    builtin-copyStrings --validate --outputencoding binary --outfilename Localizable.strings --outdir /Users/admin/builder/spi-builder-workspace/.derivedData/Build/Products/Debug-watchos/PreferenceKit_PreferenceKit.bundle/pt-PT.lproj -- /Users/admin/builder/spi-builder-workspace/.derivedData/Build/Intermediates.noindex/PreferenceKit.build/Debug-watchos/PreferenceKit_PreferenceKit.build/pt-PT.lproj/Localizable.strings
/Users/admin/builder/spi-builder-workspace/.derivedData/Build/Intermediates.noindex/PreferenceKit.build/Debug-watchos/PreferenceKit_PreferenceKit.build/pt-PT.lproj/Localizable.strings:1:1: note: detected encoding of input file as Unicode (UTF-8) (in target 'PreferenceKit_PreferenceKit' from project 'PreferenceKit')
CopyStringsFile /Users/admin/builder/spi-builder-workspace/.derivedData/Build/Products/Debug-watchos/PreferenceKit_PreferenceKit.bundle/pt-BR.lproj/Localizable.strings /Users/admin/builder/spi-builder-workspace/.derivedData/Build/Intermediates.noindex/PreferenceKit.build/Debug-watchos/PreferenceKit_PreferenceKit.build/pt-BR.lproj/Localizable.strings (in target 'PreferenceKit_PreferenceKit' from project 'PreferenceKit')
    cd /Users/admin/builder/spi-builder-workspace
    builtin-copyStrings --validate --outputencoding binary --outfilename Localizable.strings --outdir /Users/admin/builder/spi-builder-workspace/.derivedData/Build/Products/Debug-watchos/PreferenceKit_PreferenceKit.bundle/pt-BR.lproj -- /Users/admin/builder/spi-builder-workspace/.derivedData/Build/Intermediates.noindex/PreferenceKit.build/Debug-watchos/PreferenceKit_PreferenceKit.build/pt-BR.lproj/Localizable.strings
/Users/admin/builder/spi-builder-workspace/.derivedData/Build/Intermediates.noindex/PreferenceKit.build/Debug-watchos/PreferenceKit_PreferenceKit.build/pt-BR.lproj/Localizable.strings:1:1: note: detected encoding of input file as Unicode (UTF-8) (in target 'PreferenceKit_PreferenceKit' from project 'PreferenceKit')
CopyStringsFile /Users/admin/builder/spi-builder-workspace/.derivedData/Build/Products/Debug-watchos/PreferenceKit_PreferenceKit.bundle/pl.lproj/Localizable.strings /Users/admin/builder/spi-builder-workspace/.derivedData/Build/Intermediates.noindex/PreferenceKit.build/Debug-watchos/PreferenceKit_PreferenceKit.build/pl.lproj/Localizable.strings (in target 'PreferenceKit_PreferenceKit' from project 'PreferenceKit')
    cd /Users/admin/builder/spi-builder-workspace
    builtin-copyStrings --validate --outputencoding binary --outfilename Localizable.strings --outdir /Users/admin/builder/spi-builder-workspace/.derivedData/Build/Products/Debug-watchos/PreferenceKit_PreferenceKit.bundle/pl.lproj -- /Users/admin/builder/spi-builder-workspace/.derivedData/Build/Intermediates.noindex/PreferenceKit.build/Debug-watchos/PreferenceKit_PreferenceKit.build/pl.lproj/Localizable.strings
/Users/admin/builder/spi-builder-workspace/.derivedData/Build/Intermediates.noindex/PreferenceKit.build/Debug-watchos/PreferenceKit_PreferenceKit.build/pl.lproj/Localizable.strings:1:1: note: detected encoding of input file as Unicode (UTF-8) (in target 'PreferenceKit_PreferenceKit' from project 'PreferenceKit')
CopyStringsFile /Users/admin/builder/spi-builder-workspace/.derivedData/Build/Products/Debug-watchos/PreferenceKit_PreferenceKit.bundle/pa.lproj/Localizable.strings /Users/admin/builder/spi-builder-workspace/.derivedData/Build/Intermediates.noindex/PreferenceKit.build/Debug-watchos/PreferenceKit_PreferenceKit.build/pa.lproj/Localizable.strings (in target 'PreferenceKit_PreferenceKit' from project 'PreferenceKit')
    cd /Users/admin/builder/spi-builder-workspace
    builtin-copyStrings --validate --outputencoding binary --outfilename Localizable.strings --outdir /Users/admin/builder/spi-builder-workspace/.derivedData/Build/Products/Debug-watchos/PreferenceKit_PreferenceKit.bundle/pa.lproj -- /Users/admin/builder/spi-builder-workspace/.derivedData/Build/Intermediates.noindex/PreferenceKit.build/Debug-watchos/PreferenceKit_PreferenceKit.build/pa.lproj/Localizable.strings
/Users/admin/builder/spi-builder-workspace/.derivedData/Build/Intermediates.noindex/PreferenceKit.build/Debug-watchos/PreferenceKit_PreferenceKit.build/pa.lproj/Localizable.strings:1:1: note: detected encoding of input file as Unicode (UTF-8) (in target 'PreferenceKit_PreferenceKit' from project 'PreferenceKit')
CopyStringsFile /Users/admin/builder/spi-builder-workspace/.derivedData/Build/Products/Debug-watchos/PreferenceKit_PreferenceKit.bundle/nl.lproj/Localizable.strings /Users/admin/builder/spi-builder-workspace/.derivedData/Build/Intermediates.noindex/PreferenceKit.build/Debug-watchos/PreferenceKit_PreferenceKit.build/nl.lproj/Localizable.strings (in target 'PreferenceKit_PreferenceKit' from project 'PreferenceKit')
    cd /Users/admin/builder/spi-builder-workspace
    builtin-copyStrings --validate --outputencoding binary --outfilename Localizable.strings --outdir /Users/admin/builder/spi-builder-workspace/.derivedData/Build/Products/Debug-watchos/PreferenceKit_PreferenceKit.bundle/nl.lproj -- /Users/admin/builder/spi-builder-workspace/.derivedData/Build/Intermediates.noindex/PreferenceKit.build/Debug-watchos/PreferenceKit_PreferenceKit.build/nl.lproj/Localizable.strings
/Users/admin/builder/spi-builder-workspace/.derivedData/Build/Intermediates.noindex/PreferenceKit.build/Debug-watchos/PreferenceKit_PreferenceKit.build/nl.lproj/Localizable.strings:1:1: note: detected encoding of input file as Unicode (UTF-8) (in target 'PreferenceKit_PreferenceKit' from project 'PreferenceKit')
CopyStringsFile /Users/admin/builder/spi-builder-workspace/.derivedData/Build/Products/Debug-watchos/PreferenceKit_PreferenceKit.bundle/nb.lproj/Localizable.strings /Users/admin/builder/spi-builder-workspace/.derivedData/Build/Intermediates.noindex/PreferenceKit.build/Debug-watchos/PreferenceKit_PreferenceKit.build/nb.lproj/Localizable.strings (in target 'PreferenceKit_PreferenceKit' from project 'PreferenceKit')
    cd /Users/admin/builder/spi-builder-workspace
    builtin-copyStrings --validate --outputencoding binary --outfilename Localizable.strings --outdir /Users/admin/builder/spi-builder-workspace/.derivedData/Build/Products/Debug-watchos/PreferenceKit_PreferenceKit.bundle/nb.lproj -- /Users/admin/builder/spi-builder-workspace/.derivedData/Build/Intermediates.noindex/PreferenceKit.build/Debug-watchos/PreferenceKit_PreferenceKit.build/nb.lproj/Localizable.strings
/Users/admin/builder/spi-builder-workspace/.derivedData/Build/Intermediates.noindex/PreferenceKit.build/Debug-watchos/PreferenceKit_PreferenceKit.build/nb.lproj/Localizable.strings:1:1: note: detected encoding of input file as Unicode (UTF-8) (in target 'PreferenceKit_PreferenceKit' from project 'PreferenceKit')
CopyStringsFile /Users/admin/builder/spi-builder-workspace/.derivedData/Build/Products/Debug-watchos/PreferenceKit_PreferenceKit.bundle/ms.lproj/Localizable.strings /Users/admin/builder/spi-builder-workspace/.derivedData/Build/Intermediates.noindex/PreferenceKit.build/Debug-watchos/PreferenceKit_PreferenceKit.build/ms.lproj/Localizable.strings (in target 'PreferenceKit_PreferenceKit' from project 'PreferenceKit')
    cd /Users/admin/builder/spi-builder-workspace
    builtin-copyStrings --validate --outputencoding binary --outfilename Localizable.strings --outdir /Users/admin/builder/spi-builder-workspace/.derivedData/Build/Products/Debug-watchos/PreferenceKit_PreferenceKit.bundle/ms.lproj -- /Users/admin/builder/spi-builder-workspace/.derivedData/Build/Intermediates.noindex/PreferenceKit.build/Debug-watchos/PreferenceKit_PreferenceKit.build/ms.lproj/Localizable.strings
/Users/admin/builder/spi-builder-workspace/.derivedData/Build/Intermediates.noindex/PreferenceKit.build/Debug-watchos/PreferenceKit_PreferenceKit.build/ms.lproj/Localizable.strings:1:1: note: detected encoding of input file as Unicode (UTF-8) (in target 'PreferenceKit_PreferenceKit' from project 'PreferenceKit')
CopyStringsFile /Users/admin/builder/spi-builder-workspace/.derivedData/Build/Products/Debug-watchos/PreferenceKit_PreferenceKit.bundle/lb.lproj/Localizable.strings /Users/admin/builder/spi-builder-workspace/.derivedData/Build/Intermediates.noindex/PreferenceKit.build/Debug-watchos/PreferenceKit_PreferenceKit.build/lb.lproj/Localizable.strings (in target 'PreferenceKit_PreferenceKit' from project 'PreferenceKit')
    cd /Users/admin/builder/spi-builder-workspace
    builtin-copyStrings --validate --outputencoding binary --outfilename Localizable.strings --outdir /Users/admin/builder/spi-builder-workspace/.derivedData/Build/Products/Debug-watchos/PreferenceKit_PreferenceKit.bundle/lb.lproj -- /Users/admin/builder/spi-builder-workspace/.derivedData/Build/Intermediates.noindex/PreferenceKit.build/Debug-watchos/PreferenceKit_PreferenceKit.build/lb.lproj/Localizable.strings
/Users/admin/builder/spi-builder-workspace/.derivedData/Build/Intermediates.noindex/PreferenceKit.build/Debug-watchos/PreferenceKit_PreferenceKit.build/lb.lproj/Localizable.strings:1:1: note: detected encoding of input file as Unicode (UTF-8) (in target 'PreferenceKit_PreferenceKit' from project 'PreferenceKit')
CopyStringsFile /Users/admin/builder/spi-builder-workspace/.derivedData/Build/Products/Debug-watchos/PreferenceKit_PreferenceKit.bundle/ko.lproj/Localizable.strings /Users/admin/builder/spi-builder-workspace/.derivedData/Build/Intermediates.noindex/PreferenceKit.build/Debug-watchos/PreferenceKit_PreferenceKit.build/ko.lproj/Localizable.strings (in target 'PreferenceKit_PreferenceKit' from project 'PreferenceKit')
    cd /Users/admin/builder/spi-builder-workspace
    builtin-copyStrings --validate --outputencoding binary --outfilename Localizable.strings --outdir /Users/admin/builder/spi-builder-workspace/.derivedData/Build/Products/Debug-watchos/PreferenceKit_PreferenceKit.bundle/ko.lproj -- /Users/admin/builder/spi-builder-workspace/.derivedData/Build/Intermediates.noindex/PreferenceKit.build/Debug-watchos/PreferenceKit_PreferenceKit.build/ko.lproj/Localizable.strings
/Users/admin/builder/spi-builder-workspace/.derivedData/Build/Intermediates.noindex/PreferenceKit.build/Debug-watchos/PreferenceKit_PreferenceKit.build/ko.lproj/Localizable.strings:1:1: note: detected encoding of input file as Unicode (UTF-8) (in target 'PreferenceKit_PreferenceKit' from project 'PreferenceKit')
CopyStringsFile /Users/admin/builder/spi-builder-workspace/.derivedData/Build/Products/Debug-watchos/PreferenceKit_PreferenceKit.bundle/kk.lproj/Localizable.strings /Users/admin/builder/spi-builder-workspace/.derivedData/Build/Intermediates.noindex/PreferenceKit.build/Debug-watchos/PreferenceKit_PreferenceKit.build/kk.lproj/Localizable.strings (in target 'PreferenceKit_PreferenceKit' from project 'PreferenceKit')
    cd /Users/admin/builder/spi-builder-workspace
    builtin-copyStrings --validate --outputencoding binary --outfilename Localizable.strings --outdir /Users/admin/builder/spi-builder-workspace/.derivedData/Build/Products/Debug-watchos/PreferenceKit_PreferenceKit.bundle/kk.lproj -- /Users/admin/builder/spi-builder-workspace/.derivedData/Build/Intermediates.noindex/PreferenceKit.build/Debug-watchos/PreferenceKit_PreferenceKit.build/kk.lproj/Localizable.strings
/Users/admin/builder/spi-builder-workspace/.derivedData/Build/Intermediates.noindex/PreferenceKit.build/Debug-watchos/PreferenceKit_PreferenceKit.build/kk.lproj/Localizable.strings:1:1: note: detected encoding of input file as Unicode (UTF-8) (in target 'PreferenceKit_PreferenceKit' from project 'PreferenceKit')
CopyStringsFile /Users/admin/builder/spi-builder-workspace/.derivedData/Build/Products/Debug-watchos/PreferenceKit_PreferenceKit.bundle/jv.lproj/Localizable.strings /Users/admin/builder/spi-builder-workspace/.derivedData/Build/Intermediates.noindex/PreferenceKit.build/Debug-watchos/PreferenceKit_PreferenceKit.build/jv.lproj/Localizable.strings (in target 'PreferenceKit_PreferenceKit' from project 'PreferenceKit')
    cd /Users/admin/builder/spi-builder-workspace
    builtin-copyStrings --validate --outputencoding binary --outfilename Localizable.strings --outdir /Users/admin/builder/spi-builder-workspace/.derivedData/Build/Products/Debug-watchos/PreferenceKit_PreferenceKit.bundle/jv.lproj -- /Users/admin/builder/spi-builder-workspace/.derivedData/Build/Intermediates.noindex/PreferenceKit.build/Debug-watchos/PreferenceKit_PreferenceKit.build/jv.lproj/Localizable.strings
/Users/admin/builder/spi-builder-workspace/.derivedData/Build/Intermediates.noindex/PreferenceKit.build/Debug-watchos/PreferenceKit_PreferenceKit.build/jv.lproj/Localizable.strings:1:1: note: detected encoding of input file as Unicode (UTF-8) (in target 'PreferenceKit_PreferenceKit' from project 'PreferenceKit')
CopyStringsFile /Users/admin/builder/spi-builder-workspace/.derivedData/Build/Products/Debug-watchos/PreferenceKit_PreferenceKit.bundle/ja.lproj/Localizable.strings /Users/admin/builder/spi-builder-workspace/.derivedData/Build/Intermediates.noindex/PreferenceKit.build/Debug-watchos/PreferenceKit_PreferenceKit.build/ja.lproj/Localizable.strings (in target 'PreferenceKit_PreferenceKit' from project 'PreferenceKit')
    cd /Users/admin/builder/spi-builder-workspace
    builtin-copyStrings --validate --outputencoding binary --outfilename Localizable.strings --outdir /Users/admin/builder/spi-builder-workspace/.derivedData/Build/Products/Debug-watchos/PreferenceKit_PreferenceKit.bundle/ja.lproj -- /Users/admin/builder/spi-builder-workspace/.derivedData/Build/Intermediates.noindex/PreferenceKit.build/Debug-watchos/PreferenceKit_PreferenceKit.build/ja.lproj/Localizable.strings
/Users/admin/builder/spi-builder-workspace/.derivedData/Build/Intermediates.noindex/PreferenceKit.build/Debug-watchos/PreferenceKit_PreferenceKit.build/ja.lproj/Localizable.strings:1:1: note: detected encoding of input file as Unicode (UTF-8) (in target 'PreferenceKit_PreferenceKit' from project 'PreferenceKit')
CopyStringsFile /Users/admin/builder/spi-builder-workspace/.derivedData/Build/Products/Debug-watchos/PreferenceKit_PreferenceKit.bundle/it.lproj/Localizable.strings /Users/admin/builder/spi-builder-workspace/.derivedData/Build/Intermediates.noindex/PreferenceKit.build/Debug-watchos/PreferenceKit_PreferenceKit.build/it.lproj/Localizable.strings (in target 'PreferenceKit_PreferenceKit' from project 'PreferenceKit')
    cd /Users/admin/builder/spi-builder-workspace
    builtin-copyStrings --validate --outputencoding binary --outfilename Localizable.strings --outdir /Users/admin/builder/spi-builder-workspace/.derivedData/Build/Products/Debug-watchos/PreferenceKit_PreferenceKit.bundle/it.lproj -- /Users/admin/builder/spi-builder-workspace/.derivedData/Build/Intermediates.noindex/PreferenceKit.build/Debug-watchos/PreferenceKit_PreferenceKit.build/it.lproj/Localizable.strings
/Users/admin/builder/spi-builder-workspace/.derivedData/Build/Intermediates.noindex/PreferenceKit.build/Debug-watchos/PreferenceKit_PreferenceKit.build/it.lproj/Localizable.strings:1:1: note: detected encoding of input file as Unicode (UTF-8) (in target 'PreferenceKit_PreferenceKit' from project 'PreferenceKit')
CopyStringsFile /Users/admin/builder/spi-builder-workspace/.derivedData/Build/Products/Debug-watchos/PreferenceKit_PreferenceKit.bundle/is.lproj/Localizable.strings /Users/admin/builder/spi-builder-workspace/.derivedData/Build/Intermediates.noindex/PreferenceKit.build/Debug-watchos/PreferenceKit_PreferenceKit.build/is.lproj/Localizable.strings (in target 'PreferenceKit_PreferenceKit' from project 'PreferenceKit')
    cd /Users/admin/builder/spi-builder-workspace
    builtin-copyStrings --validate --outputencoding binary --outfilename Localizable.strings --outdir /Users/admin/builder/spi-builder-workspace/.derivedData/Build/Products/Debug-watchos/PreferenceKit_PreferenceKit.bundle/is.lproj -- /Users/admin/builder/spi-builder-workspace/.derivedData/Build/Intermediates.noindex/PreferenceKit.build/Debug-watchos/PreferenceKit_PreferenceKit.build/is.lproj/Localizable.strings
/Users/admin/builder/spi-builder-workspace/.derivedData/Build/Intermediates.noindex/PreferenceKit.build/Debug-watchos/PreferenceKit_PreferenceKit.build/is.lproj/Localizable.strings:1:1: note: detected encoding of input file as Unicode (UTF-8) (in target 'PreferenceKit_PreferenceKit' from project 'PreferenceKit')
CopyStringsFile /Users/admin/builder/spi-builder-workspace/.derivedData/Build/Products/Debug-watchos/PreferenceKit_PreferenceKit.bundle/id.lproj/Localizable.strings /Users/admin/builder/spi-builder-workspace/.derivedData/Build/Intermediates.noindex/PreferenceKit.build/Debug-watchos/PreferenceKit_PreferenceKit.build/id.lproj/Localizable.strings (in target 'PreferenceKit_PreferenceKit' from project 'PreferenceKit')
    cd /Users/admin/builder/spi-builder-workspace
    builtin-copyStrings --validate --outputencoding binary --outfilename Localizable.strings --outdir /Users/admin/builder/spi-builder-workspace/.derivedData/Build/Products/Debug-watchos/PreferenceKit_PreferenceKit.bundle/id.lproj -- /Users/admin/builder/spi-builder-workspace/.derivedData/Build/Intermediates.noindex/PreferenceKit.build/Debug-watchos/PreferenceKit_PreferenceKit.build/id.lproj/Localizable.strings
/Users/admin/builder/spi-builder-workspace/.derivedData/Build/Intermediates.noindex/PreferenceKit.build/Debug-watchos/PreferenceKit_PreferenceKit.build/id.lproj/Localizable.strings:1:1: note: detected encoding of input file as Unicode (UTF-8) (in target 'PreferenceKit_PreferenceKit' from project 'PreferenceKit')
CopyStringsFile /Users/admin/builder/spi-builder-workspace/.derivedData/Build/Products/Debug-watchos/PreferenceKit_PreferenceKit.bundle/hu.lproj/Localizable.strings /Users/admin/builder/spi-builder-workspace/.derivedData/Build/Intermediates.noindex/PreferenceKit.build/Debug-watchos/PreferenceKit_PreferenceKit.build/hu.lproj/Localizable.strings (in target 'PreferenceKit_PreferenceKit' from project 'PreferenceKit')
    cd /Users/admin/builder/spi-builder-workspace
    builtin-copyStrings --validate --outputencoding binary --outfilename Localizable.strings --outdir /Users/admin/builder/spi-builder-workspace/.derivedData/Build/Products/Debug-watchos/PreferenceKit_PreferenceKit.bundle/hu.lproj -- /Users/admin/builder/spi-builder-workspace/.derivedData/Build/Intermediates.noindex/PreferenceKit.build/Debug-watchos/PreferenceKit_PreferenceKit.build/hu.lproj/Localizable.strings
/Users/admin/builder/spi-builder-workspace/.derivedData/Build/Intermediates.noindex/PreferenceKit.build/Debug-watchos/PreferenceKit_PreferenceKit.build/hu.lproj/Localizable.strings:1:1: note: detected encoding of input file as Unicode (UTF-8) (in target 'PreferenceKit_PreferenceKit' from project 'PreferenceKit')
CopyStringsFile /Users/admin/builder/spi-builder-workspace/.derivedData/Build/Products/Debug-watchos/PreferenceKit_PreferenceKit.bundle/hi.lproj/Localizable.strings /Users/admin/builder/spi-builder-workspace/.derivedData/Build/Intermediates.noindex/PreferenceKit.build/Debug-watchos/PreferenceKit_PreferenceKit.build/hi.lproj/Localizable.strings (in target 'PreferenceKit_PreferenceKit' from project 'PreferenceKit')
    cd /Users/admin/builder/spi-builder-workspace
    builtin-copyStrings --validate --outputencoding binary --outfilename Localizable.strings --outdir /Users/admin/builder/spi-builder-workspace/.derivedData/Build/Products/Debug-watchos/PreferenceKit_PreferenceKit.bundle/hi.lproj -- /Users/admin/builder/spi-builder-workspace/.derivedData/Build/Intermediates.noindex/PreferenceKit.build/Debug-watchos/PreferenceKit_PreferenceKit.build/hi.lproj/Localizable.strings
/Users/admin/builder/spi-builder-workspace/.derivedData/Build/Intermediates.noindex/PreferenceKit.build/Debug-watchos/PreferenceKit_PreferenceKit.build/hi.lproj/Localizable.strings:1:1: note: detected encoding of input file as Unicode (UTF-8) (in target 'PreferenceKit_PreferenceKit' from project 'PreferenceKit')
CopyStringsFile /Users/admin/builder/spi-builder-workspace/.derivedData/Build/Products/Debug-watchos/PreferenceKit_PreferenceKit.bundle/ga.lproj/Localizable.strings /Users/admin/builder/spi-builder-workspace/.derivedData/Build/Intermediates.noindex/PreferenceKit.build/Debug-watchos/PreferenceKit_PreferenceKit.build/ga.lproj/Localizable.strings (in target 'PreferenceKit_PreferenceKit' from project 'PreferenceKit')
    cd /Users/admin/builder/spi-builder-workspace
    builtin-copyStrings --validate --outputencoding binary --outfilename Localizable.strings --outdir /Users/admin/builder/spi-builder-workspace/.derivedData/Build/Products/Debug-watchos/PreferenceKit_PreferenceKit.bundle/ga.lproj -- /Users/admin/builder/spi-builder-workspace/.derivedData/Build/Intermediates.noindex/PreferenceKit.build/Debug-watchos/PreferenceKit_PreferenceKit.build/ga.lproj/Localizable.strings
/Users/admin/builder/spi-builder-workspace/.derivedData/Build/Intermediates.noindex/PreferenceKit.build/Debug-watchos/PreferenceKit_PreferenceKit.build/ga.lproj/Localizable.strings:1:1: note: detected encoding of input file as Unicode (UTF-8) (in target 'PreferenceKit_PreferenceKit' from project 'PreferenceKit')
CopyStringsFile /Users/admin/builder/spi-builder-workspace/.derivedData/Build/Products/Debug-watchos/PreferenceKit_PreferenceKit.bundle/fr-CA.lproj/Localizable.strings /Users/admin/builder/spi-builder-workspace/.derivedData/Build/Intermediates.noindex/PreferenceKit.build/Debug-watchos/PreferenceKit_PreferenceKit.build/fr-CA.lproj/Localizable.strings (in target 'PreferenceKit_PreferenceKit' from project 'PreferenceKit')
    cd /Users/admin/builder/spi-builder-workspace
    builtin-copyStrings --validate --outputencoding binary --outfilename Localizable.strings --outdir /Users/admin/builder/spi-builder-workspace/.derivedData/Build/Products/Debug-watchos/PreferenceKit_PreferenceKit.bundle/fr-CA.lproj -- /Users/admin/builder/spi-builder-workspace/.derivedData/Build/Intermediates.noindex/PreferenceKit.build/Debug-watchos/PreferenceKit_PreferenceKit.build/fr-CA.lproj/Localizable.strings
/Users/admin/builder/spi-builder-workspace/.derivedData/Build/Intermediates.noindex/PreferenceKit.build/Debug-watchos/PreferenceKit_PreferenceKit.build/fr-CA.lproj/Localizable.strings:1:1: note: detected encoding of input file as Unicode (UTF-8) (in target 'PreferenceKit_PreferenceKit' from project 'PreferenceKit')
CopyStringsFile /Users/admin/builder/spi-builder-workspace/.derivedData/Build/Products/Debug-watchos/PreferenceKit_PreferenceKit.bundle/fil.lproj/Localizable.strings /Users/admin/builder/spi-builder-workspace/.derivedData/Build/Intermediates.noindex/PreferenceKit.build/Debug-watchos/PreferenceKit_PreferenceKit.build/fil.lproj/Localizable.strings (in target 'PreferenceKit_PreferenceKit' from project 'PreferenceKit')
    cd /Users/admin/builder/spi-builder-workspace
    builtin-copyStrings --validate --outputencoding binary --outfilename Localizable.strings --outdir /Users/admin/builder/spi-builder-workspace/.derivedData/Build/Products/Debug-watchos/PreferenceKit_PreferenceKit.bundle/fil.lproj -- /Users/admin/builder/spi-builder-workspace/.derivedData/Build/Intermediates.noindex/PreferenceKit.build/Debug-watchos/PreferenceKit_PreferenceKit.build/fil.lproj/Localizable.strings
/Users/admin/builder/spi-builder-workspace/.derivedData/Build/Intermediates.noindex/PreferenceKit.build/Debug-watchos/PreferenceKit_PreferenceKit.build/fil.lproj/Localizable.strings:1:1: note: detected encoding of input file as Unicode (UTF-8) (in target 'PreferenceKit_PreferenceKit' from project 'PreferenceKit')
CopyStringsFile /Users/admin/builder/spi-builder-workspace/.derivedData/Build/Products/Debug-watchos/PreferenceKit_PreferenceKit.bundle/fi.lproj/Localizable.strings /Users/admin/builder/spi-builder-workspace/.derivedData/Build/Intermediates.noindex/PreferenceKit.build/Debug-watchos/PreferenceKit_PreferenceKit.build/fi.lproj/Localizable.strings (in target 'PreferenceKit_PreferenceKit' from project 'PreferenceKit')
    cd /Users/admin/builder/spi-builder-workspace
    builtin-copyStrings --validate --outputencoding binary --outfilename Localizable.strings --outdir /Users/admin/builder/spi-builder-workspace/.derivedData/Build/Products/Debug-watchos/PreferenceKit_PreferenceKit.bundle/fi.lproj -- /Users/admin/builder/spi-builder-workspace/.derivedData/Build/Intermediates.noindex/PreferenceKit.build/Debug-watchos/PreferenceKit_PreferenceKit.build/fi.lproj/Localizable.strings
/Users/admin/builder/spi-builder-workspace/.derivedData/Build/Intermediates.noindex/PreferenceKit.build/Debug-watchos/PreferenceKit_PreferenceKit.build/fi.lproj/Localizable.strings:1:1: note: detected encoding of input file as Unicode (UTF-8) (in target 'PreferenceKit_PreferenceKit' from project 'PreferenceKit')
CopyStringsFile /Users/admin/builder/spi-builder-workspace/.derivedData/Build/Products/Debug-watchos/PreferenceKit_PreferenceKit.bundle/fa.lproj/Localizable.strings /Users/admin/builder/spi-builder-workspace/.derivedData/Build/Intermediates.noindex/PreferenceKit.build/Debug-watchos/PreferenceKit_PreferenceKit.build/fa.lproj/Localizable.strings (in target 'PreferenceKit_PreferenceKit' from project 'PreferenceKit')
    cd /Users/admin/builder/spi-builder-workspace
    builtin-copyStrings --validate --outputencoding binary --outfilename Localizable.strings --outdir /Users/admin/builder/spi-builder-workspace/.derivedData/Build/Products/Debug-watchos/PreferenceKit_PreferenceKit.bundle/fa.lproj -- /Users/admin/builder/spi-builder-workspace/.derivedData/Build/Intermediates.noindex/PreferenceKit.build/Debug-watchos/PreferenceKit_PreferenceKit.build/fa.lproj/Localizable.strings
/Users/admin/builder/spi-builder-workspace/.derivedData/Build/Intermediates.noindex/PreferenceKit.build/Debug-watchos/PreferenceKit_PreferenceKit.build/fa.lproj/Localizable.strings:1:1: note: detected encoding of input file as Unicode (UTF-8) (in target 'PreferenceKit_PreferenceKit' from project 'PreferenceKit')
CopyStringsFile /Users/admin/builder/spi-builder-workspace/.derivedData/Build/Products/Debug-watchos/PreferenceKit_PreferenceKit.bundle/es.lproj/Localizable.strings /Users/admin/builder/spi-builder-workspace/.derivedData/Build/Intermediates.noindex/PreferenceKit.build/Debug-watchos/PreferenceKit_PreferenceKit.build/es.lproj/Localizable.strings (in target 'PreferenceKit_PreferenceKit' from project 'PreferenceKit')
    cd /Users/admin/builder/spi-builder-workspace
    builtin-copyStrings --validate --outputencoding binary --outfilename Localizable.strings --outdir /Users/admin/builder/spi-builder-workspace/.derivedData/Build/Products/Debug-watchos/PreferenceKit_PreferenceKit.bundle/es.lproj -- /Users/admin/builder/spi-builder-workspace/.derivedData/Build/Intermediates.noindex/PreferenceKit.build/Debug-watchos/PreferenceKit_PreferenceKit.build/es.lproj/Localizable.strings
/Users/admin/builder/spi-builder-workspace/.derivedData/Build/Intermediates.noindex/PreferenceKit.build/Debug-watchos/PreferenceKit_PreferenceKit.build/es.lproj/Localizable.strings:1:1: note: detected encoding of input file as Unicode (UTF-8) (in target 'PreferenceKit_PreferenceKit' from project 'PreferenceKit')
CopyStringsFile /Users/admin/builder/spi-builder-workspace/.derivedData/Build/Products/Debug-watchos/PreferenceKit_PreferenceKit.bundle/es-US.lproj/Localizable.strings /Users/admin/builder/spi-builder-workspace/.derivedData/Build/Intermediates.noindex/PreferenceKit.build/Debug-watchos/PreferenceKit_PreferenceKit.build/es-US.lproj/Localizable.strings (in target 'PreferenceKit_PreferenceKit' from project 'PreferenceKit')
    cd /Users/admin/builder/spi-builder-workspace
    builtin-copyStrings --validate --outputencoding binary --outfilename Localizable.strings --outdir /Users/admin/builder/spi-builder-workspace/.derivedData/Build/Products/Debug-watchos/PreferenceKit_PreferenceKit.bundle/es-US.lproj -- /Users/admin/builder/spi-builder-workspace/.derivedData/Build/Intermediates.noindex/PreferenceKit.build/Debug-watchos/PreferenceKit_PreferenceKit.build/es-US.lproj/Localizable.strings
/Users/admin/builder/spi-builder-workspace/.derivedData/Build/Intermediates.noindex/PreferenceKit.build/Debug-watchos/PreferenceKit_PreferenceKit.build/es-US.lproj/Localizable.strings:1:1: note: detected encoding of input file as Unicode (UTF-8) (in target 'PreferenceKit_PreferenceKit' from project 'PreferenceKit')
CopyStringsFile /Users/admin/builder/spi-builder-workspace/.derivedData/Build/Products/Debug-watchos/PreferenceKit_PreferenceKit.bundle/en.lproj/Localizable.strings /Users/admin/builder/spi-builder-workspace/.derivedData/Build/Intermediates.noindex/PreferenceKit.build/Debug-watchos/PreferenceKit_PreferenceKit.build/en.lproj/Localizable.strings (in target 'PreferenceKit_PreferenceKit' from project 'PreferenceKit')
    cd /Users/admin/builder/spi-builder-workspace
    builtin-copyStrings --validate --outputencoding binary --outfilename Localizable.strings --outdir /Users/admin/builder/spi-builder-workspace/.derivedData/Build/Products/Debug-watchos/PreferenceKit_PreferenceKit.bundle/en.lproj -- /Users/admin/builder/spi-builder-workspace/.derivedData/Build/Intermediates.noindex/PreferenceKit.build/Debug-watchos/PreferenceKit_PreferenceKit.build/en.lproj/Localizable.strings
/Users/admin/builder/spi-builder-workspace/.derivedData/Build/Intermediates.noindex/PreferenceKit.build/Debug-watchos/PreferenceKit_PreferenceKit.build/en.lproj/Localizable.strings:1:1: note: detected encoding of input file as Unicode (UTF-8) (in target 'PreferenceKit_PreferenceKit' from project 'PreferenceKit')
CopyStringsFile /Users/admin/builder/spi-builder-workspace/.derivedData/Build/Products/Debug-watchos/PreferenceKit_PreferenceKit.bundle/en-IN.lproj/Localizable.strings /Users/admin/builder/spi-builder-workspace/.derivedData/Build/Intermediates.noindex/PreferenceKit.build/Debug-watchos/PreferenceKit_PreferenceKit.build/en-IN.lproj/Localizable.strings (in target 'PreferenceKit_PreferenceKit' from project 'PreferenceKit')
    cd /Users/admin/builder/spi-builder-workspace
    builtin-copyStrings --validate --outputencoding binary --outfilename Localizable.strings --outdir /Users/admin/builder/spi-builder-workspace/.derivedData/Build/Products/Debug-watchos/PreferenceKit_PreferenceKit.bundle/en-IN.lproj -- /Users/admin/builder/spi-builder-workspace/.derivedData/Build/Intermediates.noindex/PreferenceKit.build/Debug-watchos/PreferenceKit_PreferenceKit.build/en-IN.lproj/Localizable.strings
/Users/admin/builder/spi-builder-workspace/.derivedData/Build/Intermediates.noindex/PreferenceKit.build/Debug-watchos/PreferenceKit_PreferenceKit.build/en-IN.lproj/Localizable.strings:1:1: note: detected encoding of input file as Unicode (UTF-8) (in target 'PreferenceKit_PreferenceKit' from project 'PreferenceKit')
CopyStringsFile /Users/admin/builder/spi-builder-workspace/.derivedData/Build/Products/Debug-watchos/PreferenceKit_PreferenceKit.bundle/en-GB.lproj/Localizable.strings /Users/admin/builder/spi-builder-workspace/.derivedData/Build/Intermediates.noindex/PreferenceKit.build/Debug-watchos/PreferenceKit_PreferenceKit.build/en-GB.lproj/Localizable.strings (in target 'PreferenceKit_PreferenceKit' from project 'PreferenceKit')
    cd /Users/admin/builder/spi-builder-workspace
    builtin-copyStrings --validate --outputencoding binary --outfilename Localizable.strings --outdir /Users/admin/builder/spi-builder-workspace/.derivedData/Build/Products/Debug-watchos/PreferenceKit_PreferenceKit.bundle/en-GB.lproj -- /Users/admin/builder/spi-builder-workspace/.derivedData/Build/Intermediates.noindex/PreferenceKit.build/Debug-watchos/PreferenceKit_PreferenceKit.build/en-GB.lproj/Localizable.strings
/Users/admin/builder/spi-builder-workspace/.derivedData/Build/Intermediates.noindex/PreferenceKit.build/Debug-watchos/PreferenceKit_PreferenceKit.build/en-GB.lproj/Localizable.strings:1:1: note: detected encoding of input file as Unicode (UTF-8) (in target 'PreferenceKit_PreferenceKit' from project 'PreferenceKit')
CopyStringsFile /Users/admin/builder/spi-builder-workspace/.derivedData/Build/Products/Debug-watchos/PreferenceKit_PreferenceKit.bundle/en-AU.lproj/Localizable.strings /Users/admin/builder/spi-builder-workspace/.derivedData/Build/Intermediates.noindex/PreferenceKit.build/Debug-watchos/PreferenceKit_PreferenceKit.build/en-AU.lproj/Localizable.strings (in target 'PreferenceKit_PreferenceKit' from project 'PreferenceKit')
    cd /Users/admin/builder/spi-builder-workspace
    builtin-copyStrings --validate --outputencoding binary --outfilename Localizable.strings --outdir /Users/admin/builder/spi-builder-workspace/.derivedData/Build/Products/Debug-watchos/PreferenceKit_PreferenceKit.bundle/en-AU.lproj -- /Users/admin/builder/spi-builder-workspace/.derivedData/Build/Intermediates.noindex/PreferenceKit.build/Debug-watchos/PreferenceKit_PreferenceKit.build/en-AU.lproj/Localizable.strings
/Users/admin/builder/spi-builder-workspace/.derivedData/Build/Intermediates.noindex/PreferenceKit.build/Debug-watchos/PreferenceKit_PreferenceKit.build/en-AU.lproj/Localizable.strings:1:1: note: detected encoding of input file as Unicode (UTF-8) (in target 'PreferenceKit_PreferenceKit' from project 'PreferenceKit')
CopyStringsFile /Users/admin/builder/spi-builder-workspace/.derivedData/Build/Products/Debug-watchos/PreferenceKit_PreferenceKit.bundle/el.lproj/Localizable.strings /Users/admin/builder/spi-builder-workspace/.derivedData/Build/Intermediates.noindex/PreferenceKit.build/Debug-watchos/PreferenceKit_PreferenceKit.build/el.lproj/Localizable.strings (in target 'PreferenceKit_PreferenceKit' from project 'PreferenceKit')
    cd /Users/admin/builder/spi-builder-workspace
    builtin-copyStrings --validate --outputencoding binary --outfilename Localizable.strings --outdir /Users/admin/builder/spi-builder-workspace/.derivedData/Build/Products/Debug-watchos/PreferenceKit_PreferenceKit.bundle/el.lproj -- /Users/admin/builder/spi-builder-workspace/.derivedData/Build/Intermediates.noindex/PreferenceKit.build/Debug-watchos/PreferenceKit_PreferenceKit.build/el.lproj/Localizable.strings
/Users/admin/builder/spi-builder-workspace/.derivedData/Build/Intermediates.noindex/PreferenceKit.build/Debug-watchos/PreferenceKit_PreferenceKit.build/el.lproj/Localizable.strings:1:1: note: detected encoding of input file as Unicode (UTF-8) (in target 'PreferenceKit_PreferenceKit' from project 'PreferenceKit')
CopyStringsFile /Users/admin/builder/spi-builder-workspace/.derivedData/Build/Products/Debug-watchos/PreferenceKit_PreferenceKit.bundle/de.lproj/Localizable.strings /Users/admin/builder/spi-builder-workspace/.derivedData/Build/Intermediates.noindex/PreferenceKit.build/Debug-watchos/PreferenceKit_PreferenceKit.build/de.lproj/Localizable.strings (in target 'PreferenceKit_PreferenceKit' from project 'PreferenceKit')
    cd /Users/admin/builder/spi-builder-workspace
    builtin-copyStrings --validate --outputencoding binary --outfilename Localizable.strings --outdir /Users/admin/builder/spi-builder-workspace/.derivedData/Build/Products/Debug-watchos/PreferenceKit_PreferenceKit.bundle/de.lproj -- /Users/admin/builder/spi-builder-workspace/.derivedData/Build/Intermediates.noindex/PreferenceKit.build/Debug-watchos/PreferenceKit_PreferenceKit.build/de.lproj/Localizable.strings
/Users/admin/builder/spi-builder-workspace/.derivedData/Build/Intermediates.noindex/PreferenceKit.build/Debug-watchos/PreferenceKit_PreferenceKit.build/de.lproj/Localizable.strings:1:1: note: detected encoding of input file as Unicode (UTF-8) (in target 'PreferenceKit_PreferenceKit' from project 'PreferenceKit')
CopyStringsFile /Users/admin/builder/spi-builder-workspace/.derivedData/Build/Products/Debug-watchos/PreferenceKit_PreferenceKit.bundle/da.lproj/Localizable.strings /Users/admin/builder/spi-builder-workspace/.derivedData/Build/Intermediates.noindex/PreferenceKit.build/Debug-watchos/PreferenceKit_PreferenceKit.build/da.lproj/Localizable.strings (in target 'PreferenceKit_PreferenceKit' from project 'PreferenceKit')
    cd /Users/admin/builder/spi-builder-workspace
    builtin-copyStrings --validate --outputencoding binary --outfilename Localizable.strings --outdir /Users/admin/builder/spi-builder-workspace/.derivedData/Build/Products/Debug-watchos/PreferenceKit_PreferenceKit.bundle/da.lproj -- /Users/admin/builder/spi-builder-workspace/.derivedData/Build/Intermediates.noindex/PreferenceKit.build/Debug-watchos/PreferenceKit_PreferenceKit.build/da.lproj/Localizable.strings
/Users/admin/builder/spi-builder-workspace/.derivedData/Build/Intermediates.noindex/PreferenceKit.build/Debug-watchos/PreferenceKit_PreferenceKit.build/da.lproj/Localizable.strings:1:1: note: detected encoding of input file as Unicode (UTF-8) (in target 'PreferenceKit_PreferenceKit' from project 'PreferenceKit')
CopyStringsFile /Users/admin/builder/spi-builder-workspace/.derivedData/Build/Products/Debug-watchos/PreferenceKit_PreferenceKit.bundle/cs.lproj/Localizable.strings /Users/admin/builder/spi-builder-workspace/.derivedData/Build/Intermediates.noindex/PreferenceKit.build/Debug-watchos/PreferenceKit_PreferenceKit.build/cs.lproj/Localizable.strings (in target 'PreferenceKit_PreferenceKit' from project 'PreferenceKit')
    cd /Users/admin/builder/spi-builder-workspace
    builtin-copyStrings --validate --outputencoding binary --outfilename Localizable.strings --outdir /Users/admin/builder/spi-builder-workspace/.derivedData/Build/Products/Debug-watchos/PreferenceKit_PreferenceKit.bundle/cs.lproj -- /Users/admin/builder/spi-builder-workspace/.derivedData/Build/Intermediates.noindex/PreferenceKit.build/Debug-watchos/PreferenceKit_PreferenceKit.build/cs.lproj/Localizable.strings
/Users/admin/builder/spi-builder-workspace/.derivedData/Build/Intermediates.noindex/PreferenceKit.build/Debug-watchos/PreferenceKit_PreferenceKit.build/cs.lproj/Localizable.strings:1:1: note: detected encoding of input file as Unicode (UTF-8) (in target 'PreferenceKit_PreferenceKit' from project 'PreferenceKit')
CopyStringsFile /Users/admin/builder/spi-builder-workspace/.derivedData/Build/Products/Debug-watchos/PreferenceKit_PreferenceKit.bundle/ca.lproj/Localizable.strings /Users/admin/builder/spi-builder-workspace/.derivedData/Build/Intermediates.noindex/PreferenceKit.build/Debug-watchos/PreferenceKit_PreferenceKit.build/ca.lproj/Localizable.strings (in target 'PreferenceKit_PreferenceKit' from project 'PreferenceKit')
    cd /Users/admin/builder/spi-builder-workspace
    builtin-copyStrings --validate --outputencoding binary --outfilename Localizable.strings --outdir /Users/admin/builder/spi-builder-workspace/.derivedData/Build/Products/Debug-watchos/PreferenceKit_PreferenceKit.bundle/ca.lproj -- /Users/admin/builder/spi-builder-workspace/.derivedData/Build/Intermediates.noindex/PreferenceKit.build/Debug-watchos/PreferenceKit_PreferenceKit.build/ca.lproj/Localizable.strings
/Users/admin/builder/spi-builder-workspace/.derivedData/Build/Intermediates.noindex/PreferenceKit.build/Debug-watchos/PreferenceKit_PreferenceKit.build/ca.lproj/Localizable.strings:1:1: note: detected encoding of input file as Unicode (UTF-8) (in target 'PreferenceKit_PreferenceKit' from project 'PreferenceKit')
CopyStringsFile /Users/admin/builder/spi-builder-workspace/.derivedData/Build/Products/Debug-watchos/PreferenceKit_PreferenceKit.bundle/bn.lproj/Localizable.strings /Users/admin/builder/spi-builder-workspace/.derivedData/Build/Intermediates.noindex/PreferenceKit.build/Debug-watchos/PreferenceKit_PreferenceKit.build/bn.lproj/Localizable.strings (in target 'PreferenceKit_PreferenceKit' from project 'PreferenceKit')
    cd /Users/admin/builder/spi-builder-workspace
    builtin-copyStrings --validate --outputencoding binary --outfilename Localizable.strings --outdir /Users/admin/builder/spi-builder-workspace/.derivedData/Build/Products/Debug-watchos/PreferenceKit_PreferenceKit.bundle/bn.lproj -- /Users/admin/builder/spi-builder-workspace/.derivedData/Build/Intermediates.noindex/PreferenceKit.build/Debug-watchos/PreferenceKit_PreferenceKit.build/bn.lproj/Localizable.strings
/Users/admin/builder/spi-builder-workspace/.derivedData/Build/Intermediates.noindex/PreferenceKit.build/Debug-watchos/PreferenceKit_PreferenceKit.build/bn.lproj/Localizable.strings:1:1: note: detected encoding of input file as Unicode (UTF-8) (in target 'PreferenceKit_PreferenceKit' from project 'PreferenceKit')
CopyStringsFile /Users/admin/builder/spi-builder-workspace/.derivedData/Build/Products/Debug-watchos/PreferenceKit_PreferenceKit.bundle/bg.lproj/Localizable.strings /Users/admin/builder/spi-builder-workspace/.derivedData/Build/Intermediates.noindex/PreferenceKit.build/Debug-watchos/PreferenceKit_PreferenceKit.build/bg.lproj/Localizable.strings (in target 'PreferenceKit_PreferenceKit' from project 'PreferenceKit')
    cd /Users/admin/builder/spi-builder-workspace
    builtin-copyStrings --validate --outputencoding binary --outfilename Localizable.strings --outdir /Users/admin/builder/spi-builder-workspace/.derivedData/Build/Products/Debug-watchos/PreferenceKit_PreferenceKit.bundle/bg.lproj -- /Users/admin/builder/spi-builder-workspace/.derivedData/Build/Intermediates.noindex/PreferenceKit.build/Debug-watchos/PreferenceKit_PreferenceKit.build/bg.lproj/Localizable.strings
/Users/admin/builder/spi-builder-workspace/.derivedData/Build/Intermediates.noindex/PreferenceKit.build/Debug-watchos/PreferenceKit_PreferenceKit.build/bg.lproj/Localizable.strings:1:1: note: detected encoding of input file as Unicode (UTF-8) (in target 'PreferenceKit_PreferenceKit' from project 'PreferenceKit')
CopyStringsFile /Users/admin/builder/spi-builder-workspace/.derivedData/Build/Products/Debug-watchos/PreferenceKit_PreferenceKit.bundle/ar.lproj/Localizable.strings /Users/admin/builder/spi-builder-workspace/.derivedData/Build/Intermediates.noindex/PreferenceKit.build/Debug-watchos/PreferenceKit_PreferenceKit.build/ar.lproj/Localizable.strings (in target 'PreferenceKit_PreferenceKit' from project 'PreferenceKit')
    cd /Users/admin/builder/spi-builder-workspace
    builtin-copyStrings --validate --outputencoding binary --outfilename Localizable.strings --outdir /Users/admin/builder/spi-builder-workspace/.derivedData/Build/Products/Debug-watchos/PreferenceKit_PreferenceKit.bundle/ar.lproj -- /Users/admin/builder/spi-builder-workspace/.derivedData/Build/Intermediates.noindex/PreferenceKit.build/Debug-watchos/PreferenceKit_PreferenceKit.build/ar.lproj/Localizable.strings
/Users/admin/builder/spi-builder-workspace/.derivedData/Build/Intermediates.noindex/PreferenceKit.build/Debug-watchos/PreferenceKit_PreferenceKit.build/ar.lproj/Localizable.strings:1:1: note: detected encoding of input file as Unicode (UTF-8) (in target 'PreferenceKit_PreferenceKit' from project 'PreferenceKit')
CopyStringsFile /Users/admin/builder/spi-builder-workspace/.derivedData/Build/Products/Debug-watchos/PreferenceKit_PreferenceKit.bundle/af.lproj/Localizable.strings /Users/admin/builder/spi-builder-workspace/.derivedData/Build/Intermediates.noindex/PreferenceKit.build/Debug-watchos/PreferenceKit_PreferenceKit.build/af.lproj/Localizable.strings (in target 'PreferenceKit_PreferenceKit' from project 'PreferenceKit')
    cd /Users/admin/builder/spi-builder-workspace
    builtin-copyStrings --validate --outputencoding binary --outfilename Localizable.strings --outdir /Users/admin/builder/spi-builder-workspace/.derivedData/Build/Products/Debug-watchos/PreferenceKit_PreferenceKit.bundle/af.lproj -- /Users/admin/builder/spi-builder-workspace/.derivedData/Build/Intermediates.noindex/PreferenceKit.build/Debug-watchos/PreferenceKit_PreferenceKit.build/af.lproj/Localizable.strings
/Users/admin/builder/spi-builder-workspace/.derivedData/Build/Intermediates.noindex/PreferenceKit.build/Debug-watchos/PreferenceKit_PreferenceKit.build/af.lproj/Localizable.strings:1:1: note: detected encoding of input file as Unicode (UTF-8) (in target 'PreferenceKit_PreferenceKit' from project 'PreferenceKit')
SwiftDriver OSLogViewer normal arm64 com.apple.xcode.tools.swift.compiler (in target 'OSLogViewer' from project 'OSLogViewer')
    cd /Users/admin/builder/spi-builder-workspace/.swiftpm/xcode
    builtin-SwiftDriver -- /Applications/Xcode-16.3.0.app/Contents/Developer/Toolchains/XcodeDefault.xctoolchain/usr/bin/swiftc -module-name OSLogViewer -Onone -enforce-exclusivity\=checked @/Users/admin/builder/spi-builder-workspace/.derivedData/Build/Intermediates.noindex/OSLogViewer.build/Debug-watchos/OSLogViewer.build/Objects-normal/arm64/OSLogViewer.SwiftFileList -DSWIFT_PACKAGE -DDEBUG -DXcode -plugin-path /Applications/Xcode-16.3.0.app/Contents/Developer/Toolchains/XcodeDefault.xctoolchain/usr/lib/swift/host/plugins/testing -enable-experimental-feature DebugDescriptionMacro -sdk /Applications/Xcode-16.3.0.app/Contents/Developer/Platforms/WatchOS.platform/Developer/SDKs/WatchOS11.4.sdk -target arm64-apple-watchos8.0 -g -module-cache-path /Users/admin/builder/spi-builder-workspace/.derivedData/ModuleCache.noindex -Xfrontend -serialize-debugging-options -profile-coverage-mapping -profile-generate -enable-testing -suppress-warnings -index-store-path /Users/admin/builder/spi-builder-workspace/.derivedData/Index.noindex/DataStore -swift-version 5 -I /Users/admin/builder/spi-builder-workspace/.derivedData/Build/Products/Debug-watchos -I /Applications/Xcode-16.3.0.app/Contents/Developer/Platforms/WatchOS.platform/Developer/usr/lib -F /Users/admin/builder/spi-builder-workspace/.derivedData/Build/Products/Debug-watchos -F /Applications/Xcode-16.3.0.app/Contents/Developer/Platforms/WatchOS.platform/Developer/Library/Frameworks -F /Applications/Xcode-16.3.0.app/Contents/Developer/Platforms/WatchOS.platform/Developer/SDKs/WatchOS11.4.sdk/Developer/Library/Frameworks -emit-localized-strings -emit-localized-strings-path /Users/admin/builder/spi-builder-workspace/.derivedData/Build/Intermediates.noindex/OSLogViewer.build/Debug-watchos/OSLogViewer.build/Objects-normal/arm64 -c -j10 -enable-batch-mode -incremental -Xcc -ivfsstatcache -Xcc /Users/admin/builder/spi-builder-workspace/.derivedData/SDKStatCaches.noindex/watchos11.4-22T246-43efb940ff07ba2497b70ec94253f576.sdkstatcache -output-file-map /Users/admin/builder/spi-builder-workspace/.derivedData/Build/Intermediates.noindex/OSLogViewer.build/Debug-watchos/OSLogViewer.build/Objects-normal/arm64/OSLogViewer-OutputFileMap.json -use-frontend-parseable-output -save-temps -no-color-diagnostics -serialize-diagnostics -emit-dependencies -emit-module -emit-module-path /Users/admin/builder/spi-builder-workspace/.derivedData/Build/Intermediates.noindex/OSLogViewer.build/Debug-watchos/OSLogViewer.build/Objects-normal/arm64/OSLogViewer.swiftmodule -validate-clang-modules-once -clang-build-session-file /Users/admin/builder/spi-builder-workspace/.derivedData/ModuleCache.noindex/Session.modulevalidation -Xcc -I/Users/admin/builder/spi-builder-workspace/.derivedData/Build/Intermediates.noindex/OSLogViewer.build/Debug-watchos/OSLogViewer.build/swift-overrides.hmap -emit-const-values -Xfrontend -const-gather-protocols-file -Xfrontend /Users/admin/builder/spi-builder-workspace/.derivedData/Build/Intermediates.noindex/OSLogViewer.build/Debug-watchos/OSLogViewer.build/Objects-normal/arm64/OSLogViewer_const_extract_protocols.json -Xcc -I/Users/admin/builder/spi-builder-workspace/.derivedData/Build/Products/Debug-watchos/include -Xcc -I/Users/admin/builder/spi-builder-workspace/.derivedData/Build/Intermediates.noindex/OSLogViewer.build/Debug-watchos/OSLogViewer.build/DerivedSources-normal/arm64 -Xcc -I/Users/admin/builder/spi-builder-workspace/.derivedData/Build/Intermediates.noindex/OSLogViewer.build/Debug-watchos/OSLogViewer.build/DerivedSources/arm64 -Xcc -I/Users/admin/builder/spi-builder-workspace/.derivedData/Build/Intermediates.noindex/OSLogViewer.build/Debug-watchos/OSLogViewer.build/DerivedSources -Xcc -DSWIFT_PACKAGE -Xcc -DDEBUG\=1 -emit-objc-header -emit-objc-header-path /Users/admin/builder/spi-builder-workspace/.derivedData/Build/Intermediates.noindex/OSLogViewer.build/Debug-watchos/OSLogViewer.build/Objects-normal/arm64/OSLogViewer-Swift.h -working-directory /Users/admin/builder/spi-builder-workspace/.swiftpm/xcode -experimental-emit-module-separately -disable-cmo
SwiftCompile normal arm64 Compiling\ OSLogArchive.swift /Users/admin/builder/spi-builder-workspace/.dependencies/checkouts/OSLogViewer/Sources/OSLogViewer/OSLogArchive.swift (in target 'OSLogViewer' from project 'OSLogViewer')
SwiftCompile normal arm64 /Users/admin/builder/spi-builder-workspace/.dependencies/checkouts/OSLogViewer/Sources/OSLogViewer/OSLogArchive.swift (in target 'OSLogViewer' from project 'OSLogViewer')
    cd /Users/admin/builder/spi-builder-workspace/.swiftpm/xcode

SwiftCompile normal arm64 Compiling\ OSLogViewer.Colors.swift /Users/admin/builder/spi-builder-workspace/.dependencies/checkouts/OSLogViewer/Sources/OSLogViewer/OSLogViewer.Colors.swift (in target 'OSLogViewer' from project 'OSLogViewer')
SwiftCompile normal arm64 /Users/admin/builder/spi-builder-workspace/.dependencies/checkouts/OSLogViewer/Sources/OSLogViewer/OSLogViewer.Colors.swift (in target 'OSLogViewer' from project 'OSLogViewer')
    cd /Users/admin/builder/spi-builder-workspace/.swiftpm/xcode

SwiftCompile normal arm64 Compiling\ resource_bundle_accessor.swift /Users/admin/builder/spi-builder-workspace/.derivedData/Build/Intermediates.noindex/OSLogViewer.build/Debug-watchos/OSLogViewer.build/DerivedSources/resource_bundle_accessor.swift (in target 'OSLogViewer' from project 'OSLogViewer')
SwiftCompile normal arm64 /Users/admin/builder/spi-builder-workspace/.derivedData/Build/Intermediates.noindex/OSLogViewer.build/Debug-watchos/OSLogViewer.build/DerivedSources/resource_bundle_accessor.swift (in target 'OSLogViewer' from project 'OSLogViewer')
    cd /Users/admin/builder/spi-builder-workspace/.swiftpm/xcode

SwiftEmitModule normal arm64 Emitting\ module\ for\ OSLogViewer (in target 'OSLogViewer' from project 'OSLogViewer')
EmitSwiftModule normal arm64 (in target 'OSLogViewer' from project 'OSLogViewer')
    cd /Users/admin/builder/spi-builder-workspace/.swiftpm/xcode

SwiftCompile normal arm64 Compiling\ OSLogRecord.swift /Users/admin/builder/spi-builder-workspace/.dependencies/checkouts/OSLogViewer/Sources/OSLogViewer/OSLogRecord.swift (in target 'OSLogViewer' from project 'OSLogViewer')
SwiftCompile normal arm64 /Users/admin/builder/spi-builder-workspace/.dependencies/checkouts/OSLogViewer/Sources/OSLogViewer/OSLogRecord.swift (in target 'OSLogViewer' from project 'OSLogViewer')
    cd /Users/admin/builder/spi-builder-workspace/.swiftpm/xcode

SwiftCompile normal arm64 Compiling\ OSLogExtractor.swift /Users/admin/builder/spi-builder-workspace/.dependencies/checkouts/OSLogViewer/Sources/OSLogViewer/OSLogExtractor.swift (in target 'OSLogViewer' from project 'OSLogViewer')
SwiftCompile normal arm64 /Users/admin/builder/spi-builder-workspace/.dependencies/checkouts/OSLogViewer/Sources/OSLogViewer/OSLogExtractor.swift (in target 'OSLogViewer' from project 'OSLogViewer')
    cd /Users/admin/builder/spi-builder-workspace/.swiftpm/xcode

SwiftCompile normal arm64 Compiling\ OSLogViewer.swift /Users/admin/builder/spi-builder-workspace/.dependencies/checkouts/OSLogViewer/Sources/OSLogViewer/OSLogViewer.swift (in target 'OSLogViewer' from project 'OSLogViewer')
SwiftCompile normal arm64 /Users/admin/builder/spi-builder-workspace/.dependencies/checkouts/OSLogViewer/Sources/OSLogViewer/OSLogViewer.swift (in target 'OSLogViewer' from project 'OSLogViewer')
    cd /Users/admin/builder/spi-builder-workspace/.swiftpm/xcode

SwiftDriverJobDiscovery normal arm64 Compiling OSLogViewer.Colors.swift (in target 'OSLogViewer' from project 'OSLogViewer')
SwiftDriverJobDiscovery normal arm64 Compiling OSLogRecord.swift (in target 'OSLogViewer' from project 'OSLogViewer')
SwiftDriverJobDiscovery normal arm64 Compiling OSLogExtractor.swift (in target 'OSLogViewer' from project 'OSLogViewer')
SwiftDriverJobDiscovery normal arm64 Compiling resource_bundle_accessor.swift (in target 'OSLogViewer' from project 'OSLogViewer')
SwiftDriverJobDiscovery normal arm64 Compiling OSLogArchive.swift (in target 'OSLogViewer' from project 'OSLogViewer')
SwiftDriverJobDiscovery normal arm64 Emitting module for OSLogViewer (in target 'OSLogViewer' from project 'OSLogViewer')
SwiftDriver\ Compilation\ Requirements OSLogViewer normal arm64 com.apple.xcode.tools.swift.compiler (in target 'OSLogViewer' from project 'OSLogViewer')
    cd /Users/admin/builder/spi-builder-workspace/.swiftpm/xcode
    builtin-Swift-Compilation-Requirements -- /Applications/Xcode-16.3.0.app/Contents/Developer/Toolchains/XcodeDefault.xctoolchain/usr/bin/swiftc -module-name OSLogViewer -Onone -enforce-exclusivity\=checked @/Users/admin/builder/spi-builder-workspace/.derivedData/Build/Intermediates.noindex/OSLogViewer.build/Debug-watchos/OSLogViewer.build/Objects-normal/arm64/OSLogViewer.SwiftFileList -DSWIFT_PACKAGE -DDEBUG -DXcode -plugin-path /Applications/Xcode-16.3.0.app/Contents/Developer/Toolchains/XcodeDefault.xctoolchain/usr/lib/swift/host/plugins/testing -enable-experimental-feature DebugDescriptionMacro -sdk /Applications/Xcode-16.3.0.app/Contents/Developer/Platforms/WatchOS.platform/Developer/SDKs/WatchOS11.4.sdk -target arm64-apple-watchos8.0 -g -module-cache-path /Users/admin/builder/spi-builder-workspace/.derivedData/ModuleCache.noindex -Xfrontend -serialize-debugging-options -profile-coverage-mapping -profile-generate -enable-testing -suppress-warnings -index-store-path /Users/admin/builder/spi-builder-workspace/.derivedData/Index.noindex/DataStore -swift-version 5 -I /Users/admin/builder/spi-builder-workspace/.derivedData/Build/Products/Debug-watchos -I /Applications/Xcode-16.3.0.app/Contents/Developer/Platforms/WatchOS.platform/Developer/usr/lib -F /Users/admin/builder/spi-builder-workspace/.derivedData/Build/Products/Debug-watchos -F /Applications/Xcode-16.3.0.app/Contents/Developer/Platforms/WatchOS.platform/Developer/Library/Frameworks -F /Applications/Xcode-16.3.0.app/Contents/Developer/Platforms/WatchOS.platform/Developer/SDKs/WatchOS11.4.sdk/Developer/Library/Frameworks -emit-localized-strings -emit-localized-strings-path /Users/admin/builder/spi-builder-workspace/.derivedData/Build/Intermediates.noindex/OSLogViewer.build/Debug-watchos/OSLogViewer.build/Objects-normal/arm64 -c -j10 -enable-batch-mode -incremental -Xcc -ivfsstatcache -Xcc /Users/admin/builder/spi-builder-workspace/.derivedData/SDKStatCaches.noindex/watchos11.4-22T246-43efb940ff07ba2497b70ec94253f576.sdkstatcache -output-file-map /Users/admin/builder/spi-builder-workspace/.derivedData/Build/Intermediates.noindex/OSLogViewer.build/Debug-watchos/OSLogViewer.build/Objects-normal/arm64/OSLogViewer-OutputFileMap.json -use-frontend-parseable-output -save-temps -no-color-diagnostics -serialize-diagnostics -emit-dependencies -emit-module -emit-module-path /Users/admin/builder/spi-builder-workspace/.derivedData/Build/Intermediates.noindex/OSLogViewer.build/Debug-watchos/OSLogViewer.build/Objects-normal/arm64/OSLogViewer.swiftmodule -validate-clang-modules-once -clang-build-session-file /Users/admin/builder/spi-builder-workspace/.derivedData/ModuleCache.noindex/Session.modulevalidation -Xcc -I/Users/admin/builder/spi-builder-workspace/.derivedData/Build/Intermediates.noindex/OSLogViewer.build/Debug-watchos/OSLogViewer.build/swift-overrides.hmap -emit-const-values -Xfrontend -const-gather-protocols-file -Xfrontend /Users/admin/builder/spi-builder-workspace/.derivedData/Build/Intermediates.noindex/OSLogViewer.build/Debug-watchos/OSLogViewer.build/Objects-normal/arm64/OSLogViewer_const_extract_protocols.json -Xcc -I/Users/admin/builder/spi-builder-workspace/.derivedData/Build/Products/Debug-watchos/include -Xcc -I/Users/admin/builder/spi-builder-workspace/.derivedData/Build/Intermediates.noindex/OSLogViewer.build/Debug-watchos/OSLogViewer.build/DerivedSources-normal/arm64 -Xcc -I/Users/admin/builder/spi-builder-workspace/.derivedData/Build/Intermediates.noindex/OSLogViewer.build/Debug-watchos/OSLogViewer.build/DerivedSources/arm64 -Xcc -I/Users/admin/builder/spi-builder-workspace/.derivedData/Build/Intermediates.noindex/OSLogViewer.build/Debug-watchos/OSLogViewer.build/DerivedSources -Xcc -DSWIFT_PACKAGE -Xcc -DDEBUG\=1 -emit-objc-header -emit-objc-header-path /Users/admin/builder/spi-builder-workspace/.derivedData/Build/Intermediates.noindex/OSLogViewer.build/Debug-watchos/OSLogViewer.build/Objects-normal/arm64/OSLogViewer-Swift.h -working-directory /Users/admin/builder/spi-builder-workspace/.swiftpm/xcode -experimental-emit-module-separately -disable-cmo
SwiftDriver OSLogViewer normal arm64_32 com.apple.xcode.tools.swift.compiler (in target 'OSLogViewer' from project 'OSLogViewer')
    cd /Users/admin/builder/spi-builder-workspace/.swiftpm/xcode
    builtin-SwiftDriver -- /Applications/Xcode-16.3.0.app/Contents/Developer/Toolchains/XcodeDefault.xctoolchain/usr/bin/swiftc -module-name OSLogViewer -Onone -enforce-exclusivity\=checked @/Users/admin/builder/spi-builder-workspace/.derivedData/Build/Intermediates.noindex/OSLogViewer.build/Debug-watchos/OSLogViewer.build/Objects-normal/arm64_32/OSLogViewer.SwiftFileList -DSWIFT_PACKAGE -DDEBUG -DXcode -plugin-path /Applications/Xcode-16.3.0.app/Contents/Developer/Toolchains/XcodeDefault.xctoolchain/usr/lib/swift/host/plugins/testing -enable-experimental-feature DebugDescriptionMacro -sdk /Applications/Xcode-16.3.0.app/Contents/Developer/Platforms/WatchOS.platform/Developer/SDKs/WatchOS11.4.sdk -target arm64_32-apple-watchos8.0 -g -module-cache-path /Users/admin/builder/spi-builder-workspace/.derivedData/ModuleCache.noindex -Xfrontend -serialize-debugging-options -profile-coverage-mapping -profile-generate -enable-testing -suppress-warnings -index-store-path /Users/admin/builder/spi-builder-workspace/.derivedData/Index.noindex/DataStore -swift-version 5 -I /Users/admin/builder/spi-builder-workspace/.derivedData/Build/Products/Debug-watchos -I /Applications/Xcode-16.3.0.app/Contents/Developer/Platforms/WatchOS.platform/Developer/usr/lib -F /Users/admin/builder/spi-builder-workspace/.derivedData/Build/Products/Debug-watchos -F /Applications/Xcode-16.3.0.app/Contents/Developer/Platforms/WatchOS.platform/Developer/Library/Frameworks -F /Applications/Xcode-16.3.0.app/Contents/Developer/Platforms/WatchOS.platform/Developer/SDKs/WatchOS11.4.sdk/Developer/Library/Frameworks -emit-localized-strings -emit-localized-strings-path /Users/admin/builder/spi-builder-workspace/.derivedData/Build/Intermediates.noindex/OSLogViewer.build/Debug-watchos/OSLogViewer.build/Objects-normal/arm64_32 -c -j10 -enable-batch-mode -incremental -Xcc -ivfsstatcache -Xcc /Users/admin/builder/spi-builder-workspace/.derivedData/SDKStatCaches.noindex/watchos11.4-22T246-43efb940ff07ba2497b70ec94253f576.sdkstatcache -output-file-map /Users/admin/builder/spi-builder-workspace/.derivedData/Build/Intermediates.noindex/OSLogViewer.build/Debug-watchos/OSLogViewer.build/Objects-normal/arm64_32/OSLogViewer-OutputFileMap.json -use-frontend-parseable-output -save-temps -no-color-diagnostics -serialize-diagnostics -emit-dependencies -emit-module -emit-module-path /Users/admin/builder/spi-builder-workspace/.derivedData/Build/Intermediates.noindex/OSLogViewer.build/Debug-watchos/OSLogViewer.build/Objects-normal/arm64_32/OSLogViewer.swiftmodule -validate-clang-modules-once -clang-build-session-file /Users/admin/builder/spi-builder-workspace/.derivedData/ModuleCache.noindex/Session.modulevalidation -Xcc -I/Users/admin/builder/spi-builder-workspace/.derivedData/Build/Intermediates.noindex/OSLogViewer.build/Debug-watchos/OSLogViewer.build/swift-overrides.hmap -emit-const-values -Xfrontend -const-gather-protocols-file -Xfrontend /Users/admin/builder/spi-builder-workspace/.derivedData/Build/Intermediates.noindex/OSLogViewer.build/Debug-watchos/OSLogViewer.build/Objects-normal/arm64_32/OSLogViewer_const_extract_protocols.json -Xcc -I/Users/admin/builder/spi-builder-workspace/.derivedData/Build/Products/Debug-watchos/include -Xcc -I/Users/admin/builder/spi-builder-workspace/.derivedData/Build/Intermediates.noindex/OSLogViewer.build/Debug-watchos/OSLogViewer.build/DerivedSources-normal/arm64_32 -Xcc -I/Users/admin/builder/spi-builder-workspace/.derivedData/Build/Intermediates.noindex/OSLogViewer.build/Debug-watchos/OSLogViewer.build/DerivedSources/arm64_32 -Xcc -I/Users/admin/builder/spi-builder-workspace/.derivedData/Build/Intermediates.noindex/OSLogViewer.build/Debug-watchos/OSLogViewer.build/DerivedSources -Xcc -DSWIFT_PACKAGE -Xcc -DDEBUG\=1 -emit-objc-header -emit-objc-header-path /Users/admin/builder/spi-builder-workspace/.derivedData/Build/Intermediates.noindex/OSLogViewer.build/Debug-watchos/OSLogViewer.build/Objects-normal/arm64_32/OSLogViewer-Swift.h -working-directory /Users/admin/builder/spi-builder-workspace/.swiftpm/xcode -experimental-emit-module-separately -disable-cmo
SwiftEmitModule normal arm64_32 Emitting\ module\ for\ OSLogViewer (in target 'OSLogViewer' from project 'OSLogViewer')
EmitSwiftModule normal arm64_32 (in target 'OSLogViewer' from project 'OSLogViewer')
    cd /Users/admin/builder/spi-builder-workspace/.swiftpm/xcode

SwiftDriverJobDiscovery normal arm64 Compiling OSLogViewer.swift (in target 'OSLogViewer' from project 'OSLogViewer')
SwiftDriver\ Compilation OSLogViewer normal arm64 com.apple.xcode.tools.swift.compiler (in target 'OSLogViewer' from project 'OSLogViewer')
    cd /Users/admin/builder/spi-builder-workspace/.swiftpm/xcode
    builtin-Swift-Compilation -- /Applications/Xcode-16.3.0.app/Contents/Developer/Toolchains/XcodeDefault.xctoolchain/usr/bin/swiftc -module-name OSLogViewer -Onone -enforce-exclusivity\=checked @/Users/admin/builder/spi-builder-workspace/.derivedData/Build/Intermediates.noindex/OSLogViewer.build/Debug-watchos/OSLogViewer.build/Objects-normal/arm64/OSLogViewer.SwiftFileList -DSWIFT_PACKAGE -DDEBUG -DXcode -plugin-path /Applications/Xcode-16.3.0.app/Contents/Developer/Toolchains/XcodeDefault.xctoolchain/usr/lib/swift/host/plugins/testing -enable-experimental-feature DebugDescriptionMacro -sdk /Applications/Xcode-16.3.0.app/Contents/Developer/Platforms/WatchOS.platform/Developer/SDKs/WatchOS11.4.sdk -target arm64-apple-watchos8.0 -g -module-cache-path /Users/admin/builder/spi-builder-workspace/.derivedData/ModuleCache.noindex -Xfrontend -serialize-debugging-options -profile-coverage-mapping -profile-generate -enable-testing -suppress-warnings -index-store-path /Users/admin/builder/spi-builder-workspace/.derivedData/Index.noindex/DataStore -swift-version 5 -I /Users/admin/builder/spi-builder-workspace/.derivedData/Build/Products/Debug-watchos -I /Applications/Xcode-16.3.0.app/Contents/Developer/Platforms/WatchOS.platform/Developer/usr/lib -F /Users/admin/builder/spi-builder-workspace/.derivedData/Build/Products/Debug-watchos -F /Applications/Xcode-16.3.0.app/Contents/Developer/Platforms/WatchOS.platform/Developer/Library/Frameworks -F /Applications/Xcode-16.3.0.app/Contents/Developer/Platforms/WatchOS.platform/Developer/SDKs/WatchOS11.4.sdk/Developer/Library/Frameworks -emit-localized-strings -emit-localized-strings-path /Users/admin/builder/spi-builder-workspace/.derivedData/Build/Intermediates.noindex/OSLogViewer.build/Debug-watchos/OSLogViewer.build/Objects-normal/arm64 -c -j10 -enable-batch-mode -incremental -Xcc -ivfsstatcache -Xcc /Users/admin/builder/spi-builder-workspace/.derivedData/SDKStatCaches.noindex/watchos11.4-22T246-43efb940ff07ba2497b70ec94253f576.sdkstatcache -output-file-map /Users/admin/builder/spi-builder-workspace/.derivedData/Build/Intermediates.noindex/OSLogViewer.build/Debug-watchos/OSLogViewer.build/Objects-normal/arm64/OSLogViewer-OutputFileMap.json -use-frontend-parseable-output -save-temps -no-color-diagnostics -serialize-diagnostics -emit-dependencies -emit-module -emit-module-path /Users/admin/builder/spi-builder-workspace/.derivedData/Build/Intermediates.noindex/OSLogViewer.build/Debug-watchos/OSLogViewer.build/Objects-normal/arm64/OSLogViewer.swiftmodule -validate-clang-modules-once -clang-build-session-file /Users/admin/builder/spi-builder-workspace/.derivedData/ModuleCache.noindex/Session.modulevalidation -Xcc -I/Users/admin/builder/spi-builder-workspace/.derivedData/Build/Intermediates.noindex/OSLogViewer.build/Debug-watchos/OSLogViewer.build/swift-overrides.hmap -emit-const-values -Xfrontend -const-gather-protocols-file -Xfrontend /Users/admin/builder/spi-builder-workspace/.derivedData/Build/Intermediates.noindex/OSLogViewer.build/Debug-watchos/OSLogViewer.build/Objects-normal/arm64/OSLogViewer_const_extract_protocols.json -Xcc -I/Users/admin/builder/spi-builder-workspace/.derivedData/Build/Products/Debug-watchos/include -Xcc -I/Users/admin/builder/spi-builder-workspace/.derivedData/Build/Intermediates.noindex/OSLogViewer.build/Debug-watchos/OSLogViewer.build/DerivedSources-normal/arm64 -Xcc -I/Users/admin/builder/spi-builder-workspace/.derivedData/Build/Intermediates.noindex/OSLogViewer.build/Debug-watchos/OSLogViewer.build/DerivedSources/arm64 -Xcc -I/Users/admin/builder/spi-builder-workspace/.derivedData/Build/Intermediates.noindex/OSLogViewer.build/Debug-watchos/OSLogViewer.build/DerivedSources -Xcc -DSWIFT_PACKAGE -Xcc -DDEBUG\=1 -emit-objc-header -emit-objc-header-path /Users/admin/builder/spi-builder-workspace/.derivedData/Build/Intermediates.noindex/OSLogViewer.build/Debug-watchos/OSLogViewer.build/Objects-normal/arm64/OSLogViewer-Swift.h -working-directory /Users/admin/builder/spi-builder-workspace/.swiftpm/xcode -experimental-emit-module-separately -disable-cmo
SwiftDriver OSLogViewer normal armv7k com.apple.xcode.tools.swift.compiler (in target 'OSLogViewer' from project 'OSLogViewer')
    cd /Users/admin/builder/spi-builder-workspace/.swiftpm/xcode
    builtin-SwiftDriver -- /Applications/Xcode-16.3.0.app/Contents/Developer/Toolchains/XcodeDefault.xctoolchain/usr/bin/swiftc -module-name OSLogViewer -Onone -enforce-exclusivity\=checked @/Users/admin/builder/spi-builder-workspace/.derivedData/Build/Intermediates.noindex/OSLogViewer.build/Debug-watchos/OSLogViewer.build/Objects-normal/armv7k/OSLogViewer.SwiftFileList -DSWIFT_PACKAGE -DDEBUG -DXcode -plugin-path /Applications/Xcode-16.3.0.app/Contents/Developer/Toolchains/XcodeDefault.xctoolchain/usr/lib/swift/host/plugins/testing -enable-experimental-feature DebugDescriptionMacro -sdk /Applications/Xcode-16.3.0.app/Contents/Developer/Platforms/WatchOS.platform/Developer/SDKs/WatchOS11.4.sdk -target armv7k-apple-watchos8.0 -g -module-cache-path /Users/admin/builder/spi-builder-workspace/.derivedData/ModuleCache.noindex -Xfrontend -serialize-debugging-options -profile-coverage-mapping -profile-generate -enable-testing -suppress-warnings -index-store-path /Users/admin/builder/spi-builder-workspace/.derivedData/Index.noindex/DataStore -swift-version 5 -I /Users/admin/builder/spi-builder-workspace/.derivedData/Build/Products/Debug-watchos -I /Applications/Xcode-16.3.0.app/Contents/Developer/Platforms/WatchOS.platform/Developer/usr/lib -F /Users/admin/builder/spi-builder-workspace/.derivedData/Build/Products/Debug-watchos -F /Applications/Xcode-16.3.0.app/Contents/Developer/Platforms/WatchOS.platform/Developer/Library/Frameworks -F /Applications/Xcode-16.3.0.app/Contents/Developer/Platforms/WatchOS.platform/Developer/SDKs/WatchOS11.4.sdk/Developer/Library/Frameworks -emit-localized-strings -emit-localized-strings-path /Users/admin/builder/spi-builder-workspace/.derivedData/Build/Intermediates.noindex/OSLogViewer.build/Debug-watchos/OSLogViewer.build/Objects-normal/armv7k -c -j10 -enable-batch-mode -incremental -Xcc -ivfsstatcache -Xcc /Users/admin/builder/spi-builder-workspace/.derivedData/SDKStatCaches.noindex/watchos11.4-22T246-43efb940ff07ba2497b70ec94253f576.sdkstatcache -output-file-map /Users/admin/builder/spi-builder-workspace/.derivedData/Build/Intermediates.noindex/OSLogViewer.build/Debug-watchos/OSLogViewer.build/Objects-normal/armv7k/OSLogViewer-OutputFileMap.json -use-frontend-parseable-output -save-temps -no-color-diagnostics -serialize-diagnostics -emit-dependencies -emit-module -emit-module-path /Users/admin/builder/spi-builder-workspace/.derivedData/Build/Intermediates.noindex/OSLogViewer.build/Debug-watchos/OSLogViewer.build/Objects-normal/armv7k/OSLogViewer.swiftmodule -validate-clang-modules-once -clang-build-session-file /Users/admin/builder/spi-builder-workspace/.derivedData/ModuleCache.noindex/Session.modulevalidation -Xcc -I/Users/admin/builder/spi-builder-workspace/.derivedData/Build/Intermediates.noindex/OSLogViewer.build/Debug-watchos/OSLogViewer.build/swift-overrides.hmap -emit-const-values -Xfrontend -const-gather-protocols-file -Xfrontend /Users/admin/builder/spi-builder-workspace/.derivedData/Build/Intermediates.noindex/OSLogViewer.build/Debug-watchos/OSLogViewer.build/Objects-normal/armv7k/OSLogViewer_const_extract_protocols.json -Xcc -I/Users/admin/builder/spi-builder-workspace/.derivedData/Build/Products/Debug-watchos/include -Xcc -I/Users/admin/builder/spi-builder-workspace/.derivedData/Build/Intermediates.noindex/OSLogViewer.build/Debug-watchos/OSLogViewer.build/DerivedSources-normal/armv7k -Xcc -I/Users/admin/builder/spi-builder-workspace/.derivedData/Build/Intermediates.noindex/OSLogViewer.build/Debug-watchos/OSLogViewer.build/DerivedSources/armv7k -Xcc -I/Users/admin/builder/spi-builder-workspace/.derivedData/Build/Intermediates.noindex/OSLogViewer.build/Debug-watchos/OSLogViewer.build/DerivedSources -Xcc -DSWIFT_PACKAGE -Xcc -DDEBUG\=1 -emit-objc-header -emit-objc-header-path /Users/admin/builder/spi-builder-workspace/.derivedData/Build/Intermediates.noindex/OSLogViewer.build/Debug-watchos/OSLogViewer.build/Objects-normal/armv7k/OSLogViewer-Swift.h -working-directory /Users/admin/builder/spi-builder-workspace/.swiftpm/xcode -experimental-emit-module-separately -disable-cmo
SwiftEmitModule normal armv7k Emitting\ module\ for\ OSLogViewer (in target 'OSLogViewer' from project 'OSLogViewer')
EmitSwiftModule normal armv7k (in target 'OSLogViewer' from project 'OSLogViewer')
    cd /Users/admin/builder/spi-builder-workspace/.swiftpm/xcode

SwiftDriverJobDiscovery normal arm64_32 Emitting module for OSLogViewer (in target 'OSLogViewer' from project 'OSLogViewer')
SwiftDriver\ Compilation\ Requirements OSLogViewer normal arm64_32 com.apple.xcode.tools.swift.compiler (in target 'OSLogViewer' from project 'OSLogViewer')
    cd /Users/admin/builder/spi-builder-workspace/.swiftpm/xcode
    builtin-Swift-Compilation-Requirements -- /Applications/Xcode-16.3.0.app/Contents/Developer/Toolchains/XcodeDefault.xctoolchain/usr/bin/swiftc -module-name OSLogViewer -Onone -enforce-exclusivity\=checked @/Users/admin/builder/spi-builder-workspace/.derivedData/Build/Intermediates.noindex/OSLogViewer.build/Debug-watchos/OSLogViewer.build/Objects-normal/arm64_32/OSLogViewer.SwiftFileList -DSWIFT_PACKAGE -DDEBUG -DXcode -plugin-path /Applications/Xcode-16.3.0.app/Contents/Developer/Toolchains/XcodeDefault.xctoolchain/usr/lib/swift/host/plugins/testing -enable-experimental-feature DebugDescriptionMacro -sdk /Applications/Xcode-16.3.0.app/Contents/Developer/Platforms/WatchOS.platform/Developer/SDKs/WatchOS11.4.sdk -target arm64_32-apple-watchos8.0 -g -module-cache-path /Users/admin/builder/spi-builder-workspace/.derivedData/ModuleCache.noindex -Xfrontend -serialize-debugging-options -profile-coverage-mapping -profile-generate -enable-testing -suppress-warnings -index-store-path /Users/admin/builder/spi-builder-workspace/.derivedData/Index.noindex/DataStore -swift-version 5 -I /Users/admin/builder/spi-builder-workspace/.derivedData/Build/Products/Debug-watchos -I /Applications/Xcode-16.3.0.app/Contents/Developer/Platforms/WatchOS.platform/Developer/usr/lib -F /Users/admin/builder/spi-builder-workspace/.derivedData/Build/Products/Debug-watchos -F /Applications/Xcode-16.3.0.app/Contents/Developer/Platforms/WatchOS.platform/Developer/Library/Frameworks -F /Applications/Xcode-16.3.0.app/Contents/Developer/Platforms/WatchOS.platform/Developer/SDKs/WatchOS11.4.sdk/Developer/Library/Frameworks -emit-localized-strings -emit-localized-strings-path /Users/admin/builder/spi-builder-workspace/.derivedData/Build/Intermediates.noindex/OSLogViewer.build/Debug-watchos/OSLogViewer.build/Objects-normal/arm64_32 -c -j10 -enable-batch-mode -incremental -Xcc -ivfsstatcache -Xcc /Users/admin/builder/spi-builder-workspace/.derivedData/SDKStatCaches.noindex/watchos11.4-22T246-43efb940ff07ba2497b70ec94253f576.sdkstatcache -output-file-map /Users/admin/builder/spi-builder-workspace/.derivedData/Build/Intermediates.noindex/OSLogViewer.build/Debug-watchos/OSLogViewer.build/Objects-normal/arm64_32/OSLogViewer-OutputFileMap.json -use-frontend-parseable-output -save-temps -no-color-diagnostics -serialize-diagnostics -emit-dependencies -emit-module -emit-module-path /Users/admin/builder/spi-builder-workspace/.derivedData/Build/Intermediates.noindex/OSLogViewer.build/Debug-watchos/OSLogViewer.build/Objects-normal/arm64_32/OSLogViewer.swiftmodule -validate-clang-modules-once -clang-build-session-file /Users/admin/builder/spi-builder-workspace/.derivedData/ModuleCache.noindex/Session.modulevalidation -Xcc -I/Users/admin/builder/spi-builder-workspace/.derivedData/Build/Intermediates.noindex/OSLogViewer.build/Debug-watchos/OSLogViewer.build/swift-overrides.hmap -emit-const-values -Xfrontend -const-gather-protocols-file -Xfrontend /Users/admin/builder/spi-builder-workspace/.derivedData/Build/Intermediates.noindex/OSLogViewer.build/Debug-watchos/OSLogViewer.build/Objects-normal/arm64_32/OSLogViewer_const_extract_protocols.json -Xcc -I/Users/admin/builder/spi-builder-workspace/.derivedData/Build/Products/Debug-watchos/include -Xcc -I/Users/admin/builder/spi-builder-workspace/.derivedData/Build/Intermediates.noindex/OSLogViewer.build/Debug-watchos/OSLogViewer.build/DerivedSources-normal/arm64_32 -Xcc -I/Users/admin/builder/spi-builder-workspace/.derivedData/Build/Intermediates.noindex/OSLogViewer.build/Debug-watchos/OSLogViewer.build/DerivedSources/arm64_32 -Xcc -I/Users/admin/builder/spi-builder-workspace/.derivedData/Build/Intermediates.noindex/OSLogViewer.build/Debug-watchos/OSLogViewer.build/DerivedSources -Xcc -DSWIFT_PACKAGE -Xcc -DDEBUG\=1 -emit-objc-header -emit-objc-header-path /Users/admin/builder/spi-builder-workspace/.derivedData/Build/Intermediates.noindex/OSLogViewer.build/Debug-watchos/OSLogViewer.build/Objects-normal/arm64_32/OSLogViewer-Swift.h -working-directory /Users/admin/builder/spi-builder-workspace/.swiftpm/xcode -experimental-emit-module-separately -disable-cmo
SwiftDriverJobDiscovery normal armv7k Emitting module for OSLogViewer (in target 'OSLogViewer' from project 'OSLogViewer')
SwiftDriver\ Compilation\ Requirements OSLogViewer normal armv7k com.apple.xcode.tools.swift.compiler (in target 'OSLogViewer' from project 'OSLogViewer')
    cd /Users/admin/builder/spi-builder-workspace/.swiftpm/xcode
    builtin-Swift-Compilation-Requirements -- /Applications/Xcode-16.3.0.app/Contents/Developer/Toolchains/XcodeDefault.xctoolchain/usr/bin/swiftc -module-name OSLogViewer -Onone -enforce-exclusivity\=checked @/Users/admin/builder/spi-builder-workspace/.derivedData/Build/Intermediates.noindex/OSLogViewer.build/Debug-watchos/OSLogViewer.build/Objects-normal/armv7k/OSLogViewer.SwiftFileList -DSWIFT_PACKAGE -DDEBUG -DXcode -plugin-path /Applications/Xcode-16.3.0.app/Contents/Developer/Toolchains/XcodeDefault.xctoolchain/usr/lib/swift/host/plugins/testing -enable-experimental-feature DebugDescriptionMacro -sdk /Applications/Xcode-16.3.0.app/Contents/Developer/Platforms/WatchOS.platform/Developer/SDKs/WatchOS11.4.sdk -target armv7k-apple-watchos8.0 -g -module-cache-path /Users/admin/builder/spi-builder-workspace/.derivedData/ModuleCache.noindex -Xfrontend -serialize-debugging-options -profile-coverage-mapping -profile-generate -enable-testing -suppress-warnings -index-store-path /Users/admin/builder/spi-builder-workspace/.derivedData/Index.noindex/DataStore -swift-version 5 -I /Users/admin/builder/spi-builder-workspace/.derivedData/Build/Products/Debug-watchos -I /Applications/Xcode-16.3.0.app/Contents/Developer/Platforms/WatchOS.platform/Developer/usr/lib -F /Users/admin/builder/spi-builder-workspace/.derivedData/Build/Products/Debug-watchos -F /Applications/Xcode-16.3.0.app/Contents/Developer/Platforms/WatchOS.platform/Developer/Library/Frameworks -F /Applications/Xcode-16.3.0.app/Contents/Developer/Platforms/WatchOS.platform/Developer/SDKs/WatchOS11.4.sdk/Developer/Library/Frameworks -emit-localized-strings -emit-localized-strings-path /Users/admin/builder/spi-builder-workspace/.derivedData/Build/Intermediates.noindex/OSLogViewer.build/Debug-watchos/OSLogViewer.build/Objects-normal/armv7k -c -j10 -enable-batch-mode -incremental -Xcc -ivfsstatcache -Xcc /Users/admin/builder/spi-builder-workspace/.derivedData/SDKStatCaches.noindex/watchos11.4-22T246-43efb940ff07ba2497b70ec94253f576.sdkstatcache -output-file-map /Users/admin/builder/spi-builder-workspace/.derivedData/Build/Intermediates.noindex/OSLogViewer.build/Debug-watchos/OSLogViewer.build/Objects-normal/armv7k/OSLogViewer-OutputFileMap.json -use-frontend-parseable-output -save-temps -no-color-diagnostics -serialize-diagnostics -emit-dependencies -emit-module -emit-module-path /Users/admin/builder/spi-builder-workspace/.derivedData/Build/Intermediates.noindex/OSLogViewer.build/Debug-watchos/OSLogViewer.build/Objects-normal/armv7k/OSLogViewer.swiftmodule -validate-clang-modules-once -clang-build-session-file /Users/admin/builder/spi-builder-workspace/.derivedData/ModuleCache.noindex/Session.modulevalidation -Xcc -I/Users/admin/builder/spi-builder-workspace/.derivedData/Build/Intermediates.noindex/OSLogViewer.build/Debug-watchos/OSLogViewer.build/swift-overrides.hmap -emit-const-values -Xfrontend -const-gather-protocols-file -Xfrontend /Users/admin/builder/spi-builder-workspace/.derivedData/Build/Intermediates.noindex/OSLogViewer.build/Debug-watchos/OSLogViewer.build/Objects-normal/armv7k/OSLogViewer_const_extract_protocols.json -Xcc -I/Users/admin/builder/spi-builder-workspace/.derivedData/Build/Products/Debug-watchos/include -Xcc -I/Users/admin/builder/spi-builder-workspace/.derivedData/Build/Intermediates.noindex/OSLogViewer.build/Debug-watchos/OSLogViewer.build/DerivedSources-normal/armv7k -Xcc -I/Users/admin/builder/spi-builder-workspace/.derivedData/Build/Intermediates.noindex/OSLogViewer.build/Debug-watchos/OSLogViewer.build/DerivedSources/armv7k -Xcc -I/Users/admin/builder/spi-builder-workspace/.derivedData/Build/Intermediates.noindex/OSLogViewer.build/Debug-watchos/OSLogViewer.build/DerivedSources -Xcc -DSWIFT_PACKAGE -Xcc -DDEBUG\=1 -emit-objc-header -emit-objc-header-path /Users/admin/builder/spi-builder-workspace/.derivedData/Build/Intermediates.noindex/OSLogViewer.build/Debug-watchos/OSLogViewer.build/Objects-normal/armv7k/OSLogViewer-Swift.h -working-directory /Users/admin/builder/spi-builder-workspace/.swiftpm/xcode -experimental-emit-module-separately -disable-cmo
Copy /Users/admin/builder/spi-builder-workspace/.derivedData/Build/Products/Debug-watchos/OSLogViewer.swiftmodule/arm64-apple-watchos.abi.json /Users/admin/builder/spi-builder-workspace/.derivedData/Build/Intermediates.noindex/OSLogViewer.build/Debug-watchos/OSLogViewer.build/Objects-normal/arm64/OSLogViewer.abi.json (in target 'OSLogViewer' from project 'OSLogViewer')
    cd /Users/admin/builder/spi-builder-workspace/.dependencies/checkouts/OSLogViewer
    builtin-copy -exclude .DS_Store -exclude CVS -exclude .svn -exclude .git -exclude .hg -resolve-src-symlinks -rename /Users/admin/builder/spi-builder-workspace/.derivedData/Build/Intermediates.noindex/OSLogViewer.build/Debug-watchos/OSLogViewer.build/Objects-normal/arm64/OSLogViewer.abi.json /Users/admin/builder/spi-builder-workspace/.derivedData/Build/Products/Debug-watchos/OSLogViewer.swiftmodule/arm64-apple-watchos.abi.json
SwiftCompile normal armv7k Compiling\ OSLogArchive.swift /Users/admin/builder/spi-builder-workspace/.dependencies/checkouts/OSLogViewer/Sources/OSLogViewer/OSLogArchive.swift (in target 'OSLogViewer' from project 'OSLogViewer')
SwiftCompile normal armv7k /Users/admin/builder/spi-builder-workspace/.dependencies/checkouts/OSLogViewer/Sources/OSLogViewer/OSLogArchive.swift (in target 'OSLogViewer' from project 'OSLogViewer')
    cd /Users/admin/builder/spi-builder-workspace/.swiftpm/xcode

SwiftCompile normal armv7k Compiling\ resource_bundle_accessor.swift /Users/admin/builder/spi-builder-workspace/.derivedData/Build/Intermediates.noindex/OSLogViewer.build/Debug-watchos/OSLogViewer.build/DerivedSources/resource_bundle_accessor.swift (in target 'OSLogViewer' from project 'OSLogViewer')
SwiftCompile normal armv7k /Users/admin/builder/spi-builder-workspace/.derivedData/Build/Intermediates.noindex/OSLogViewer.build/Debug-watchos/OSLogViewer.build/DerivedSources/resource_bundle_accessor.swift (in target 'OSLogViewer' from project 'OSLogViewer')
    cd /Users/admin/builder/spi-builder-workspace/.swiftpm/xcode

SwiftCompile normal armv7k Compiling\ OSLogViewer.Colors.swift /Users/admin/builder/spi-builder-workspace/.dependencies/checkouts/OSLogViewer/Sources/OSLogViewer/OSLogViewer.Colors.swift (in target 'OSLogViewer' from project 'OSLogViewer')
SwiftCompile normal armv7k /Users/admin/builder/spi-builder-workspace/.dependencies/checkouts/OSLogViewer/Sources/OSLogViewer/OSLogViewer.Colors.swift (in target 'OSLogViewer' from project 'OSLogViewer')
    cd /Users/admin/builder/spi-builder-workspace/.swiftpm/xcode

SwiftCompile normal armv7k Compiling\ OSLogExtractor.swift /Users/admin/builder/spi-builder-workspace/.dependencies/checkouts/OSLogViewer/Sources/OSLogViewer/OSLogExtractor.swift (in target 'OSLogViewer' from project 'OSLogViewer')
SwiftCompile normal armv7k /Users/admin/builder/spi-builder-workspace/.dependencies/checkouts/OSLogViewer/Sources/OSLogViewer/OSLogExtractor.swift (in target 'OSLogViewer' from project 'OSLogViewer')
    cd /Users/admin/builder/spi-builder-workspace/.swiftpm/xcode

SwiftCompile normal armv7k Compiling\ OSLogViewer.swift /Users/admin/builder/spi-builder-workspace/.dependencies/checkouts/OSLogViewer/Sources/OSLogViewer/OSLogViewer.swift (in target 'OSLogViewer' from project 'OSLogViewer')
SwiftCompile normal armv7k /Users/admin/builder/spi-builder-workspace/.dependencies/checkouts/OSLogViewer/Sources/OSLogViewer/OSLogViewer.swift (in target 'OSLogViewer' from project 'OSLogViewer')
    cd /Users/admin/builder/spi-builder-workspace/.swiftpm/xcode

SwiftCompile normal armv7k Compiling\ OSLogRecord.swift /Users/admin/builder/spi-builder-workspace/.dependencies/checkouts/OSLogViewer/Sources/OSLogViewer/OSLogRecord.swift (in target 'OSLogViewer' from project 'OSLogViewer')
SwiftCompile normal armv7k /Users/admin/builder/spi-builder-workspace/.dependencies/checkouts/OSLogViewer/Sources/OSLogViewer/OSLogRecord.swift (in target 'OSLogViewer' from project 'OSLogViewer')
    cd /Users/admin/builder/spi-builder-workspace/.swiftpm/xcode

Copy /Users/admin/builder/spi-builder-workspace/.derivedData/Build/Products/Debug-watchos/OSLogViewer.swiftmodule/armv7k-apple-watchos.abi.json /Users/admin/builder/spi-builder-workspace/.derivedData/Build/Intermediates.noindex/OSLogViewer.build/Debug-watchos/OSLogViewer.build/Objects-normal/armv7k/OSLogViewer.abi.json (in target 'OSLogViewer' from project 'OSLogViewer')
    cd /Users/admin/builder/spi-builder-workspace/.dependencies/checkouts/OSLogViewer
    builtin-copy -exclude .DS_Store -exclude CVS -exclude .svn -exclude .git -exclude .hg -resolve-src-symlinks -rename /Users/admin/builder/spi-builder-workspace/.derivedData/Build/Intermediates.noindex/OSLogViewer.build/Debug-watchos/OSLogViewer.build/Objects-normal/armv7k/OSLogViewer.abi.json /Users/admin/builder/spi-builder-workspace/.derivedData/Build/Products/Debug-watchos/OSLogViewer.swiftmodule/armv7k-apple-watchos.abi.json
Copy /Users/admin/builder/spi-builder-workspace/.derivedData/Build/Products/Debug-watchos/OSLogViewer.swiftmodule/arm64_32-apple-watchos.abi.json /Users/admin/builder/spi-builder-workspace/.derivedData/Build/Intermediates.noindex/OSLogViewer.build/Debug-watchos/OSLogViewer.build/Objects-normal/arm64_32/OSLogViewer.abi.json (in target 'OSLogViewer' from project 'OSLogViewer')
    cd /Users/admin/builder/spi-builder-workspace/.dependencies/checkouts/OSLogViewer
    builtin-copy -exclude .DS_Store -exclude CVS -exclude .svn -exclude .git -exclude .hg -resolve-src-symlinks -rename /Users/admin/builder/spi-builder-workspace/.derivedData/Build/Intermediates.noindex/OSLogViewer.build/Debug-watchos/OSLogViewer.build/Objects-normal/arm64_32/OSLogViewer.abi.json /Users/admin/builder/spi-builder-workspace/.derivedData/Build/Products/Debug-watchos/OSLogViewer.swiftmodule/arm64_32-apple-watchos.abi.json
SwiftDriver PreferenceKit normal arm64 com.apple.xcode.tools.swift.compiler (in target 'PreferenceKit' from project 'PreferenceKit')
    cd /Users/admin/builder/spi-builder-workspace/.swiftpm/xcode
    builtin-SwiftDriver -- /Applications/Xcode-16.3.0.app/Contents/Developer/Toolchains/XcodeDefault.xctoolchain/usr/bin/swiftc -module-name PreferenceKit -Onone -enforce-exclusivity\=checked @/Users/admin/builder/spi-builder-workspace/.derivedData/Build/Intermediates.noindex/PreferenceKit.build/Debug-watchos/PreferenceKit.build/Objects-normal/arm64/PreferenceKit.SwiftFileList -DSWIFT_PACKAGE -DDEBUG -DXcode -enable-upcoming-feature ApproachableConcurrency -plugin-path /Applications/Xcode-16.3.0.app/Contents/Developer/Toolchains/XcodeDefault.xctoolchain/usr/lib/swift/host/plugins/testing -enable-experimental-feature DebugDescriptionMacro -sdk /Applications/Xcode-16.3.0.app/Contents/Developer/Platforms/WatchOS.platform/Developer/SDKs/WatchOS11.4.sdk -target arm64-apple-watchos8.0 -g -module-cache-path /Users/admin/builder/spi-builder-workspace/.derivedData/ModuleCache.noindex -Xfrontend -serialize-debugging-options -profile-coverage-mapping -profile-generate -enable-testing -index-store-path /Users/admin/builder/spi-builder-workspace/.derivedData/Index.noindex/DataStore -swift-version 6 -I /Users/admin/builder/spi-builder-workspace/.derivedData/Build/Products/Debug-watchos -I /Applications/Xcode-16.3.0.app/Contents/Developer/Platforms/WatchOS.platform/Developer/usr/lib -F /Users/admin/builder/spi-builder-workspace/.derivedData/Build/Products/Debug-watchos/PackageFrameworks -F /Users/admin/builder/spi-builder-workspace/.derivedData/Build/Products/Debug-watchos -F /Applications/Xcode-16.3.0.app/Contents/Developer/Platforms/WatchOS.platform/Developer/Library/Frameworks -F /Applications/Xcode-16.3.0.app/Contents/Developer/Platforms/WatchOS.platform/Developer/SDKs/WatchOS11.4.sdk/Developer/Library/Frameworks -emit-localized-strings -emit-localized-strings-path /Users/admin/builder/spi-builder-workspace/.derivedData/Build/Intermediates.noindex/PreferenceKit.build/Debug-watchos/PreferenceKit.build/Objects-normal/arm64 -c -j10 -enable-batch-mode -incremental -Xcc -ivfsstatcache -Xcc /Users/admin/builder/spi-builder-workspace/.derivedData/SDKStatCaches.noindex/watchos11.4-22T246-43efb940ff07ba2497b70ec94253f576.sdkstatcache -output-file-map /Users/admin/builder/spi-builder-workspace/.derivedData/Build/Intermediates.noindex/PreferenceKit.build/Debug-watchos/PreferenceKit.build/Objects-normal/arm64/PreferenceKit-OutputFileMap.json -use-frontend-parseable-output -save-temps -no-color-diagnostics -serialize-diagnostics -emit-dependencies -emit-module -emit-module-path /Users/admin/builder/spi-builder-workspace/.derivedData/Build/Intermediates.noindex/PreferenceKit.build/Debug-watchos/PreferenceKit.build/Objects-normal/arm64/PreferenceKit.swiftmodule -validate-clang-modules-once -clang-build-session-file /Users/admin/builder/spi-builder-workspace/.derivedData/ModuleCache.noindex/Session.modulevalidation -package-name spi_builder_workspace -Xcc -I/Users/admin/builder/spi-builder-workspace/.derivedData/Build/Intermediates.noindex/PreferenceKit.build/Debug-watchos/PreferenceKit.build/swift-overrides.hmap -emit-const-values -Xfrontend -const-gather-protocols-file -Xfrontend /Users/admin/builder/spi-builder-workspace/.derivedData/Build/Intermediates.noindex/PreferenceKit.build/Debug-watchos/PreferenceKit.build/Objects-normal/arm64/PreferenceKit_const_extract_protocols.json -Xcc -I/Users/admin/builder/spi-builder-workspace/.derivedData/Build/Products/Debug-watchos/include -Xcc -I/Users/admin/builder/spi-builder-workspace/.derivedData/Build/Intermediates.noindex/PreferenceKit.build/Debug-watchos/PreferenceKit.build/DerivedSources-normal/arm64 -Xcc -I/Users/admin/builder/spi-builder-workspace/.derivedData/Build/Intermediates.noindex/PreferenceKit.build/Debug-watchos/PreferenceKit.build/DerivedSources/arm64 -Xcc -I/Users/admin/builder/spi-builder-workspace/.derivedData/Build/Intermediates.noindex/PreferenceKit.build/Debug-watchos/PreferenceKit.build/DerivedSources -Xcc -DSWIFT_PACKAGE -Xcc -DDEBUG\=1 -emit-objc-header -emit-objc-header-path /Users/admin/builder/spi-builder-workspace/.derivedData/Build/Intermediates.noindex/PreferenceKit.build/Debug-watchos/PreferenceKit.build/Objects-normal/arm64/PreferenceKit-Swift.h -working-directory /Users/admin/builder/spi-builder-workspace/.swiftpm/xcode -experimental-emit-module-separately -disable-cmo
SwiftDriver PreferenceKit normal armv7k com.apple.xcode.tools.swift.compiler (in target 'PreferenceKit' from project 'PreferenceKit')
    cd /Users/admin/builder/spi-builder-workspace/.swiftpm/xcode
    builtin-SwiftDriver -- /Applications/Xcode-16.3.0.app/Contents/Developer/Toolchains/XcodeDefault.xctoolchain/usr/bin/swiftc -module-name PreferenceKit -Onone -enforce-exclusivity\=checked @/Users/admin/builder/spi-builder-workspace/.derivedData/Build/Intermediates.noindex/PreferenceKit.build/Debug-watchos/PreferenceKit.build/Objects-normal/armv7k/PreferenceKit.SwiftFileList -DSWIFT_PACKAGE -DDEBUG -DXcode -enable-upcoming-feature ApproachableConcurrency -plugin-path /Applications/Xcode-16.3.0.app/Contents/Developer/Toolchains/XcodeDefault.xctoolchain/usr/lib/swift/host/plugins/testing -enable-experimental-feature DebugDescriptionMacro -sdk /Applications/Xcode-16.3.0.app/Contents/Developer/Platforms/WatchOS.platform/Developer/SDKs/WatchOS11.4.sdk -target armv7k-apple-watchos8.0 -g -module-cache-path /Users/admin/builder/spi-builder-workspace/.derivedData/ModuleCache.noindex -Xfrontend -serialize-debugging-options -profile-coverage-mapping -profile-generate -enable-testing -index-store-path /Users/admin/builder/spi-builder-workspace/.derivedData/Index.noindex/DataStore -swift-version 6 -I /Users/admin/builder/spi-builder-workspace/.derivedData/Build/Products/Debug-watchos -I /Applications/Xcode-16.3.0.app/Contents/Developer/Platforms/WatchOS.platform/Developer/usr/lib -F /Users/admin/builder/spi-builder-workspace/.derivedData/Build/Products/Debug-watchos/PackageFrameworks -F /Users/admin/builder/spi-builder-workspace/.derivedData/Build/Products/Debug-watchos -F /Applications/Xcode-16.3.0.app/Contents/Developer/Platforms/WatchOS.platform/Developer/Library/Frameworks -F /Applications/Xcode-16.3.0.app/Contents/Developer/Platforms/WatchOS.platform/Developer/SDKs/WatchOS11.4.sdk/Developer/Library/Frameworks -emit-localized-strings -emit-localized-strings-path /Users/admin/builder/spi-builder-workspace/.derivedData/Build/Intermediates.noindex/PreferenceKit.build/Debug-watchos/PreferenceKit.build/Objects-normal/armv7k -c -j10 -enable-batch-mode -incremental -Xcc -ivfsstatcache -Xcc /Users/admin/builder/spi-builder-workspace/.derivedData/SDKStatCaches.noindex/watchos11.4-22T246-43efb940ff07ba2497b70ec94253f576.sdkstatcache -output-file-map /Users/admin/builder/spi-builder-workspace/.derivedData/Build/Intermediates.noindex/PreferenceKit.build/Debug-watchos/PreferenceKit.build/Objects-normal/armv7k/PreferenceKit-OutputFileMap.json -use-frontend-parseable-output -save-temps -no-color-diagnostics -serialize-diagnostics -emit-dependencies -emit-module -emit-module-path /Users/admin/builder/spi-builder-workspace/.derivedData/Build/Intermediates.noindex/PreferenceKit.build/Debug-watchos/PreferenceKit.build/Objects-normal/armv7k/PreferenceKit.swiftmodule -validate-clang-modules-once -clang-build-session-file /Users/admin/builder/spi-builder-workspace/.derivedData/ModuleCache.noindex/Session.modulevalidation -package-name spi_builder_workspace -Xcc -I/Users/admin/builder/spi-builder-workspace/.derivedData/Build/Intermediates.noindex/PreferenceKit.build/Debug-watchos/PreferenceKit.build/swift-overrides.hmap -emit-const-values -Xfrontend -const-gather-protocols-file -Xfrontend /Users/admin/builder/spi-builder-workspace/.derivedData/Build/Intermediates.noindex/PreferenceKit.build/Debug-watchos/PreferenceKit.build/Objects-normal/armv7k/PreferenceKit_const_extract_protocols.json -Xcc -I/Users/admin/builder/spi-builder-workspace/.derivedData/Build/Products/Debug-watchos/include -Xcc -I/Users/admin/builder/spi-builder-workspace/.derivedData/Build/Intermediates.noindex/PreferenceKit.build/Debug-watchos/PreferenceKit.build/DerivedSources-normal/armv7k -Xcc -I/Users/admin/builder/spi-builder-workspace/.derivedData/Build/Intermediates.noindex/PreferenceKit.build/Debug-watchos/PreferenceKit.build/DerivedSources/armv7k -Xcc -I/Users/admin/builder/spi-builder-workspace/.derivedData/Build/Intermediates.noindex/PreferenceKit.build/Debug-watchos/PreferenceKit.build/DerivedSources -Xcc -DSWIFT_PACKAGE -Xcc -DDEBUG\=1 -emit-objc-header -emit-objc-header-path /Users/admin/builder/spi-builder-workspace/.derivedData/Build/Intermediates.noindex/PreferenceKit.build/Debug-watchos/PreferenceKit.build/Objects-normal/armv7k/PreferenceKit-Swift.h -working-directory /Users/admin/builder/spi-builder-workspace/.swiftpm/xcode -experimental-emit-module-separately -disable-cmo
SwiftDriver PreferenceKit normal arm64_32 com.apple.xcode.tools.swift.compiler (in target 'PreferenceKit' from project 'PreferenceKit')
    cd /Users/admin/builder/spi-builder-workspace/.swiftpm/xcode
    builtin-SwiftDriver -- /Applications/Xcode-16.3.0.app/Contents/Developer/Toolchains/XcodeDefault.xctoolchain/usr/bin/swiftc -module-name PreferenceKit -Onone -enforce-exclusivity\=checked @/Users/admin/builder/spi-builder-workspace/.derivedData/Build/Intermediates.noindex/PreferenceKit.build/Debug-watchos/PreferenceKit.build/Objects-normal/arm64_32/PreferenceKit.SwiftFileList -DSWIFT_PACKAGE -DDEBUG -DXcode -enable-upcoming-feature ApproachableConcurrency -plugin-path /Applications/Xcode-16.3.0.app/Contents/Developer/Toolchains/XcodeDefault.xctoolchain/usr/lib/swift/host/plugins/testing -enable-experimental-feature DebugDescriptionMacro -sdk /Applications/Xcode-16.3.0.app/Contents/Developer/Platforms/WatchOS.platform/Developer/SDKs/WatchOS11.4.sdk -target arm64_32-apple-watchos8.0 -g -module-cache-path /Users/admin/builder/spi-builder-workspace/.derivedData/ModuleCache.noindex -Xfrontend -serialize-debugging-options -profile-coverage-mapping -profile-generate -enable-testing -index-store-path /Users/admin/builder/spi-builder-workspace/.derivedData/Index.noindex/DataStore -swift-version 6 -I /Users/admin/builder/spi-builder-workspace/.derivedData/Build/Products/Debug-watchos -I /Applications/Xcode-16.3.0.app/Contents/Developer/Platforms/WatchOS.platform/Developer/usr/lib -F /Users/admin/builder/spi-builder-workspace/.derivedData/Build/Products/Debug-watchos/PackageFrameworks -F /Users/admin/builder/spi-builder-workspace/.derivedData/Build/Products/Debug-watchos -F /Applications/Xcode-16.3.0.app/Contents/Developer/Platforms/WatchOS.platform/Developer/Library/Frameworks -F /Applications/Xcode-16.3.0.app/Contents/Developer/Platforms/WatchOS.platform/Developer/SDKs/WatchOS11.4.sdk/Developer/Library/Frameworks -emit-localized-strings -emit-localized-strings-path /Users/admin/builder/spi-builder-workspace/.derivedData/Build/Intermediates.noindex/PreferenceKit.build/Debug-watchos/PreferenceKit.build/Objects-normal/arm64_32 -c -j10 -enable-batch-mode -incremental -Xcc -ivfsstatcache -Xcc /Users/admin/builder/spi-builder-workspace/.derivedData/SDKStatCaches.noindex/watchos11.4-22T246-43efb940ff07ba2497b70ec94253f576.sdkstatcache -output-file-map /Users/admin/builder/spi-builder-workspace/.derivedData/Build/Intermediates.noindex/PreferenceKit.build/Debug-watchos/PreferenceKit.build/Objects-normal/arm64_32/PreferenceKit-OutputFileMap.json -use-frontend-parseable-output -save-temps -no-color-diagnostics -serialize-diagnostics -emit-dependencies -emit-module -emit-module-path /Users/admin/builder/spi-builder-workspace/.derivedData/Build/Intermediates.noindex/PreferenceKit.build/Debug-watchos/PreferenceKit.build/Objects-normal/arm64_32/PreferenceKit.swiftmodule -validate-clang-modules-once -clang-build-session-file /Users/admin/builder/spi-builder-workspace/.derivedData/ModuleCache.noindex/Session.modulevalidation -package-name spi_builder_workspace -Xcc -I/Users/admin/builder/spi-builder-workspace/.derivedData/Build/Intermediates.noindex/PreferenceKit.build/Debug-watchos/PreferenceKit.build/swift-overrides.hmap -emit-const-values -Xfrontend -const-gather-protocols-file -Xfrontend /Users/admin/builder/spi-builder-workspace/.derivedData/Build/Intermediates.noindex/PreferenceKit.build/Debug-watchos/PreferenceKit.build/Objects-normal/arm64_32/PreferenceKit_const_extract_protocols.json -Xcc -I/Users/admin/builder/spi-builder-workspace/.derivedData/Build/Products/Debug-watchos/include -Xcc -I/Users/admin/builder/spi-builder-workspace/.derivedData/Build/Intermediates.noindex/PreferenceKit.build/Debug-watchos/PreferenceKit.build/DerivedSources-normal/arm64_32 -Xcc -I/Users/admin/builder/spi-builder-workspace/.derivedData/Build/Intermediates.noindex/PreferenceKit.build/Debug-watchos/PreferenceKit.build/DerivedSources/arm64_32 -Xcc -I/Users/admin/builder/spi-builder-workspace/.derivedData/Build/Intermediates.noindex/PreferenceKit.build/Debug-watchos/PreferenceKit.build/DerivedSources -Xcc -DSWIFT_PACKAGE -Xcc -DDEBUG\=1 -emit-objc-header -emit-objc-header-path /Users/admin/builder/spi-builder-workspace/.derivedData/Build/Intermediates.noindex/PreferenceKit.build/Debug-watchos/PreferenceKit.build/Objects-normal/arm64_32/PreferenceKit-Swift.h -working-directory /Users/admin/builder/spi-builder-workspace/.swiftpm/xcode -experimental-emit-module-separately -disable-cmo
SwiftCompile normal arm64 Compiling\ PlatformTypes.swift,\ PlatformViewRepresentable.swift,\ PreferenceKitPrivacyAuthorizationStatus.swift /Users/admin/builder/spi-builder-workspace/Sources/PreferenceKit/Helpers/PlatformTypes.swift /Users/admin/builder/spi-builder-workspace/Sources/PreferenceKit/Helpers/PlatformViewRepresentable.swift /Users/admin/builder/spi-builder-workspace/Sources/PreferenceKit/Helpers/PreferenceKitPrivacyAuthorizationStatus.swift (in target 'PreferenceKit' from project 'PreferenceKit')
SwiftCompile normal arm64 /Users/admin/builder/spi-builder-workspace/Sources/PreferenceKit/Helpers/PlatformTypes.swift (in target 'PreferenceKit' from project 'PreferenceKit')
    cd /Users/admin/builder/spi-builder-workspace/.swiftpm/xcode

SwiftCompile normal arm64 /Users/admin/builder/spi-builder-workspace/Sources/PreferenceKit/Helpers/PlatformViewRepresentable.swift (in target 'PreferenceKit' from project 'PreferenceKit')
    cd /Users/admin/builder/spi-builder-workspace/.swiftpm/xcode

SwiftCompile normal arm64 /Users/admin/builder/spi-builder-workspace/Sources/PreferenceKit/Helpers/PreferenceKitPrivacyAuthorizationStatus.swift (in target 'PreferenceKit' from project 'PreferenceKit')
    cd /Users/admin/builder/spi-builder-workspace/.swiftpm/xcode

SwiftEmitModule normal arm64 Emitting\ module\ for\ PreferenceKit (in target 'PreferenceKit' from project 'PreferenceKit')
EmitSwiftModule normal arm64 (in target 'PreferenceKit' from project 'PreferenceKit')
    cd /Users/admin/builder/spi-builder-workspace/.swiftpm/xcode

SwiftCompile normal arm64 Compiling\ Acknowledgement.swift,\ ChangeLogEntry.swift,\ SocialMediaLink.swift /Users/admin/builder/spi-builder-workspace/Sources/PreferenceKit/Structs/Acknowledgement.swift /Users/admin/builder/spi-builder-workspace/Sources/PreferenceKit/Structs/ChangeLogEntry.swift /Users/admin/builder/spi-builder-workspace/Sources/PreferenceKit/Structs/SocialMediaLink.swift (in target 'PreferenceKit' from project 'PreferenceKit')
SwiftCompile normal arm64 /Users/admin/builder/spi-builder-workspace/Sources/PreferenceKit/Structs/Acknowledgement.swift (in target 'PreferenceKit' from project 'PreferenceKit')
    cd /Users/admin/builder/spi-builder-workspace/.swiftpm/xcode

SwiftCompile normal arm64 /Users/admin/builder/spi-builder-workspace/Sources/PreferenceKit/Structs/ChangeLogEntry.swift (in target 'PreferenceKit' from project 'PreferenceKit')
    cd /Users/admin/builder/spi-builder-workspace/.swiftpm/xcode

SwiftCompile normal arm64 /Users/admin/builder/spi-builder-workspace/Sources/PreferenceKit/Structs/SocialMediaLink.swift (in target 'PreferenceKit' from project 'PreferenceKit')
    cd /Users/admin/builder/spi-builder-workspace/.swiftpm/xcode

SwiftCompile normal arm64 Compiling\ WebView.swift,\ listBackground.swift,\ openURL.swift /Users/admin/builder/spi-builder-workspace/Sources/PreferenceKit/Helpers/WebView.swift /Users/admin/builder/spi-builder-workspace/Sources/PreferenceKit/Helpers/listBackground.swift /Users/admin/builder/spi-builder-workspace/Sources/PreferenceKit/Helpers/openURL.swift (in target 'PreferenceKit' from project 'PreferenceKit')
SwiftCompile normal arm64 /Users/admin/builder/spi-builder-workspace/Sources/PreferenceKit/Helpers/WebView.swift (in target 'PreferenceKit' from project 'PreferenceKit')
    cd /Users/admin/builder/spi-builder-workspace/.swiftpm/xcode

SwiftCompile normal arm64 /Users/admin/builder/spi-builder-workspace/Sources/PreferenceKit/Helpers/listBackground.swift (in target 'PreferenceKit' from project 'PreferenceKit')
    cd /Users/admin/builder/spi-builder-workspace/.swiftpm/xcode

SwiftCompile normal arm64 /Users/admin/builder/spi-builder-workspace/Sources/PreferenceKit/Helpers/openURL.swift (in target 'PreferenceKit' from project 'PreferenceKit')
    cd /Users/admin/builder/spi-builder-workspace/.swiftpm/xcode

SwiftEmitModule normal arm64_32 Emitting\ module\ for\ PreferenceKit (in target 'PreferenceKit' from project 'PreferenceKit')
EmitSwiftModule normal arm64_32 (in target 'PreferenceKit' from project 'PreferenceKit')
    cd /Users/admin/builder/spi-builder-workspace/.swiftpm/xcode

SwiftDriverJobDiscovery normal armv7k Compiling OSLogViewer.Colors.swift (in target 'OSLogViewer' from project 'OSLogViewer')
SwiftEmitModule normal armv7k Emitting\ module\ for\ PreferenceKit (in target 'PreferenceKit' from project 'PreferenceKit')
EmitSwiftModule normal armv7k (in target 'PreferenceKit' from project 'PreferenceKit')
    cd /Users/admin/builder/spi-builder-workspace/.swiftpm/xcode

SwiftDriverJobDiscovery normal armv7k Compiling OSLogExtractor.swift (in target 'OSLogViewer' from project 'OSLogViewer')
SwiftCompile normal arm64_32 Compiling\ resource_bundle_accessor.swift,\ Date+.swift,\ Device.swift /Users/admin/builder/spi-builder-workspace/.derivedData/Build/Intermediates.noindex/PreferenceKit.build/Debug-watchos/PreferenceKit.build/DerivedSources/resource_bundle_accessor.swift /Users/admin/builder/spi-builder-workspace/Sources/PreferenceKit/Helpers/Date+.swift /Users/admin/builder/spi-builder-workspace/Sources/PreferenceKit/Helpers/Device.swift (in target 'PreferenceKit' from project 'PreferenceKit')
SwiftCompile normal arm64_32 /Users/admin/builder/spi-builder-workspace/.derivedData/Build/Intermediates.noindex/PreferenceKit.build/Debug-watchos/PreferenceKit.build/DerivedSources/resource_bundle_accessor.swift (in target 'PreferenceKit' from project 'PreferenceKit')
    cd /Users/admin/builder/spi-builder-workspace/.swiftpm/xcode

SwiftCompile normal arm64_32 /Users/admin/builder/spi-builder-workspace/Sources/PreferenceKit/Helpers/Date+.swift (in target 'PreferenceKit' from project 'PreferenceKit')
    cd /Users/admin/builder/spi-builder-workspace/.swiftpm/xcode

SwiftCompile normal arm64_32 /Users/admin/builder/spi-builder-workspace/Sources/PreferenceKit/Helpers/Device.swift (in target 'PreferenceKit' from project 'PreferenceKit')
    cd /Users/admin/builder/spi-builder-workspace/.swiftpm/xcode

SwiftDriverJobDiscovery normal armv7k Compiling OSLogRecord.swift (in target 'OSLogViewer' from project 'OSLogViewer')
SwiftCompile normal armv7k Compiling\ PlatformTypes.swift,\ PlatformViewRepresentable.swift,\ PreferenceKitPrivacyAuthorizationStatus.swift /Users/admin/builder/spi-builder-workspace/Sources/PreferenceKit/Helpers/PlatformTypes.swift /Users/admin/builder/spi-builder-workspace/Sources/PreferenceKit/Helpers/PlatformViewRepresentable.swift /Users/admin/builder/spi-builder-workspace/Sources/PreferenceKit/Helpers/PreferenceKitPrivacyAuthorizationStatus.swift (in target 'PreferenceKit' from project 'PreferenceKit')
SwiftCompile normal armv7k /Users/admin/builder/spi-builder-workspace/Sources/PreferenceKit/Helpers/PlatformTypes.swift (in target 'PreferenceKit' from project 'PreferenceKit')
    cd /Users/admin/builder/spi-builder-workspace/.swiftpm/xcode

SwiftCompile normal armv7k /Users/admin/builder/spi-builder-workspace/Sources/PreferenceKit/Helpers/PlatformViewRepresentable.swift (in target 'PreferenceKit' from project 'PreferenceKit')
    cd /Users/admin/builder/spi-builder-workspace/.swiftpm/xcode

SwiftCompile normal armv7k /Users/admin/builder/spi-builder-workspace/Sources/PreferenceKit/Helpers/PreferenceKitPrivacyAuthorizationStatus.swift (in target 'PreferenceKit' from project 'PreferenceKit')
    cd /Users/admin/builder/spi-builder-workspace/.swiftpm/xcode

SwiftDriverJobDiscovery normal armv7k Compiling resource_bundle_accessor.swift (in target 'OSLogViewer' from project 'OSLogViewer')
SwiftCompile normal armv7k Compiling\ WebView.swift,\ listBackground.swift,\ openURL.swift /Users/admin/builder/spi-builder-workspace/Sources/PreferenceKit/Helpers/WebView.swift /Users/admin/builder/spi-builder-workspace/Sources/PreferenceKit/Helpers/listBackground.swift /Users/admin/builder/spi-builder-workspace/Sources/PreferenceKit/Helpers/openURL.swift (in target 'PreferenceKit' from project 'PreferenceKit')
SwiftCompile normal armv7k /Users/admin/builder/spi-builder-workspace/Sources/PreferenceKit/Helpers/WebView.swift (in target 'PreferenceKit' from project 'PreferenceKit')
    cd /Users/admin/builder/spi-builder-workspace/.swiftpm/xcode

SwiftCompile normal armv7k /Users/admin/builder/spi-builder-workspace/Sources/PreferenceKit/Helpers/listBackground.swift (in target 'PreferenceKit' from project 'PreferenceKit')
    cd /Users/admin/builder/spi-builder-workspace/.swiftpm/xcode

SwiftCompile normal armv7k /Users/admin/builder/spi-builder-workspace/Sources/PreferenceKit/Helpers/openURL.swift (in target 'PreferenceKit' from project 'PreferenceKit')
    cd /Users/admin/builder/spi-builder-workspace/.swiftpm/xcode

SwiftDriverJobDiscovery normal armv7k Compiling OSLogArchive.swift (in target 'OSLogViewer' from project 'OSLogViewer')
SwiftCompile normal arm64_32 Compiling\ Acknowledgement.swift,\ ChangeLogEntry.swift,\ SocialMediaLink.swift /Users/admin/builder/spi-builder-workspace/Sources/PreferenceKit/Structs/Acknowledgement.swift /Users/admin/builder/spi-builder-workspace/Sources/PreferenceKit/Structs/ChangeLogEntry.swift /Users/admin/builder/spi-builder-workspace/Sources/PreferenceKit/Structs/SocialMediaLink.swift (in target 'PreferenceKit' from project 'PreferenceKit')
SwiftCompile normal arm64_32 /Users/admin/builder/spi-builder-workspace/Sources/PreferenceKit/Structs/Acknowledgement.swift (in target 'PreferenceKit' from project 'PreferenceKit')
    cd /Users/admin/builder/spi-builder-workspace/.swiftpm/xcode

SwiftCompile normal arm64_32 /Users/admin/builder/spi-builder-workspace/Sources/PreferenceKit/Structs/ChangeLogEntry.swift (in target 'PreferenceKit' from project 'PreferenceKit')
    cd /Users/admin/builder/spi-builder-workspace/.swiftpm/xcode

SwiftCompile normal arm64_32 /Users/admin/builder/spi-builder-workspace/Sources/PreferenceKit/Structs/SocialMediaLink.swift (in target 'PreferenceKit' from project 'PreferenceKit')
    cd /Users/admin/builder/spi-builder-workspace/.swiftpm/xcode

SwiftDriverJobDiscovery normal armv7k Compiling OSLogViewer.swift (in target 'OSLogViewer' from project 'OSLogViewer')
SwiftCompile normal arm64_32 Compiling\ AcknowledgementView.swift,\ ChangeLogView.swift,\ PreferenceKit.swift /Users/admin/builder/spi-builder-workspace/Sources/PreferenceKit/Views/AcknowledgementView.swift /Users/admin/builder/spi-builder-workspace/Sources/PreferenceKit/Views/ChangeLogView.swift /Users/admin/builder/spi-builder-workspace/Sources/PreferenceKit/Views/PreferenceKit.swift (in target 'PreferenceKit' from project 'PreferenceKit')
SwiftCompile normal arm64_32 /Users/admin/builder/spi-builder-workspace/Sources/PreferenceKit/Views/AcknowledgementView.swift (in target 'PreferenceKit' from project 'PreferenceKit')
    cd /Users/admin/builder/spi-builder-workspace/.swiftpm/xcode

SwiftCompile normal arm64_32 /Users/admin/builder/spi-builder-workspace/Sources/PreferenceKit/Views/ChangeLogView.swift (in target 'PreferenceKit' from project 'PreferenceKit')
    cd /Users/admin/builder/spi-builder-workspace/.swiftpm/xcode

SwiftCompile normal arm64_32 /Users/admin/builder/spi-builder-workspace/Sources/PreferenceKit/Views/PreferenceKit.swift (in target 'PreferenceKit' from project 'PreferenceKit')
    cd /Users/admin/builder/spi-builder-workspace/.swiftpm/xcode

SwiftDriverJobDiscovery normal arm64_32 Compiling resource_bundle_accessor.swift, Date+.swift, Device.swift (in target 'PreferenceKit' from project 'PreferenceKit')
SwiftCompile normal armv7k Compiling\ PreferenceKitApplicationInfoSection.swift,\ PreferenceKitDeveloperSection.swift,\ PreferenceKitFooterSection.swift /Users/admin/builder/spi-builder-workspace/Sources/PreferenceKit/Views/PreferenceKitApplicationInfoSection.swift /Users/admin/builder/spi-builder-workspace/Sources/PreferenceKit/Views/PreferenceKitDeveloperSection.swift /Users/admin/builder/spi-builder-workspace/Sources/PreferenceKit/Views/PreferenceKitFooterSection.swift (in target 'PreferenceKit' from project 'PreferenceKit')
Failed frontend command:
/Applications/Xcode-16.3.0.app/Contents/Developer/Toolchains/XcodeDefault.xctoolchain/usr/bin/swift-frontend -frontend -c /Users/admin/builder/spi-builder-workspace/.derivedData/Build/Intermediates.noindex/PreferenceKit.build/Debug-watchos/PreferenceKit.build/DerivedSources/resource_bundle_accessor.swift /Users/admin/builder/spi-builder-workspace/Sources/PreferenceKit/Helpers/Date+.swift /Users/admin/builder/spi-builder-workspace/Sources/PreferenceKit/Helpers/Device.swift /Users/admin/builder/spi-builder-workspace/Sources/PreferenceKit/Helpers/ListButtonStyle.swift /Users/admin/builder/spi-builder-workspace/Sources/PreferenceKit/Helpers/MailView.swift /Users/admin/builder/spi-builder-workspace/Sources/PreferenceKit/Helpers/PKAppInfo.swift /Users/admin/builder/spi-builder-workspace/Sources/PreferenceKit/Helpers/PlatformTypes.swift /Users/admin/builder/spi-builder-workspace/Sources/PreferenceKit/Helpers/PlatformViewRepresentable.swift /Users/admin/builder/spi-builder-workspace/Sources/PreferenceKit/Helpers/PreferenceKitPrivacyAuthorizationStatus.swift /Users/admin/builder/spi-builder-workspace/Sources/PreferenceKit/Helpers/PreferenceKitPrivacyPermission.swift /Users/admin/builder/spi-builder-workspace/Sources/PreferenceKit/Helpers/String+LocalizedStringKey.swift /Users/admin/builder/spi-builder-workspace/Sources/PreferenceKit/Helpers/String+slugified.swift /Users/admin/builder/spi-builder-workspace/Sources/PreferenceKit/Helpers/WebView.swift /Users/admin/builder/spi-builder-workspace/Sources/PreferenceKit/Helpers/listBackground.swift /Users/admin/builder/spi-builder-workspace/Sources/PreferenceKit/Helpers/openURL.swift /Users/admin/builder/spi-builder-workspace/Sources/PreferenceKit/Structs/Acknowledgement.swift /Users/admin/builder/spi-builder-workspace/Sources/PreferenceKit/Structs/ChangeLogEntry.swift /Users/admin/builder/spi-builder-workspace/Sources/PreferenceKit/Structs/SocialMediaLink.swift /Users/admin/builder/spi-builder-workspace/Sources/PreferenceKit/Views/AcknowledgementView.swift /Users/admin/builder/spi-builder-workspace/Sources/PreferenceKit/Views/ChangeLogView.swift /Users/admin/builder/spi-builder-workspace/Sources/PreferenceKit/Views/PreferenceKit.swift -primary-file /Users/admin/builder/spi-builder-workspace/Sources/PreferenceKit/Views/PreferenceKitApplicationInfoSection.swift -primary-file /Users/admin/builder/spi-builder-workspace/Sources/PreferenceKit/Views/PreferenceKitDeveloperSection.swift -primary-file /Users/admin/builder/spi-builder-workspace/Sources/PreferenceKit/Views/PreferenceKitFooterSection.swift /Users/admin/builder/spi-builder-workspace/Sources/PreferenceKit/Views/PreferenceKitHeaderSection.swift /Users/admin/builder/spi-builder-workspace/Sources/PreferenceKit/Views/PreferenceKitPrivacyViews.swift /Users/admin/builder/spi-builder-workspace/Sources/PreferenceKit/Views/PreferenceKitUpdateSection.swift /Users/admin/builder/spi-builder-workspace/Sources/PreferenceKit/Views/WebViewer.swift /Users/admin/builder/spi-builder-workspace/.derivedData/Build/Intermediates.noindex/PreferenceKit.build/Debug-watchos/PreferenceKit.build/DerivedSources/GeneratedAssetSymbols.swift -supplementary-output-file-map /Users/admin/builder/spi-builder-workspace/.derivedData/Build/Intermediates.noindex/PreferenceKit.build/Debug-watchos/PreferenceKit.build/Objects-normal/armv7k/supplementaryOutputs-19 -emit-localized-strings -emit-localized-strings-path /Users/admin/builder/spi-builder-workspace/.derivedData/Build/Intermediates.noindex/PreferenceKit.build/Debug-watchos/PreferenceKit.build/Objects-normal/armv7k -target armv7k-apple-watchos8.0 -enable-objc-interop -stack-check -sdk /Applications/Xcode-16.3.0.app/Contents/Developer/Platforms/WatchOS.platform/Developer/SDKs/WatchOS11.4.sdk -I /Users/admin/builder/spi-builder-workspace/.derivedData/Build/Products/Debug-watchos -I /Applications/Xcode-16.3.0.app/Contents/Developer/Platforms/WatchOS.platform/Developer/usr/lib -F /Users/admin/builder/spi-builder-workspace/.derivedData/Build/Products/Debug-watchos/PackageFrameworks -F /Users/admin/builder/spi-builder-workspace/.derivedData/Build/Products/Debug-watchos -F /Applications/Xcode-16.3.0.app/Contents/Developer/Platforms/WatchOS.platform/Developer/Library/Frameworks -F /Applications/Xcode-16.3.0.app/Contents/Developer/Platforms/WatchOS.platform/Developer/SDKs/WatchOS11.4.sdk/Developer/Library/Frameworks -no-color-diagnostics -enable-testing -g -debug-info-format\=dwarf -dwarf-version\=4 -module-cache-path /Users/admin/builder/spi-builder-workspace/.derivedData/ModuleCache.noindex -profile-generate -profile-coverage-mapping -swift-version 6 -enforce-exclusivity\=checked -Onone -D SWIFT_PACKAGE -D DEBUG -D Xcode -serialize-debugging-options -const-gather-protocols-file /Users/admin/builder/spi-builder-workspace/.derivedData/Build/Intermediates.noindex/PreferenceKit.build/Debug-watchos/PreferenceKit.build/Objects-normal/armv7k/PreferenceKit_const_extract_protocols.json -enable-upcoming-feature ApproachableConcurrency -enable-experimental-feature DebugDescriptionMacro -empty-abi-descriptor -plugin-path /Applications/Xcode-16.3.0.app/Contents/Developer/Toolchains/XcodeDefault.xctoolchain/usr/lib/swift/host/plugins/testing -validate-clang-modules-once -clang-build-session-file /Users/admin/builder/spi-builder-workspace/.derivedData/ModuleCache.noindex/Session.modulevalidation -Xcc -working-directory -Xcc /Users/admin/builder/spi-builder-workspace/.swiftpm/xcode -resource-dir /Applications/Xcode-16.3.0.app/Contents/Developer/Toolchains/XcodeDefault.xctoolchain/usr/lib/swift -enable-anonymous-context-mangled-names -file-compilation-dir /Users/admin/builder/spi-builder-workspace/.swiftpm/xcode -Xcc -ivfsstatcache -Xcc /Users/admin/builder/spi-builder-workspace/.derivedData/SDKStatCaches.noindex/watchos11.4-22T246-43efb940ff07ba2497b70ec94253f576.sdkstatcache -Xcc -I/Users/admin/builder/spi-builder-workspace/.derivedData/Build/Intermediates.noindex/PreferenceKit.build/Debug-watchos/PreferenceKit.build/swift-overrides.hmap -Xcc -I/Users/admin/builder/spi-builder-workspace/.derivedData/Build/Products/Debug-watchos/include -Xcc -I/Users/admin/builder/spi-builder-workspace/.derivedData/Build/Intermediates.noindex/PreferenceKit.build/Debug-watchos/PreferenceKit.build/DerivedSources-normal/armv7k -Xcc -I/Users/admin/builder/spi-builder-workspace/.derivedData/Build/Intermediates.noindex/PreferenceKit.build/Debug-watchos/PreferenceKit.build/DerivedSources/armv7k -Xcc -I/Users/admin/builder/spi-builder-workspace/.derivedData/Build/Intermediates.noindex/PreferenceKit.build/Debug-watchos/PreferenceKit.build/DerivedSources -Xcc -DSWIFT_PACKAGE -Xcc -DDEBUG\=1 -module-name PreferenceKit -package-name spi_builder_workspace -frontend-parseable-output -disable-clang-spi -target-sdk-version 11.4 -target-sdk-name watchos11.4 -external-plugin-path /Applications/Xcode-16.3.0.app/Contents/Developer/Platforms/WatchOS.platform/Developer/usr/lib/swift/host/plugins\#/Applications/Xcode-16.3.0.app/Contents/Developer/Platforms/WatchOS.platform/Developer/usr/bin/swift-plugin-server -external-plugin-path /Applications/Xcode-16.3.0.app/Contents/Developer/Platforms/WatchOS.platform/Developer/usr/local/lib/swift/host/plugins\#/Applications/Xcode-16.3.0.app/Contents/Developer/Platforms/WatchOS.platform/Developer/usr/bin/swift-plugin-server -in-process-plugin-server-path /Applications/Xcode-16.3.0.app/Contents/Developer/Toolchains/XcodeDefault.xctoolchain/usr/lib/swift/host/libSwiftInProcPluginServer.dylib -plugin-path /Applications/Xcode-16.3.0.app/Contents/Developer/Toolchains/XcodeDefault.xctoolchain/usr/lib/swift/host/plugins -plugin-path /Applications/Xcode-16.3.0.app/Contents/Developer/Toolchains/XcodeDefault.xctoolchain/usr/local/lib/swift/host/plugins -o /Users/admin/builder/spi-builder-workspace/.derivedData/Build/Intermediates.noindex/PreferenceKit.build/Debug-watchos/PreferenceKit.build/Objects-normal/armv7k/PreferenceKitApplicationInfoSection.o -o /Users/admin/builder/spi-builder-workspace/.derivedData/Build/Intermediates.noindex/PreferenceKit.build/Debug-watchos/PreferenceKit.build/Objects-normal/armv7k/PreferenceKitDeveloperSection.o -o /Users/admin/builder/spi-builder-workspace/.derivedData/Build/Intermediates.noindex/PreferenceKit.build/Debug-watchos/PreferenceKit.build/Objects-normal/armv7k/PreferenceKitFooterSection.o -index-unit-output-path /PreferenceKit.build/Debug-watchos/PreferenceKit.build/Objects-normal/armv7k/PreferenceKitApplicationInfoSection.o -index-unit-output-path /PreferenceKit.build/Debug-watchos/PreferenceKit.build/Objects-normal/armv7k/PreferenceKitDeveloperSection.o -index-unit-output-path /PreferenceKit.build/Debug-watchos/PreferenceKit.build/Objects-normal/armv7k/PreferenceKitFooterSection.o -index-store-path /Users/admin/builder/spi-builder-workspace/.derivedData/Index.noindex/DataStore -index-system-modules
SwiftCompile normal armv7k /Users/admin/builder/spi-builder-workspace/Sources/PreferenceKit/Views/PreferenceKitApplicationInfoSection.swift (in target 'PreferenceKit' from project 'PreferenceKit')
    cd /Users/admin/builder/spi-builder-workspace/.swiftpm/xcode

/Users/admin/builder/spi-builder-workspace/Sources/PreferenceKit/Views/PreferenceKitApplicationInfoSection.swift:151:34: error: 'controlSize' is only available in watchOS 9.0 or newer
                                .controlSize(.small)
                                 ^
/Users/admin/builder/spi-builder-workspace/Sources/PreferenceKit/Views/PreferenceKitApplicationInfoSection.swift:151:34: note: add 'if #available' version check
                                .controlSize(.small)
                                 ^
/Users/admin/builder/spi-builder-workspace/Sources/PreferenceKit/Views/PreferenceKitApplicationInfoSection.swift:75:9: note: add @available attribute to enclosing property
    var body: some View {
        ^
/Users/admin/builder/spi-builder-workspace/Sources/PreferenceKit/Views/PreferenceKitApplicationInfoSection.swift:19:8: note: add @available attribute to enclosing generic struct
struct PreferenceKitApplicationInfoSection<PrivacyContent: View>: View {
       ^
SwiftCompile normal armv7k /Users/admin/builder/spi-builder-workspace/Sources/PreferenceKit/Views/PreferenceKitDeveloperSection.swift (in target 'PreferenceKit' from project 'PreferenceKit')
    cd /Users/admin/builder/spi-builder-workspace/.swiftpm/xcode

SwiftCompile normal armv7k /Users/admin/builder/spi-builder-workspace/Sources/PreferenceKit/Views/PreferenceKitFooterSection.swift (in target 'PreferenceKit' from project 'PreferenceKit')
    cd /Users/admin/builder/spi-builder-workspace/.swiftpm/xcode

SwiftDriverJobDiscovery normal armv7k Compiling WebView.swift, listBackground.swift, openURL.swift (in target 'PreferenceKit' from project 'PreferenceKit')
SwiftCompile normal arm64 Compiling\ AcknowledgementView.swift,\ ChangeLogView.swift,\ PreferenceKit.swift /Users/admin/builder/spi-builder-workspace/Sources/PreferenceKit/Views/AcknowledgementView.swift /Users/admin/builder/spi-builder-workspace/Sources/PreferenceKit/Views/ChangeLogView.swift /Users/admin/builder/spi-builder-workspace/Sources/PreferenceKit/Views/PreferenceKit.swift (in target 'PreferenceKit' from project 'PreferenceKit')
SwiftCompile normal arm64 /Users/admin/builder/spi-builder-workspace/Sources/PreferenceKit/Views/AcknowledgementView.swift (in target 'PreferenceKit' from project 'PreferenceKit')
    cd /Users/admin/builder/spi-builder-workspace/.swiftpm/xcode

SwiftCompile normal arm64 /Users/admin/builder/spi-builder-workspace/Sources/PreferenceKit/Views/ChangeLogView.swift (in target 'PreferenceKit' from project 'PreferenceKit')
    cd /Users/admin/builder/spi-builder-workspace/.swiftpm/xcode

SwiftCompile normal arm64 /Users/admin/builder/spi-builder-workspace/Sources/PreferenceKit/Views/PreferenceKit.swift (in target 'PreferenceKit' from project 'PreferenceKit')
    cd /Users/admin/builder/spi-builder-workspace/.swiftpm/xcode

SwiftDriverJobDiscovery normal armv7k Compiling PlatformTypes.swift, PlatformViewRepresentable.swift, PreferenceKitPrivacyAuthorizationStatus.swift (in target 'PreferenceKit' from project 'PreferenceKit')
SwiftCompile normal arm64_32 Compiling\ PreferenceKitHeaderSection.swift,\ PreferenceKitPrivacyViews.swift,\ PreferenceKitUpdateSection.swift /Users/admin/builder/spi-builder-workspace/Sources/PreferenceKit/Views/PreferenceKitHeaderSection.swift /Users/admin/builder/spi-builder-workspace/Sources/PreferenceKit/Views/PreferenceKitPrivacyViews.swift /Users/admin/builder/spi-builder-workspace/Sources/PreferenceKit/Views/PreferenceKitUpdateSection.swift (in target 'PreferenceKit' from project 'PreferenceKit')
SwiftCompile normal arm64_32 /Users/admin/builder/spi-builder-workspace/Sources/PreferenceKit/Views/PreferenceKitHeaderSection.swift (in target 'PreferenceKit' from project 'PreferenceKit')
    cd /Users/admin/builder/spi-builder-workspace/.swiftpm/xcode

SwiftCompile normal arm64_32 /Users/admin/builder/spi-builder-workspace/Sources/PreferenceKit/Views/PreferenceKitPrivacyViews.swift (in target 'PreferenceKit' from project 'PreferenceKit')
    cd /Users/admin/builder/spi-builder-workspace/.swiftpm/xcode

SwiftCompile normal arm64_32 /Users/admin/builder/spi-builder-workspace/Sources/PreferenceKit/Views/PreferenceKitUpdateSection.swift (in target 'PreferenceKit' from project 'PreferenceKit')
    cd /Users/admin/builder/spi-builder-workspace/.swiftpm/xcode

SwiftDriverJobDiscovery normal arm64_32 Compiling Acknowledgement.swift, ChangeLogEntry.swift, SocialMediaLink.swift (in target 'PreferenceKit' from project 'PreferenceKit')
SwiftCompile normal armv7k Compiling\ Acknowledgement.swift,\ ChangeLogEntry.swift,\ SocialMediaLink.swift /Users/admin/builder/spi-builder-workspace/Sources/PreferenceKit/Structs/Acknowledgement.swift /Users/admin/builder/spi-builder-workspace/Sources/PreferenceKit/Structs/ChangeLogEntry.swift /Users/admin/builder/spi-builder-workspace/Sources/PreferenceKit/Structs/SocialMediaLink.swift (in target 'PreferenceKit' from project 'PreferenceKit')
SwiftCompile normal armv7k /Users/admin/builder/spi-builder-workspace/Sources/PreferenceKit/Structs/Acknowledgement.swift (in target 'PreferenceKit' from project 'PreferenceKit')
    cd /Users/admin/builder/spi-builder-workspace/.swiftpm/xcode

SwiftCompile normal armv7k /Users/admin/builder/spi-builder-workspace/Sources/PreferenceKit/Structs/ChangeLogEntry.swift (in target 'PreferenceKit' from project 'PreferenceKit')
    cd /Users/admin/builder/spi-builder-workspace/.swiftpm/xcode

SwiftCompile normal armv7k /Users/admin/builder/spi-builder-workspace/Sources/PreferenceKit/Structs/SocialMediaLink.swift (in target 'PreferenceKit' from project 'PreferenceKit')
    cd /Users/admin/builder/spi-builder-workspace/.swiftpm/xcode

SwiftDriverJobDiscovery normal arm64_32 Emitting module for PreferenceKit (in target 'PreferenceKit' from project 'PreferenceKit')
SwiftDriver\ Compilation\ Requirements PreferenceKit normal arm64_32 com.apple.xcode.tools.swift.compiler (in target 'PreferenceKit' from project 'PreferenceKit')
    cd /Users/admin/builder/spi-builder-workspace/.swiftpm/xcode
    builtin-Swift-Compilation-Requirements -- /Applications/Xcode-16.3.0.app/Contents/Developer/Toolchains/XcodeDefault.xctoolchain/usr/bin/swiftc -module-name PreferenceKit -Onone -enforce-exclusivity\=checked @/Users/admin/builder/spi-builder-workspace/.derivedData/Build/Intermediates.noindex/PreferenceKit.build/Debug-watchos/PreferenceKit.build/Objects-normal/arm64_32/PreferenceKit.SwiftFileList -DSWIFT_PACKAGE -DDEBUG -DXcode -enable-upcoming-feature ApproachableConcurrency -plugin-path /Applications/Xcode-16.3.0.app/Contents/Developer/Toolchains/XcodeDefault.xctoolchain/usr/lib/swift/host/plugins/testing -enable-experimental-feature DebugDescriptionMacro -sdk /Applications/Xcode-16.3.0.app/Contents/Developer/Platforms/WatchOS.platform/Developer/SDKs/WatchOS11.4.sdk -target arm64_32-apple-watchos8.0 -g -module-cache-path /Users/admin/builder/spi-builder-workspace/.derivedData/ModuleCache.noindex -Xfrontend -serialize-debugging-options -profile-coverage-mapping -profile-generate -enable-testing -index-store-path /Users/admin/builder/spi-builder-workspace/.derivedData/Index.noindex/DataStore -swift-version 6 -I /Users/admin/builder/spi-builder-workspace/.derivedData/Build/Products/Debug-watchos -I /Applications/Xcode-16.3.0.app/Contents/Developer/Platforms/WatchOS.platform/Developer/usr/lib -F /Users/admin/builder/spi-builder-workspace/.derivedData/Build/Products/Debug-watchos/PackageFrameworks -F /Users/admin/builder/spi-builder-workspace/.derivedData/Build/Products/Debug-watchos -F /Applications/Xcode-16.3.0.app/Contents/Developer/Platforms/WatchOS.platform/Developer/Library/Frameworks -F /Applications/Xcode-16.3.0.app/Contents/Developer/Platforms/WatchOS.platform/Developer/SDKs/WatchOS11.4.sdk/Developer/Library/Frameworks -emit-localized-strings -emit-localized-strings-path /Users/admin/builder/spi-builder-workspace/.derivedData/Build/Intermediates.noindex/PreferenceKit.build/Debug-watchos/PreferenceKit.build/Objects-normal/arm64_32 -c -j10 -enable-batch-mode -incremental -Xcc -ivfsstatcache -Xcc /Users/admin/builder/spi-builder-workspace/.derivedData/SDKStatCaches.noindex/watchos11.4-22T246-43efb940ff07ba2497b70ec94253f576.sdkstatcache -output-file-map /Users/admin/builder/spi-builder-workspace/.derivedData/Build/Intermediates.noindex/PreferenceKit.build/Debug-watchos/PreferenceKit.build/Objects-normal/arm64_32/PreferenceKit-OutputFileMap.json -use-frontend-parseable-output -save-temps -no-color-diagnostics -serialize-diagnostics -emit-dependencies -emit-module -emit-module-path /Users/admin/builder/spi-builder-workspace/.derivedData/Build/Intermediates.noindex/PreferenceKit.build/Debug-watchos/PreferenceKit.build/Objects-normal/arm64_32/PreferenceKit.swiftmodule -validate-clang-modules-once -clang-build-session-file /Users/admin/builder/spi-builder-workspace/.derivedData/ModuleCache.noindex/Session.modulevalidation -package-name spi_builder_workspace -Xcc -I/Users/admin/builder/spi-builder-workspace/.derivedData/Build/Intermediates.noindex/PreferenceKit.build/Debug-watchos/PreferenceKit.build/swift-overrides.hmap -emit-const-values -Xfrontend -const-gather-protocols-file -Xfrontend /Users/admin/builder/spi-builder-workspace/.derivedData/Build/Intermediates.noindex/PreferenceKit.build/Debug-watchos/PreferenceKit.build/Objects-normal/arm64_32/PreferenceKit_const_extract_protocols.json -Xcc -I/Users/admin/builder/spi-builder-workspace/.derivedData/Build/Products/Debug-watchos/include -Xcc -I/Users/admin/builder/spi-builder-workspace/.derivedData/Build/Intermediates.noindex/PreferenceKit.build/Debug-watchos/PreferenceKit.build/DerivedSources-normal/arm64_32 -Xcc -I/Users/admin/builder/spi-builder-workspace/.derivedData/Build/Intermediates.noindex/PreferenceKit.build/Debug-watchos/PreferenceKit.build/DerivedSources/arm64_32 -Xcc -I/Users/admin/builder/spi-builder-workspace/.derivedData/Build/Intermediates.noindex/PreferenceKit.build/Debug-watchos/PreferenceKit.build/DerivedSources -Xcc -DSWIFT_PACKAGE -Xcc -DDEBUG\=1 -emit-objc-header -emit-objc-header-path /Users/admin/builder/spi-builder-workspace/.derivedData/Build/Intermediates.noindex/PreferenceKit.build/Debug-watchos/PreferenceKit.build/Objects-normal/arm64_32/PreferenceKit-Swift.h -working-directory /Users/admin/builder/spi-builder-workspace/.swiftpm/xcode -experimental-emit-module-separately -disable-cmo
SwiftDriverJobDiscovery normal armv7k Emitting module for PreferenceKit (in target 'PreferenceKit' from project 'PreferenceKit')
SwiftDriver\ Compilation\ Requirements PreferenceKit normal armv7k com.apple.xcode.tools.swift.compiler (in target 'PreferenceKit' from project 'PreferenceKit')
    cd /Users/admin/builder/spi-builder-workspace/.swiftpm/xcode
    builtin-Swift-Compilation-Requirements -- /Applications/Xcode-16.3.0.app/Contents/Developer/Toolchains/XcodeDefault.xctoolchain/usr/bin/swiftc -module-name PreferenceKit -Onone -enforce-exclusivity\=checked @/Users/admin/builder/spi-builder-workspace/.derivedData/Build/Intermediates.noindex/PreferenceKit.build/Debug-watchos/PreferenceKit.build/Objects-normal/armv7k/PreferenceKit.SwiftFileList -DSWIFT_PACKAGE -DDEBUG -DXcode -enable-upcoming-feature ApproachableConcurrency -plugin-path /Applications/Xcode-16.3.0.app/Contents/Developer/Toolchains/XcodeDefault.xctoolchain/usr/lib/swift/host/plugins/testing -enable-experimental-feature DebugDescriptionMacro -sdk /Applications/Xcode-16.3.0.app/Contents/Developer/Platforms/WatchOS.platform/Developer/SDKs/WatchOS11.4.sdk -target armv7k-apple-watchos8.0 -g -module-cache-path /Users/admin/builder/spi-builder-workspace/.derivedData/ModuleCache.noindex -Xfrontend -serialize-debugging-options -profile-coverage-mapping -profile-generate -enable-testing -index-store-path /Users/admin/builder/spi-builder-workspace/.derivedData/Index.noindex/DataStore -swift-version 6 -I /Users/admin/builder/spi-builder-workspace/.derivedData/Build/Products/Debug-watchos -I /Applications/Xcode-16.3.0.app/Contents/Developer/Platforms/WatchOS.platform/Developer/usr/lib -F /Users/admin/builder/spi-builder-workspace/.derivedData/Build/Products/Debug-watchos/PackageFrameworks -F /Users/admin/builder/spi-builder-workspace/.derivedData/Build/Products/Debug-watchos -F /Applications/Xcode-16.3.0.app/Contents/Developer/Platforms/WatchOS.platform/Developer/Library/Frameworks -F /Applications/Xcode-16.3.0.app/Contents/Developer/Platforms/WatchOS.platform/Developer/SDKs/WatchOS11.4.sdk/Developer/Library/Frameworks -emit-localized-strings -emit-localized-strings-path /Users/admin/builder/spi-builder-workspace/.derivedData/Build/Intermediates.noindex/PreferenceKit.build/Debug-watchos/PreferenceKit.build/Objects-normal/armv7k -c -j10 -enable-batch-mode -incremental -Xcc -ivfsstatcache -Xcc /Users/admin/builder/spi-builder-workspace/.derivedData/SDKStatCaches.noindex/watchos11.4-22T246-43efb940ff07ba2497b70ec94253f576.sdkstatcache -output-file-map /Users/admin/builder/spi-builder-workspace/.derivedData/Build/Intermediates.noindex/PreferenceKit.build/Debug-watchos/PreferenceKit.build/Objects-normal/armv7k/PreferenceKit-OutputFileMap.json -use-frontend-parseable-output -save-temps -no-color-diagnostics -serialize-diagnostics -emit-dependencies -emit-module -emit-module-path /Users/admin/builder/spi-builder-workspace/.derivedData/Build/Intermediates.noindex/PreferenceKit.build/Debug-watchos/PreferenceKit.build/Objects-normal/armv7k/PreferenceKit.swiftmodule -validate-clang-modules-once -clang-build-session-file /Users/admin/builder/spi-builder-workspace/.derivedData/ModuleCache.noindex/Session.modulevalidation -package-name spi_builder_workspace -Xcc -I/Users/admin/builder/spi-builder-workspace/.derivedData/Build/Intermediates.noindex/PreferenceKit.build/Debug-watchos/PreferenceKit.build/swift-overrides.hmap -emit-const-values -Xfrontend -const-gather-protocols-file -Xfrontend /Users/admin/builder/spi-builder-workspace/.derivedData/Build/Intermediates.noindex/PreferenceKit.build/Debug-watchos/PreferenceKit.build/Objects-normal/armv7k/PreferenceKit_const_extract_protocols.json -Xcc -I/Users/admin/builder/spi-builder-workspace/.derivedData/Build/Products/Debug-watchos/include -Xcc -I/Users/admin/builder/spi-builder-workspace/.derivedData/Build/Intermediates.noindex/PreferenceKit.build/Debug-watchos/PreferenceKit.build/DerivedSources-normal/armv7k -Xcc -I/Users/admin/builder/spi-builder-workspace/.derivedData/Build/Intermediates.noindex/PreferenceKit.build/Debug-watchos/PreferenceKit.build/DerivedSources/armv7k -Xcc -I/Users/admin/builder/spi-builder-workspace/.derivedData/Build/Intermediates.noindex/PreferenceKit.build/Debug-watchos/PreferenceKit.build/DerivedSources -Xcc -DSWIFT_PACKAGE -Xcc -DDEBUG\=1 -emit-objc-header -emit-objc-header-path /Users/admin/builder/spi-builder-workspace/.derivedData/Build/Intermediates.noindex/PreferenceKit.build/Debug-watchos/PreferenceKit.build/Objects-normal/armv7k/PreferenceKit-Swift.h -working-directory /Users/admin/builder/spi-builder-workspace/.swiftpm/xcode -experimental-emit-module-separately -disable-cmo
Copy /Users/admin/builder/spi-builder-workspace/.derivedData/Build/Products/Debug-watchos/PreferenceKit.swiftmodule/arm64_32-apple-watchos.swiftmodule /Users/admin/builder/spi-builder-workspace/.derivedData/Build/Intermediates.noindex/PreferenceKit.build/Debug-watchos/PreferenceKit.build/Objects-normal/arm64_32/PreferenceKit.swiftmodule (in target 'PreferenceKit' from project 'PreferenceKit')
    cd /Users/admin/builder/spi-builder-workspace
    builtin-copy -exclude .DS_Store -exclude CVS -exclude .svn -exclude .git -exclude .hg -resolve-src-symlinks -rename /Users/admin/builder/spi-builder-workspace/.derivedData/Build/Intermediates.noindex/PreferenceKit.build/Debug-watchos/PreferenceKit.build/Objects-normal/arm64_32/PreferenceKit.swiftmodule /Users/admin/builder/spi-builder-workspace/.derivedData/Build/Products/Debug-watchos/PreferenceKit.swiftmodule/arm64_32-apple-watchos.swiftmodule
Copy /Users/admin/builder/spi-builder-workspace/.derivedData/Build/Products/Debug-watchos/PreferenceKit.swiftmodule/armv7k-apple-watchos.abi.json /Users/admin/builder/spi-builder-workspace/.derivedData/Build/Intermediates.noindex/PreferenceKit.build/Debug-watchos/PreferenceKit.build/Objects-normal/armv7k/PreferenceKit.abi.json (in target 'PreferenceKit' from project 'PreferenceKit')
    cd /Users/admin/builder/spi-builder-workspace
    builtin-copy -exclude .DS_Store -exclude CVS -exclude .svn -exclude .git -exclude .hg -resolve-src-symlinks -rename /Users/admin/builder/spi-builder-workspace/.derivedData/Build/Intermediates.noindex/PreferenceKit.build/Debug-watchos/PreferenceKit.build/Objects-normal/armv7k/PreferenceKit.abi.json /Users/admin/builder/spi-builder-workspace/.derivedData/Build/Products/Debug-watchos/PreferenceKit.swiftmodule/armv7k-apple-watchos.abi.json
Copy /Users/admin/builder/spi-builder-workspace/.derivedData/Build/Products/Debug-watchos/PreferenceKit.swiftmodule/arm64_32-apple-watchos.swiftdoc /Users/admin/builder/spi-builder-workspace/.derivedData/Build/Intermediates.noindex/PreferenceKit.build/Debug-watchos/PreferenceKit.build/Objects-normal/arm64_32/PreferenceKit.swiftdoc (in target 'PreferenceKit' from project 'PreferenceKit')
    cd /Users/admin/builder/spi-builder-workspace
    builtin-copy -exclude .DS_Store -exclude CVS -exclude .svn -exclude .git -exclude .hg -resolve-src-symlinks -rename /Users/admin/builder/spi-builder-workspace/.derivedData/Build/Intermediates.noindex/PreferenceKit.build/Debug-watchos/PreferenceKit.build/Objects-normal/arm64_32/PreferenceKit.swiftdoc /Users/admin/builder/spi-builder-workspace/.derivedData/Build/Products/Debug-watchos/PreferenceKit.swiftmodule/arm64_32-apple-watchos.swiftdoc
Copy /Users/admin/builder/spi-builder-workspace/.derivedData/Build/Products/Debug-watchos/PreferenceKit.swiftmodule/arm64_32-apple-watchos.abi.json /Users/admin/builder/spi-builder-workspace/.derivedData/Build/Intermediates.noindex/PreferenceKit.build/Debug-watchos/PreferenceKit.build/Objects-normal/arm64_32/PreferenceKit.abi.json (in target 'PreferenceKit' from project 'PreferenceKit')
    cd /Users/admin/builder/spi-builder-workspace
    builtin-copy -exclude .DS_Store -exclude CVS -exclude .svn -exclude .git -exclude .hg -resolve-src-symlinks -rename /Users/admin/builder/spi-builder-workspace/.derivedData/Build/Intermediates.noindex/PreferenceKit.build/Debug-watchos/PreferenceKit.build/Objects-normal/arm64_32/PreferenceKit.abi.json /Users/admin/builder/spi-builder-workspace/.derivedData/Build/Products/Debug-watchos/PreferenceKit.swiftmodule/arm64_32-apple-watchos.abi.json
Copy /Users/admin/builder/spi-builder-workspace/.derivedData/Build/Products/Debug-watchos/PreferenceKit.swiftmodule/Project/arm64_32-apple-watchos.swiftsourceinfo /Users/admin/builder/spi-builder-workspace/.derivedData/Build/Intermediates.noindex/PreferenceKit.build/Debug-watchos/PreferenceKit.build/Objects-normal/arm64_32/PreferenceKit.swiftsourceinfo (in target 'PreferenceKit' from project 'PreferenceKit')
    cd /Users/admin/builder/spi-builder-workspace
    builtin-copy -exclude .DS_Store -exclude CVS -exclude .svn -exclude .git -exclude .hg -resolve-src-symlinks -rename /Users/admin/builder/spi-builder-workspace/.derivedData/Build/Intermediates.noindex/PreferenceKit.build/Debug-watchos/PreferenceKit.build/Objects-normal/arm64_32/PreferenceKit.swiftsourceinfo /Users/admin/builder/spi-builder-workspace/.derivedData/Build/Products/Debug-watchos/PreferenceKit.swiftmodule/Project/arm64_32-apple-watchos.swiftsourceinfo
SwiftCompile normal arm64 Compiling\ PreferenceKitApplicationInfoSection.swift,\ PreferenceKitDeveloperSection.swift,\ PreferenceKitFooterSection.swift /Users/admin/builder/spi-builder-workspace/Sources/PreferenceKit/Views/PreferenceKitApplicationInfoSection.swift /Users/admin/builder/spi-builder-workspace/Sources/PreferenceKit/Views/PreferenceKitDeveloperSection.swift /Users/admin/builder/spi-builder-workspace/Sources/PreferenceKit/Views/PreferenceKitFooterSection.swift (in target 'PreferenceKit' from project 'PreferenceKit')
SwiftCompile normal arm64 /Users/admin/builder/spi-builder-workspace/Sources/PreferenceKit/Views/PreferenceKitApplicationInfoSection.swift (in target 'PreferenceKit' from project 'PreferenceKit')
    cd /Users/admin/builder/spi-builder-workspace/.swiftpm/xcode

SwiftCompile normal arm64 /Users/admin/builder/spi-builder-workspace/Sources/PreferenceKit/Views/PreferenceKitDeveloperSection.swift (in target 'PreferenceKit' from project 'PreferenceKit')
    cd /Users/admin/builder/spi-builder-workspace/.swiftpm/xcode

SwiftCompile normal arm64 /Users/admin/builder/spi-builder-workspace/Sources/PreferenceKit/Views/PreferenceKitFooterSection.swift (in target 'PreferenceKit' from project 'PreferenceKit')
    cd /Users/admin/builder/spi-builder-workspace/.swiftpm/xcode

SwiftCompile normal arm64_32 Compiling\ PreferenceKitApplicationInfoSection.swift,\ PreferenceKitDeveloperSection.swift,\ PreferenceKitFooterSection.swift /Users/admin/builder/spi-builder-workspace/Sources/PreferenceKit/Views/PreferenceKitApplicationInfoSection.swift /Users/admin/builder/spi-builder-workspace/Sources/PreferenceKit/Views/PreferenceKitDeveloperSection.swift /Users/admin/builder/spi-builder-workspace/Sources/PreferenceKit/Views/PreferenceKitFooterSection.swift (in target 'PreferenceKit' from project 'PreferenceKit')
Command SwiftCompile failed with a nonzero exit code
** BUILD FAILED **
The following build commands failed:
	SwiftCompile normal armv7k Compiling\ PreferenceKitApplicationInfoSection.swift,\ PreferenceKitDeveloperSection.swift,\ PreferenceKitFooterSection.swift /Users/admin/builder/spi-builder-workspace/Sources/PreferenceKit/Views/PreferenceKitApplicationInfoSection.swift /Users/admin/builder/spi-builder-workspace/Sources/PreferenceKit/Views/PreferenceKitDeveloperSection.swift /Users/admin/builder/spi-builder-workspace/Sources/PreferenceKit/Views/PreferenceKitFooterSection.swift (in target 'PreferenceKit' from project 'PreferenceKit')
	SwiftCompile normal armv7k /Users/admin/builder/spi-builder-workspace/Sources/PreferenceKit/Views/PreferenceKitApplicationInfoSection.swift (in target 'PreferenceKit' from project 'PreferenceKit')
	SwiftCompile normal arm64_32 Compiling\ PreferenceKitApplicationInfoSection.swift,\ PreferenceKitDeveloperSection.swift,\ PreferenceKitFooterSection.swift /Users/admin/builder/spi-builder-workspace/Sources/PreferenceKit/Views/PreferenceKitApplicationInfoSection.swift /Users/admin/builder/spi-builder-workspace/Sources/PreferenceKit/Views/PreferenceKitDeveloperSection.swift /Users/admin/builder/spi-builder-workspace/Sources/PreferenceKit/Views/PreferenceKitFooterSection.swift (in target 'PreferenceKit' from project 'PreferenceKit')
	Building workspace spi-builder-workspace with scheme PreferenceKit-Package
(4 failures)
BUILD FAILURE 6.1 watchOS