Build Information
Failed to build SwiftExtras, reference main (5c2565), with Swift 6.2 for macOS (Xcode) using Xcode 26.3 on 13 Oct 2026 11:41:39 UTC.
Build Command
env DEVELOPER_DIR=/Applications/Xcode-26.3.0.app xcrun xcodebuild -IDEClonedSourcePackagesDirPathOverride=$PWD/.dependencies -skipMacroValidation -skipPackagePluginValidation -derivedDataPath $PWD/.derivedData build -scheme SwiftExtras-Package -destination platform=macOS,arch=arm64Build Log
SwiftCompile normal arm64 /Users/admin/builder/spi-builder-workspace/Sources/SwiftExtras/Extensions/View/View+subtitle.swift (in target 'SwiftExtras' from project 'SwiftExtras')
cd /Users/admin/builder/spi-builder-workspace/.swiftpm/xcode
/Users/admin/builder/spi-builder-workspace/Sources/SwiftExtras/SwiftUI/SEAcknowledgementView.swift:127:9: warning: 'SEAcknowledgementView' is deprecated: Use PKSEAcknowledgementView instead
SEAcknowledgementView(entries: [
^
/Users/admin/builder/spi-builder-workspace/Sources/SwiftExtras/SwiftUI/SEAcknowledgementView.swift:127:9: note: use 'PKSEAcknowledgementView' instead
SEAcknowledgementView(entries: [
^~~~~~~~~~~~~~~~~~~~~
PKSEAcknowledgementView
SwiftCompile normal arm64 /Users/admin/builder/spi-builder-workspace/Sources/SwiftExtras/Functions/GravatarAvatarImage.swift (in target 'SwiftExtras' from project 'SwiftExtras')
cd /Users/admin/builder/spi-builder-workspace/.swiftpm/xcode
SwiftCompile normal arm64 /Users/admin/builder/spi-builder-workspace/Sources/SwiftExtras/Functions/kMeansCluster.swift (in target 'SwiftExtras' from project 'SwiftExtras')
cd /Users/admin/builder/spi-builder-workspace/.swiftpm/xcode
SwiftCompile normal arm64 /Users/admin/builder/spi-builder-workspace/Sources/SwiftExtras/Layout/Flow.swift (in target 'SwiftExtras' from project 'SwiftExtras')
cd /Users/admin/builder/spi-builder-workspace/.swiftpm/xcode
SwiftCompile normal arm64 /Users/admin/builder/spi-builder-workspace/Sources/SwiftExtras/Layout/StickySection.swift (in target 'SwiftExtras' from project 'SwiftExtras')
cd /Users/admin/builder/spi-builder-workspace/.swiftpm/xcode
SwiftCompile normal arm64 /Users/admin/builder/spi-builder-workspace/Sources/SwiftExtras/Layout/WStack.swift (in target 'SwiftExtras' from project 'SwiftExtras')
cd /Users/admin/builder/spi-builder-workspace/.swiftpm/xcode
SwiftCompile normal arm64 /Users/admin/builder/spi-builder-workspace/Sources/SwiftExtras/Modifiers/BorderBeamEffect.swift (in target 'SwiftExtras' from project 'SwiftExtras')
cd /Users/admin/builder/spi-builder-workspace/.swiftpm/xcode
SwiftCompile normal arm64 /Users/admin/builder/spi-builder-workspace/Sources/SwiftExtras/Modifiers/Button+longPress.swift (in target 'SwiftExtras' from project 'SwiftExtras')
cd /Users/admin/builder/spi-builder-workspace/.swiftpm/xcode
SwiftCompile normal arm64 /Users/admin/builder/spi-builder-workspace/Sources/SwiftExtras/Modifiers/CaptureScrollingOffset.swift (in target 'SwiftExtras' from project 'SwiftExtras')
cd /Users/admin/builder/spi-builder-workspace/.swiftpm/xcode
SwiftCompile normal arm64 /Users/admin/builder/spi-builder-workspace/Sources/SwiftExtras/Modifiers/CustomBadge.swift (in target 'SwiftExtras' from project 'SwiftExtras')
cd /Users/admin/builder/spi-builder-workspace/.swiftpm/xcode
SwiftCompile normal arm64 /Users/admin/builder/spi-builder-workspace/Sources/SwiftExtras/Modifiers/FloatingSafeAreaBar.swift (in target 'SwiftExtras' from project 'SwiftExtras')
cd /Users/admin/builder/spi-builder-workspace/.swiftpm/xcode
SwiftCompile normal arm64 /Users/admin/builder/spi-builder-workspace/Sources/SwiftExtras/Modifiers/IslandToast.swift (in target 'SwiftExtras' from project 'SwiftExtras')
cd /Users/admin/builder/spi-builder-workspace/.swiftpm/xcode
SwiftCompile normal arm64 /Users/admin/builder/spi-builder-workspace/Sources/SwiftExtras/Modifiers/KeyboardDismissModifier.swift (in target 'SwiftExtras' from project 'SwiftExtras')
cd /Users/admin/builder/spi-builder-workspace/.swiftpm/xcode
SwiftCompile normal arm64 /Users/admin/builder/spi-builder-workspace/Sources/SwiftExtras/Modifiers/KeyboardDoneToolbar.swift (in target 'SwiftExtras' from project 'SwiftExtras')
cd /Users/admin/builder/spi-builder-workspace/.swiftpm/xcode
SwiftCompile normal arm64 /Users/admin/builder/spi-builder-workspace/Sources/SwiftExtras/Modifiers/PulsatingEffect.swift (in target 'SwiftExtras' from project 'SwiftExtras')
cd /Users/admin/builder/spi-builder-workspace/.swiftpm/xcode
SwiftCompile normal arm64 /Users/admin/builder/spi-builder-workspace/Sources/SwiftExtras/Modifiers/ShakeEffect.swift (in target 'SwiftExtras' from project 'SwiftExtras')
cd /Users/admin/builder/spi-builder-workspace/.swiftpm/xcode
SwiftCompile normal arm64 /Users/admin/builder/spi-builder-workspace/Sources/SwiftExtras/Modifiers/Shimmer.swift (in target 'SwiftExtras' from project 'SwiftExtras')
cd /Users/admin/builder/spi-builder-workspace/.swiftpm/xcode
SwiftCompile normal arm64 Compiling\ Color+init.swift,\ Color+random.swift,\ PlatformColor+.swift,\ Data.swift,\ Date+.swift,\ Date+Identifiable.swift,\ Date+getFormattedDate.swift,\ Dictionary+RawRepresentable.swift,\ Double+.swift,\ Error+errorCode.swift,\ Float.swift,\ Image+Platform.swift,\ Image+centerCropped.swift,\ PlatformImage+.swift,\ Int+.swift,\ Locale+Utilities.swift,\ LocalizedStringKey+.swift /Users/admin/builder/spi-builder-workspace/Sources/SwiftExtras/Extensions/Color/Color+init.swift /Users/admin/builder/spi-builder-workspace/Sources/SwiftExtras/Extensions/Color/Color+random.swift /Users/admin/builder/spi-builder-workspace/Sources/SwiftExtras/Extensions/Color/PlatformColor+.swift /Users/admin/builder/spi-builder-workspace/Sources/SwiftExtras/Extensions/Data.swift /Users/admin/builder/spi-builder-workspace/Sources/SwiftExtras/Extensions/Date/Date+.swift /Users/admin/builder/spi-builder-workspace/Sources/SwiftExtras/Extensions/Date/Date+Identifiable.swift /Users/admin/builder/spi-builder-workspace/Sources/SwiftExtras/Extensions/Date/Date+getFormattedDate.swift /Users/admin/builder/spi-builder-workspace/Sources/SwiftExtras/Extensions/Dictionary+RawRepresentable.swift /Users/admin/builder/spi-builder-workspace/Sources/SwiftExtras/Extensions/Double+.swift /Users/admin/builder/spi-builder-workspace/Sources/SwiftExtras/Extensions/Error+errorCode.swift /Users/admin/builder/spi-builder-workspace/Sources/SwiftExtras/Extensions/Float.swift /Users/admin/builder/spi-builder-workspace/Sources/SwiftExtras/Extensions/Image/Image+Platform.swift /Users/admin/builder/spi-builder-workspace/Sources/SwiftExtras/Extensions/Image/Image+centerCropped.swift /Users/admin/builder/spi-builder-workspace/Sources/SwiftExtras/Extensions/Image/PlatformImage+.swift /Users/admin/builder/spi-builder-workspace/Sources/SwiftExtras/Extensions/Int+.swift /Users/admin/builder/spi-builder-workspace/Sources/SwiftExtras/Extensions/Locale+Utilities.swift /Users/admin/builder/spi-builder-workspace/Sources/SwiftExtras/Extensions/LocalizedStringKey+.swift (in target 'SwiftExtras' from project 'SwiftExtras')
SwiftCompile normal arm64 /Users/admin/builder/spi-builder-workspace/Sources/SwiftExtras/Extensions/Color/Color+init.swift (in target 'SwiftExtras' from project 'SwiftExtras')
cd /Users/admin/builder/spi-builder-workspace/.swiftpm/xcode
/Users/admin/builder/spi-builder-workspace/Sources/SwiftExtras/SwiftUI/SEAcknowledgementView.swift:127:9: warning: 'SEAcknowledgementView' is deprecated: Use PKSEAcknowledgementView instead
SEAcknowledgementView(entries: [
^
/Users/admin/builder/spi-builder-workspace/Sources/SwiftExtras/SwiftUI/SEAcknowledgementView.swift:127:9: note: use 'PKSEAcknowledgementView' instead
SEAcknowledgementView(entries: [
^~~~~~~~~~~~~~~~~~~~~
PKSEAcknowledgementView
SwiftCompile normal arm64 /Users/admin/builder/spi-builder-workspace/Sources/SwiftExtras/Extensions/Color/Color+random.swift (in target 'SwiftExtras' from project 'SwiftExtras')
cd /Users/admin/builder/spi-builder-workspace/.swiftpm/xcode
SwiftCompile normal arm64 /Users/admin/builder/spi-builder-workspace/Sources/SwiftExtras/Extensions/Color/PlatformColor+.swift (in target 'SwiftExtras' from project 'SwiftExtras')
cd /Users/admin/builder/spi-builder-workspace/.swiftpm/xcode
SwiftCompile normal arm64 /Users/admin/builder/spi-builder-workspace/Sources/SwiftExtras/Extensions/Data.swift (in target 'SwiftExtras' from project 'SwiftExtras')
cd /Users/admin/builder/spi-builder-workspace/.swiftpm/xcode
SwiftCompile normal arm64 /Users/admin/builder/spi-builder-workspace/Sources/SwiftExtras/Extensions/Date/Date+.swift (in target 'SwiftExtras' from project 'SwiftExtras')
cd /Users/admin/builder/spi-builder-workspace/.swiftpm/xcode
SwiftCompile normal arm64 /Users/admin/builder/spi-builder-workspace/Sources/SwiftExtras/Extensions/Date/Date+Identifiable.swift (in target 'SwiftExtras' from project 'SwiftExtras')
cd /Users/admin/builder/spi-builder-workspace/.swiftpm/xcode
SwiftCompile normal arm64 /Users/admin/builder/spi-builder-workspace/Sources/SwiftExtras/Extensions/Date/Date+getFormattedDate.swift (in target 'SwiftExtras' from project 'SwiftExtras')
cd /Users/admin/builder/spi-builder-workspace/.swiftpm/xcode
SwiftCompile normal arm64 /Users/admin/builder/spi-builder-workspace/Sources/SwiftExtras/Extensions/Dictionary+RawRepresentable.swift (in target 'SwiftExtras' from project 'SwiftExtras')
cd /Users/admin/builder/spi-builder-workspace/.swiftpm/xcode
SwiftCompile normal arm64 /Users/admin/builder/spi-builder-workspace/Sources/SwiftExtras/Extensions/Double+.swift (in target 'SwiftExtras' from project 'SwiftExtras')
cd /Users/admin/builder/spi-builder-workspace/.swiftpm/xcode
SwiftCompile normal arm64 /Users/admin/builder/spi-builder-workspace/Sources/SwiftExtras/Extensions/Error+errorCode.swift (in target 'SwiftExtras' from project 'SwiftExtras')
cd /Users/admin/builder/spi-builder-workspace/.swiftpm/xcode
SwiftCompile normal arm64 /Users/admin/builder/spi-builder-workspace/Sources/SwiftExtras/Extensions/Float.swift (in target 'SwiftExtras' from project 'SwiftExtras')
cd /Users/admin/builder/spi-builder-workspace/.swiftpm/xcode
SwiftCompile normal arm64 /Users/admin/builder/spi-builder-workspace/Sources/SwiftExtras/Extensions/Image/Image+Platform.swift (in target 'SwiftExtras' from project 'SwiftExtras')
cd /Users/admin/builder/spi-builder-workspace/.swiftpm/xcode
SwiftCompile normal arm64 /Users/admin/builder/spi-builder-workspace/Sources/SwiftExtras/Extensions/Image/Image+centerCropped.swift (in target 'SwiftExtras' from project 'SwiftExtras')
cd /Users/admin/builder/spi-builder-workspace/.swiftpm/xcode
SwiftCompile normal arm64 /Users/admin/builder/spi-builder-workspace/Sources/SwiftExtras/Extensions/Image/PlatformImage+.swift (in target 'SwiftExtras' from project 'SwiftExtras')
cd /Users/admin/builder/spi-builder-workspace/.swiftpm/xcode
SwiftCompile normal arm64 /Users/admin/builder/spi-builder-workspace/Sources/SwiftExtras/Extensions/Int+.swift (in target 'SwiftExtras' from project 'SwiftExtras')
cd /Users/admin/builder/spi-builder-workspace/.swiftpm/xcode
SwiftCompile normal arm64 /Users/admin/builder/spi-builder-workspace/Sources/SwiftExtras/Extensions/Locale+Utilities.swift (in target 'SwiftExtras' from project 'SwiftExtras')
cd /Users/admin/builder/spi-builder-workspace/.swiftpm/xcode
SwiftCompile normal arm64 /Users/admin/builder/spi-builder-workspace/Sources/SwiftExtras/Extensions/LocalizedStringKey+.swift (in target 'SwiftExtras' from project 'SwiftExtras')
cd /Users/admin/builder/spi-builder-workspace/.swiftpm/xcode
SwiftCompile normal arm64 Compiling\ String+hashed.swift,\ String+slice.swift,\ String+slugified.swift,\ String+subscript.swift,\ String+trimmed.swift,\ String+url.swift,\ StringProtocol+.swift,\ Task+.swift,\ Text+Gradient.swift,\ TimeInterval+.swift,\ UIDevice+Utilities.swift,\ URL+.swift,\ URLSession.swift,\ UserDefaults+subscript.swift,\ View+Error.swift,\ View+Frame.swift,\ View+Log.swift /Users/admin/builder/spi-builder-workspace/Sources/SwiftExtras/Extensions/String/String+hashed.swift /Users/admin/builder/spi-builder-workspace/Sources/SwiftExtras/Extensions/String/String+slice.swift /Users/admin/builder/spi-builder-workspace/Sources/SwiftExtras/Extensions/String/String+slugified.swift /Users/admin/builder/spi-builder-workspace/Sources/SwiftExtras/Extensions/String/String+subscript.swift /Users/admin/builder/spi-builder-workspace/Sources/SwiftExtras/Extensions/String/String+trimmed.swift /Users/admin/builder/spi-builder-workspace/Sources/SwiftExtras/Extensions/String/String+url.swift /Users/admin/builder/spi-builder-workspace/Sources/SwiftExtras/Extensions/StringProtocol+.swift /Users/admin/builder/spi-builder-workspace/Sources/SwiftExtras/Extensions/Task+.swift /Users/admin/builder/spi-builder-workspace/Sources/SwiftExtras/Extensions/Text+Gradient.swift /Users/admin/builder/spi-builder-workspace/Sources/SwiftExtras/Extensions/TimeInterval+.swift /Users/admin/builder/spi-builder-workspace/Sources/SwiftExtras/Extensions/UIDevice+Utilities.swift /Users/admin/builder/spi-builder-workspace/Sources/SwiftExtras/Extensions/URL+.swift /Users/admin/builder/spi-builder-workspace/Sources/SwiftExtras/Extensions/URLSession.swift /Users/admin/builder/spi-builder-workspace/Sources/SwiftExtras/Extensions/UserDefaults+subscript.swift /Users/admin/builder/spi-builder-workspace/Sources/SwiftExtras/Extensions/View/View+Error.swift /Users/admin/builder/spi-builder-workspace/Sources/SwiftExtras/Extensions/View/View+Frame.swift /Users/admin/builder/spi-builder-workspace/Sources/SwiftExtras/Extensions/View/View+Log.swift (in target 'SwiftExtras' from project 'SwiftExtras')
SwiftCompile normal arm64 /Users/admin/builder/spi-builder-workspace/Sources/SwiftExtras/Extensions/String/String+hashed.swift (in target 'SwiftExtras' from project 'SwiftExtras')
cd /Users/admin/builder/spi-builder-workspace/.swiftpm/xcode
SwiftCompile normal arm64 /Users/admin/builder/spi-builder-workspace/Sources/SwiftExtras/Extensions/String/String+slice.swift (in target 'SwiftExtras' from project 'SwiftExtras')
cd /Users/admin/builder/spi-builder-workspace/.swiftpm/xcode
SwiftCompile normal arm64 /Users/admin/builder/spi-builder-workspace/Sources/SwiftExtras/Extensions/String/String+slugified.swift (in target 'SwiftExtras' from project 'SwiftExtras')
cd /Users/admin/builder/spi-builder-workspace/.swiftpm/xcode
SwiftCompile normal arm64 /Users/admin/builder/spi-builder-workspace/Sources/SwiftExtras/Extensions/String/String+subscript.swift (in target 'SwiftExtras' from project 'SwiftExtras')
cd /Users/admin/builder/spi-builder-workspace/.swiftpm/xcode
SwiftCompile normal arm64 /Users/admin/builder/spi-builder-workspace/Sources/SwiftExtras/Extensions/String/String+trimmed.swift (in target 'SwiftExtras' from project 'SwiftExtras')
cd /Users/admin/builder/spi-builder-workspace/.swiftpm/xcode
SwiftCompile normal arm64 /Users/admin/builder/spi-builder-workspace/Sources/SwiftExtras/Extensions/String/String+url.swift (in target 'SwiftExtras' from project 'SwiftExtras')
cd /Users/admin/builder/spi-builder-workspace/.swiftpm/xcode
SwiftCompile normal arm64 /Users/admin/builder/spi-builder-workspace/Sources/SwiftExtras/Extensions/StringProtocol+.swift (in target 'SwiftExtras' from project 'SwiftExtras')
cd /Users/admin/builder/spi-builder-workspace/.swiftpm/xcode
SwiftCompile normal arm64 /Users/admin/builder/spi-builder-workspace/Sources/SwiftExtras/Extensions/Task+.swift (in target 'SwiftExtras' from project 'SwiftExtras')
cd /Users/admin/builder/spi-builder-workspace/.swiftpm/xcode
SwiftCompile normal arm64 /Users/admin/builder/spi-builder-workspace/Sources/SwiftExtras/Extensions/Text+Gradient.swift (in target 'SwiftExtras' from project 'SwiftExtras')
cd /Users/admin/builder/spi-builder-workspace/.swiftpm/xcode
/Users/admin/builder/spi-builder-workspace/Sources/SwiftExtras/SwiftUI/SEAcknowledgementView.swift:127:9: warning: 'SEAcknowledgementView' is deprecated: Use PKSEAcknowledgementView instead
SEAcknowledgementView(entries: [
^
/Users/admin/builder/spi-builder-workspace/Sources/SwiftExtras/SwiftUI/SEAcknowledgementView.swift:127:9: note: use 'PKSEAcknowledgementView' instead
SEAcknowledgementView(entries: [
^~~~~~~~~~~~~~~~~~~~~
PKSEAcknowledgementView
SwiftCompile normal arm64 /Users/admin/builder/spi-builder-workspace/Sources/SwiftExtras/Extensions/TimeInterval+.swift (in target 'SwiftExtras' from project 'SwiftExtras')
cd /Users/admin/builder/spi-builder-workspace/.swiftpm/xcode
SwiftCompile normal arm64 /Users/admin/builder/spi-builder-workspace/Sources/SwiftExtras/Extensions/UIDevice+Utilities.swift (in target 'SwiftExtras' from project 'SwiftExtras')
cd /Users/admin/builder/spi-builder-workspace/.swiftpm/xcode
SwiftCompile normal arm64 /Users/admin/builder/spi-builder-workspace/Sources/SwiftExtras/Extensions/URL+.swift (in target 'SwiftExtras' from project 'SwiftExtras')
cd /Users/admin/builder/spi-builder-workspace/.swiftpm/xcode
SwiftCompile normal arm64 /Users/admin/builder/spi-builder-workspace/Sources/SwiftExtras/Extensions/URLSession.swift (in target 'SwiftExtras' from project 'SwiftExtras')
cd /Users/admin/builder/spi-builder-workspace/.swiftpm/xcode
SwiftCompile normal arm64 /Users/admin/builder/spi-builder-workspace/Sources/SwiftExtras/Extensions/UserDefaults+subscript.swift (in target 'SwiftExtras' from project 'SwiftExtras')
cd /Users/admin/builder/spi-builder-workspace/.swiftpm/xcode
SwiftCompile normal arm64 /Users/admin/builder/spi-builder-workspace/Sources/SwiftExtras/Extensions/View/View+Error.swift (in target 'SwiftExtras' from project 'SwiftExtras')
cd /Users/admin/builder/spi-builder-workspace/.swiftpm/xcode
SwiftCompile normal arm64 /Users/admin/builder/spi-builder-workspace/Sources/SwiftExtras/Extensions/View/View+Frame.swift (in target 'SwiftExtras' from project 'SwiftExtras')
cd /Users/admin/builder/spi-builder-workspace/.swiftpm/xcode
SwiftCompile normal arm64 /Users/admin/builder/spi-builder-workspace/Sources/SwiftExtras/Extensions/View/View+Log.swift (in target 'SwiftExtras' from project 'SwiftExtras')
cd /Users/admin/builder/spi-builder-workspace/.swiftpm/xcode
SwiftCompile normal arm64 Compiling\ MatchedPopover.swift,\ MonthYearPickerView.swift,\ MultiSelectPickerView.swift,\ MultiSelectView.swift,\ NavigationViewIfNeeded.swift,\ NotificationOnboarding.swift,\ NotificationView.swift,\ Onboarding.swift,\ SEAcknowledgementView.swift,\ SEChangeLogView.swift,\ SESettingsView.swift,\ SplitActionButton.swift,\ SpotlightOnboarding.swift,\ VerificationField.swift,\ GeneratedAssetSymbols.swift,\ GeneratedStringSymbols_Localizable.swift /Users/admin/builder/spi-builder-workspace/Sources/SwiftExtras/SwiftUI/MatchedPopover.swift /Users/admin/builder/spi-builder-workspace/Sources/SwiftExtras/SwiftUI/MonthYearPickerView.swift /Users/admin/builder/spi-builder-workspace/Sources/SwiftExtras/SwiftUI/MultiSelectPickerView.swift /Users/admin/builder/spi-builder-workspace/Sources/SwiftExtras/SwiftUI/MultiSelectView.swift /Users/admin/builder/spi-builder-workspace/Sources/SwiftExtras/SwiftUI/NavigationViewIfNeeded.swift /Users/admin/builder/spi-builder-workspace/Sources/SwiftExtras/SwiftUI/NotificationOnboarding.swift /Users/admin/builder/spi-builder-workspace/Sources/SwiftExtras/SwiftUI/NotificationView.swift /Users/admin/builder/spi-builder-workspace/Sources/SwiftExtras/SwiftUI/Onboarding.swift /Users/admin/builder/spi-builder-workspace/Sources/SwiftExtras/SwiftUI/SEAcknowledgementView.swift /Users/admin/builder/spi-builder-workspace/Sources/SwiftExtras/SwiftUI/SEChangeLogView.swift /Users/admin/builder/spi-builder-workspace/Sources/SwiftExtras/SwiftUI/SESettingsView.swift /Users/admin/builder/spi-builder-workspace/Sources/SwiftExtras/SwiftUI/SplitActionButton.swift /Users/admin/builder/spi-builder-workspace/Sources/SwiftExtras/SwiftUI/SpotlightOnboarding.swift /Users/admin/builder/spi-builder-workspace/Sources/SwiftExtras/SwiftUI/VerificationField.swift /Users/admin/builder/spi-builder-workspace/.derivedData/Build/Intermediates.noindex/SwiftExtras.build/Debug/SwiftExtras.build/DerivedSources/GeneratedAssetSymbols.swift /Users/admin/builder/spi-builder-workspace/.derivedData/Build/Intermediates.noindex/SwiftExtras.build/Debug/SwiftExtras.build/DerivedSources/GeneratedStringSymbols_Localizable.swift (in target 'SwiftExtras' from project 'SwiftExtras')
SwiftCompile normal arm64 /Users/admin/builder/spi-builder-workspace/Sources/SwiftExtras/SwiftUI/MatchedPopover.swift (in target 'SwiftExtras' from project 'SwiftExtras')
cd /Users/admin/builder/spi-builder-workspace/.swiftpm/xcode
@__swiftmacro_11SwiftExtras0032SEAcknowledgementViewswift_jIADjfMX124_0_33_878D34FDEDCC6D2522E0F3259BD2DA13Ll7PreviewfMf_.swift:20:21: warning: 'SEAcknowledgementView' is deprecated: Use PKSEAcknowledgementView instead
SEAcknowledgementView(entries: [
^
/Users/admin/builder/spi-builder-workspace/Sources/SwiftExtras/SwiftUI/SEAcknowledgementView.swift:125:1: note: in expansion of macro 'Preview' here
#Preview {
^~~~~~~~~~
/Users/admin/builder/spi-builder-workspace/Sources/SwiftExtras/SwiftUI/SEAcknowledgementView.swift:125:1: note: in expansion of macro 'Preview' here
#Preview {
^~~~~~~~~~
@__swiftmacro_11SwiftExtras0032SEAcknowledgementViewswift_jIADjfMX124_0_33_878D34FDEDCC6D2522E0F3259BD2DA13Ll7PreviewfMf_.swift:20:21: note: use 'PKSEAcknowledgementView' instead
SEAcknowledgementView(entries: [
^
/Users/admin/builder/spi-builder-workspace/Sources/SwiftExtras/SwiftUI/SEAcknowledgementView.swift:125:1: note: in expansion of macro 'Preview' here
#Preview {
^~~~~~~~~~
/Users/admin/builder/spi-builder-workspace/Sources/SwiftExtras/SwiftUI/SEAcknowledgementView.swift:125:1: note: in expansion of macro 'Preview' here
#Preview {
^~~~~~~~~~
SwiftCompile normal arm64 /Users/admin/builder/spi-builder-workspace/Sources/SwiftExtras/SwiftUI/MonthYearPickerView.swift (in target 'SwiftExtras' from project 'SwiftExtras')
cd /Users/admin/builder/spi-builder-workspace/.swiftpm/xcode
@__swiftmacro_11SwiftExtras0032SEAcknowledgementViewswift_jIADjfMX124_0_33_878D34FDEDCC6D2522E0F3259BD2DA13Ll7PreviewfMf_.swift:20:21: warning: 'SEAcknowledgementView' is deprecated: Use PKSEAcknowledgementView instead
SEAcknowledgementView(entries: [
^
/Users/admin/builder/spi-builder-workspace/Sources/SwiftExtras/SwiftUI/SEAcknowledgementView.swift:125:1: note: in expansion of macro 'Preview' here
#Preview {
^~~~~~~~~~
/Users/admin/builder/spi-builder-workspace/Sources/SwiftExtras/SwiftUI/SEAcknowledgementView.swift:125:1: note: in expansion of macro 'Preview' here
#Preview {
^~~~~~~~~~
@__swiftmacro_11SwiftExtras0032SEAcknowledgementViewswift_jIADjfMX124_0_33_878D34FDEDCC6D2522E0F3259BD2DA13Ll7PreviewfMf_.swift:20:21: note: use 'PKSEAcknowledgementView' instead
SEAcknowledgementView(entries: [
^
/Users/admin/builder/spi-builder-workspace/Sources/SwiftExtras/SwiftUI/SEAcknowledgementView.swift:125:1: note: in expansion of macro 'Preview' here
#Preview {
^~~~~~~~~~
/Users/admin/builder/spi-builder-workspace/Sources/SwiftExtras/SwiftUI/SEAcknowledgementView.swift:125:1: note: in expansion of macro 'Preview' here
#Preview {
^~~~~~~~~~
SwiftCompile normal arm64 /Users/admin/builder/spi-builder-workspace/Sources/SwiftExtras/SwiftUI/MultiSelectPickerView.swift (in target 'SwiftExtras' from project 'SwiftExtras')
cd /Users/admin/builder/spi-builder-workspace/.swiftpm/xcode
@__swiftmacro_11SwiftExtras0032SEAcknowledgementViewswift_jIADjfMX124_0_33_878D34FDEDCC6D2522E0F3259BD2DA13Ll7PreviewfMf_.swift:20:21: warning: 'SEAcknowledgementView' is deprecated: Use PKSEAcknowledgementView instead
SEAcknowledgementView(entries: [
^
/Users/admin/builder/spi-builder-workspace/Sources/SwiftExtras/SwiftUI/SEAcknowledgementView.swift:125:1: note: in expansion of macro 'Preview' here
#Preview {
^~~~~~~~~~
/Users/admin/builder/spi-builder-workspace/Sources/SwiftExtras/SwiftUI/SEAcknowledgementView.swift:125:1: note: in expansion of macro 'Preview' here
#Preview {
^~~~~~~~~~
@__swiftmacro_11SwiftExtras0032SEAcknowledgementViewswift_jIADjfMX124_0_33_878D34FDEDCC6D2522E0F3259BD2DA13Ll7PreviewfMf_.swift:20:21: note: use 'PKSEAcknowledgementView' instead
SEAcknowledgementView(entries: [
^
/Users/admin/builder/spi-builder-workspace/Sources/SwiftExtras/SwiftUI/SEAcknowledgementView.swift:125:1: note: in expansion of macro 'Preview' here
#Preview {
^~~~~~~~~~
/Users/admin/builder/spi-builder-workspace/Sources/SwiftExtras/SwiftUI/SEAcknowledgementView.swift:125:1: note: in expansion of macro 'Preview' here
#Preview {
^~~~~~~~~~
SwiftCompile normal arm64 /Users/admin/builder/spi-builder-workspace/Sources/SwiftExtras/SwiftUI/MultiSelectView.swift (in target 'SwiftExtras' from project 'SwiftExtras')
cd /Users/admin/builder/spi-builder-workspace/.swiftpm/xcode
@__swiftmacro_11SwiftExtras0032SEAcknowledgementViewswift_jIADjfMX124_0_33_878D34FDEDCC6D2522E0F3259BD2DA13Ll7PreviewfMf_.swift:20:21: warning: 'SEAcknowledgementView' is deprecated: Use PKSEAcknowledgementView instead
SEAcknowledgementView(entries: [
^
/Users/admin/builder/spi-builder-workspace/Sources/SwiftExtras/SwiftUI/SEAcknowledgementView.swift:125:1: note: in expansion of macro 'Preview' here
#Preview {
^~~~~~~~~~
/Users/admin/builder/spi-builder-workspace/Sources/SwiftExtras/SwiftUI/SEAcknowledgementView.swift:125:1: note: in expansion of macro 'Preview' here
#Preview {
^~~~~~~~~~
@__swiftmacro_11SwiftExtras0032SEAcknowledgementViewswift_jIADjfMX124_0_33_878D34FDEDCC6D2522E0F3259BD2DA13Ll7PreviewfMf_.swift:20:21: note: use 'PKSEAcknowledgementView' instead
SEAcknowledgementView(entries: [
^
/Users/admin/builder/spi-builder-workspace/Sources/SwiftExtras/SwiftUI/SEAcknowledgementView.swift:125:1: note: in expansion of macro 'Preview' here
#Preview {
^~~~~~~~~~
/Users/admin/builder/spi-builder-workspace/Sources/SwiftExtras/SwiftUI/SEAcknowledgementView.swift:125:1: note: in expansion of macro 'Preview' here
#Preview {
^~~~~~~~~~
SwiftCompile normal arm64 /Users/admin/builder/spi-builder-workspace/Sources/SwiftExtras/SwiftUI/NavigationViewIfNeeded.swift (in target 'SwiftExtras' from project 'SwiftExtras')
cd /Users/admin/builder/spi-builder-workspace/.swiftpm/xcode
@__swiftmacro_11SwiftExtras0032SEAcknowledgementViewswift_jIADjfMX124_0_33_878D34FDEDCC6D2522E0F3259BD2DA13Ll7PreviewfMf_.swift:20:21: warning: 'SEAcknowledgementView' is deprecated: Use PKSEAcknowledgementView instead
SEAcknowledgementView(entries: [
^
/Users/admin/builder/spi-builder-workspace/Sources/SwiftExtras/SwiftUI/SEAcknowledgementView.swift:125:1: note: in expansion of macro 'Preview' here
#Preview {
^~~~~~~~~~
/Users/admin/builder/spi-builder-workspace/Sources/SwiftExtras/SwiftUI/SEAcknowledgementView.swift:125:1: note: in expansion of macro 'Preview' here
#Preview {
^~~~~~~~~~
@__swiftmacro_11SwiftExtras0032SEAcknowledgementViewswift_jIADjfMX124_0_33_878D34FDEDCC6D2522E0F3259BD2DA13Ll7PreviewfMf_.swift:20:21: note: use 'PKSEAcknowledgementView' instead
SEAcknowledgementView(entries: [
^
/Users/admin/builder/spi-builder-workspace/Sources/SwiftExtras/SwiftUI/SEAcknowledgementView.swift:125:1: note: in expansion of macro 'Preview' here
#Preview {
^~~~~~~~~~
/Users/admin/builder/spi-builder-workspace/Sources/SwiftExtras/SwiftUI/SEAcknowledgementView.swift:125:1: note: in expansion of macro 'Preview' here
#Preview {
^~~~~~~~~~
SwiftCompile normal arm64 /Users/admin/builder/spi-builder-workspace/Sources/SwiftExtras/SwiftUI/NotificationOnboarding.swift (in target 'SwiftExtras' from project 'SwiftExtras')
cd /Users/admin/builder/spi-builder-workspace/.swiftpm/xcode
@__swiftmacro_11SwiftExtras0032SEAcknowledgementViewswift_jIADjfMX124_0_33_878D34FDEDCC6D2522E0F3259BD2DA13Ll7PreviewfMf_.swift:20:21: warning: 'SEAcknowledgementView' is deprecated: Use PKSEAcknowledgementView instead
SEAcknowledgementView(entries: [
^
/Users/admin/builder/spi-builder-workspace/Sources/SwiftExtras/SwiftUI/SEAcknowledgementView.swift:125:1: note: in expansion of macro 'Preview' here
#Preview {
^~~~~~~~~~
/Users/admin/builder/spi-builder-workspace/Sources/SwiftExtras/SwiftUI/SEAcknowledgementView.swift:125:1: note: in expansion of macro 'Preview' here
#Preview {
^~~~~~~~~~
@__swiftmacro_11SwiftExtras0032SEAcknowledgementViewswift_jIADjfMX124_0_33_878D34FDEDCC6D2522E0F3259BD2DA13Ll7PreviewfMf_.swift:20:21: note: use 'PKSEAcknowledgementView' instead
SEAcknowledgementView(entries: [
^
/Users/admin/builder/spi-builder-workspace/Sources/SwiftExtras/SwiftUI/SEAcknowledgementView.swift:125:1: note: in expansion of macro 'Preview' here
#Preview {
^~~~~~~~~~
/Users/admin/builder/spi-builder-workspace/Sources/SwiftExtras/SwiftUI/SEAcknowledgementView.swift:125:1: note: in expansion of macro 'Preview' here
#Preview {
^~~~~~~~~~
SwiftCompile normal arm64 /Users/admin/builder/spi-builder-workspace/Sources/SwiftExtras/SwiftUI/NotificationView.swift (in target 'SwiftExtras' from project 'SwiftExtras')
cd /Users/admin/builder/spi-builder-workspace/.swiftpm/xcode
@__swiftmacro_11SwiftExtras0032SEAcknowledgementViewswift_jIADjfMX124_0_33_878D34FDEDCC6D2522E0F3259BD2DA13Ll7PreviewfMf_.swift:20:21: warning: 'SEAcknowledgementView' is deprecated: Use PKSEAcknowledgementView instead
SEAcknowledgementView(entries: [
^
/Users/admin/builder/spi-builder-workspace/Sources/SwiftExtras/SwiftUI/SEAcknowledgementView.swift:125:1: note: in expansion of macro 'Preview' here
#Preview {
^~~~~~~~~~
/Users/admin/builder/spi-builder-workspace/Sources/SwiftExtras/SwiftUI/SEAcknowledgementView.swift:125:1: note: in expansion of macro 'Preview' here
#Preview {
^~~~~~~~~~
@__swiftmacro_11SwiftExtras0032SEAcknowledgementViewswift_jIADjfMX124_0_33_878D34FDEDCC6D2522E0F3259BD2DA13Ll7PreviewfMf_.swift:20:21: note: use 'PKSEAcknowledgementView' instead
SEAcknowledgementView(entries: [
^
/Users/admin/builder/spi-builder-workspace/Sources/SwiftExtras/SwiftUI/SEAcknowledgementView.swift:125:1: note: in expansion of macro 'Preview' here
#Preview {
^~~~~~~~~~
/Users/admin/builder/spi-builder-workspace/Sources/SwiftExtras/SwiftUI/SEAcknowledgementView.swift:125:1: note: in expansion of macro 'Preview' here
#Preview {
^~~~~~~~~~
SwiftCompile normal arm64 /Users/admin/builder/spi-builder-workspace/Sources/SwiftExtras/SwiftUI/Onboarding.swift (in target 'SwiftExtras' from project 'SwiftExtras')
cd /Users/admin/builder/spi-builder-workspace/.swiftpm/xcode
@__swiftmacro_11SwiftExtras0032SEAcknowledgementViewswift_jIADjfMX124_0_33_878D34FDEDCC6D2522E0F3259BD2DA13Ll7PreviewfMf_.swift:20:21: warning: 'SEAcknowledgementView' is deprecated: Use PKSEAcknowledgementView instead
SEAcknowledgementView(entries: [
^
/Users/admin/builder/spi-builder-workspace/Sources/SwiftExtras/SwiftUI/SEAcknowledgementView.swift:125:1: note: in expansion of macro 'Preview' here
#Preview {
^~~~~~~~~~
/Users/admin/builder/spi-builder-workspace/Sources/SwiftExtras/SwiftUI/SEAcknowledgementView.swift:125:1: note: in expansion of macro 'Preview' here
#Preview {
^~~~~~~~~~
@__swiftmacro_11SwiftExtras0032SEAcknowledgementViewswift_jIADjfMX124_0_33_878D34FDEDCC6D2522E0F3259BD2DA13Ll7PreviewfMf_.swift:20:21: note: use 'PKSEAcknowledgementView' instead
SEAcknowledgementView(entries: [
^
/Users/admin/builder/spi-builder-workspace/Sources/SwiftExtras/SwiftUI/SEAcknowledgementView.swift:125:1: note: in expansion of macro 'Preview' here
#Preview {
^~~~~~~~~~
/Users/admin/builder/spi-builder-workspace/Sources/SwiftExtras/SwiftUI/SEAcknowledgementView.swift:125:1: note: in expansion of macro 'Preview' here
#Preview {
^~~~~~~~~~
SwiftCompile normal arm64 /Users/admin/builder/spi-builder-workspace/Sources/SwiftExtras/SwiftUI/SEAcknowledgementView.swift (in target 'SwiftExtras' from project 'SwiftExtras')
cd /Users/admin/builder/spi-builder-workspace/.swiftpm/xcode
/Users/admin/builder/spi-builder-workspace/Sources/SwiftExtras/SwiftUI/SEAcknowledgementView.swift:127:9: warning: 'SEAcknowledgementView' is deprecated: Use PKSEAcknowledgementView instead
SEAcknowledgementView(entries: [
^
/Users/admin/builder/spi-builder-workspace/Sources/SwiftExtras/SwiftUI/SEAcknowledgementView.swift:127:9: note: use 'PKSEAcknowledgementView' instead
SEAcknowledgementView(entries: [
^~~~~~~~~~~~~~~~~~~~~
PKSEAcknowledgementView
@__swiftmacro_11SwiftExtras0032SEAcknowledgementViewswift_jIADjfMX124_0_33_878D34FDEDCC6D2522E0F3259BD2DA13Ll7PreviewfMf_.swift:20:21: warning: 'SEAcknowledgementView' is deprecated: Use PKSEAcknowledgementView instead
SEAcknowledgementView(entries: [
^
/Users/admin/builder/spi-builder-workspace/Sources/SwiftExtras/SwiftUI/SEAcknowledgementView.swift:125:1: note: in expansion of macro 'Preview' here
#Preview {
^~~~~~~~~~
/Users/admin/builder/spi-builder-workspace/Sources/SwiftExtras/SwiftUI/SEAcknowledgementView.swift:125:1: note: in expansion of macro 'Preview' here
#Preview {
^~~~~~~~~~
@__swiftmacro_11SwiftExtras0032SEAcknowledgementViewswift_jIADjfMX124_0_33_878D34FDEDCC6D2522E0F3259BD2DA13Ll7PreviewfMf_.swift:20:21: note: use 'PKSEAcknowledgementView' instead
SEAcknowledgementView(entries: [
^
/Users/admin/builder/spi-builder-workspace/Sources/SwiftExtras/SwiftUI/SEAcknowledgementView.swift:125:1: note: in expansion of macro 'Preview' here
#Preview {
^~~~~~~~~~
/Users/admin/builder/spi-builder-workspace/Sources/SwiftExtras/SwiftUI/SEAcknowledgementView.swift:125:1: note: in expansion of macro 'Preview' here
#Preview {
^~~~~~~~~~
SwiftCompile normal arm64 /Users/admin/builder/spi-builder-workspace/Sources/SwiftExtras/SwiftUI/SEChangeLogView.swift (in target 'SwiftExtras' from project 'SwiftExtras')
cd /Users/admin/builder/spi-builder-workspace/.swiftpm/xcode
@__swiftmacro_11SwiftExtras0032SEAcknowledgementViewswift_jIADjfMX124_0_33_878D34FDEDCC6D2522E0F3259BD2DA13Ll7PreviewfMf_.swift:20:21: warning: 'SEAcknowledgementView' is deprecated: Use PKSEAcknowledgementView instead
SEAcknowledgementView(entries: [
^
/Users/admin/builder/spi-builder-workspace/Sources/SwiftExtras/SwiftUI/SEAcknowledgementView.swift:125:1: note: in expansion of macro 'Preview' here
#Preview {
^~~~~~~~~~
/Users/admin/builder/spi-builder-workspace/Sources/SwiftExtras/SwiftUI/SEAcknowledgementView.swift:125:1: note: in expansion of macro 'Preview' here
#Preview {
^~~~~~~~~~
@__swiftmacro_11SwiftExtras0032SEAcknowledgementViewswift_jIADjfMX124_0_33_878D34FDEDCC6D2522E0F3259BD2DA13Ll7PreviewfMf_.swift:20:21: note: use 'PKSEAcknowledgementView' instead
SEAcknowledgementView(entries: [
^
/Users/admin/builder/spi-builder-workspace/Sources/SwiftExtras/SwiftUI/SEAcknowledgementView.swift:125:1: note: in expansion of macro 'Preview' here
#Preview {
^~~~~~~~~~
/Users/admin/builder/spi-builder-workspace/Sources/SwiftExtras/SwiftUI/SEAcknowledgementView.swift:125:1: note: in expansion of macro 'Preview' here
#Preview {
^~~~~~~~~~
SwiftCompile normal arm64 /Users/admin/builder/spi-builder-workspace/Sources/SwiftExtras/SwiftUI/SESettingsView.swift (in target 'SwiftExtras' from project 'SwiftExtras')
cd /Users/admin/builder/spi-builder-workspace/.swiftpm/xcode
@__swiftmacro_11SwiftExtras0032SEAcknowledgementViewswift_jIADjfMX124_0_33_878D34FDEDCC6D2522E0F3259BD2DA13Ll7PreviewfMf_.swift:20:21: warning: 'SEAcknowledgementView' is deprecated: Use PKSEAcknowledgementView instead
SEAcknowledgementView(entries: [
^
/Users/admin/builder/spi-builder-workspace/Sources/SwiftExtras/SwiftUI/SEAcknowledgementView.swift:125:1: note: in expansion of macro 'Preview' here
#Preview {
^~~~~~~~~~
/Users/admin/builder/spi-builder-workspace/Sources/SwiftExtras/SwiftUI/SEAcknowledgementView.swift:125:1: note: in expansion of macro 'Preview' here
#Preview {
^~~~~~~~~~
@__swiftmacro_11SwiftExtras0032SEAcknowledgementViewswift_jIADjfMX124_0_33_878D34FDEDCC6D2522E0F3259BD2DA13Ll7PreviewfMf_.swift:20:21: note: use 'PKSEAcknowledgementView' instead
SEAcknowledgementView(entries: [
^
/Users/admin/builder/spi-builder-workspace/Sources/SwiftExtras/SwiftUI/SEAcknowledgementView.swift:125:1: note: in expansion of macro 'Preview' here
#Preview {
^~~~~~~~~~
/Users/admin/builder/spi-builder-workspace/Sources/SwiftExtras/SwiftUI/SEAcknowledgementView.swift:125:1: note: in expansion of macro 'Preview' here
#Preview {
^~~~~~~~~~
SwiftCompile normal arm64 /Users/admin/builder/spi-builder-workspace/Sources/SwiftExtras/SwiftUI/SplitActionButton.swift (in target 'SwiftExtras' from project 'SwiftExtras')
cd /Users/admin/builder/spi-builder-workspace/.swiftpm/xcode
@__swiftmacro_11SwiftExtras0032SEAcknowledgementViewswift_jIADjfMX124_0_33_878D34FDEDCC6D2522E0F3259BD2DA13Ll7PreviewfMf_.swift:20:21: warning: 'SEAcknowledgementView' is deprecated: Use PKSEAcknowledgementView instead
SEAcknowledgementView(entries: [
^
/Users/admin/builder/spi-builder-workspace/Sources/SwiftExtras/SwiftUI/SEAcknowledgementView.swift:125:1: note: in expansion of macro 'Preview' here
#Preview {
^~~~~~~~~~
/Users/admin/builder/spi-builder-workspace/Sources/SwiftExtras/SwiftUI/SEAcknowledgementView.swift:125:1: note: in expansion of macro 'Preview' here
#Preview {
^~~~~~~~~~
@__swiftmacro_11SwiftExtras0032SEAcknowledgementViewswift_jIADjfMX124_0_33_878D34FDEDCC6D2522E0F3259BD2DA13Ll7PreviewfMf_.swift:20:21: note: use 'PKSEAcknowledgementView' instead
SEAcknowledgementView(entries: [
^
/Users/admin/builder/spi-builder-workspace/Sources/SwiftExtras/SwiftUI/SEAcknowledgementView.swift:125:1: note: in expansion of macro 'Preview' here
#Preview {
^~~~~~~~~~
/Users/admin/builder/spi-builder-workspace/Sources/SwiftExtras/SwiftUI/SEAcknowledgementView.swift:125:1: note: in expansion of macro 'Preview' here
#Preview {
^~~~~~~~~~
SwiftCompile normal arm64 /Users/admin/builder/spi-builder-workspace/Sources/SwiftExtras/SwiftUI/SpotlightOnboarding.swift (in target 'SwiftExtras' from project 'SwiftExtras')
cd /Users/admin/builder/spi-builder-workspace/.swiftpm/xcode
@__swiftmacro_11SwiftExtras0032SEAcknowledgementViewswift_jIADjfMX124_0_33_878D34FDEDCC6D2522E0F3259BD2DA13Ll7PreviewfMf_.swift:20:21: warning: 'SEAcknowledgementView' is deprecated: Use PKSEAcknowledgementView instead
SEAcknowledgementView(entries: [
^
/Users/admin/builder/spi-builder-workspace/Sources/SwiftExtras/SwiftUI/SEAcknowledgementView.swift:125:1: note: in expansion of macro 'Preview' here
#Preview {
^~~~~~~~~~
/Users/admin/builder/spi-builder-workspace/Sources/SwiftExtras/SwiftUI/SEAcknowledgementView.swift:125:1: note: in expansion of macro 'Preview' here
#Preview {
^~~~~~~~~~
@__swiftmacro_11SwiftExtras0032SEAcknowledgementViewswift_jIADjfMX124_0_33_878D34FDEDCC6D2522E0F3259BD2DA13Ll7PreviewfMf_.swift:20:21: note: use 'PKSEAcknowledgementView' instead
SEAcknowledgementView(entries: [
^
/Users/admin/builder/spi-builder-workspace/Sources/SwiftExtras/SwiftUI/SEAcknowledgementView.swift:125:1: note: in expansion of macro 'Preview' here
#Preview {
^~~~~~~~~~
/Users/admin/builder/spi-builder-workspace/Sources/SwiftExtras/SwiftUI/SEAcknowledgementView.swift:125:1: note: in expansion of macro 'Preview' here
#Preview {
^~~~~~~~~~
SwiftCompile normal arm64 /Users/admin/builder/spi-builder-workspace/Sources/SwiftExtras/SwiftUI/VerificationField.swift (in target 'SwiftExtras' from project 'SwiftExtras')
cd /Users/admin/builder/spi-builder-workspace/.swiftpm/xcode
@__swiftmacro_11SwiftExtras0032SEAcknowledgementViewswift_jIADjfMX124_0_33_878D34FDEDCC6D2522E0F3259BD2DA13Ll7PreviewfMf_.swift:20:21: warning: 'SEAcknowledgementView' is deprecated: Use PKSEAcknowledgementView instead
SEAcknowledgementView(entries: [
^
/Users/admin/builder/spi-builder-workspace/Sources/SwiftExtras/SwiftUI/SEAcknowledgementView.swift:125:1: note: in expansion of macro 'Preview' here
#Preview {
^~~~~~~~~~
/Users/admin/builder/spi-builder-workspace/Sources/SwiftExtras/SwiftUI/SEAcknowledgementView.swift:125:1: note: in expansion of macro 'Preview' here
#Preview {
^~~~~~~~~~
@__swiftmacro_11SwiftExtras0032SEAcknowledgementViewswift_jIADjfMX124_0_33_878D34FDEDCC6D2522E0F3259BD2DA13Ll7PreviewfMf_.swift:20:21: note: use 'PKSEAcknowledgementView' instead
SEAcknowledgementView(entries: [
^
/Users/admin/builder/spi-builder-workspace/Sources/SwiftExtras/SwiftUI/SEAcknowledgementView.swift:125:1: note: in expansion of macro 'Preview' here
#Preview {
^~~~~~~~~~
/Users/admin/builder/spi-builder-workspace/Sources/SwiftExtras/SwiftUI/SEAcknowledgementView.swift:125:1: note: in expansion of macro 'Preview' here
#Preview {
^~~~~~~~~~
SwiftCompile normal arm64 /Users/admin/builder/spi-builder-workspace/.derivedData/Build/Intermediates.noindex/SwiftExtras.build/Debug/SwiftExtras.build/DerivedSources/GeneratedAssetSymbols.swift (in target 'SwiftExtras' from project 'SwiftExtras')
cd /Users/admin/builder/spi-builder-workspace/.swiftpm/xcode
@__swiftmacro_11SwiftExtras0032SEAcknowledgementViewswift_jIADjfMX124_0_33_878D34FDEDCC6D2522E0F3259BD2DA13Ll7PreviewfMf_.swift:20:21: warning: 'SEAcknowledgementView' is deprecated: Use PKSEAcknowledgementView instead
SEAcknowledgementView(entries: [
^
/Users/admin/builder/spi-builder-workspace/Sources/SwiftExtras/SwiftUI/SEAcknowledgementView.swift:125:1: note: in expansion of macro 'Preview' here
#Preview {
^~~~~~~~~~
/Users/admin/builder/spi-builder-workspace/Sources/SwiftExtras/SwiftUI/SEAcknowledgementView.swift:125:1: note: in expansion of macro 'Preview' here
#Preview {
^~~~~~~~~~
@__swiftmacro_11SwiftExtras0032SEAcknowledgementViewswift_jIADjfMX124_0_33_878D34FDEDCC6D2522E0F3259BD2DA13Ll7PreviewfMf_.swift:20:21: note: use 'PKSEAcknowledgementView' instead
SEAcknowledgementView(entries: [
^
/Users/admin/builder/spi-builder-workspace/Sources/SwiftExtras/SwiftUI/SEAcknowledgementView.swift:125:1: note: in expansion of macro 'Preview' here
#Preview {
^~~~~~~~~~
/Users/admin/builder/spi-builder-workspace/Sources/SwiftExtras/SwiftUI/SEAcknowledgementView.swift:125:1: note: in expansion of macro 'Preview' here
#Preview {
^~~~~~~~~~
SwiftCompile normal arm64 /Users/admin/builder/spi-builder-workspace/.derivedData/Build/Intermediates.noindex/SwiftExtras.build/Debug/SwiftExtras.build/DerivedSources/GeneratedStringSymbols_Localizable.swift (in target 'SwiftExtras' from project 'SwiftExtras')
cd /Users/admin/builder/spi-builder-workspace/.swiftpm/xcode
@__swiftmacro_11SwiftExtras0032SEAcknowledgementViewswift_jIADjfMX124_0_33_878D34FDEDCC6D2522E0F3259BD2DA13Ll7PreviewfMf_.swift:20:21: warning: 'SEAcknowledgementView' is deprecated: Use PKSEAcknowledgementView instead
SEAcknowledgementView(entries: [
^
/Users/admin/builder/spi-builder-workspace/Sources/SwiftExtras/SwiftUI/SEAcknowledgementView.swift:125:1: note: in expansion of macro 'Preview' here
#Preview {
^~~~~~~~~~
/Users/admin/builder/spi-builder-workspace/Sources/SwiftExtras/SwiftUI/SEAcknowledgementView.swift:125:1: note: in expansion of macro 'Preview' here
#Preview {
^~~~~~~~~~
@__swiftmacro_11SwiftExtras0032SEAcknowledgementViewswift_jIADjfMX124_0_33_878D34FDEDCC6D2522E0F3259BD2DA13Ll7PreviewfMf_.swift:20:21: note: use 'PKSEAcknowledgementView' instead
SEAcknowledgementView(entries: [
^
/Users/admin/builder/spi-builder-workspace/Sources/SwiftExtras/SwiftUI/SEAcknowledgementView.swift:125:1: note: in expansion of macro 'Preview' here
#Preview {
^~~~~~~~~~
/Users/admin/builder/spi-builder-workspace/Sources/SwiftExtras/SwiftUI/SEAcknowledgementView.swift:125:1: note: in expansion of macro 'Preview' here
#Preview {
^~~~~~~~~~
SwiftCompile normal arm64 Compiling\ View+Task.swift,\ View+adaptiveColor.swift,\ View+colorScheme.swift,\ View+getRootViewController.swift,\ View+horizontallyCentered.swift,\ View+modifier.swift,\ View+onChange.swift,\ View+onFirstAppear.swift,\ View+onLandscape.swift,\ View+onNotification.swift,\ View+onboarding.swift,\ View+readOffsetX.swift,\ View+render.swift,\ View+sizeSaver.swift,\ View+snapshot.swift,\ View+stretchableView.swift,\ View+stretchy.swift /Users/admin/builder/spi-builder-workspace/Sources/SwiftExtras/Extensions/View/View+Task.swift /Users/admin/builder/spi-builder-workspace/Sources/SwiftExtras/Extensions/View/View+adaptiveColor.swift /Users/admin/builder/spi-builder-workspace/Sources/SwiftExtras/Extensions/View/View+colorScheme.swift /Users/admin/builder/spi-builder-workspace/Sources/SwiftExtras/Extensions/View/View+getRootViewController.swift /Users/admin/builder/spi-builder-workspace/Sources/SwiftExtras/Extensions/View/View+horizontallyCentered.swift /Users/admin/builder/spi-builder-workspace/Sources/SwiftExtras/Extensions/View/View+modifier.swift /Users/admin/builder/spi-builder-workspace/Sources/SwiftExtras/Extensions/View/View+onChange.swift /Users/admin/builder/spi-builder-workspace/Sources/SwiftExtras/Extensions/View/View+onFirstAppear.swift /Users/admin/builder/spi-builder-workspace/Sources/SwiftExtras/Extensions/View/View+onLandscape.swift /Users/admin/builder/spi-builder-workspace/Sources/SwiftExtras/Extensions/View/View+onNotification.swift /Users/admin/builder/spi-builder-workspace/Sources/SwiftExtras/Extensions/View/View+onboarding.swift /Users/admin/builder/spi-builder-workspace/Sources/SwiftExtras/Extensions/View/View+readOffsetX.swift /Users/admin/builder/spi-builder-workspace/Sources/SwiftExtras/Extensions/View/View+render.swift /Users/admin/builder/spi-builder-workspace/Sources/SwiftExtras/Extensions/View/View+sizeSaver.swift /Users/admin/builder/spi-builder-workspace/Sources/SwiftExtras/Extensions/View/View+snapshot.swift /Users/admin/builder/spi-builder-workspace/Sources/SwiftExtras/Extensions/View/View+stretchableView.swift /Users/admin/builder/spi-builder-workspace/Sources/SwiftExtras/Extensions/View/View+stretchy.swift (in target 'SwiftExtras' from project 'SwiftExtras')
SwiftCompile normal arm64 /Users/admin/builder/spi-builder-workspace/Sources/SwiftExtras/Extensions/View/View+Task.swift (in target 'SwiftExtras' from project 'SwiftExtras')
cd /Users/admin/builder/spi-builder-workspace/.swiftpm/xcode
/Users/admin/builder/spi-builder-workspace/Sources/SwiftExtras/SwiftUI/SEAcknowledgementView.swift:127:9: warning: 'SEAcknowledgementView' is deprecated: Use PKSEAcknowledgementView instead
SEAcknowledgementView(entries: [
^
/Users/admin/builder/spi-builder-workspace/Sources/SwiftExtras/SwiftUI/SEAcknowledgementView.swift:127:9: note: use 'PKSEAcknowledgementView' instead
SEAcknowledgementView(entries: [
^~~~~~~~~~~~~~~~~~~~~
PKSEAcknowledgementView
SwiftCompile normal arm64 /Users/admin/builder/spi-builder-workspace/Sources/SwiftExtras/Extensions/View/View+adaptiveColor.swift (in target 'SwiftExtras' from project 'SwiftExtras')
cd /Users/admin/builder/spi-builder-workspace/.swiftpm/xcode
SwiftCompile normal arm64 /Users/admin/builder/spi-builder-workspace/Sources/SwiftExtras/Extensions/View/View+colorScheme.swift (in target 'SwiftExtras' from project 'SwiftExtras')
cd /Users/admin/builder/spi-builder-workspace/.swiftpm/xcode
SwiftCompile normal arm64 /Users/admin/builder/spi-builder-workspace/Sources/SwiftExtras/Extensions/View/View+getRootViewController.swift (in target 'SwiftExtras' from project 'SwiftExtras')
cd /Users/admin/builder/spi-builder-workspace/.swiftpm/xcode
SwiftCompile normal arm64 /Users/admin/builder/spi-builder-workspace/Sources/SwiftExtras/Extensions/View/View+horizontallyCentered.swift (in target 'SwiftExtras' from project 'SwiftExtras')
cd /Users/admin/builder/spi-builder-workspace/.swiftpm/xcode
SwiftCompile normal arm64 /Users/admin/builder/spi-builder-workspace/Sources/SwiftExtras/Extensions/View/View+modifier.swift (in target 'SwiftExtras' from project 'SwiftExtras')
cd /Users/admin/builder/spi-builder-workspace/.swiftpm/xcode
SwiftCompile normal arm64 /Users/admin/builder/spi-builder-workspace/Sources/SwiftExtras/Extensions/View/View+onChange.swift (in target 'SwiftExtras' from project 'SwiftExtras')
cd /Users/admin/builder/spi-builder-workspace/.swiftpm/xcode
SwiftCompile normal arm64 /Users/admin/builder/spi-builder-workspace/Sources/SwiftExtras/Extensions/View/View+onFirstAppear.swift (in target 'SwiftExtras' from project 'SwiftExtras')
cd /Users/admin/builder/spi-builder-workspace/.swiftpm/xcode
SwiftCompile normal arm64 /Users/admin/builder/spi-builder-workspace/Sources/SwiftExtras/Extensions/View/View+onLandscape.swift (in target 'SwiftExtras' from project 'SwiftExtras')
cd /Users/admin/builder/spi-builder-workspace/.swiftpm/xcode
SwiftCompile normal arm64 /Users/admin/builder/spi-builder-workspace/Sources/SwiftExtras/Extensions/View/View+onNotification.swift (in target 'SwiftExtras' from project 'SwiftExtras')
cd /Users/admin/builder/spi-builder-workspace/.swiftpm/xcode
SwiftCompile normal arm64 /Users/admin/builder/spi-builder-workspace/Sources/SwiftExtras/Extensions/View/View+onboarding.swift (in target 'SwiftExtras' from project 'SwiftExtras')
cd /Users/admin/builder/spi-builder-workspace/.swiftpm/xcode
SwiftCompile normal arm64 /Users/admin/builder/spi-builder-workspace/Sources/SwiftExtras/Extensions/View/View+readOffsetX.swift (in target 'SwiftExtras' from project 'SwiftExtras')
cd /Users/admin/builder/spi-builder-workspace/.swiftpm/xcode
SwiftCompile normal arm64 /Users/admin/builder/spi-builder-workspace/Sources/SwiftExtras/Extensions/View/View+render.swift (in target 'SwiftExtras' from project 'SwiftExtras')
cd /Users/admin/builder/spi-builder-workspace/.swiftpm/xcode
SwiftCompile normal arm64 /Users/admin/builder/spi-builder-workspace/Sources/SwiftExtras/Extensions/View/View+sizeSaver.swift (in target 'SwiftExtras' from project 'SwiftExtras')
cd /Users/admin/builder/spi-builder-workspace/.swiftpm/xcode
SwiftCompile normal arm64 /Users/admin/builder/spi-builder-workspace/Sources/SwiftExtras/Extensions/View/View+snapshot.swift (in target 'SwiftExtras' from project 'SwiftExtras')
cd /Users/admin/builder/spi-builder-workspace/.swiftpm/xcode
SwiftCompile normal arm64 /Users/admin/builder/spi-builder-workspace/Sources/SwiftExtras/Extensions/View/View+stretchableView.swift (in target 'SwiftExtras' from project 'SwiftExtras')
cd /Users/admin/builder/spi-builder-workspace/.swiftpm/xcode
SwiftCompile normal arm64 /Users/admin/builder/spi-builder-workspace/Sources/SwiftExtras/Extensions/View/View+stretchy.swift (in target 'SwiftExtras' from project 'SwiftExtras')
cd /Users/admin/builder/spi-builder-workspace/.swiftpm/xcode
SwiftDriverJobDiscovery normal arm64 Compiling LocalizedStringKey+Identifiable.swift, Logger+.swift, NotificationName+.swift, Optional+isNilOrEmpty.swift, ProcessInfo+Utilities.swift, Sequence+.swift, String+ANSIColors.swift, String+Base64.swift, String+HTML.swift, String+IdentifiableString.swift, String+LocalizedStringKey.swift, String+Quoted.swift, String+Split.swift, String+clean.swift, String+contains.swift, String+error.swift, String+fuzzyMatches.swift (in target 'SwiftExtras' from project 'SwiftExtras')
SwiftDriverJobDiscovery normal arm64 Emitting module for SwiftExtras (in target 'SwiftExtras' from project 'SwiftExtras')
SwiftDriver\ Compilation\ Requirements SwiftExtras normal arm64 com.apple.xcode.tools.swift.compiler (in target 'SwiftExtras' from project 'SwiftExtras')
cd /Users/admin/builder/spi-builder-workspace/.swiftpm/xcode
builtin-Swift-Compilation-Requirements -- /Applications/Xcode-26.3.0.app/Contents/Developer/Toolchains/XcodeDefault.xctoolchain/usr/bin/swiftc -module-name SwiftExtras -Onone -enforce-exclusivity\=checked @/Users/admin/builder/spi-builder-workspace/.derivedData/Build/Intermediates.noindex/SwiftExtras.build/Debug/SwiftExtras.build/Objects-normal/arm64/SwiftExtras.SwiftFileList -DSWIFT_PACKAGE -DDEBUG -DSWIFT_MODULE_RESOURCE_BUNDLE_AVAILABLE -DXcode -plugin-path /Applications/Xcode-26.3.0.app/Contents/Developer/Toolchains/XcodeDefault.xctoolchain/usr/lib/swift/host/plugins/testing -enable-experimental-feature DebugDescriptionMacro -sdk /Applications/Xcode-26.3.0.app/Contents/Developer/Platforms/MacOSX.platform/Developer/SDKs/MacOSX26.2.sdk -target arm64-apple-macos12.0 -g -module-cache-path /Users/admin/builder/spi-builder-workspace/.derivedData/ModuleCache.noindex -Xfrontend -serialize-debugging-options -profile-coverage-mapping -profile-generate -enable-testing -index-store-path /Users/admin/builder/spi-builder-workspace/.derivedData/Index.noindex/DataStore -Xcc -D_LIBCPP_HARDENING_MODE\=_LIBCPP_HARDENING_MODE_DEBUG -swift-version 5 -I /Users/admin/builder/spi-builder-workspace/.derivedData/Build/Products/Debug -Isystem /Applications/Xcode-26.3.0.app/Contents/Developer/Platforms/MacOSX.platform/Developer/usr/lib -F /Users/admin/builder/spi-builder-workspace/.derivedData/Build/Products/Debug/PackageFrameworks -F /Users/admin/builder/spi-builder-workspace/.derivedData/Build/Products/Debug/PackageFrameworks -F /Users/admin/builder/spi-builder-workspace/.derivedData/Build/Products/Debug -F /Applications/Xcode-26.3.0.app/Contents/Developer/Platforms/MacOSX.platform/Developer/Library/Frameworks -emit-localized-strings -emit-localized-strings-path /Users/admin/builder/spi-builder-workspace/.derivedData/Build/Intermediates.noindex/SwiftExtras.build/Debug/SwiftExtras.build/Objects-normal/arm64 -c -j10 -enable-batch-mode -incremental -Xcc -ivfsstatcache -Xcc /Users/admin/builder/spi-builder-workspace/.derivedData/SDKStatCaches.noindex/macosx26.2-25C58-dc75598d0054f22ec865fa860f139d726b10091eae1b9012e514a50b0de53ce7.sdkstatcache -output-file-map /Users/admin/builder/spi-builder-workspace/.derivedData/Build/Intermediates.noindex/SwiftExtras.build/Debug/SwiftExtras.build/Objects-normal/arm64/SwiftExtras-OutputFileMap.json -use-frontend-parseable-output -save-temps -no-color-diagnostics -explicit-module-build -module-cache-path /Users/admin/builder/spi-builder-workspace/.derivedData/Build/Intermediates.noindex/SwiftExplicitPrecompiledModules -clang-scanner-module-cache-path /Users/admin/builder/spi-builder-workspace/.derivedData/ModuleCache.noindex -sdk-module-cache-path /Users/admin/builder/spi-builder-workspace/.derivedData/ModuleCache.noindex -serialize-diagnostics -emit-dependencies -emit-module -emit-module-path /Users/admin/builder/spi-builder-workspace/.derivedData/Build/Intermediates.noindex/SwiftExtras.build/Debug/SwiftExtras.build/Objects-normal/arm64/SwiftExtras.swiftmodule -validate-clang-modules-once -clang-build-session-file /Users/admin/builder/spi-builder-workspace/.derivedData/ModuleCache.noindex/Session.modulevalidation -Xcc -I/Users/admin/builder/spi-builder-workspace/.derivedData/Build/Intermediates.noindex/SwiftExtras.build/Debug/SwiftExtras.build/swift-overrides.hmap -emit-const-values -Xfrontend -const-gather-protocols-file -Xfrontend /Users/admin/builder/spi-builder-workspace/.derivedData/Build/Intermediates.noindex/SwiftExtras.build/Debug/SwiftExtras.build/Objects-normal/arm64/SwiftExtras_const_extract_protocols.json -Xcc -I/Users/admin/builder/spi-builder-workspace/.derivedData/Build/Products/Debug/include -Xcc -I/Users/admin/builder/spi-builder-workspace/.derivedData/Build/Intermediates.noindex/SwiftExtras.build/Debug/SwiftExtras.build/DerivedSources-normal/arm64 -Xcc -I/Users/admin/builder/spi-builder-workspace/.derivedData/Build/Intermediates.noindex/SwiftExtras.build/Debug/SwiftExtras.build/DerivedSources/arm64 -Xcc -I/Users/admin/builder/spi-builder-workspace/.derivedData/Build/Intermediates.noindex/SwiftExtras.build/Debug/SwiftExtras.build/DerivedSources -Xcc -DSWIFT_PACKAGE -Xcc -DDEBUG\=1 -emit-objc-header -emit-objc-header-path /Users/admin/builder/spi-builder-workspace/.derivedData/Build/Intermediates.noindex/SwiftExtras.build/Debug/SwiftExtras.build/Objects-normal/arm64/SwiftExtras-Swift.h -working-directory /Users/admin/builder/spi-builder-workspace/.swiftpm/xcode -experimental-emit-module-separately -disable-cmo
SwiftMergeGeneratedHeaders /Users/admin/builder/spi-builder-workspace/.derivedData/Build/Intermediates.noindex/GeneratedModuleMaps/SwiftExtras-Swift.h /Users/admin/builder/spi-builder-workspace/.derivedData/Build/Intermediates.noindex/SwiftExtras.build/Debug/SwiftExtras.build/Objects-normal/arm64/SwiftExtras-Swift.h (in target 'SwiftExtras' from project 'SwiftExtras')
cd /Users/admin/builder/spi-builder-workspace
builtin-swiftHeaderTool -arch arm64 /Users/admin/builder/spi-builder-workspace/.derivedData/Build/Intermediates.noindex/SwiftExtras.build/Debug/SwiftExtras.build/Objects-normal/arm64/SwiftExtras-Swift.h -o /Users/admin/builder/spi-builder-workspace/.derivedData/Build/Intermediates.noindex/GeneratedModuleMaps/SwiftExtras-Swift.h
Copy /Users/admin/builder/spi-builder-workspace/.derivedData/Build/Products/Debug/SwiftExtras.swiftmodule/arm64-apple-macos.swiftmodule /Users/admin/builder/spi-builder-workspace/.derivedData/Build/Intermediates.noindex/SwiftExtras.build/Debug/SwiftExtras.build/Objects-normal/arm64/SwiftExtras.swiftmodule (in target 'SwiftExtras' from project 'SwiftExtras')
cd /Users/admin/builder/spi-builder-workspace
builtin-copy -exclude .DS_Store -exclude CVS -exclude .svn -exclude .git -exclude .hg -resolve-src-symlinks -rename /Users/admin/builder/spi-builder-workspace/.derivedData/Build/Intermediates.noindex/SwiftExtras.build/Debug/SwiftExtras.build/Objects-normal/arm64/SwiftExtras.swiftmodule /Users/admin/builder/spi-builder-workspace/.derivedData/Build/Products/Debug/SwiftExtras.swiftmodule/arm64-apple-macos.swiftmodule
Copy /Users/admin/builder/spi-builder-workspace/.derivedData/Build/Products/Debug/SwiftExtras.swiftmodule/arm64-apple-macos.swiftdoc /Users/admin/builder/spi-builder-workspace/.derivedData/Build/Intermediates.noindex/SwiftExtras.build/Debug/SwiftExtras.build/Objects-normal/arm64/SwiftExtras.swiftdoc (in target 'SwiftExtras' from project 'SwiftExtras')
cd /Users/admin/builder/spi-builder-workspace
builtin-copy -exclude .DS_Store -exclude CVS -exclude .svn -exclude .git -exclude .hg -resolve-src-symlinks -rename /Users/admin/builder/spi-builder-workspace/.derivedData/Build/Intermediates.noindex/SwiftExtras.build/Debug/SwiftExtras.build/Objects-normal/arm64/SwiftExtras.swiftdoc /Users/admin/builder/spi-builder-workspace/.derivedData/Build/Products/Debug/SwiftExtras.swiftmodule/arm64-apple-macos.swiftdoc
Copy /Users/admin/builder/spi-builder-workspace/.derivedData/Build/Products/Debug/SwiftExtras.swiftmodule/arm64-apple-macos.abi.json /Users/admin/builder/spi-builder-workspace/.derivedData/Build/Intermediates.noindex/SwiftExtras.build/Debug/SwiftExtras.build/Objects-normal/arm64/SwiftExtras.abi.json (in target 'SwiftExtras' from project 'SwiftExtras')
cd /Users/admin/builder/spi-builder-workspace
builtin-copy -exclude .DS_Store -exclude CVS -exclude .svn -exclude .git -exclude .hg -resolve-src-symlinks -rename /Users/admin/builder/spi-builder-workspace/.derivedData/Build/Intermediates.noindex/SwiftExtras.build/Debug/SwiftExtras.build/Objects-normal/arm64/SwiftExtras.abi.json /Users/admin/builder/spi-builder-workspace/.derivedData/Build/Products/Debug/SwiftExtras.swiftmodule/arm64-apple-macos.abi.json
Copy /Users/admin/builder/spi-builder-workspace/.derivedData/Build/Products/Debug/SwiftExtras.swiftmodule/Project/arm64-apple-macos.swiftsourceinfo /Users/admin/builder/spi-builder-workspace/.derivedData/Build/Intermediates.noindex/SwiftExtras.build/Debug/SwiftExtras.build/Objects-normal/arm64/SwiftExtras.swiftsourceinfo (in target 'SwiftExtras' from project 'SwiftExtras')
cd /Users/admin/builder/spi-builder-workspace
builtin-copy -exclude .DS_Store -exclude CVS -exclude .svn -exclude .git -exclude .hg -resolve-src-symlinks -rename /Users/admin/builder/spi-builder-workspace/.derivedData/Build/Intermediates.noindex/SwiftExtras.build/Debug/SwiftExtras.build/Objects-normal/arm64/SwiftExtras.swiftsourceinfo /Users/admin/builder/spi-builder-workspace/.derivedData/Build/Products/Debug/SwiftExtras.swiftmodule/Project/arm64-apple-macos.swiftsourceinfo
SwiftDriver SwiftExtrasScreenshots normal arm64 com.apple.xcode.tools.swift.compiler (in target 'SwiftExtrasScreenshots' from project 'SwiftExtras')
cd /Users/admin/builder/spi-builder-workspace/.swiftpm/xcode
builtin-SwiftDriver -- /Applications/Xcode-26.3.0.app/Contents/Developer/Toolchains/XcodeDefault.xctoolchain/usr/bin/swiftc -module-name SwiftExtrasScreenshots -Onone -enforce-exclusivity\=checked @/Users/admin/builder/spi-builder-workspace/.derivedData/Build/Intermediates.noindex/SwiftExtras.build/Debug/SwiftExtrasScreenshots.build/Objects-normal/arm64/SwiftExtrasScreenshots.SwiftFileList -DSWIFT_PACKAGE -DDEBUG -DXcode -plugin-path /Applications/Xcode-26.3.0.app/Contents/Developer/Toolchains/XcodeDefault.xctoolchain/usr/lib/swift/host/plugins/testing -enable-experimental-feature DebugDescriptionMacro -sdk /Applications/Xcode-26.3.0.app/Contents/Developer/Platforms/MacOSX.platform/Developer/SDKs/MacOSX26.2.sdk -target arm64-apple-macos12.0 -g -module-cache-path /Users/admin/builder/spi-builder-workspace/.derivedData/ModuleCache.noindex -Xfrontend -serialize-debugging-options -profile-coverage-mapping -profile-generate -enable-testing -index-store-path /Users/admin/builder/spi-builder-workspace/.derivedData/Index.noindex/DataStore -Xcc -D_LIBCPP_HARDENING_MODE\=_LIBCPP_HARDENING_MODE_DEBUG -swift-version 5 -I /Users/admin/builder/spi-builder-workspace/.derivedData/Build/Products/Debug -Isystem /Applications/Xcode-26.3.0.app/Contents/Developer/Platforms/MacOSX.platform/Developer/usr/lib -F /Users/admin/builder/spi-builder-workspace/.derivedData/Build/Products/Debug/PackageFrameworks -F /Users/admin/builder/spi-builder-workspace/.derivedData/Build/Products/Debug/PackageFrameworks -F /Users/admin/builder/spi-builder-workspace/.derivedData/Build/Products/Debug/PackageFrameworks -F /Users/admin/builder/spi-builder-workspace/.derivedData/Build/Products/Debug -F /Applications/Xcode-26.3.0.app/Contents/Developer/Platforms/MacOSX.platform/Developer/Library/Frameworks -emit-localized-strings -emit-localized-strings-path /Users/admin/builder/spi-builder-workspace/.derivedData/Build/Intermediates.noindex/SwiftExtras.build/Debug/SwiftExtrasScreenshots.build/Objects-normal/arm64 -c -j10 -enable-batch-mode -incremental -Xcc -ivfsstatcache -Xcc /Users/admin/builder/spi-builder-workspace/.derivedData/SDKStatCaches.noindex/macosx26.2-25C58-dc75598d0054f22ec865fa860f139d726b10091eae1b9012e514a50b0de53ce7.sdkstatcache -output-file-map /Users/admin/builder/spi-builder-workspace/.derivedData/Build/Intermediates.noindex/SwiftExtras.build/Debug/SwiftExtrasScreenshots.build/Objects-normal/arm64/SwiftExtrasScreenshots-OutputFileMap.json -use-frontend-parseable-output -save-temps -no-color-diagnostics -explicit-module-build -module-cache-path /Users/admin/builder/spi-builder-workspace/.derivedData/Build/Intermediates.noindex/SwiftExplicitPrecompiledModules -clang-scanner-module-cache-path /Users/admin/builder/spi-builder-workspace/.derivedData/ModuleCache.noindex -sdk-module-cache-path /Users/admin/builder/spi-builder-workspace/.derivedData/ModuleCache.noindex -serialize-diagnostics -emit-dependencies -emit-module -emit-module-path /Users/admin/builder/spi-builder-workspace/.derivedData/Build/Intermediates.noindex/SwiftExtras.build/Debug/SwiftExtrasScreenshots.build/Objects-normal/arm64/SwiftExtrasScreenshots.swiftmodule -validate-clang-modules-once -clang-build-session-file /Users/admin/builder/spi-builder-workspace/.derivedData/ModuleCache.noindex/Session.modulevalidation -emit-const-values -Xfrontend -const-gather-protocols-file -Xfrontend /Users/admin/builder/spi-builder-workspace/.derivedData/Build/Intermediates.noindex/SwiftExtras.build/Debug/SwiftExtrasScreenshots.build/Objects-normal/arm64/SwiftExtrasScreenshots_const_extract_protocols.json -Xcc -I/Users/admin/builder/spi-builder-workspace/.derivedData/Build/Products/Debug/include -Xcc -I/Users/admin/builder/spi-builder-workspace/.derivedData/Build/Intermediates.noindex/SwiftExtras.build/Debug/SwiftExtrasScreenshots.build/DerivedSources-normal/arm64 -Xcc -I/Users/admin/builder/spi-builder-workspace/.derivedData/Build/Intermediates.noindex/SwiftExtras.build/Debug/SwiftExtrasScreenshots.build/DerivedSources/arm64 -Xcc -I/Users/admin/builder/spi-builder-workspace/.derivedData/Build/Intermediates.noindex/SwiftExtras.build/Debug/SwiftExtrasScreenshots.build/DerivedSources -Xcc -DSWIFT_PACKAGE -Xcc -DDEBUG\=1 -working-directory /Users/admin/builder/spi-builder-workspace/.swiftpm/xcode -experimental-emit-module-separately -disable-cmo
SwiftDriverJobDiscovery normal arm64 Compiling String+hashed.swift, String+slice.swift, String+slugified.swift, String+subscript.swift, String+trimmed.swift, String+url.swift, StringProtocol+.swift, Task+.swift, Text+Gradient.swift, TimeInterval+.swift, UIDevice+Utilities.swift, URL+.swift, URLSession.swift, UserDefaults+subscript.swift, View+Error.swift, View+Frame.swift, View+Log.swift (in target 'SwiftExtras' from project 'SwiftExtras')
SwiftDriver SwiftExtrasScreenshotTesting normal arm64 com.apple.xcode.tools.swift.compiler (in target 'SwiftExtrasScreenshotTesting' from project 'SwiftExtras')
cd /Users/admin/builder/spi-builder-workspace/.swiftpm/xcode
builtin-SwiftDriver -- /Applications/Xcode-26.3.0.app/Contents/Developer/Toolchains/XcodeDefault.xctoolchain/usr/bin/swiftc -module-name SwiftExtrasScreenshotTesting -Onone -enforce-exclusivity\=checked @/Users/admin/builder/spi-builder-workspace/.derivedData/Build/Intermediates.noindex/SwiftExtras.build/Debug/SwiftExtrasScreenshotTesting.build/Objects-normal/arm64/SwiftExtrasScreenshotTesting.SwiftFileList -DSWIFT_PACKAGE -DDEBUG -DSWIFT_MODULE_RESOURCE_BUNDLE_UNAVAILABLE -DXcode -plugin-path /Applications/Xcode-26.3.0.app/Contents/Developer/Toolchains/XcodeDefault.xctoolchain/usr/lib/swift/host/plugins/testing -enable-experimental-feature DebugDescriptionMacro -sdk /Applications/Xcode-26.3.0.app/Contents/Developer/Platforms/MacOSX.platform/Developer/SDKs/MacOSX26.2.sdk -target arm64-apple-macos12.0 -g -module-cache-path /Users/admin/builder/spi-builder-workspace/.derivedData/ModuleCache.noindex -Xfrontend -serialize-debugging-options -profile-coverage-mapping -profile-generate -enable-testing -index-store-path /Users/admin/builder/spi-builder-workspace/.derivedData/Index.noindex/DataStore -Xcc -D_LIBCPP_HARDENING_MODE\=_LIBCPP_HARDENING_MODE_DEBUG -swift-version 5 -I /Users/admin/builder/spi-builder-workspace/.derivedData/Build/Products/Debug -Isystem /Applications/Xcode-26.3.0.app/Contents/Developer/Platforms/MacOSX.platform/Developer/usr/lib -F /Users/admin/builder/spi-builder-workspace/.derivedData/Build/Products/Debug/PackageFrameworks -F /Users/admin/builder/spi-builder-workspace/.derivedData/Build/Products/Debug/PackageFrameworks -F /Users/admin/builder/spi-builder-workspace/.derivedData/Build/Products/Debug/PackageFrameworks -F /Users/admin/builder/spi-builder-workspace/.derivedData/Build/Products/Debug -F /Applications/Xcode-26.3.0.app/Contents/Developer/Platforms/MacOSX.platform/Developer/Library/Frameworks -parse-as-library -emit-localized-strings -emit-localized-strings-path /Users/admin/builder/spi-builder-workspace/.derivedData/Build/Intermediates.noindex/SwiftExtras.build/Debug/SwiftExtrasScreenshotTesting.build/Objects-normal/arm64 -c -j10 -enable-batch-mode -incremental -Xcc -ivfsstatcache -Xcc /Users/admin/builder/spi-builder-workspace/.derivedData/SDKStatCaches.noindex/macosx26.2-25C58-dc75598d0054f22ec865fa860f139d726b10091eae1b9012e514a50b0de53ce7.sdkstatcache -output-file-map /Users/admin/builder/spi-builder-workspace/.derivedData/Build/Intermediates.noindex/SwiftExtras.build/Debug/SwiftExtrasScreenshotTesting.build/Objects-normal/arm64/SwiftExtrasScreenshotTesting-OutputFileMap.json -use-frontend-parseable-output -save-temps -no-color-diagnostics -explicit-module-build -module-cache-path /Users/admin/builder/spi-builder-workspace/.derivedData/Build/Intermediates.noindex/SwiftExplicitPrecompiledModules -clang-scanner-module-cache-path /Users/admin/builder/spi-builder-workspace/.derivedData/ModuleCache.noindex -sdk-module-cache-path /Users/admin/builder/spi-builder-workspace/.derivedData/ModuleCache.noindex -serialize-diagnostics -emit-dependencies -emit-module -emit-module-path /Users/admin/builder/spi-builder-workspace/.derivedData/Build/Intermediates.noindex/SwiftExtras.build/Debug/SwiftExtrasScreenshotTesting.build/Objects-normal/arm64/SwiftExtrasScreenshotTesting.swiftmodule -validate-clang-modules-once -clang-build-session-file /Users/admin/builder/spi-builder-workspace/.derivedData/ModuleCache.noindex/Session.modulevalidation -Xcc -I/Users/admin/builder/spi-builder-workspace/.derivedData/Build/Intermediates.noindex/SwiftExtras.build/Debug/SwiftExtrasScreenshotTesting.build/swift-overrides.hmap -emit-const-values -Xfrontend -const-gather-protocols-file -Xfrontend /Users/admin/builder/spi-builder-workspace/.derivedData/Build/Intermediates.noindex/SwiftExtras.build/Debug/SwiftExtrasScreenshotTesting.build/Objects-normal/arm64/SwiftExtrasScreenshotTesting_const_extract_protocols.json -Xcc -I/Users/admin/builder/spi-builder-workspace/.derivedData/Build/Products/Debug/include -Xcc -I/Users/admin/builder/spi-builder-workspace/.derivedData/Build/Intermediates.noindex/SwiftExtras.build/Debug/SwiftExtrasScreenshotTesting.build/DerivedSources-normal/arm64 -Xcc -I/Users/admin/builder/spi-builder-workspace/.derivedData/Build/Intermediates.noindex/SwiftExtras.build/Debug/SwiftExtrasScreenshotTesting.build/DerivedSources/arm64 -Xcc -I/Users/admin/builder/spi-builder-workspace/.derivedData/Build/Intermediates.noindex/SwiftExtras.build/Debug/SwiftExtrasScreenshotTesting.build/DerivedSources -Xcc -DSWIFT_PACKAGE -Xcc -DDEBUG\=1 -emit-objc-header -emit-objc-header-path /Users/admin/builder/spi-builder-workspace/.derivedData/Build/Intermediates.noindex/SwiftExtras.build/Debug/SwiftExtrasScreenshotTesting.build/Objects-normal/arm64/SwiftExtrasScreenshotTesting-Swift.h -working-directory /Users/admin/builder/spi-builder-workspace/.swiftpm/xcode -experimental-emit-module-separately -disable-cmo
SwiftEmitModule normal arm64 Emitting\ module\ for\ SwiftExtrasScreenshots (in target 'SwiftExtrasScreenshots' from project 'SwiftExtras')
EmitSwiftModule normal arm64 (in target 'SwiftExtrasScreenshots' from project 'SwiftExtras')
cd /Users/admin/builder/spi-builder-workspace/.swiftpm/xcode
SwiftCompile normal arm64 Compiling\ ScreenshotRendering.swift /Users/admin/builder/spi-builder-workspace/Tools/SwiftExtrasScreenshots/ScreenshotRendering.swift (in target 'SwiftExtrasScreenshots' from project 'SwiftExtras')
SwiftCompile normal arm64 /Users/admin/builder/spi-builder-workspace/Tools/SwiftExtrasScreenshots/ScreenshotRendering.swift (in target 'SwiftExtrasScreenshots' from project 'SwiftExtras')
cd /Users/admin/builder/spi-builder-workspace/.swiftpm/xcode
SwiftDriverJobDiscovery normal arm64 Compiling Color+init.swift, Color+random.swift, PlatformColor+.swift, Data.swift, Date+.swift, Date+Identifiable.swift, Date+getFormattedDate.swift, Dictionary+RawRepresentable.swift, Double+.swift, Error+errorCode.swift, Float.swift, Image+Platform.swift, Image+centerCropped.swift, PlatformImage+.swift, Int+.swift, Locale+Utilities.swift, LocalizedStringKey+.swift (in target 'SwiftExtras' from project 'SwiftExtras')
SwiftCompile normal arm64 Compiling\ ModifierExamples.swift /Users/admin/builder/spi-builder-workspace/Tools/SwiftExtrasScreenshots/ModifierExamples.swift (in target 'SwiftExtrasScreenshots' from project 'SwiftExtras')
SwiftCompile normal arm64 /Users/admin/builder/spi-builder-workspace/Tools/SwiftExtrasScreenshots/ModifierExamples.swift (in target 'SwiftExtrasScreenshots' from project 'SwiftExtras')
cd /Users/admin/builder/spi-builder-workspace/.swiftpm/xcode
SwiftDriverJobDiscovery normal arm64 Emitting module for SwiftExtrasScreenshots (in target 'SwiftExtrasScreenshots' from project 'SwiftExtras')
SwiftDriver\ Compilation\ Requirements SwiftExtrasScreenshots normal arm64 com.apple.xcode.tools.swift.compiler (in target 'SwiftExtrasScreenshots' from project 'SwiftExtras')
cd /Users/admin/builder/spi-builder-workspace/.swiftpm/xcode
builtin-Swift-Compilation-Requirements -- /Applications/Xcode-26.3.0.app/Contents/Developer/Toolchains/XcodeDefault.xctoolchain/usr/bin/swiftc -module-name SwiftExtrasScreenshots -Onone -enforce-exclusivity\=checked @/Users/admin/builder/spi-builder-workspace/.derivedData/Build/Intermediates.noindex/SwiftExtras.build/Debug/SwiftExtrasScreenshots.build/Objects-normal/arm64/SwiftExtrasScreenshots.SwiftFileList -DSWIFT_PACKAGE -DDEBUG -DXcode -plugin-path /Applications/Xcode-26.3.0.app/Contents/Developer/Toolchains/XcodeDefault.xctoolchain/usr/lib/swift/host/plugins/testing -enable-experimental-feature DebugDescriptionMacro -sdk /Applications/Xcode-26.3.0.app/Contents/Developer/Platforms/MacOSX.platform/Developer/SDKs/MacOSX26.2.sdk -target arm64-apple-macos12.0 -g -module-cache-path /Users/admin/builder/spi-builder-workspace/.derivedData/ModuleCache.noindex -Xfrontend -serialize-debugging-options -profile-coverage-mapping -profile-generate -enable-testing -index-store-path /Users/admin/builder/spi-builder-workspace/.derivedData/Index.noindex/DataStore -Xcc -D_LIBCPP_HARDENING_MODE\=_LIBCPP_HARDENING_MODE_DEBUG -swift-version 5 -I /Users/admin/builder/spi-builder-workspace/.derivedData/Build/Products/Debug -Isystem /Applications/Xcode-26.3.0.app/Contents/Developer/Platforms/MacOSX.platform/Developer/usr/lib -F /Users/admin/builder/spi-builder-workspace/.derivedData/Build/Products/Debug/PackageFrameworks -F /Users/admin/builder/spi-builder-workspace/.derivedData/Build/Products/Debug/PackageFrameworks -F /Users/admin/builder/spi-builder-workspace/.derivedData/Build/Products/Debug/PackageFrameworks -F /Users/admin/builder/spi-builder-workspace/.derivedData/Build/Products/Debug -F /Applications/Xcode-26.3.0.app/Contents/Developer/Platforms/MacOSX.platform/Developer/Library/Frameworks -emit-localized-strings -emit-localized-strings-path /Users/admin/builder/spi-builder-workspace/.derivedData/Build/Intermediates.noindex/SwiftExtras.build/Debug/SwiftExtrasScreenshots.build/Objects-normal/arm64 -c -j10 -enable-batch-mode -incremental -Xcc -ivfsstatcache -Xcc /Users/admin/builder/spi-builder-workspace/.derivedData/SDKStatCaches.noindex/macosx26.2-25C58-dc75598d0054f22ec865fa860f139d726b10091eae1b9012e514a50b0de53ce7.sdkstatcache -output-file-map /Users/admin/builder/spi-builder-workspace/.derivedData/Build/Intermediates.noindex/SwiftExtras.build/Debug/SwiftExtrasScreenshots.build/Objects-normal/arm64/SwiftExtrasScreenshots-OutputFileMap.json -use-frontend-parseable-output -save-temps -no-color-diagnostics -explicit-module-build -module-cache-path /Users/admin/builder/spi-builder-workspace/.derivedData/Build/Intermediates.noindex/SwiftExplicitPrecompiledModules -clang-scanner-module-cache-path /Users/admin/builder/spi-builder-workspace/.derivedData/ModuleCache.noindex -sdk-module-cache-path /Users/admin/builder/spi-builder-workspace/.derivedData/ModuleCache.noindex -serialize-diagnostics -emit-dependencies -emit-module -emit-module-path /Users/admin/builder/spi-builder-workspace/.derivedData/Build/Intermediates.noindex/SwiftExtras.build/Debug/SwiftExtrasScreenshots.build/Objects-normal/arm64/SwiftExtrasScreenshots.swiftmodule -validate-clang-modules-once -clang-build-session-file /Users/admin/builder/spi-builder-workspace/.derivedData/ModuleCache.noindex/Session.modulevalidation -emit-const-values -Xfrontend -const-gather-protocols-file -Xfrontend /Users/admin/builder/spi-builder-workspace/.derivedData/Build/Intermediates.noindex/SwiftExtras.build/Debug/SwiftExtrasScreenshots.build/Objects-normal/arm64/SwiftExtrasScreenshots_const_extract_protocols.json -Xcc -I/Users/admin/builder/spi-builder-workspace/.derivedData/Build/Products/Debug/include -Xcc -I/Users/admin/builder/spi-builder-workspace/.derivedData/Build/Intermediates.noindex/SwiftExtras.build/Debug/SwiftExtrasScreenshots.build/DerivedSources-normal/arm64 -Xcc -I/Users/admin/builder/spi-builder-workspace/.derivedData/Build/Intermediates.noindex/SwiftExtras.build/Debug/SwiftExtrasScreenshots.build/DerivedSources/arm64 -Xcc -I/Users/admin/builder/spi-builder-workspace/.derivedData/Build/Intermediates.noindex/SwiftExtras.build/Debug/SwiftExtrasScreenshots.build/DerivedSources -Xcc -DSWIFT_PACKAGE -Xcc -DDEBUG\=1 -working-directory /Users/admin/builder/spi-builder-workspace/.swiftpm/xcode -experimental-emit-module-separately -disable-cmo
SwiftExplicitDependencyGeneratePcm arm64 /Users/admin/builder/spi-builder-workspace/.derivedData/Build/Intermediates.noindex/SwiftExplicitPrecompiledModules/XCUIAutomation-U4GCGAYNT9HG89DFT8PCOOQO.pcm
Copy /Users/admin/builder/spi-builder-workspace/.derivedData/Build/Products/Debug/SwiftExtrasScreenshots.swiftmodule/arm64-apple-macos.swiftmodule /Users/admin/builder/spi-builder-workspace/.derivedData/Build/Intermediates.noindex/SwiftExtras.build/Debug/SwiftExtrasScreenshots.build/Objects-normal/arm64/SwiftExtrasScreenshots.swiftmodule (in target 'SwiftExtrasScreenshots' from project 'SwiftExtras')
cd /Users/admin/builder/spi-builder-workspace
builtin-copy -exclude .DS_Store -exclude CVS -exclude .svn -exclude .git -exclude .hg -resolve-src-symlinks -rename /Users/admin/builder/spi-builder-workspace/.derivedData/Build/Intermediates.noindex/SwiftExtras.build/Debug/SwiftExtrasScreenshots.build/Objects-normal/arm64/SwiftExtrasScreenshots.swiftmodule /Users/admin/builder/spi-builder-workspace/.derivedData/Build/Products/Debug/SwiftExtrasScreenshots.swiftmodule/arm64-apple-macos.swiftmodule
SwiftDriverJobDiscovery normal arm64 Compiling ScreenshotRendering.swift (in target 'SwiftExtrasScreenshots' from project 'SwiftExtras')
Copy /Users/admin/builder/spi-builder-workspace/.derivedData/Build/Products/Debug/SwiftExtrasScreenshots.swiftmodule/arm64-apple-macos.swiftdoc /Users/admin/builder/spi-builder-workspace/.derivedData/Build/Intermediates.noindex/SwiftExtras.build/Debug/SwiftExtrasScreenshots.build/Objects-normal/arm64/SwiftExtrasScreenshots.swiftdoc (in target 'SwiftExtrasScreenshots' from project 'SwiftExtras')
cd /Users/admin/builder/spi-builder-workspace
builtin-copy -exclude .DS_Store -exclude CVS -exclude .svn -exclude .git -exclude .hg -resolve-src-symlinks -rename /Users/admin/builder/spi-builder-workspace/.derivedData/Build/Intermediates.noindex/SwiftExtras.build/Debug/SwiftExtrasScreenshots.build/Objects-normal/arm64/SwiftExtrasScreenshots.swiftdoc /Users/admin/builder/spi-builder-workspace/.derivedData/Build/Products/Debug/SwiftExtrasScreenshots.swiftmodule/arm64-apple-macos.swiftdoc
Copy /Users/admin/builder/spi-builder-workspace/.derivedData/Build/Products/Debug/SwiftExtrasScreenshots.swiftmodule/arm64-apple-macos.abi.json /Users/admin/builder/spi-builder-workspace/.derivedData/Build/Intermediates.noindex/SwiftExtras.build/Debug/SwiftExtrasScreenshots.build/Objects-normal/arm64/SwiftExtrasScreenshots.abi.json (in target 'SwiftExtrasScreenshots' from project 'SwiftExtras')
cd /Users/admin/builder/spi-builder-workspace
builtin-copy -exclude .DS_Store -exclude CVS -exclude .svn -exclude .git -exclude .hg -resolve-src-symlinks -rename /Users/admin/builder/spi-builder-workspace/.derivedData/Build/Intermediates.noindex/SwiftExtras.build/Debug/SwiftExtrasScreenshots.build/Objects-normal/arm64/SwiftExtrasScreenshots.abi.json /Users/admin/builder/spi-builder-workspace/.derivedData/Build/Products/Debug/SwiftExtrasScreenshots.swiftmodule/arm64-apple-macos.abi.json
Copy /Users/admin/builder/spi-builder-workspace/.derivedData/Build/Products/Debug/SwiftExtrasScreenshots.swiftmodule/Project/arm64-apple-macos.swiftsourceinfo /Users/admin/builder/spi-builder-workspace/.derivedData/Build/Intermediates.noindex/SwiftExtras.build/Debug/SwiftExtrasScreenshots.build/Objects-normal/arm64/SwiftExtrasScreenshots.swiftsourceinfo (in target 'SwiftExtrasScreenshots' from project 'SwiftExtras')
cd /Users/admin/builder/spi-builder-workspace
builtin-copy -exclude .DS_Store -exclude CVS -exclude .svn -exclude .git -exclude .hg -resolve-src-symlinks -rename /Users/admin/builder/spi-builder-workspace/.derivedData/Build/Intermediates.noindex/SwiftExtras.build/Debug/SwiftExtrasScreenshots.build/Objects-normal/arm64/SwiftExtrasScreenshots.swiftsourceinfo /Users/admin/builder/spi-builder-workspace/.derivedData/Build/Products/Debug/SwiftExtrasScreenshots.swiftmodule/Project/arm64-apple-macos.swiftsourceinfo
SwiftDriverJobDiscovery normal arm64 Compiling SFSafari.swift, WebView.swift, HexShape.swift, AnyCodable.swift, DeviceInfo.swift, Dynamic.swift, DynamicJSON.swift, IslandToastCard.swift, SEAcknowledgement.swift, SEChangeLogEntry.swift, SocialIcons.swift, UbiquitousStorage.swift, BorderedToggleStyle.swift, ColoredButtonStyle.swift, GrayButtonStyle.swift, ListButtonStyle.swift, PlainBorderedToggleStyle.swift (in target 'SwiftExtras' from project 'SwiftExtras')
SwiftCompile normal arm64 Compiling\ SwiftExtrasScreenshots.swift /Users/admin/builder/spi-builder-workspace/Tools/SwiftExtrasScreenshots/SwiftExtrasScreenshots.swift (in target 'SwiftExtrasScreenshots' from project 'SwiftExtras')
SwiftCompile normal arm64 /Users/admin/builder/spi-builder-workspace/Tools/SwiftExtrasScreenshots/SwiftExtrasScreenshots.swift (in target 'SwiftExtrasScreenshots' from project 'SwiftExtras')
cd /Users/admin/builder/spi-builder-workspace/.swiftpm/xcode
SwiftExplicitDependencyCompileModuleFromInterface arm64 /Users/admin/builder/spi-builder-workspace/.derivedData/Build/Intermediates.noindex/SwiftExplicitPrecompiledModules/XCUIAutomation-1O9OPQN4QM6IJ.swiftmodule
SwiftExplicitDependencyGeneratePcm arm64 /Users/admin/builder/spi-builder-workspace/.derivedData/Build/Intermediates.noindex/SwiftExplicitPrecompiledModules/XCTest-DJQWGNYLQ93UH60C9M8HXFQO8.pcm
SwiftDriver SwiftExtrasDemo normal arm64 com.apple.xcode.tools.swift.compiler (in target 'SwiftExtrasDemo' from project 'SwiftExtras')
cd /Users/admin/builder/spi-builder-workspace/.swiftpm/xcode
builtin-SwiftDriver -- /Applications/Xcode-26.3.0.app/Contents/Developer/Toolchains/XcodeDefault.xctoolchain/usr/bin/swiftc -module-name SwiftExtrasDemo -Onone -enforce-exclusivity\=checked @/Users/admin/builder/spi-builder-workspace/.derivedData/Build/Intermediates.noindex/SwiftExtras.build/Debug/SwiftExtrasDemo.build/Objects-normal/arm64/SwiftExtrasDemo.SwiftFileList -DSWIFT_PACKAGE -DDEBUG -DXcode -plugin-path /Applications/Xcode-26.3.0.app/Contents/Developer/Toolchains/XcodeDefault.xctoolchain/usr/lib/swift/host/plugins/testing -enable-experimental-feature DebugDescriptionMacro -sdk /Applications/Xcode-26.3.0.app/Contents/Developer/Platforms/MacOSX.platform/Developer/SDKs/MacOSX26.2.sdk -target arm64-apple-macos12.0 -g -module-cache-path /Users/admin/builder/spi-builder-workspace/.derivedData/ModuleCache.noindex -Xfrontend -serialize-debugging-options -profile-coverage-mapping -profile-generate -enable-testing -index-store-path /Users/admin/builder/spi-builder-workspace/.derivedData/Index.noindex/DataStore -Xcc -D_LIBCPP_HARDENING_MODE\=_LIBCPP_HARDENING_MODE_DEBUG -swift-version 5 -I /Users/admin/builder/spi-builder-workspace/.derivedData/Build/Products/Debug -Isystem /Applications/Xcode-26.3.0.app/Contents/Developer/Platforms/MacOSX.platform/Developer/usr/lib -F /Users/admin/builder/spi-builder-workspace/.derivedData/Build/Products/Debug/PackageFrameworks -F /Users/admin/builder/spi-builder-workspace/.derivedData/Build/Products/Debug/PackageFrameworks -F /Users/admin/builder/spi-builder-workspace/.derivedData/Build/Products/Debug/PackageFrameworks -F /Users/admin/builder/spi-builder-workspace/.derivedData/Build/Products/Debug -F /Applications/Xcode-26.3.0.app/Contents/Developer/Platforms/MacOSX.platform/Developer/Library/Frameworks -emit-localized-strings -emit-localized-strings-path /Users/admin/builder/spi-builder-workspace/.derivedData/Build/Intermediates.noindex/SwiftExtras.build/Debug/SwiftExtrasDemo.build/Objects-normal/arm64 -c -j10 -enable-batch-mode -incremental -Xcc -ivfsstatcache -Xcc /Users/admin/builder/spi-builder-workspace/.derivedData/SDKStatCaches.noindex/macosx26.2-25C58-dc75598d0054f22ec865fa860f139d726b10091eae1b9012e514a50b0de53ce7.sdkstatcache -output-file-map /Users/admin/builder/spi-builder-workspace/.derivedData/Build/Intermediates.noindex/SwiftExtras.build/Debug/SwiftExtrasDemo.build/Objects-normal/arm64/SwiftExtrasDemo-OutputFileMap.json -use-frontend-parseable-output -save-temps -no-color-diagnostics -explicit-module-build -module-cache-path /Users/admin/builder/spi-builder-workspace/.derivedData/Build/Intermediates.noindex/SwiftExplicitPrecompiledModules -clang-scanner-module-cache-path /Users/admin/builder/spi-builder-workspace/.derivedData/ModuleCache.noindex -sdk-module-cache-path /Users/admin/builder/spi-builder-workspace/.derivedData/ModuleCache.noindex -serialize-diagnostics -emit-dependencies -emit-module -emit-module-path /Users/admin/builder/spi-builder-workspace/.derivedData/Build/Intermediates.noindex/SwiftExtras.build/Debug/SwiftExtrasDemo.build/Objects-normal/arm64/SwiftExtrasDemo.swiftmodule -validate-clang-modules-once -clang-build-session-file /Users/admin/builder/spi-builder-workspace/.derivedData/ModuleCache.noindex/Session.modulevalidation -emit-const-values -Xfrontend -const-gather-protocols-file -Xfrontend /Users/admin/builder/spi-builder-workspace/.derivedData/Build/Intermediates.noindex/SwiftExtras.build/Debug/SwiftExtrasDemo.build/Objects-normal/arm64/SwiftExtrasDemo_const_extract_protocols.json -Xcc -I/Users/admin/builder/spi-builder-workspace/.derivedData/Build/Products/Debug/include -Xcc -I/Users/admin/builder/spi-builder-workspace/.derivedData/Build/Intermediates.noindex/SwiftExtras.build/Debug/SwiftExtrasDemo.build/DerivedSources-normal/arm64 -Xcc -I/Users/admin/builder/spi-builder-workspace/.derivedData/Build/Intermediates.noindex/SwiftExtras.build/Debug/SwiftExtrasDemo.build/DerivedSources/arm64 -Xcc -I/Users/admin/builder/spi-builder-workspace/.derivedData/Build/Intermediates.noindex/SwiftExtras.build/Debug/SwiftExtrasDemo.build/DerivedSources -Xcc -DSWIFT_PACKAGE -Xcc -DDEBUG\=1 -working-directory /Users/admin/builder/spi-builder-workspace/.swiftpm/xcode -experimental-emit-module-separately -disable-cmo
SwiftExplicitDependencyCompileModuleFromInterface arm64 /Users/admin/builder/spi-builder-workspace/.derivedData/Build/Intermediates.noindex/SwiftExplicitPrecompiledModules/XCTest-3SV4LDD2H2WL6.swiftmodule
SwiftEmitModule normal arm64 Emitting\ module\ for\ SwiftExtrasScreenshotTesting (in target 'SwiftExtrasScreenshotTesting' from project 'SwiftExtras')
SwiftCompile normal arm64 /Users/admin/builder/spi-builder-workspace/Sources/SwiftExtrasScreenshotTesting/ScreenshotTestCase.swift (in target 'SwiftExtrasScreenshotTesting' from project 'SwiftExtras')
cd /Users/admin/builder/spi-builder-workspace/.swiftpm/xcode
SwiftCompile normal arm64 Compiling\ ScreenshotTestCase.swift /Users/admin/builder/spi-builder-workspace/Sources/SwiftExtrasScreenshotTesting/ScreenshotTestCase.swift (in target 'SwiftExtrasScreenshotTesting' from project 'SwiftExtras')
SwiftCompile normal arm64 /Users/admin/builder/spi-builder-workspace/Sources/SwiftExtrasScreenshotTesting/ScreenshotTestCase.swift (in target 'SwiftExtrasScreenshotTesting' from project 'SwiftExtras')
cd /Users/admin/builder/spi-builder-workspace/.swiftpm/xcode
SwiftDriverJobDiscovery normal arm64 Compiling ModifierExamples.swift (in target 'SwiftExtrasScreenshots' from project 'SwiftExtras')
SwiftDriverJobDiscovery normal arm64 Compiling StretchyHeaderViewModifier.swift, TextFieldActions.swift, TextFieldWithAxisActionHelper.swift, Toast.swift, NSPasteboard+string.swift, PlatformTypes.swift, PlatformViewRepresentable.swift, openURL.swift, RegularExpressionOperator.swift, optionalBinding.swift, PictureInPicture.swift, PictureInPictureController.swift, PictureInPictureLayerView.swift, PictureInPictureRenderer.swift, View+PictureInPicture.swift, AutoEquatable.swift, MailView.swift (in target 'SwiftExtras' from project 'SwiftExtras')
SwiftDriverJobDiscovery normal arm64 Emitting module for SwiftExtrasScreenshotTesting (in target 'SwiftExtrasScreenshotTesting' from project 'SwiftExtras')
SwiftDriver\ Compilation\ Requirements SwiftExtrasScreenshotTesting normal arm64 com.apple.xcode.tools.swift.compiler (in target 'SwiftExtrasScreenshotTesting' from project 'SwiftExtras')
cd /Users/admin/builder/spi-builder-workspace/.swiftpm/xcode
builtin-Swift-Compilation-Requirements -- /Applications/Xcode-26.3.0.app/Contents/Developer/Toolchains/XcodeDefault.xctoolchain/usr/bin/swiftc -module-name SwiftExtrasScreenshotTesting -Onone -enforce-exclusivity\=checked @/Users/admin/builder/spi-builder-workspace/.derivedData/Build/Intermediates.noindex/SwiftExtras.build/Debug/SwiftExtrasScreenshotTesting.build/Objects-normal/arm64/SwiftExtrasScreenshotTesting.SwiftFileList -DSWIFT_PACKAGE -DDEBUG -DSWIFT_MODULE_RESOURCE_BUNDLE_UNAVAILABLE -DXcode -plugin-path /Applications/Xcode-26.3.0.app/Contents/Developer/Toolchains/XcodeDefault.xctoolchain/usr/lib/swift/host/plugins/testing -enable-experimental-feature DebugDescriptionMacro -sdk /Applications/Xcode-26.3.0.app/Contents/Developer/Platforms/MacOSX.platform/Developer/SDKs/MacOSX26.2.sdk -target arm64-apple-macos12.0 -g -module-cache-path /Users/admin/builder/spi-builder-workspace/.derivedData/ModuleCache.noindex -Xfrontend -serialize-debugging-options -profile-coverage-mapping -profile-generate -enable-testing -index-store-path /Users/admin/builder/spi-builder-workspace/.derivedData/Index.noindex/DataStore -Xcc -D_LIBCPP_HARDENING_MODE\=_LIBCPP_HARDENING_MODE_DEBUG -swift-version 5 -I /Users/admin/builder/spi-builder-workspace/.derivedData/Build/Products/Debug -Isystem /Applications/Xcode-26.3.0.app/Contents/Developer/Platforms/MacOSX.platform/Developer/usr/lib -F /Users/admin/builder/spi-builder-workspace/.derivedData/Build/Products/Debug/PackageFrameworks -F /Users/admin/builder/spi-builder-workspace/.derivedData/Build/Products/Debug/PackageFrameworks -F /Users/admin/builder/spi-builder-workspace/.derivedData/Build/Products/Debug/PackageFrameworks -F /Users/admin/builder/spi-builder-workspace/.derivedData/Build/Products/Debug -F /Applications/Xcode-26.3.0.app/Contents/Developer/Platforms/MacOSX.platform/Developer/Library/Frameworks -parse-as-library -emit-localized-strings -emit-localized-strings-path /Users/admin/builder/spi-builder-workspace/.derivedData/Build/Intermediates.noindex/SwiftExtras.build/Debug/SwiftExtrasScreenshotTesting.build/Objects-normal/arm64 -c -j10 -enable-batch-mode -incremental -Xcc -ivfsstatcache -Xcc /Users/admin/builder/spi-builder-workspace/.derivedData/SDKStatCaches.noindex/macosx26.2-25C58-dc75598d0054f22ec865fa860f139d726b10091eae1b9012e514a50b0de53ce7.sdkstatcache -output-file-map /Users/admin/builder/spi-builder-workspace/.derivedData/Build/Intermediates.noindex/SwiftExtras.build/Debug/SwiftExtrasScreenshotTesting.build/Objects-normal/arm64/SwiftExtrasScreenshotTesting-OutputFileMap.json -use-frontend-parseable-output -save-temps -no-color-diagnostics -explicit-module-build -module-cache-path /Users/admin/builder/spi-builder-workspace/.derivedData/Build/Intermediates.noindex/SwiftExplicitPrecompiledModules -clang-scanner-module-cache-path /Users/admin/builder/spi-builder-workspace/.derivedData/ModuleCache.noindex -sdk-module-cache-path /Users/admin/builder/spi-builder-workspace/.derivedData/ModuleCache.noindex -serialize-diagnostics -emit-dependencies -emit-module -emit-module-path /Users/admin/builder/spi-builder-workspace/.derivedData/Build/Intermediates.noindex/SwiftExtras.build/Debug/SwiftExtrasScreenshotTesting.build/Objects-normal/arm64/SwiftExtrasScreenshotTesting.swiftmodule -validate-clang-modules-once -clang-build-session-file /Users/admin/builder/spi-builder-workspace/.derivedData/ModuleCache.noindex/Session.modulevalidation -Xcc -I/Users/admin/builder/spi-builder-workspace/.derivedData/Build/Intermediates.noindex/SwiftExtras.build/Debug/SwiftExtrasScreenshotTesting.build/swift-overrides.hmap -emit-const-values -Xfrontend -const-gather-protocols-file -Xfrontend /Users/admin/builder/spi-builder-workspace/.derivedData/Build/Intermediates.noindex/SwiftExtras.build/Debug/SwiftExtrasScreenshotTesting.build/Objects-normal/arm64/SwiftExtrasScreenshotTesting_const_extract_protocols.json -Xcc -I/Users/admin/builder/spi-builder-workspace/.derivedData/Build/Products/Debug/include -Xcc -I/Users/admin/builder/spi-builder-workspace/.derivedData/Build/Intermediates.noindex/SwiftExtras.build/Debug/SwiftExtrasScreenshotTesting.build/DerivedSources-normal/arm64 -Xcc -I/Users/admin/builder/spi-builder-workspace/.derivedData/Build/Intermediates.noindex/SwiftExtras.build/Debug/SwiftExtrasScreenshotTesting.build/DerivedSources/arm64 -Xcc -I/Users/admin/builder/spi-builder-workspace/.derivedData/Build/Intermediates.noindex/SwiftExtras.build/Debug/SwiftExtrasScreenshotTesting.build/DerivedSources -Xcc -DSWIFT_PACKAGE -Xcc -DDEBUG\=1 -emit-objc-header -emit-objc-header-path /Users/admin/builder/spi-builder-workspace/.derivedData/Build/Intermediates.noindex/SwiftExtras.build/Debug/SwiftExtrasScreenshotTesting.build/Objects-normal/arm64/SwiftExtrasScreenshotTesting-Swift.h -working-directory /Users/admin/builder/spi-builder-workspace/.swiftpm/xcode -experimental-emit-module-separately -disable-cmo
SwiftMergeGeneratedHeaders /Users/admin/builder/spi-builder-workspace/.derivedData/Build/Intermediates.noindex/GeneratedModuleMaps/SwiftExtrasScreenshotTesting-Swift.h /Users/admin/builder/spi-builder-workspace/.derivedData/Build/Intermediates.noindex/SwiftExtras.build/Debug/SwiftExtrasScreenshotTesting.build/Objects-normal/arm64/SwiftExtrasScreenshotTesting-Swift.h (in target 'SwiftExtrasScreenshotTesting' from project 'SwiftExtras')
cd /Users/admin/builder/spi-builder-workspace
builtin-swiftHeaderTool -arch arm64 /Users/admin/builder/spi-builder-workspace/.derivedData/Build/Intermediates.noindex/SwiftExtras.build/Debug/SwiftExtrasScreenshotTesting.build/Objects-normal/arm64/SwiftExtrasScreenshotTesting-Swift.h -o /Users/admin/builder/spi-builder-workspace/.derivedData/Build/Intermediates.noindex/GeneratedModuleMaps/SwiftExtrasScreenshotTesting-Swift.h
Copy /Users/admin/builder/spi-builder-workspace/.derivedData/Build/Products/Debug/SwiftExtrasScreenshotTesting.swiftmodule/arm64-apple-macos.swiftmodule /Users/admin/builder/spi-builder-workspace/.derivedData/Build/Intermediates.noindex/SwiftExtras.build/Debug/SwiftExtrasScreenshotTesting.build/Objects-normal/arm64/SwiftExtrasScreenshotTesting.swiftmodule (in target 'SwiftExtrasScreenshotTesting' from project 'SwiftExtras')
cd /Users/admin/builder/spi-builder-workspace
builtin-copy -exclude .DS_Store -exclude CVS -exclude .svn -exclude .git -exclude .hg -resolve-src-symlinks -rename /Users/admin/builder/spi-builder-workspace/.derivedData/Build/Intermediates.noindex/SwiftExtras.build/Debug/SwiftExtrasScreenshotTesting.build/Objects-normal/arm64/SwiftExtrasScreenshotTesting.swiftmodule /Users/admin/builder/spi-builder-workspace/.derivedData/Build/Products/Debug/SwiftExtrasScreenshotTesting.swiftmodule/arm64-apple-macos.swiftmodule
Copy /Users/admin/builder/spi-builder-workspace/.derivedData/Build/Products/Debug/SwiftExtrasScreenshotTesting.swiftmodule/arm64-apple-macos.swiftdoc /Users/admin/builder/spi-builder-workspace/.derivedData/Build/Intermediates.noindex/SwiftExtras.build/Debug/SwiftExtrasScreenshotTesting.build/Objects-normal/arm64/SwiftExtrasScreenshotTesting.swiftdoc (in target 'SwiftExtrasScreenshotTesting' from project 'SwiftExtras')
cd /Users/admin/builder/spi-builder-workspace
builtin-copy -exclude .DS_Store -exclude CVS -exclude .svn -exclude .git -exclude .hg -resolve-src-symlinks -rename /Users/admin/builder/spi-builder-workspace/.derivedData/Build/Intermediates.noindex/SwiftExtras.build/Debug/SwiftExtrasScreenshotTesting.build/Objects-normal/arm64/SwiftExtrasScreenshotTesting.swiftdoc /Users/admin/builder/spi-builder-workspace/.derivedData/Build/Products/Debug/SwiftExtrasScreenshotTesting.swiftmodule/arm64-apple-macos.swiftdoc
Copy /Users/admin/builder/spi-builder-workspace/.derivedData/Build/Products/Debug/SwiftExtrasScreenshotTesting.swiftmodule/arm64-apple-macos.abi.json /Users/admin/builder/spi-builder-workspace/.derivedData/Build/Intermediates.noindex/SwiftExtras.build/Debug/SwiftExtrasScreenshotTesting.build/Objects-normal/arm64/SwiftExtrasScreenshotTesting.abi.json (in target 'SwiftExtrasScreenshotTesting' from project 'SwiftExtras')
cd /Users/admin/builder/spi-builder-workspace
builtin-copy -exclude .DS_Store -exclude CVS -exclude .svn -exclude .git -exclude .hg -resolve-src-symlinks -rename /Users/admin/builder/spi-builder-workspace/.derivedData/Build/Intermediates.noindex/SwiftExtras.build/Debug/SwiftExtrasScreenshotTesting.build/Objects-normal/arm64/SwiftExtrasScreenshotTesting.abi.json /Users/admin/builder/spi-builder-workspace/.derivedData/Build/Products/Debug/SwiftExtrasScreenshotTesting.swiftmodule/arm64-apple-macos.abi.json
Copy /Users/admin/builder/spi-builder-workspace/.derivedData/Build/Products/Debug/SwiftExtrasScreenshotTesting.swiftmodule/Project/arm64-apple-macos.swiftsourceinfo /Users/admin/builder/spi-builder-workspace/.derivedData/Build/Intermediates.noindex/SwiftExtras.build/Debug/SwiftExtrasScreenshotTesting.build/Objects-normal/arm64/SwiftExtrasScreenshotTesting.swiftsourceinfo (in target 'SwiftExtrasScreenshotTesting' from project 'SwiftExtras')
cd /Users/admin/builder/spi-builder-workspace
builtin-copy -exclude .DS_Store -exclude CVS -exclude .svn -exclude .git -exclude .hg -resolve-src-symlinks -rename /Users/admin/builder/spi-builder-workspace/.derivedData/Build/Intermediates.noindex/SwiftExtras.build/Debug/SwiftExtrasScreenshotTesting.build/Objects-normal/arm64/SwiftExtrasScreenshotTesting.swiftsourceinfo /Users/admin/builder/spi-builder-workspace/.derivedData/Build/Products/Debug/SwiftExtrasScreenshotTesting.swiftmodule/Project/arm64-apple-macos.swiftsourceinfo
SwiftDriverJobDiscovery normal arm64 Compiling ToggleButtonStyle.swift, SwiftExtras.swift, AsyncTask.swift, AsyncView.swift, CardView.swift, CarouselView.swift, CloseButton.swift, Compat.swift, ConfettiView.swift, ConfirmationButton.swift, CopyableLabeledContent.swift, DisclosureSection.swift, HorizontalStepper.swift, IndexedList.swift, LabeledTextField.swift, LimitedTextField.swift (in target 'SwiftExtras' from project 'SwiftExtras')
SwiftDriverJobDiscovery normal arm64 Compiling SwiftExtrasScreenshots.swift (in target 'SwiftExtrasScreenshots' from project 'SwiftExtras')
SwiftDriver\ Compilation SwiftExtrasScreenshots normal arm64 com.apple.xcode.tools.swift.compiler (in target 'SwiftExtrasScreenshots' from project 'SwiftExtras')
cd /Users/admin/builder/spi-builder-workspace/.swiftpm/xcode
builtin-Swift-Compilation -- /Applications/Xcode-26.3.0.app/Contents/Developer/Toolchains/XcodeDefault.xctoolchain/usr/bin/swiftc -module-name SwiftExtrasScreenshots -Onone -enforce-exclusivity\=checked @/Users/admin/builder/spi-builder-workspace/.derivedData/Build/Intermediates.noindex/SwiftExtras.build/Debug/SwiftExtrasScreenshots.build/Objects-normal/arm64/SwiftExtrasScreenshots.SwiftFileList -DSWIFT_PACKAGE -DDEBUG -DXcode -plugin-path /Applications/Xcode-26.3.0.app/Contents/Developer/Toolchains/XcodeDefault.xctoolchain/usr/lib/swift/host/plugins/testing -enable-experimental-feature DebugDescriptionMacro -sdk /Applications/Xcode-26.3.0.app/Contents/Developer/Platforms/MacOSX.platform/Developer/SDKs/MacOSX26.2.sdk -target arm64-apple-macos12.0 -g -module-cache-path /Users/admin/builder/spi-builder-workspace/.derivedData/ModuleCache.noindex -Xfrontend -serialize-debugging-options -profile-coverage-mapping -profile-generate -enable-testing -index-store-path /Users/admin/builder/spi-builder-workspace/.derivedData/Index.noindex/DataStore -Xcc -D_LIBCPP_HARDENING_MODE\=_LIBCPP_HARDENING_MODE_DEBUG -swift-version 5 -I /Users/admin/builder/spi-builder-workspace/.derivedData/Build/Products/Debug -Isystem /Applications/Xcode-26.3.0.app/Contents/Developer/Platforms/MacOSX.platform/Developer/usr/lib -F /Users/admin/builder/spi-builder-workspace/.derivedData/Build/Products/Debug/PackageFrameworks -F /Users/admin/builder/spi-builder-workspace/.derivedData/Build/Products/Debug/PackageFrameworks -F /Users/admin/builder/spi-builder-workspace/.derivedData/Build/Products/Debug/PackageFrameworks -F /Users/admin/builder/spi-builder-workspace/.derivedData/Build/Products/Debug -F /Applications/Xcode-26.3.0.app/Contents/Developer/Platforms/MacOSX.platform/Developer/Library/Frameworks -emit-localized-strings -emit-localized-strings-path /Users/admin/builder/spi-builder-workspace/.derivedData/Build/Intermediates.noindex/SwiftExtras.build/Debug/SwiftExtrasScreenshots.build/Objects-normal/arm64 -c -j10 -enable-batch-mode -incremental -Xcc -ivfsstatcache -Xcc /Users/admin/builder/spi-builder-workspace/.derivedData/SDKStatCaches.noindex/macosx26.2-25C58-dc75598d0054f22ec865fa860f139d726b10091eae1b9012e514a50b0de53ce7.sdkstatcache -output-file-map /Users/admin/builder/spi-builder-workspace/.derivedData/Build/Intermediates.noindex/SwiftExtras.build/Debug/SwiftExtrasScreenshots.build/Objects-normal/arm64/SwiftExtrasScreenshots-OutputFileMap.json -use-frontend-parseable-output -save-temps -no-color-diagnostics -explicit-module-build -module-cache-path /Users/admin/builder/spi-builder-workspace/.derivedData/Build/Intermediates.noindex/SwiftExplicitPrecompiledModules -clang-scanner-module-cache-path /Users/admin/builder/spi-builder-workspace/.derivedData/ModuleCache.noindex -sdk-module-cache-path /Users/admin/builder/spi-builder-workspace/.derivedData/ModuleCache.noindex -serialize-diagnostics -emit-dependencies -emit-module -emit-module-path /Users/admin/builder/spi-builder-workspace/.derivedData/Build/Intermediates.noindex/SwiftExtras.build/Debug/SwiftExtrasScreenshots.build/Objects-normal/arm64/SwiftExtrasScreenshots.swiftmodule -validate-clang-modules-once -clang-build-session-file /Users/admin/builder/spi-builder-workspace/.derivedData/ModuleCache.noindex/Session.modulevalidation -emit-const-values -Xfrontend -const-gather-protocols-file -Xfrontend /Users/admin/builder/spi-builder-workspace/.derivedData/Build/Intermediates.noindex/SwiftExtras.build/Debug/SwiftExtrasScreenshots.build/Objects-normal/arm64/SwiftExtrasScreenshots_const_extract_protocols.json -Xcc -I/Users/admin/builder/spi-builder-workspace/.derivedData/Build/Products/Debug/include -Xcc -I/Users/admin/builder/spi-builder-workspace/.derivedData/Build/Intermediates.noindex/SwiftExtras.build/Debug/SwiftExtrasScreenshots.build/DerivedSources-normal/arm64 -Xcc -I/Users/admin/builder/spi-builder-workspace/.derivedData/Build/Intermediates.noindex/SwiftExtras.build/Debug/SwiftExtrasScreenshots.build/DerivedSources/arm64 -Xcc -I/Users/admin/builder/spi-builder-workspace/.derivedData/Build/Intermediates.noindex/SwiftExtras.build/Debug/SwiftExtrasScreenshots.build/DerivedSources -Xcc -DSWIFT_PACKAGE -Xcc -DDEBUG\=1 -working-directory /Users/admin/builder/spi-builder-workspace/.swiftpm/xcode -experimental-emit-module-separately -disable-cmo
SwiftDriverJobDiscovery normal arm64 Compiling View+Task.swift, View+adaptiveColor.swift, View+colorScheme.swift, View+getRootViewController.swift, View+horizontallyCentered.swift, View+modifier.swift, View+onChange.swift, View+onFirstAppear.swift, View+onLandscape.swift, View+onNotification.swift, View+onboarding.swift, View+readOffsetX.swift, View+render.swift, View+sizeSaver.swift, View+snapshot.swift, View+stretchableView.swift, View+stretchy.swift (in target 'SwiftExtras' from project 'SwiftExtras')
SwiftCompile normal arm64 Compiling\ DemoComponents.swift /Users/admin/builder/spi-builder-workspace/Tools/SwiftExtrasDemo/DemoComponents.swift (in target 'SwiftExtrasDemo' from project 'SwiftExtras')
SwiftCompile normal arm64 /Users/admin/builder/spi-builder-workspace/Tools/SwiftExtrasDemo/DemoComponents.swift (in target 'SwiftExtrasDemo' from project 'SwiftExtras')
cd /Users/admin/builder/spi-builder-workspace/.swiftpm/xcode
SwiftCompile normal arm64 Compiling\ ControlsDemo.swift,\ DemoCatalog.swift /Users/admin/builder/spi-builder-workspace/Tools/SwiftExtrasDemo/ControlsDemo.swift /Users/admin/builder/spi-builder-workspace/Tools/SwiftExtrasDemo/DemoCatalog.swift (in target 'SwiftExtrasDemo' from project 'SwiftExtras')
SwiftCompile normal arm64 /Users/admin/builder/spi-builder-workspace/Tools/SwiftExtrasDemo/ControlsDemo.swift (in target 'SwiftExtrasDemo' from project 'SwiftExtras')
cd /Users/admin/builder/spi-builder-workspace/.swiftpm/xcode
SwiftCompile normal arm64 /Users/admin/builder/spi-builder-workspace/Tools/SwiftExtrasDemo/DemoCatalog.swift (in target 'SwiftExtrasDemo' from project 'SwiftExtras')
cd /Users/admin/builder/spi-builder-workspace/.swiftpm/xcode
SwiftCompile normal arm64 Compiling\ ColorsAndImagesDemo.swift,\ ContainersDemo.swift /Users/admin/builder/spi-builder-workspace/Tools/SwiftExtrasDemo/ColorsAndImagesDemo.swift /Users/admin/builder/spi-builder-workspace/Tools/SwiftExtrasDemo/ContainersDemo.swift (in target 'SwiftExtrasDemo' from project 'SwiftExtras')
SwiftCompile normal arm64 /Users/admin/builder/spi-builder-workspace/Tools/SwiftExtrasDemo/ColorsAndImagesDemo.swift (in target 'SwiftExtrasDemo' from project 'SwiftExtras')
cd /Users/admin/builder/spi-builder-workspace/.swiftpm/xcode
SwiftCompile normal arm64 /Users/admin/builder/spi-builder-workspace/Tools/SwiftExtrasDemo/ContainersDemo.swift (in target 'SwiftExtrasDemo' from project 'SwiftExtras')
cd /Users/admin/builder/spi-builder-workspace/.swiftpm/xcode
SwiftCompile normal arm64 Compiling\ LayoutsDemo.swift /Users/admin/builder/spi-builder-workspace/Tools/SwiftExtrasDemo/LayoutsDemo.swift (in target 'SwiftExtrasDemo' from project 'SwiftExtras')
SwiftCompile normal arm64 /Users/admin/builder/spi-builder-workspace/Tools/SwiftExtrasDemo/LayoutsDemo.swift (in target 'SwiftExtrasDemo' from project 'SwiftExtras')
cd /Users/admin/builder/spi-builder-workspace/.swiftpm/xcode
SwiftCompile normal arm64 Compiling\ OverviewDemo.swift /Users/admin/builder/spi-builder-workspace/Tools/SwiftExtrasDemo/OverviewDemo.swift (in target 'SwiftExtrasDemo' from project 'SwiftExtras')
SwiftCompile normal arm64 /Users/admin/builder/spi-builder-workspace/Tools/SwiftExtrasDemo/OverviewDemo.swift (in target 'SwiftExtrasDemo' from project 'SwiftExtras')
cd /Users/admin/builder/spi-builder-workspace/.swiftpm/xcode
SwiftCompile normal arm64 Compiling\ ModifiersDemo.swift /Users/admin/builder/spi-builder-workspace/Tools/SwiftExtrasDemo/ModifiersDemo.swift (in target 'SwiftExtrasDemo' from project 'SwiftExtras')
SwiftCompile normal arm64 /Users/admin/builder/spi-builder-workspace/Tools/SwiftExtrasDemo/ModifiersDemo.swift (in target 'SwiftExtrasDemo' from project 'SwiftExtras')
cd /Users/admin/builder/spi-builder-workspace/.swiftpm/xcode
SwiftEmitModule normal arm64 Emitting\ module\ for\ SwiftExtrasDemo (in target 'SwiftExtrasDemo' from project 'SwiftExtras')
EmitSwiftModule normal arm64 (in target 'SwiftExtrasDemo' from project 'SwiftExtras')
cd /Users/admin/builder/spi-builder-workspace/.swiftpm/xcode
SwiftDriverJobDiscovery normal arm64 Compiling View+subtitle.swift, GravatarAvatarImage.swift, kMeansCluster.swift, Flow.swift, StickySection.swift, WStack.swift, BorderBeamEffect.swift, Button+longPress.swift, CaptureScrollingOffset.swift, CustomBadge.swift, FloatingSafeAreaBar.swift, IslandToast.swift, KeyboardDismissModifier.swift, KeyboardDoneToolbar.swift, PulsatingEffect.swift, ShakeEffect.swift, Shimmer.swift (in target 'SwiftExtras' from project 'SwiftExtras')
SwiftCompile normal arm64 Compiling\ SwiftExtrasDemo.swift /Users/admin/builder/spi-builder-workspace/Tools/SwiftExtrasDemo/SwiftExtrasDemo.swift (in target 'SwiftExtrasDemo' from project 'SwiftExtras')
SwiftCompile normal arm64 /Users/admin/builder/spi-builder-workspace/Tools/SwiftExtrasDemo/SwiftExtrasDemo.swift (in target 'SwiftExtrasDemo' from project 'SwiftExtras')
cd /Users/admin/builder/spi-builder-workspace/.swiftpm/xcode
SwiftDriverJobDiscovery normal arm64 Compiling ScreenshotTestCase.swift (in target 'SwiftExtrasScreenshotTesting' from project 'SwiftExtras')
SwiftDriver\ Compilation SwiftExtrasScreenshotTesting normal arm64 com.apple.xcode.tools.swift.compiler (in target 'SwiftExtrasScreenshotTesting' from project 'SwiftExtras')
cd /Users/admin/builder/spi-builder-workspace/.swiftpm/xcode
builtin-Swift-Compilation -- /Applications/Xcode-26.3.0.app/Contents/Developer/Toolchains/XcodeDefault.xctoolchain/usr/bin/swiftc -module-name SwiftExtrasScreenshotTesting -Onone -enforce-exclusivity\=checked @/Users/admin/builder/spi-builder-workspace/.derivedData/Build/Intermediates.noindex/SwiftExtras.build/Debug/SwiftExtrasScreenshotTesting.build/Objects-normal/arm64/SwiftExtrasScreenshotTesting.SwiftFileList -DSWIFT_PACKAGE -DDEBUG -DSWIFT_MODULE_RESOURCE_BUNDLE_UNAVAILABLE -DXcode -plugin-path /Applications/Xcode-26.3.0.app/Contents/Developer/Toolchains/XcodeDefault.xctoolchain/usr/lib/swift/host/plugins/testing -enable-experimental-feature DebugDescriptionMacro -sdk /Applications/Xcode-26.3.0.app/Contents/Developer/Platforms/MacOSX.platform/Developer/SDKs/MacOSX26.2.sdk -target arm64-apple-macos12.0 -g -module-cache-path /Users/admin/builder/spi-builder-workspace/.derivedData/ModuleCache.noindex -Xfrontend -serialize-debugging-options -profile-coverage-mapping -profile-generate -enable-testing -index-store-path /Users/admin/builder/spi-builder-workspace/.derivedData/Index.noindex/DataStore -Xcc -D_LIBCPP_HARDENING_MODE\=_LIBCPP_HARDENING_MODE_DEBUG -swift-version 5 -I /Users/admin/builder/spi-builder-workspace/.derivedData/Build/Products/Debug -Isystem /Applications/Xcode-26.3.0.app/Contents/Developer/Platforms/MacOSX.platform/Developer/usr/lib -F /Users/admin/builder/spi-builder-workspace/.derivedData/Build/Products/Debug/PackageFrameworks -F /Users/admin/builder/spi-builder-workspace/.derivedData/Build/Products/Debug/PackageFrameworks -F /Users/admin/builder/spi-builder-workspace/.derivedData/Build/Products/Debug/PackageFrameworks -F /Users/admin/builder/spi-builder-workspace/.derivedData/Build/Products/Debug -F /Applications/Xcode-26.3.0.app/Contents/Developer/Platforms/MacOSX.platform/Developer/Library/Frameworks -parse-as-library -emit-localized-strings -emit-localized-strings-path /Users/admin/builder/spi-builder-workspace/.derivedData/Build/Intermediates.noindex/SwiftExtras.build/Debug/SwiftExtrasScreenshotTesting.build/Objects-normal/arm64 -c -j10 -enable-batch-mode -incremental -Xcc -ivfsstatcache -Xcc /Users/admin/builder/spi-builder-workspace/.derivedData/SDKStatCaches.noindex/macosx26.2-25C58-dc75598d0054f22ec865fa860f139d726b10091eae1b9012e514a50b0de53ce7.sdkstatcache -output-file-map /Users/admin/builder/spi-builder-workspace/.derivedData/Build/Intermediates.noindex/SwiftExtras.build/Debug/SwiftExtrasScreenshotTesting.build/Objects-normal/arm64/SwiftExtrasScreenshotTesting-OutputFileMap.json -use-frontend-parseable-output -save-temps -no-color-diagnostics -explicit-module-build -module-cache-path /Users/admin/builder/spi-builder-workspace/.derivedData/Build/Intermediates.noindex/SwiftExplicitPrecompiledModules -clang-scanner-module-cache-path /Users/admin/builder/spi-builder-workspace/.derivedData/ModuleCache.noindex -sdk-module-cache-path /Users/admin/builder/spi-builder-workspace/.derivedData/ModuleCache.noindex -serialize-diagnostics -emit-dependencies -emit-module -emit-module-path /Users/admin/builder/spi-builder-workspace/.derivedData/Build/Intermediates.noindex/SwiftExtras.build/Debug/SwiftExtrasScreenshotTesting.build/Objects-normal/arm64/SwiftExtrasScreenshotTesting.swiftmodule -validate-clang-modules-once -clang-build-session-file /Users/admin/builder/spi-builder-workspace/.derivedData/ModuleCache.noindex/Session.modulevalidation -Xcc -I/Users/admin/builder/spi-builder-workspace/.derivedData/Build/Intermediates.noindex/SwiftExtras.build/Debug/SwiftExtrasScreenshotTesting.build/swift-overrides.hmap -emit-const-values -Xfrontend -const-gather-protocols-file -Xfrontend /Users/admin/builder/spi-builder-workspace/.derivedData/Build/Intermediates.noindex/SwiftExtras.build/Debug/SwiftExtrasScreenshotTesting.build/Objects-normal/arm64/SwiftExtrasScreenshotTesting_const_extract_protocols.json -Xcc -I/Users/admin/builder/spi-builder-workspace/.derivedData/Build/Products/Debug/include -Xcc -I/Users/admin/builder/spi-builder-workspace/.derivedData/Build/Intermediates.noindex/SwiftExtras.build/Debug/SwiftExtrasScreenshotTesting.build/DerivedSources-normal/arm64 -Xcc -I/Users/admin/builder/spi-builder-workspace/.derivedData/Build/Intermediates.noindex/SwiftExtras.build/Debug/SwiftExtrasScreenshotTesting.build/DerivedSources/arm64 -Xcc -I/Users/admin/builder/spi-builder-workspace/.derivedData/Build/Intermediates.noindex/SwiftExtras.build/Debug/SwiftExtrasScreenshotTesting.build/DerivedSources -Xcc -DSWIFT_PACKAGE -Xcc -DDEBUG\=1 -emit-objc-header -emit-objc-header-path /Users/admin/builder/spi-builder-workspace/.derivedData/Build/Intermediates.noindex/SwiftExtras.build/Debug/SwiftExtrasScreenshotTesting.build/Objects-normal/arm64/SwiftExtrasScreenshotTesting-Swift.h -working-directory /Users/admin/builder/spi-builder-workspace/.swiftpm/xcode -experimental-emit-module-separately -disable-cmo
SwiftDriverJobDiscovery normal arm64 Compiling resource_bundle_accessor.swift, BackgroundRemover.swift, SensoryFeedback.swift, AppInfo.swift, Device.swift, Binding+onChange.swift, Binding+optional.swift, CGFloat+.swift, CGSize+device.swift, Collection+.swift, Collection+safeIndex.swift, Color+Codable.swift, Color+Identifiable.swift, Color+colorBlind.swift, Color+components.swift, Color+default.swift, Color+dynamicColor.swift (in target 'SwiftExtras' from project 'SwiftExtras')
SwiftCompile normal arm64 Compiling\ StylesDemo.swift /Users/admin/builder/spi-builder-workspace/Tools/SwiftExtrasDemo/StylesDemo.swift (in target 'SwiftExtrasDemo' from project 'SwiftExtras')
SwiftCompile normal arm64 /Users/admin/builder/spi-builder-workspace/Tools/SwiftExtrasDemo/StylesDemo.swift (in target 'SwiftExtrasDemo' from project 'SwiftExtras')
cd /Users/admin/builder/spi-builder-workspace/.swiftpm/xcode
SwiftCompile normal arm64 Compiling\ UtilitiesDemo.swift /Users/admin/builder/spi-builder-workspace/Tools/SwiftExtrasDemo/UtilitiesDemo.swift (in target 'SwiftExtrasDemo' from project 'SwiftExtras')
SwiftCompile normal arm64 /Users/admin/builder/spi-builder-workspace/Tools/SwiftExtrasDemo/UtilitiesDemo.swift (in target 'SwiftExtrasDemo' from project 'SwiftExtras')
cd /Users/admin/builder/spi-builder-workspace/.swiftpm/xcode
SwiftDriverJobDiscovery normal arm64 Compiling MatchedPopover.swift, MonthYearPickerView.swift, MultiSelectPickerView.swift, MultiSelectView.swift, NavigationViewIfNeeded.swift, NotificationOnboarding.swift, NotificationView.swift, Onboarding.swift, SEAcknowledgementView.swift, SEChangeLogView.swift, SESettingsView.swift, SplitActionButton.swift, SpotlightOnboarding.swift, VerificationField.swift, GeneratedAssetSymbols.swift, GeneratedStringSymbols_Localizable.swift (in target 'SwiftExtras' from project 'SwiftExtras')
SwiftCompile normal arm64 Compiling\ PlatformDemo.swift /Users/admin/builder/spi-builder-workspace/Tools/SwiftExtrasDemo/PlatformDemo.swift (in target 'SwiftExtrasDemo' from project 'SwiftExtras')
Failed frontend command:
/Applications/Xcode-26.3.0.app/Contents/Developer/Toolchains/XcodeDefault.xctoolchain/usr/bin/swift-frontend -frontend -c /Users/admin/builder/spi-builder-workspace/Tools/SwiftExtrasDemo/ColorsAndImagesDemo.swift /Users/admin/builder/spi-builder-workspace/Tools/SwiftExtrasDemo/ContainersDemo.swift /Users/admin/builder/spi-builder-workspace/Tools/SwiftExtrasDemo/ControlsDemo.swift /Users/admin/builder/spi-builder-workspace/Tools/SwiftExtrasDemo/DemoCatalog.swift /Users/admin/builder/spi-builder-workspace/Tools/SwiftExtrasDemo/DemoComponents.swift /Users/admin/builder/spi-builder-workspace/Tools/SwiftExtrasDemo/LayoutsDemo.swift /Users/admin/builder/spi-builder-workspace/Tools/SwiftExtrasDemo/ModifiersDemo.swift /Users/admin/builder/spi-builder-workspace/Tools/SwiftExtrasDemo/OverviewDemo.swift -primary-file /Users/admin/builder/spi-builder-workspace/Tools/SwiftExtrasDemo/PlatformDemo.swift /Users/admin/builder/spi-builder-workspace/Tools/SwiftExtrasDemo/StylesDemo.swift /Users/admin/builder/spi-builder-workspace/Tools/SwiftExtrasDemo/SwiftExtrasDemo.swift /Users/admin/builder/spi-builder-workspace/Tools/SwiftExtrasDemo/UtilitiesDemo.swift -emit-dependencies-path /Users/admin/builder/spi-builder-workspace/.derivedData/Build/Intermediates.noindex/SwiftExtras.build/Debug/SwiftExtrasDemo.build/Objects-normal/arm64/PlatformDemo.d -emit-const-values-path /Users/admin/builder/spi-builder-workspace/.derivedData/Build/Intermediates.noindex/SwiftExtras.build/Debug/SwiftExtrasDemo.build/Objects-normal/arm64/PlatformDemo.swiftconstvalues -emit-reference-dependencies-path /Users/admin/builder/spi-builder-workspace/.derivedData/Build/Intermediates.noindex/SwiftExtras.build/Debug/SwiftExtrasDemo.build/Objects-normal/arm64/PlatformDemo.swiftdeps -serialize-diagnostics-path /Users/admin/builder/spi-builder-workspace/.derivedData/Build/Intermediates.noindex/SwiftExtras.build/Debug/SwiftExtrasDemo.build/Objects-normal/arm64/PlatformDemo.dia -emit-localized-strings -emit-localized-strings-path /Users/admin/builder/spi-builder-workspace/.derivedData/Build/Intermediates.noindex/SwiftExtras.build/Debug/SwiftExtrasDemo.build/Objects-normal/arm64 -target arm64-apple-macos12.0 -load-resolved-plugin /Applications/Xcode-26.3.0.app/Contents/Developer/Platforms/MacOSX.platform/Developer/usr/lib/swift/host/plugins/libFoundationMacros.dylib\#/Applications/Xcode-26.3.0.app/Contents/Developer/Platforms/MacOSX.platform/Developer/usr/bin/swift-plugin-server\#FoundationMacros -load-resolved-plugin /Applications/Xcode-26.3.0.app/Contents/Developer/Platforms/MacOSX.platform/Developer/usr/lib/swift/host/plugins/libObservationMacros.dylib\#/Applications/Xcode-26.3.0.app/Contents/Developer/Platforms/MacOSX.platform/Developer/usr/bin/swift-plugin-server\#ObservationMacros -load-resolved-plugin /Applications/Xcode-26.3.0.app/Contents/Developer/Platforms/MacOSX.platform/Developer/usr/lib/swift/host/plugins/libPreviewsMacros.dylib\#/Applications/Xcode-26.3.0.app/Contents/Developer/Platforms/MacOSX.platform/Developer/usr/bin/swift-plugin-server\#PreviewsMacros -load-resolved-plugin /Applications/Xcode-26.3.0.app/Contents/Developer/Platforms/MacOSX.platform/Developer/usr/lib/swift/host/plugins/libSwiftMacros.dylib\#/Applications/Xcode-26.3.0.app/Contents/Developer/Platforms/MacOSX.platform/Developer/usr/bin/swift-plugin-server\#SwiftMacros -load-resolved-plugin /Applications/Xcode-26.3.0.app/Contents/Developer/Platforms/MacOSX.platform/Developer/usr/lib/swift/host/plugins/libSwiftUIMacros.dylib\#/Applications/Xcode-26.3.0.app/Contents/Developer/Platforms/MacOSX.platform/Developer/usr/bin/swift-plugin-server\#SwiftUIMacros -disable-implicit-swift-modules -Xcc -fno-implicit-modules -Xcc -fno-implicit-module-maps -explicit-swift-module-map-file /Users/admin/builder/spi-builder-workspace/.derivedData/Build/Intermediates.noindex/SwiftExtras.build/Debug/SwiftExtrasDemo.build/Objects-normal/arm64/SwiftExtrasDemo-dependencies-1.json -Xllvm -aarch64-use-tbi -enable-objc-interop -stack-check -sdk /Applications/Xcode-26.3.0.app/Contents/Developer/Platforms/MacOSX.platform/Developer/SDKs/MacOSX26.2.sdk -I /Users/admin/builder/spi-builder-workspace/.derivedData/Build/Products/Debug -Isystem /Applications/Xcode-26.3.0.app/Contents/Developer/Platforms/MacOSX.platform/Developer/usr/lib -F /Users/admin/builder/spi-builder-workspace/.derivedData/Build/Products/Debug/PackageFrameworks -F /Users/admin/builder/spi-builder-workspace/.derivedData/Build/Products/Debug/PackageFrameworks -F /Users/admin/builder/spi-builder-workspace/.derivedData/Build/Products/Debug/PackageFrameworks -F /Users/admin/builder/spi-builder-workspace/.derivedData/Build/Products/Debug -F /Applications/Xcode-26.3.0.app/Contents/Developer/Platforms/MacOSX.platform/Developer/Library/Frameworks -no-color-diagnostics -Xcc -fno-color-diagnostics -enable-testing -g -debug-info-format\=dwarf -dwarf-version\=4 -module-cache-path /Users/admin/builder/spi-builder-workspace/.derivedData/Build/Intermediates.noindex/SwiftExplicitPrecompiledModules -profile-generate -profile-coverage-mapping -swift-version 5 -enforce-exclusivity\=checked -Onone -D SWIFT_PACKAGE -D DEBUG -D Xcode -serialize-debugging-options -const-gather-protocols-file /Users/admin/builder/spi-builder-workspace/.derivedData/Build/Intermediates.noindex/SwiftExtras.build/Debug/SwiftExtrasDemo.build/Objects-normal/arm64/SwiftExtrasDemo_const_extract_protocols.json -enable-experimental-feature DebugDescriptionMacro -empty-abi-descriptor -validate-clang-modules-once -clang-build-session-file /Users/admin/builder/spi-builder-workspace/.derivedData/ModuleCache.noindex/Session.modulevalidation -Xcc -working-directory -Xcc /Users/admin/builder/spi-builder-workspace/.swiftpm/xcode -enable-anonymous-context-mangled-names -file-compilation-dir /Users/admin/builder/spi-builder-workspace/.swiftpm/xcode -Xcc -D_LIBCPP_HARDENING_MODE\=_LIBCPP_HARDENING_MODE_DEBUG -Xcc -ivfsstatcache -Xcc /Users/admin/builder/spi-builder-workspace/.derivedData/SDKStatCaches.noindex/macosx26.2-25C58-dc75598d0054f22ec865fa860f139d726b10091eae1b9012e514a50b0de53ce7.sdkstatcache -Xcc -I/Users/admin/builder/spi-builder-workspace/.derivedData/Build/Products/Debug/include -Xcc -I/Users/admin/builder/spi-builder-workspace/.derivedData/Build/Intermediates.noindex/SwiftExtras.build/Debug/SwiftExtrasDemo.build/DerivedSources-normal/arm64 -Xcc -I/Users/admin/builder/spi-builder-workspace/.derivedData/Build/Intermediates.noindex/SwiftExtras.build/Debug/SwiftExtrasDemo.build/DerivedSources/arm64 -Xcc -I/Users/admin/builder/spi-builder-workspace/.derivedData/Build/Intermediates.noindex/SwiftExtras.build/Debug/SwiftExtrasDemo.build/DerivedSources -Xcc -DSWIFT_PACKAGE -Xcc -DDEBUG\=1 -no-auto-bridging-header-chaining -module-name SwiftExtrasDemo -frontend-parseable-output -disable-clang-spi -target-sdk-version 26.2 -target-sdk-name macosx26.2 -clang-target arm64-apple-macos26.2 -in-process-plugin-server-path /Applications/Xcode-26.3.0.app/Contents/Developer/Toolchains/XcodeDefault.xctoolchain/usr/lib/swift/host/libSwiftInProcPluginServer.dylib -o /Users/admin/builder/spi-builder-workspace/.derivedData/Build/Intermediates.noindex/SwiftExtras.build/Debug/SwiftExtrasDemo.build/Objects-normal/arm64/PlatformDemo.o -index-unit-output-path /SwiftExtras.build/Debug/SwiftExtrasDemo.build/Objects-normal/arm64/PlatformDemo.o -index-store-path /Users/admin/builder/spi-builder-workspace/.derivedData/Index.noindex/DataStore -index-system-modules
SwiftCompile normal arm64 /Users/admin/builder/spi-builder-workspace/Tools/SwiftExtrasDemo/PlatformDemo.swift (in target 'SwiftExtrasDemo' from project 'SwiftExtras')
cd /Users/admin/builder/spi-builder-workspace/.swiftpm/xcode
/Users/admin/builder/spi-builder-workspace/Tools/SwiftExtrasDemo/PlatformDemo.swift:165:13: error: generic type 'PreferenceKit' specialized with too few type parameters (got 2, but expected 3)
PreferenceKit<EmptyView, EmptyView>(
^ ~~~~~~~~~~~~~~~~~~~~~~
PreferenceKit.PreferenceKit:1:26: note: generic type 'PreferenceKit' declared here
@MainActor public struct PreferenceKit<PrivacyContent, TopContent, BottomContent> : View where PrivacyContent : View, TopContent : View, BottomContent : View {
^
/Users/admin/builder/spi-builder-workspace/Tools/SwiftExtrasDemo/PlatformDemo.swift:168:31: error: 'nil' requires a contextual type
supportEmail: nil,
^
/Users/admin/builder/spi-builder-workspace/Tools/SwiftExtrasDemo/PlatformDemo.swift:169:33: error: 'nil' requires a contextual type
OSLogSubsystem: nil,
^
SwiftDriverJobDiscovery normal arm64 Compiling SwiftExtrasDemo.swift (in target 'SwiftExtrasDemo' from project 'SwiftExtras')
SwiftDriver\ Compilation SwiftExtras normal arm64 com.apple.xcode.tools.swift.compiler (in target 'SwiftExtras' from project 'SwiftExtras')
cd /Users/admin/builder/spi-builder-workspace/.swiftpm/xcode
builtin-Swift-Compilation -- /Applications/Xcode-26.3.0.app/Contents/Developer/Toolchains/XcodeDefault.xctoolchain/usr/bin/swiftc -module-name SwiftExtras -Onone -enforce-exclusivity\=checked @/Users/admin/builder/spi-builder-workspace/.derivedData/Build/Intermediates.noindex/SwiftExtras.build/Debug/SwiftExtras.build/Objects-normal/arm64/SwiftExtras.SwiftFileList -DSWIFT_PACKAGE -DDEBUG -DSWIFT_MODULE_RESOURCE_BUNDLE_AVAILABLE -DXcode -plugin-path /Applications/Xcode-26.3.0.app/Contents/Developer/Toolchains/XcodeDefault.xctoolchain/usr/lib/swift/host/plugins/testing -enable-experimental-feature DebugDescriptionMacro -sdk /Applications/Xcode-26.3.0.app/Contents/Developer/Platforms/MacOSX.platform/Developer/SDKs/MacOSX26.2.sdk -target arm64-apple-macos12.0 -g -module-cache-path /Users/admin/builder/spi-builder-workspace/.derivedData/ModuleCache.noindex -Xfrontend -serialize-debugging-options -profile-coverage-mapping -profile-generate -enable-testing -index-store-path /Users/admin/builder/spi-builder-workspace/.derivedData/Index.noindex/DataStore -Xcc -D_LIBCPP_HARDENING_MODE\=_LIBCPP_HARDENING_MODE_DEBUG -swift-version 5 -I /Users/admin/builder/spi-builder-workspace/.derivedData/Build/Products/Debug -Isystem /Applications/Xcode-26.3.0.app/Contents/Developer/Platforms/MacOSX.platform/Developer/usr/lib -F /Users/admin/builder/spi-builder-workspace/.derivedData/Build/Products/Debug/PackageFrameworks -F /Users/admin/builder/spi-builder-workspace/.derivedData/Build/Products/Debug/PackageFrameworks -F /Users/admin/builder/spi-builder-workspace/.derivedData/Build/Products/Debug -F /Applications/Xcode-26.3.0.app/Contents/Developer/Platforms/MacOSX.platform/Developer/Library/Frameworks -emit-localized-strings -emit-localized-strings-path /Users/admin/builder/spi-builder-workspace/.derivedData/Build/Intermediates.noindex/SwiftExtras.build/Debug/SwiftExtras.build/Objects-normal/arm64 -c -j10 -enable-batch-mode -incremental -Xcc -ivfsstatcache -Xcc /Users/admin/builder/spi-builder-workspace/.derivedData/SDKStatCaches.noindex/macosx26.2-25C58-dc75598d0054f22ec865fa860f139d726b10091eae1b9012e514a50b0de53ce7.sdkstatcache -output-file-map /Users/admin/builder/spi-builder-workspace/.derivedData/Build/Intermediates.noindex/SwiftExtras.build/Debug/SwiftExtras.build/Objects-normal/arm64/SwiftExtras-OutputFileMap.json -use-frontend-parseable-output -save-temps -no-color-diagnostics -explicit-module-build -module-cache-path /Users/admin/builder/spi-builder-workspace/.derivedData/Build/Intermediates.noindex/SwiftExplicitPrecompiledModules -clang-scanner-module-cache-path /Users/admin/builder/spi-builder-workspace/.derivedData/ModuleCache.noindex -sdk-module-cache-path /Users/admin/builder/spi-builder-workspace/.derivedData/ModuleCache.noindex -serialize-diagnostics -emit-dependencies -emit-module -emit-module-path /Users/admin/builder/spi-builder-workspace/.derivedData/Build/Intermediates.noindex/SwiftExtras.build/Debug/SwiftExtras.build/Objects-normal/arm64/SwiftExtras.swiftmodule -validate-clang-modules-once -clang-build-session-file /Users/admin/builder/spi-builder-workspace/.derivedData/ModuleCache.noindex/Session.modulevalidation -Xcc -I/Users/admin/builder/spi-builder-workspace/.derivedData/Build/Intermediates.noindex/SwiftExtras.build/Debug/SwiftExtras.build/swift-overrides.hmap -emit-const-values -Xfrontend -const-gather-protocols-file -Xfrontend /Users/admin/builder/spi-builder-workspace/.derivedData/Build/Intermediates.noindex/SwiftExtras.build/Debug/SwiftExtras.build/Objects-normal/arm64/SwiftExtras_const_extract_protocols.json -Xcc -I/Users/admin/builder/spi-builder-workspace/.derivedData/Build/Products/Debug/include -Xcc -I/Users/admin/builder/spi-builder-workspace/.derivedData/Build/Intermediates.noindex/SwiftExtras.build/Debug/SwiftExtras.build/DerivedSources-normal/arm64 -Xcc -I/Users/admin/builder/spi-builder-workspace/.derivedData/Build/Intermediates.noindex/SwiftExtras.build/Debug/SwiftExtras.build/DerivedSources/arm64 -Xcc -I/Users/admin/builder/spi-builder-workspace/.derivedData/Build/Intermediates.noindex/SwiftExtras.build/Debug/SwiftExtras.build/DerivedSources -Xcc -DSWIFT_PACKAGE -Xcc -DDEBUG\=1 -emit-objc-header -emit-objc-header-path /Users/admin/builder/spi-builder-workspace/.derivedData/Build/Intermediates.noindex/SwiftExtras.build/Debug/SwiftExtras.build/Objects-normal/arm64/SwiftExtras-Swift.h -working-directory /Users/admin/builder/spi-builder-workspace/.swiftpm/xcode -experimental-emit-module-separately -disable-cmo
SwiftDriverJobDiscovery normal arm64 Compiling OverviewDemo.swift (in target 'SwiftExtrasDemo' from project 'SwiftExtras')
Ld /Users/admin/builder/spi-builder-workspace/.derivedData/Build/Products/Debug/SwiftExtras.o normal (in target 'SwiftExtras' from project 'SwiftExtras')
cd /Users/admin/builder/spi-builder-workspace
/Applications/Xcode-26.3.0.app/Contents/Developer/Toolchains/XcodeDefault.xctoolchain/usr/bin/clang -Xlinker -reproducible -target arm64-apple-macos12.0 -r -isysroot /Applications/Xcode-26.3.0.app/Contents/Developer/Platforms/MacOSX.platform/Developer/SDKs/MacOSX26.2.sdk -O0 -L/Users/admin/builder/spi-builder-workspace/.derivedData/Build/Intermediates.noindex/EagerLinkingTBDs/Debug -L/Users/admin/builder/spi-builder-workspace/.derivedData/Build/Products/Debug -L/Applications/Xcode-26.3.0.app/Contents/Developer/Platforms/MacOSX.platform/Developer/usr/lib -F/Users/admin/builder/spi-builder-workspace/.derivedData/Build/Intermediates.noindex/EagerLinkingTBDs/Debug -F/Users/admin/builder/spi-builder-workspace/.derivedData/Build/Products/Debug/PackageFrameworks -F/Users/admin/builder/spi-builder-workspace/.derivedData/Build/Products/Debug/PackageFrameworks -F/Users/admin/builder/spi-builder-workspace/.derivedData/Build/Products/Debug -iframework /Applications/Xcode-26.3.0.app/Contents/Developer/Platforms/MacOSX.platform/Developer/Library/Frameworks -filelist /Users/admin/builder/spi-builder-workspace/.derivedData/Build/Intermediates.noindex/SwiftExtras.build/Debug/SwiftExtras.build/Objects-normal/arm64/SwiftExtras.LinkFileList -nostdlib -Xlinker -object_path_lto -Xlinker /Users/admin/builder/spi-builder-workspace/.derivedData/Build/Intermediates.noindex/SwiftExtras.build/Debug/SwiftExtras.build/Objects-normal/arm64/SwiftExtras_lto.o -rdynamic -Xlinker -no_deduplicate -Xlinker -debug_variant -Xlinker -dependency_info -Xlinker /Users/admin/builder/spi-builder-workspace/.derivedData/Build/Intermediates.noindex/SwiftExtras.build/Debug/SwiftExtras.build/Objects-normal/arm64/SwiftExtras_dependency_info.dat -fobjc-link-runtime -L/Applications/Xcode-26.3.0.app/Contents/Developer/Toolchains/XcodeDefault.xctoolchain/usr/lib/swift/macosx -L/usr/lib/swift -Xlinker -add_ast_path -Xlinker /Users/admin/builder/spi-builder-workspace/.derivedData/Build/Intermediates.noindex/SwiftExtras.build/Debug/SwiftExtras.build/Objects-normal/arm64/SwiftExtras.swiftmodule @/Users/admin/builder/spi-builder-workspace/.derivedData/Build/Intermediates.noindex/SwiftExtras.build/Debug/SwiftExtras.build/Objects-normal/arm64/SwiftExtras-linker-args.resp -o /Users/admin/builder/spi-builder-workspace/.derivedData/Build/Products/Debug/SwiftExtras.o
SwiftDriverJobDiscovery normal arm64 Compiling DemoComponents.swift (in target 'SwiftExtrasDemo' from project 'SwiftExtras')
SwiftDriverJobDiscovery normal arm64 Compiling LayoutsDemo.swift (in target 'SwiftExtrasDemo' from project 'SwiftExtras')
SwiftDriverJobDiscovery normal arm64 Emitting module for SwiftExtrasDemo (in target 'SwiftExtrasDemo' from project 'SwiftExtras')
SwiftDriver\ Compilation\ Requirements SwiftExtrasDemo normal arm64 com.apple.xcode.tools.swift.compiler (in target 'SwiftExtrasDemo' from project 'SwiftExtras')
cd /Users/admin/builder/spi-builder-workspace/.swiftpm/xcode
builtin-Swift-Compilation-Requirements -- /Applications/Xcode-26.3.0.app/Contents/Developer/Toolchains/XcodeDefault.xctoolchain/usr/bin/swiftc -module-name SwiftExtrasDemo -Onone -enforce-exclusivity\=checked @/Users/admin/builder/spi-builder-workspace/.derivedData/Build/Intermediates.noindex/SwiftExtras.build/Debug/SwiftExtrasDemo.build/Objects-normal/arm64/SwiftExtrasDemo.SwiftFileList -DSWIFT_PACKAGE -DDEBUG -DXcode -plugin-path /Applications/Xcode-26.3.0.app/Contents/Developer/Toolchains/XcodeDefault.xctoolchain/usr/lib/swift/host/plugins/testing -enable-experimental-feature DebugDescriptionMacro -sdk /Applications/Xcode-26.3.0.app/Contents/Developer/Platforms/MacOSX.platform/Developer/SDKs/MacOSX26.2.sdk -target arm64-apple-macos12.0 -g -module-cache-path /Users/admin/builder/spi-builder-workspace/.derivedData/ModuleCache.noindex -Xfrontend -serialize-debugging-options -profile-coverage-mapping -profile-generate -enable-testing -index-store-path /Users/admin/builder/spi-builder-workspace/.derivedData/Index.noindex/DataStore -Xcc -D_LIBCPP_HARDENING_MODE\=_LIBCPP_HARDENING_MODE_DEBUG -swift-version 5 -I /Users/admin/builder/spi-builder-workspace/.derivedData/Build/Products/Debug -Isystem /Applications/Xcode-26.3.0.app/Contents/Developer/Platforms/MacOSX.platform/Developer/usr/lib -F /Users/admin/builder/spi-builder-workspace/.derivedData/Build/Products/Debug/PackageFrameworks -F /Users/admin/builder/spi-builder-workspace/.derivedData/Build/Products/Debug/PackageFrameworks -F /Users/admin/builder/spi-builder-workspace/.derivedData/Build/Products/Debug/PackageFrameworks -F /Users/admin/builder/spi-builder-workspace/.derivedData/Build/Products/Debug -F /Applications/Xcode-26.3.0.app/Contents/Developer/Platforms/MacOSX.platform/Developer/Library/Frameworks -emit-localized-strings -emit-localized-strings-path /Users/admin/builder/spi-builder-workspace/.derivedData/Build/Intermediates.noindex/SwiftExtras.build/Debug/SwiftExtrasDemo.build/Objects-normal/arm64 -c -j10 -enable-batch-mode -incremental -Xcc -ivfsstatcache -Xcc /Users/admin/builder/spi-builder-workspace/.derivedData/SDKStatCaches.noindex/macosx26.2-25C58-dc75598d0054f22ec865fa860f139d726b10091eae1b9012e514a50b0de53ce7.sdkstatcache -output-file-map /Users/admin/builder/spi-builder-workspace/.derivedData/Build/Intermediates.noindex/SwiftExtras.build/Debug/SwiftExtrasDemo.build/Objects-normal/arm64/SwiftExtrasDemo-OutputFileMap.json -use-frontend-parseable-output -save-temps -no-color-diagnostics -explicit-module-build -module-cache-path /Users/admin/builder/spi-builder-workspace/.derivedData/Build/Intermediates.noindex/SwiftExplicitPrecompiledModules -clang-scanner-module-cache-path /Users/admin/builder/spi-builder-workspace/.derivedData/ModuleCache.noindex -sdk-module-cache-path /Users/admin/builder/spi-builder-workspace/.derivedData/ModuleCache.noindex -serialize-diagnostics -emit-dependencies -emit-module -emit-module-path /Users/admin/builder/spi-builder-workspace/.derivedData/Build/Intermediates.noindex/SwiftExtras.build/Debug/SwiftExtrasDemo.build/Objects-normal/arm64/SwiftExtrasDemo.swiftmodule -validate-clang-modules-once -clang-build-session-file /Users/admin/builder/spi-builder-workspace/.derivedData/ModuleCache.noindex/Session.modulevalidation -emit-const-values -Xfrontend -const-gather-protocols-file -Xfrontend /Users/admin/builder/spi-builder-workspace/.derivedData/Build/Intermediates.noindex/SwiftExtras.build/Debug/SwiftExtrasDemo.build/Objects-normal/arm64/SwiftExtrasDemo_const_extract_protocols.json -Xcc -I/Users/admin/builder/spi-builder-workspace/.derivedData/Build/Products/Debug/include -Xcc -I/Users/admin/builder/spi-builder-workspace/.derivedData/Build/Intermediates.noindex/SwiftExtras.build/Debug/SwiftExtrasDemo.build/DerivedSources-normal/arm64 -Xcc -I/Users/admin/builder/spi-builder-workspace/.derivedData/Build/Intermediates.noindex/SwiftExtras.build/Debug/SwiftExtrasDemo.build/DerivedSources/arm64 -Xcc -I/Users/admin/builder/spi-builder-workspace/.derivedData/Build/Intermediates.noindex/SwiftExtras.build/Debug/SwiftExtrasDemo.build/DerivedSources -Xcc -DSWIFT_PACKAGE -Xcc -DDEBUG\=1 -working-directory /Users/admin/builder/spi-builder-workspace/.swiftpm/xcode -experimental-emit-module-separately -disable-cmo
Copy /Users/admin/builder/spi-builder-workspace/.derivedData/Build/Products/Debug/SwiftExtrasDemo.swiftmodule/arm64-apple-macos.swiftmodule /Users/admin/builder/spi-builder-workspace/.derivedData/Build/Intermediates.noindex/SwiftExtras.build/Debug/SwiftExtrasDemo.build/Objects-normal/arm64/SwiftExtrasDemo.swiftmodule (in target 'SwiftExtrasDemo' from project 'SwiftExtras')
cd /Users/admin/builder/spi-builder-workspace
builtin-copy -exclude .DS_Store -exclude CVS -exclude .svn -exclude .git -exclude .hg -resolve-src-symlinks -rename /Users/admin/builder/spi-builder-workspace/.derivedData/Build/Intermediates.noindex/SwiftExtras.build/Debug/SwiftExtrasDemo.build/Objects-normal/arm64/SwiftExtrasDemo.swiftmodule /Users/admin/builder/spi-builder-workspace/.derivedData/Build/Products/Debug/SwiftExtrasDemo.swiftmodule/arm64-apple-macos.swiftmodule
Copy /Users/admin/builder/spi-builder-workspace/.derivedData/Build/Products/Debug/SwiftExtrasDemo.swiftmodule/arm64-apple-macos.swiftdoc /Users/admin/builder/spi-builder-workspace/.derivedData/Build/Intermediates.noindex/SwiftExtras.build/Debug/SwiftExtrasDemo.build/Objects-normal/arm64/SwiftExtrasDemo.swiftdoc (in target 'SwiftExtrasDemo' from project 'SwiftExtras')
cd /Users/admin/builder/spi-builder-workspace
builtin-copy -exclude .DS_Store -exclude CVS -exclude .svn -exclude .git -exclude .hg -resolve-src-symlinks -rename /Users/admin/builder/spi-builder-workspace/.derivedData/Build/Intermediates.noindex/SwiftExtras.build/Debug/SwiftExtrasDemo.build/Objects-normal/arm64/SwiftExtrasDemo.swiftdoc /Users/admin/builder/spi-builder-workspace/.derivedData/Build/Products/Debug/SwiftExtrasDemo.swiftmodule/arm64-apple-macos.swiftdoc
Copy /Users/admin/builder/spi-builder-workspace/.derivedData/Build/Products/Debug/SwiftExtrasDemo.swiftmodule/arm64-apple-macos.abi.json /Users/admin/builder/spi-builder-workspace/.derivedData/Build/Intermediates.noindex/SwiftExtras.build/Debug/SwiftExtrasDemo.build/Objects-normal/arm64/SwiftExtrasDemo.abi.json (in target 'SwiftExtrasDemo' from project 'SwiftExtras')
cd /Users/admin/builder/spi-builder-workspace
builtin-copy -exclude .DS_Store -exclude CVS -exclude .svn -exclude .git -exclude .hg -resolve-src-symlinks -rename /Users/admin/builder/spi-builder-workspace/.derivedData/Build/Intermediates.noindex/SwiftExtras.build/Debug/SwiftExtrasDemo.build/Objects-normal/arm64/SwiftExtrasDemo.abi.json /Users/admin/builder/spi-builder-workspace/.derivedData/Build/Products/Debug/SwiftExtrasDemo.swiftmodule/arm64-apple-macos.abi.json
Copy /Users/admin/builder/spi-builder-workspace/.derivedData/Build/Products/Debug/SwiftExtrasDemo.swiftmodule/Project/arm64-apple-macos.swiftsourceinfo /Users/admin/builder/spi-builder-workspace/.derivedData/Build/Intermediates.noindex/SwiftExtras.build/Debug/SwiftExtrasDemo.build/Objects-normal/arm64/SwiftExtrasDemo.swiftsourceinfo (in target 'SwiftExtrasDemo' from project 'SwiftExtras')
cd /Users/admin/builder/spi-builder-workspace
builtin-copy -exclude .DS_Store -exclude CVS -exclude .svn -exclude .git -exclude .hg -resolve-src-symlinks -rename /Users/admin/builder/spi-builder-workspace/.derivedData/Build/Intermediates.noindex/SwiftExtras.build/Debug/SwiftExtrasDemo.build/Objects-normal/arm64/SwiftExtrasDemo.swiftsourceinfo /Users/admin/builder/spi-builder-workspace/.derivedData/Build/Products/Debug/SwiftExtrasDemo.swiftmodule/Project/arm64-apple-macos.swiftsourceinfo
ExtractAppIntentsMetadata (in target 'SwiftExtras' from project 'SwiftExtras')
cd /Users/admin/builder/spi-builder-workspace
/Applications/Xcode-26.3.0.app/Contents/Developer/Toolchains/XcodeDefault.xctoolchain/usr/bin/appintentsmetadataprocessor --toolchain-dir /var/run/com.apple.security.cryptexd/mnt/com.apple.MobileAsset.MetalToolchain-v17.3.7003.10.rSYTgE/Metal.xctoolchain --module-name SwiftExtras --sdk-root /Applications/Xcode-26.3.0.app/Contents/Developer/Platforms/MacOSX.platform/Developer/SDKs/MacOSX26.2.sdk --xcode-version 17C529 --platform-family macOS --deployment-target 12.0 --bundle-identifier spi-builder-workspace.SwiftExtras --output /Users/admin/builder/spi-builder-workspace/.derivedData/Build/Products/Debug/SwiftExtras.appintents --target-triple arm64-apple-macos12.0 --binary-file /Users/admin/builder/spi-builder-workspace/.derivedData/Build/Products/Debug/SwiftExtras.o --dependency-file /Users/admin/builder/spi-builder-workspace/.derivedData/Build/Intermediates.noindex/SwiftExtras.build/Debug/SwiftExtras.build/Objects-normal/arm64/SwiftExtras_dependency_info.dat --stringsdata-file /Users/admin/builder/spi-builder-workspace/.derivedData/Build/Intermediates.noindex/SwiftExtras.build/Debug/SwiftExtras.build/Objects-normal/arm64/ExtractedAppShortcutsMetadata.stringsdata --source-file-list /Users/admin/builder/spi-builder-workspace/.derivedData/Build/Intermediates.noindex/SwiftExtras.build/Debug/SwiftExtras.build/Objects-normal/arm64/SwiftExtras.SwiftFileList --metadata-file-list /Users/admin/builder/spi-builder-workspace/.derivedData/Build/Intermediates.noindex/SwiftExtras.build/Debug/SwiftExtras.build/SwiftExtras.DependencyMetadataFileList --static-metadata-file-list /Users/admin/builder/spi-builder-workspace/.derivedData/Build/Intermediates.noindex/SwiftExtras.build/Debug/SwiftExtras.build/SwiftExtras.DependencyStaticMetadataFileList --swift-const-vals-list /Users/admin/builder/spi-builder-workspace/.derivedData/Build/Intermediates.noindex/SwiftExtras.build/Debug/SwiftExtras.build/Objects-normal/arm64/SwiftExtras.SwiftConstValuesFileList --force --compile-time-extraction --deployment-aware-processing --validate-assistant-intents --no-app-shortcuts-localization
2026-10-13 07:41:33.568 appintentsmetadataprocessor[1153:6868] Starting appintentsmetadataprocessor export
2026-10-13 07:41:33.699 appintentsmetadataprocessor[1153:6868] Extracted no relevant App Intents symbols, skipping writing output
SwiftDriverJobDiscovery normal arm64 Compiling StylesDemo.swift (in target 'SwiftExtrasDemo' from project 'SwiftExtras')
SwiftDriverJobDiscovery normal arm64 Compiling ControlsDemo.swift, DemoCatalog.swift (in target 'SwiftExtrasDemo' from project 'SwiftExtras')
RegisterExecutionPolicyException /Users/admin/builder/spi-builder-workspace/.derivedData/Build/Products/Debug/SwiftExtras.o (in target 'SwiftExtras' from project 'SwiftExtras')
cd /Users/admin/builder/spi-builder-workspace
builtin-RegisterExecutionPolicyException /Users/admin/builder/spi-builder-workspace/.derivedData/Build/Products/Debug/SwiftExtras.o
Ld /Users/admin/builder/spi-builder-workspace/.derivedData/Build/Products/Debug/SwiftExtrasScreenshots normal (in target 'SwiftExtrasScreenshots' from project 'SwiftExtras')
cd /Users/admin/builder/spi-builder-workspace
/Applications/Xcode-26.3.0.app/Contents/Developer/Toolchains/XcodeDefault.xctoolchain/usr/bin/clang -Xlinker -reproducible -target arm64-apple-macos12.0 -isysroot /Applications/Xcode-26.3.0.app/Contents/Developer/Platforms/MacOSX.platform/Developer/SDKs/MacOSX26.2.sdk -O0 -L/Users/admin/builder/spi-builder-workspace/.derivedData/Build/Intermediates.noindex/EagerLinkingTBDs/Debug -L/Users/admin/builder/spi-builder-workspace/.derivedData/Build/Products/Debug -L/Applications/Xcode-26.3.0.app/Contents/Developer/Platforms/MacOSX.platform/Developer/usr/lib -F/Users/admin/builder/spi-builder-workspace/.derivedData/Build/Intermediates.noindex/EagerLinkingTBDs/Debug -F/Users/admin/builder/spi-builder-workspace/.derivedData/Build/Products/Debug/PackageFrameworks -F/Users/admin/builder/spi-builder-workspace/.derivedData/Build/Products/Debug/PackageFrameworks -F/Users/admin/builder/spi-builder-workspace/.derivedData/Build/Products/Debug/PackageFrameworks -F/Users/admin/builder/spi-builder-workspace/.derivedData/Build/Products/Debug -iframework /Applications/Xcode-26.3.0.app/Contents/Developer/Platforms/MacOSX.platform/Developer/Library/Frameworks -filelist /Users/admin/builder/spi-builder-workspace/.derivedData/Build/Intermediates.noindex/SwiftExtras.build/Debug/SwiftExtrasScreenshots.build/Objects-normal/arm64/SwiftExtrasScreenshots.LinkFileList -Xlinker -rpath -Xlinker /usr/lib/swift -Xlinker -rpath -Xlinker /Users/admin/builder/spi-builder-workspace/.derivedData/Build/Products/Debug/PackageFrameworks -Xlinker -rpath -Xlinker @executable_path/../lib -Xlinker -object_path_lto -Xlinker /Users/admin/builder/spi-builder-workspace/.derivedData/Build/Intermediates.noindex/SwiftExtras.build/Debug/SwiftExtrasScreenshots.build/Objects-normal/arm64/SwiftExtrasScreenshots_lto.o -rdynamic -Xlinker -no_deduplicate -Xlinker -debug_variant -Xlinker -dependency_info -Xlinker /Users/admin/builder/spi-builder-workspace/.derivedData/Build/Intermediates.noindex/SwiftExtras.build/Debug/SwiftExtrasScreenshots.build/Objects-normal/arm64/SwiftExtrasScreenshots_dependency_info.dat -fobjc-link-runtime -fprofile-instr-generate -L/Applications/Xcode-26.3.0.app/Contents/Developer/Toolchains/XcodeDefault.xctoolchain/usr/lib/swift/macosx -L/usr/lib/swift -Xlinker -add_ast_path -Xlinker /Users/admin/builder/spi-builder-workspace/.derivedData/Build/Intermediates.noindex/SwiftExtras.build/Debug/SwiftExtrasScreenshots.build/Objects-normal/arm64/SwiftExtrasScreenshots.swiftmodule @/Users/admin/builder/spi-builder-workspace/.derivedData/Build/Intermediates.noindex/SwiftExtras.build/Debug/SwiftExtrasScreenshots.build/Objects-normal/arm64/SwiftExtrasScreenshots-linker-args.resp -Wl,-no_warn_duplicate_libraries -Wl,-no_warn_duplicate_libraries -Wl,-no_warn_duplicate_libraries -o /Users/admin/builder/spi-builder-workspace/.derivedData/Build/Products/Debug/SwiftExtrasScreenshots -Xlinker -add_ast_path -Xlinker /Users/admin/builder/spi-builder-workspace/.derivedData/Build/Intermediates.noindex/OSLogViewer.build/Debug/OSLogViewer.build/Objects-normal/arm64/OSLogViewer.swiftmodule @/Users/admin/builder/spi-builder-workspace/.derivedData/Build/Intermediates.noindex/OSLogViewer.build/Debug/OSLogViewer.build/Objects-normal/arm64/OSLogViewer-linker-args.resp -Xlinker -add_ast_path -Xlinker /Users/admin/builder/spi-builder-workspace/.derivedData/Build/Intermediates.noindex/PreferenceKit.build/Debug/PreferenceKit.build/Objects-normal/arm64/PreferenceKit.swiftmodule @/Users/admin/builder/spi-builder-workspace/.derivedData/Build/Intermediates.noindex/PreferenceKit.build/Debug/PreferenceKit.build/Objects-normal/arm64/PreferenceKit-linker-args.resp -Xlinker -add_ast_path -Xlinker /Users/admin/builder/spi-builder-workspace/.derivedData/Build/Intermediates.noindex/SwiftExtras.build/Debug/SwiftExtras.build/Objects-normal/arm64/SwiftExtras.swiftmodule @/Users/admin/builder/spi-builder-workspace/.derivedData/Build/Intermediates.noindex/SwiftExtras.build/Debug/SwiftExtras.build/Objects-normal/arm64/SwiftExtras-linker-args.resp
Ld /Users/admin/builder/spi-builder-workspace/.derivedData/Build/Products/Debug/SwiftExtrasScreenshotTesting.o normal (in target 'SwiftExtrasScreenshotTesting' from project 'SwiftExtras')
cd /Users/admin/builder/spi-builder-workspace
/Applications/Xcode-26.3.0.app/Contents/Developer/Toolchains/XcodeDefault.xctoolchain/usr/bin/clang -Xlinker -reproducible -target arm64-apple-macos12.0 -r -isysroot /Applications/Xcode-26.3.0.app/Contents/Developer/Platforms/MacOSX.platform/Developer/SDKs/MacOSX26.2.sdk -O0 -L/Users/admin/builder/spi-builder-workspace/.derivedData/Build/Intermediates.noindex/EagerLinkingTBDs/Debug -L/Users/admin/builder/spi-builder-workspace/.derivedData/Build/Products/Debug -L/Applications/Xcode-26.3.0.app/Contents/Developer/Platforms/MacOSX.platform/Developer/usr/lib -F/Users/admin/builder/spi-builder-workspace/.derivedData/Build/Intermediates.noindex/EagerLinkingTBDs/Debug -F/Users/admin/builder/spi-builder-workspace/.derivedData/Build/Products/Debug/PackageFrameworks -F/Users/admin/builder/spi-builder-workspace/.derivedData/Build/Products/Debug/PackageFrameworks -F/Users/admin/builder/spi-builder-workspace/.derivedData/Build/Products/Debug/PackageFrameworks -F/Users/admin/builder/spi-builder-workspace/.derivedData/Build/Products/Debug -iframework /Applications/Xcode-26.3.0.app/Contents/Developer/Platforms/MacOSX.platform/Developer/Library/Frameworks -filelist /Users/admin/builder/spi-builder-workspace/.derivedData/Build/Intermediates.noindex/SwiftExtras.build/Debug/SwiftExtrasScreenshotTesting.build/Objects-normal/arm64/SwiftExtrasScreenshotTesting.LinkFileList -nostdlib -Xlinker -object_path_lto -Xlinker /Users/admin/builder/spi-builder-workspace/.derivedData/Build/Intermediates.noindex/SwiftExtras.build/Debug/SwiftExtrasScreenshotTesting.build/Objects-normal/arm64/SwiftExtrasScreenshotTesting_lto.o -rdynamic -Xlinker -no_deduplicate -Xlinker -debug_variant -Xlinker -dependency_info -Xlinker /Users/admin/builder/spi-builder-workspace/.derivedData/Build/Intermediates.noindex/SwiftExtras.build/Debug/SwiftExtrasScreenshotTesting.build/Objects-normal/arm64/SwiftExtrasScreenshotTesting_dependency_info.dat -fobjc-link-runtime -L/Applications/Xcode-26.3.0.app/Contents/Developer/Toolchains/XcodeDefault.xctoolchain/usr/lib/swift/macosx -L/usr/lib/swift -Xlinker -add_ast_path -Xlinker /Users/admin/builder/spi-builder-workspace/.derivedData/Build/Intermediates.noindex/SwiftExtras.build/Debug/SwiftExtrasScreenshotTesting.build/Objects-normal/arm64/SwiftExtrasScreenshotTesting.swiftmodule @/Users/admin/builder/spi-builder-workspace/.derivedData/Build/Intermediates.noindex/SwiftExtras.build/Debug/SwiftExtrasScreenshotTesting.build/Objects-normal/arm64/SwiftExtrasScreenshotTesting-linker-args.resp -o /Users/admin/builder/spi-builder-workspace/.derivedData/Build/Products/Debug/SwiftExtrasScreenshotTesting.o
ExtractAppIntentsMetadata (in target 'SwiftExtrasScreenshotTesting' from project 'SwiftExtras')
cd /Users/admin/builder/spi-builder-workspace
/Applications/Xcode-26.3.0.app/Contents/Developer/Toolchains/XcodeDefault.xctoolchain/usr/bin/appintentsmetadataprocessor --toolchain-dir /var/run/com.apple.security.cryptexd/mnt/com.apple.MobileAsset.MetalToolchain-v17.3.7003.10.rSYTgE/Metal.xctoolchain --module-name SwiftExtrasScreenshotTesting --sdk-root /Applications/Xcode-26.3.0.app/Contents/Developer/Platforms/MacOSX.platform/Developer/SDKs/MacOSX26.2.sdk --xcode-version 17C529 --platform-family macOS --deployment-target 12.0 --bundle-identifier spi-builder-workspace.SwiftExtrasScreenshotTesting --output /Users/admin/builder/spi-builder-workspace/.derivedData/Build/Products/Debug/SwiftExtrasScreenshotTesting.appintents --target-triple arm64-apple-macos12.0 --binary-file /Users/admin/builder/spi-builder-workspace/.derivedData/Build/Products/Debug/SwiftExtrasScreenshotTesting.o --dependency-file /Users/admin/builder/spi-builder-workspace/.derivedData/Build/Intermediates.noindex/SwiftExtras.build/Debug/SwiftExtrasScreenshotTesting.build/Objects-normal/arm64/SwiftExtrasScreenshotTesting_dependency_info.dat --stringsdata-file /Users/admin/builder/spi-builder-workspace/.derivedData/Build/Intermediates.noindex/SwiftExtras.build/Debug/SwiftExtrasScreenshotTesting.build/Objects-normal/arm64/ExtractedAppShortcutsMetadata.stringsdata --source-file-list /Users/admin/builder/spi-builder-workspace/.derivedData/Build/Intermediates.noindex/SwiftExtras.build/Debug/SwiftExtrasScreenshotTesting.build/Objects-normal/arm64/SwiftExtrasScreenshotTesting.SwiftFileList --metadata-file-list /Users/admin/builder/spi-builder-workspace/.derivedData/Build/Intermediates.noindex/SwiftExtras.build/Debug/SwiftExtrasScreenshotTesting.build/SwiftExtrasScreenshotTesting.DependencyMetadataFileList --static-metadata-file-list /Users/admin/builder/spi-builder-workspace/.derivedData/Build/Intermediates.noindex/SwiftExtras.build/Debug/SwiftExtrasScreenshotTesting.build/SwiftExtrasScreenshotTesting.DependencyStaticMetadataFileList --swift-const-vals-list /Users/admin/builder/spi-builder-workspace/.derivedData/Build/Intermediates.noindex/SwiftExtras.build/Debug/SwiftExtrasScreenshotTesting.build/Objects-normal/arm64/SwiftExtrasScreenshotTesting.SwiftConstValuesFileList --force --compile-time-extraction --deployment-aware-processing --validate-assistant-intents --no-app-shortcuts-localization
2026-10-13 07:41:05.368 xcodebuild[859:5212] [MT] IDERunDestination: Supported platforms for the buildables in the current scheme is empty.
--- xcodebuild: WARNING: Using the first of multiple matching destinations:
{ platform:macOS, arch:arm64, id:8f82002ef9550757c4c8a02040cdcdb47f18399c, name:My Mac }
{ platform:macOS, arch:arm64, variant:Mac Catalyst, id:8f82002ef9550757c4c8a02040cdcdb47f18399c, name:My Mac }
{ platform:macOS, arch:arm64, variant:DriverKit, id:8f82002ef9550757c4c8a02040cdcdb47f18399c, name:My Mac }
{ platform:macOS, arch:arm64, variant:Designed for [iPad,iPhone], id:8f82002ef9550757c4c8a02040cdcdb47f18399c, name:My Mac }
** BUILD FAILED **
The following build commands failed:
SwiftCompile normal arm64 Compiling\ PlatformDemo.swift /Users/admin/builder/spi-builder-workspace/Tools/SwiftExtrasDemo/PlatformDemo.swift (in target 'SwiftExtrasDemo' from project 'SwiftExtras')
SwiftCompile normal arm64 /Users/admin/builder/spi-builder-workspace/Tools/SwiftExtrasDemo/PlatformDemo.swift (in target 'SwiftExtrasDemo' from project 'SwiftExtras')
Building workspace spi-builder-workspace with scheme SwiftExtras-Package
(3 failures)
Command line invocation:
/Applications/Xcode-26.3.0.app/Contents/Developer/usr/bin/xcodebuild -IDEClonedSourcePackagesDirPathOverride=/Users/admin/builder/spi-builder-workspace/.dependencies -resolvePackageDependencies
Resolve Package Graph
Resolved source packages:
SwiftExtras: /Users/admin/builder/spi-builder-workspace
PreferenceKit: https://github.com/0xWDG/PreferenceKit.git @ main (64426a6)
OSLogViewer: https://github.com/0xWDG/OSLogViewer.git @ 1.1.6
resolved source packages: SwiftExtras, PreferenceKit, OSLogViewer
2026-10-13 07:41:34.847 xcodebuild[1160:6921] [MT] IDERunDestination: Supported platforms for the buildables in the current scheme is empty.
{
"default_localization" : "en",
"dependencies" : [
{
"identity" : "oslogviewer",
"requirement" : {
"range" : [
{
"lower_bound" : "1.1.5",
"upper_bound" : "2.0.0"
}
]
},
"type" : "sourceControl",
"url" : "https://github.com/0xWDG/OSLogViewer.git"
},
{
"identity" : "preferencekit",
"requirement" : {
"branch" : [
"main"
]
},
"type" : "sourceControl",
"url" : "https://github.com/0xWDG/PreferenceKit.git"
}
],
"manifest_display_name" : "SwiftExtras",
"name" : "SwiftExtras",
"path" : "/Users/admin/builder/spi-builder-workspace",
"platforms" : [
{
"name" : "ios",
"version" : "15.0"
},
{
"name" : "macos",
"version" : "12.0"
},
{
"name" : "tvos",
"version" : "15.0"
},
{
"name" : "watchos",
"version" : "8.0"
}
],
"products" : [
{
"name" : "SwiftExtras",
"targets" : [
"SwiftExtras"
],
"type" : {
"library" : [
"automatic"
]
}
},
{
"name" : "SwiftExtrasScreenshotTesting",
"targets" : [
"SwiftExtrasScreenshotTesting"
],
"type" : {
"library" : [
"automatic"
]
}
},
{
"name" : "SwiftExtrasScreenshots",
"targets" : [
"SwiftExtrasScreenshots"
],
"type" : {
"executable" : null
}
},
{
"name" : "SwiftExtrasDemo",
"targets" : [
"SwiftExtrasDemo"
],
"type" : {
"executable" : null
}
}
],
"targets" : [
{
"c99name" : "SwiftExtrasTests",
"module_type" : "SwiftTarget",
"name" : "SwiftExtrasTests",
"path" : "Tests/SwiftExtrasTests",
"product_dependencies" : [
"PreferenceKit"
],
"sources" : [
"AnyCodableTests.swift",
"AppInfoTests.swift",
"CollectionAndNumericTests.swift",
"DateExtensionTests.swift",
"DeviceInfoTests.swift",
"DynamicJSONTests.swift",
"DynamicTests.swift",
"FoundationExtensionTests.swift",
"ModelTests.swift",
"ScreenshotTestingTests.swift",
"ShimmerTests.swift",
"StringAndURLTests.swift",
"SwiftExtrasTests.swift",
"UbiquitousStorageTests.swift",
"UtilityExtensionTests.swift"
],
"target_dependencies" : [
"SwiftExtras",
"SwiftExtrasScreenshotTesting"
],
"type" : "test"
},
{
"c99name" : "SwiftExtrasScreenshots",
"module_type" : "SwiftTarget",
"name" : "SwiftExtrasScreenshots",
"path" : "Tools/SwiftExtrasScreenshots",
"product_memberships" : [
"SwiftExtrasScreenshots"
],
"sources" : [
"ModifierExamples.swift",
"ScreenshotRendering.swift",
"SwiftExtrasScreenshots.swift"
],
"target_dependencies" : [
"SwiftExtras"
],
"type" : "executable"
},
{
"c99name" : "SwiftExtrasScreenshotTesting",
"module_type" : "SwiftTarget",
"name" : "SwiftExtrasScreenshotTesting",
"path" : "Sources/SwiftExtrasScreenshotTesting",
"product_memberships" : [
"SwiftExtrasScreenshotTesting"
],
"sources" : [
"ScreenshotTestCase.swift"
],
"target_dependencies" : [
"SwiftExtras"
],
"type" : "library"
},
{
"c99name" : "SwiftExtrasDemo",
"module_type" : "SwiftTarget",
"name" : "SwiftExtrasDemo",
"path" : "Tools/SwiftExtrasDemo",
"product_memberships" : [
"SwiftExtrasDemo"
],
"sources" : [
"ColorsAndImagesDemo.swift",
"ContainersDemo.swift",
"ControlsDemo.swift",
"DemoCatalog.swift",
"DemoComponents.swift",
"LayoutsDemo.swift",
"ModifiersDemo.swift",
"OverviewDemo.swift",
"PlatformDemo.swift",
"StylesDemo.swift",
"SwiftExtrasDemo.swift",
"UtilitiesDemo.swift"
],
"target_dependencies" : [
"SwiftExtras"
],
"type" : "executable"
},
{
"c99name" : "SwiftExtras",
"module_type" : "SwiftTarget",
"name" : "SwiftExtras",
"path" : "Sources/SwiftExtras",
"product_dependencies" : [
"OSLogViewer",
"PreferenceKit"
],
"product_memberships" : [
"SwiftExtras",
"SwiftExtrasScreenshotTesting",
"SwiftExtrasScreenshots",
"SwiftExtrasDemo"
],
"resources" : [
{
"path" : "/Users/admin/builder/spi-builder-workspace/Sources/SwiftExtras/Assets.xcassets",
"rule" : {
"process" : {
}
}
},
{
"path" : "/Users/admin/builder/spi-builder-workspace/Sources/SwiftExtras/Localizable.xcstrings",
"rule" : {
"process" : {
}
}
}
],
"sources" : [
"Classes/BackgroundRemover.swift",
"Classes/SensoryFeedback.swift",
"Enums/AppInfo.swift",
"Enums/Device.swift",
"Extensions/Binding+onChange.swift",
"Extensions/Binding+optional.swift",
"Extensions/CGFloat+.swift",
"Extensions/CGSize+device.swift",
"Extensions/Collection+.swift",
"Extensions/Collection+safeIndex.swift",
"Extensions/Color/Color+Codable.swift",
"Extensions/Color/Color+Identifiable.swift",
"Extensions/Color/Color+colorBlind.swift",
"Extensions/Color/Color+components.swift",
"Extensions/Color/Color+default.swift",
"Extensions/Color/Color+dynamicColor.swift",
"Extensions/Color/Color+init.swift",
"Extensions/Color/Color+random.swift",
"Extensions/Color/PlatformColor+.swift",
"Extensions/Data.swift",
"Extensions/Date/Date+.swift",
"Extensions/Date/Date+Identifiable.swift",
"Extensions/Date/Date+getFormattedDate.swift",
"Extensions/Dictionary+RawRepresentable.swift",
"Extensions/Double+.swift",
"Extensions/Error+errorCode.swift",
"Extensions/Float.swift",
"Extensions/Image/Image+Platform.swift",
"Extensions/Image/Image+centerCropped.swift",
"Extensions/Image/PlatformImage+.swift",
"Extensions/Int+.swift",
"Extensions/Locale+Utilities.swift",
"Extensions/LocalizedStringKey+.swift",
"Extensions/LocalizedStringKey+Identifiable.swift",
"Extensions/Logger+.swift",
"Extensions/NotificationName+.swift",
"Extensions/Optional+isNilOrEmpty.swift",
"Extensions/ProcessInfo+Utilities.swift",
"Extensions/Sequence+.swift",
"Extensions/String/String+ANSIColors.swift",
"Extensions/String/String+Base64.swift",
"Extensions/String/String+HTML.swift",
"Extensions/String/String+IdentifiableString.swift",
"Extensions/String/String+LocalizedStringKey.swift",
"Extensions/String/String+Quoted.swift",
"Extensions/String/String+Split.swift",
"Extensions/String/String+clean.swift",
"Extensions/String/String+contains.swift",
"Extensions/String/String+error.swift",
"Extensions/String/String+fuzzyMatches.swift",
"Extensions/String/String+hashed.swift",
"Extensions/String/String+slice.swift",
"Extensions/String/String+slugified.swift",
"Extensions/String/String+subscript.swift",
"Extensions/String/String+trimmed.swift",
"Extensions/String/String+url.swift",
"Extensions/StringProtocol+.swift",
"Extensions/Task+.swift",
"Extensions/Text+Gradient.swift",
"Extensions/TimeInterval+.swift",
"Extensions/UIDevice+Utilities.swift",
"Extensions/URL+.swift",
"Extensions/URLSession.swift",
"Extensions/UserDefaults+subscript.swift",
"Extensions/View/View+Error.swift",
"Extensions/View/View+Frame.swift",
"Extensions/View/View+Log.swift",
"Extensions/View/View+Task.swift",
"Extensions/View/View+adaptiveColor.swift",
"Extensions/View/View+colorScheme.swift",
"Extensions/View/View+getRootViewController.swift",
"Extensions/View/View+horizontallyCentered.swift",
"Extensions/View/View+modifier.swift",
"Extensions/View/View+onChange.swift",
"Extensions/View/View+onFirstAppear.swift",
"Extensions/View/View+onLandscape.swift",
"Extensions/View/View+onNotification.swift",
"Extensions/View/View+onboarding.swift",
"Extensions/View/View+readOffsetX.swift",
"Extensions/View/View+render.swift",
"Extensions/View/View+sizeSaver.swift",
"Extensions/View/View+snapshot.swift",
"Extensions/View/View+stretchableView.swift",
"Extensions/View/View+stretchy.swift",
"Extensions/View/View+subtitle.swift",
"Functions/GravatarAvatarImage.swift",
"Functions/kMeansCluster.swift",
"Layout/Flow.swift",
"Layout/StickySection.swift",
"Layout/WStack.swift",
"Modifiers/BorderBeamEffect.swift",
"Modifiers/Button+longPress.swift",
"Modifiers/CaptureScrollingOffset.swift",
"Modifiers/CustomBadge.swift",
"Modifiers/FloatingSafeAreaBar.swift",
"Modifiers/IslandToast.swift",
"Modifiers/KeyboardDismissModifier.swift",
"Modifiers/KeyboardDoneToolbar.swift",
"Modifiers/PulsatingEffect.swift",
"Modifiers/ShakeEffect.swift",
"Modifiers/Shimmer.swift",
"Modifiers/StretchyHeaderViewModifier.swift",
"Modifiers/TextFieldActions.swift",
"Modifiers/TextFieldWithAxisActionHelper.swift",
"Modifiers/Toast.swift",
"MultiPlatform/NSPasteboard+string.swift",
"MultiPlatform/PlatformTypes.swift",
"MultiPlatform/PlatformViewRepresentable.swift",
"MultiPlatform/openURL.swift",
"Operators/RegularExpressionOperator.swift",
"Operators/optionalBinding.swift",
"PictureInPicture/PictureInPicture.swift",
"PictureInPicture/PictureInPictureController.swift",
"PictureInPicture/PictureInPictureLayerView.swift",
"PictureInPicture/PictureInPictureRenderer.swift",
"PictureInPicture/View+PictureInPicture.swift",
"Protocols/AutoEquatable.swift",
"Representables/MailView.swift",
"Representables/SFSafari.swift",
"Representables/WebView.swift",
"Shapes/HexShape.swift",
"Structs/AnyCodable.swift",
"Structs/DeviceInfo.swift",
"Structs/Dynamic.swift",
"Structs/DynamicJSON.swift",
"Structs/IslandToastCard.swift",
"Structs/SEAcknowledgement.swift",
"Structs/SEChangeLogEntry.swift",
"Structs/SocialIcons.swift",
"Structs/UbiquitousStorage.swift",
"Styles/BorderedToggleStyle.swift",
"Styles/ColoredButtonStyle.swift",
"Styles/GrayButtonStyle.swift",
"Styles/ListButtonStyle.swift",
"Styles/PlainBorderedToggleStyle.swift",
"Styles/ToggleButtonStyle.swift",
"SwiftExtras.swift",
"SwiftUI/AsyncTask.swift",
"SwiftUI/AsyncView.swift",
"SwiftUI/CardView.swift",
"SwiftUI/CarouselView.swift",
"SwiftUI/CloseButton.swift",
"SwiftUI/Compat.swift",
"SwiftUI/ConfettiView.swift",
"SwiftUI/ConfirmationButton.swift",
"SwiftUI/CopyableLabeledContent.swift",
"SwiftUI/DisclosureSection.swift",
"SwiftUI/HorizontalStepper.swift",
"SwiftUI/IndexedList.swift",
"SwiftUI/LabeledTextField.swift",
"SwiftUI/LimitedTextField.swift",
"SwiftUI/MatchedPopover.swift",
"SwiftUI/MonthYearPickerView.swift",
"SwiftUI/MultiSelectPickerView.swift",
"SwiftUI/MultiSelectView.swift",
"SwiftUI/NavigationViewIfNeeded.swift",
"SwiftUI/NotificationOnboarding.swift",
"SwiftUI/NotificationView.swift",
"SwiftUI/Onboarding.swift",
"SwiftUI/SEAcknowledgementView.swift",
"SwiftUI/SEChangeLogView.swift",
"SwiftUI/SESettingsView.swift",
"SwiftUI/SplitActionButton.swift",
"SwiftUI/SpotlightOnboarding.swift",
"SwiftUI/VerificationField.swift"
],
"type" : "library"
}
],
"tools_version" : "5.8"
}
{
"workspace" : {
"name" : "spi-builder-workspace",
"schemes" : [
"OSLogViewer",
"PreferenceKit",
"SwiftExtras",
"SwiftExtras-Package",
"SwiftExtrasDemo",
"SwiftExtrasScreenshots",
"SwiftExtrasScreenshotTesting"
]
}
}
2026-10-13 07:41:36.219 xcodebuild[1168:6999] [MT] IDERunDestination: Supported platforms for the buildables in the current scheme is empty.
Running build ...
env DEVELOPER_DIR=/Applications/Xcode-26.3.0.app xcrun xcodebuild -IDEClonedSourcePackagesDirPathOverride=$PWD/.dependencies -skipMacroValidation -skipPackagePluginValidation -derivedDataPath $PWD/.derivedData build -scheme SwiftExtras-Package -destination platform=macOS,arch=arm64
Command line invocation:
/Applications/Xcode-26.3.0.app/Contents/Developer/usr/bin/xcodebuild -IDEClonedSourcePackagesDirPathOverride=/Users/admin/builder/spi-builder-workspace/.dependencies -skipMacroValidation -skipPackagePluginValidation -derivedDataPath /Users/admin/builder/spi-builder-workspace/.derivedData build -scheme SwiftExtras-Package -destination platform=macOS,arch=arm64
Resolve Package Graph
Resolved source packages:
OSLogViewer: https://github.com/0xWDG/OSLogViewer.git @ 1.1.6
PreferenceKit: https://github.com/0xWDG/PreferenceKit.git @ main (64426a6)
SwiftExtras: /Users/admin/builder/spi-builder-workspace
ComputePackagePrebuildTargetDependencyGraph
Prepare packages
CreateBuildRequest
SendProjectDescription
CreateBuildOperation
ComputeTargetDependencyGraph
note: Building targets in dependency order
note: Target dependency graph (13 targets)
Target 'SwiftExtrasScreenshots' in project 'SwiftExtras'
➜ Explicit dependency on target 'SwiftExtras' in project 'SwiftExtras'
➜ Explicit dependency on target 'OSLogViewer' in project 'OSLogViewer'
➜ Explicit dependency on target 'PreferenceKit' in project 'PreferenceKit'
Target 'SwiftExtrasDemo' in project 'SwiftExtras'
➜ Explicit dependency on target 'SwiftExtras' in project 'SwiftExtras'
➜ Explicit dependency on target 'OSLogViewer' in project 'OSLogViewer'
➜ Explicit dependency on target 'PreferenceKit' in project 'PreferenceKit'
Target 'SwiftExtrasScreenshotTesting' in project 'SwiftExtras'
➜ Explicit dependency on target 'SwiftExtrasScreenshotTesting' in project 'SwiftExtras'
➜ Explicit dependency on target 'SwiftExtras' in project 'SwiftExtras'
➜ Explicit dependency on target 'OSLogViewer' in project 'OSLogViewer'
➜ Explicit dependency on target 'PreferenceKit' in project 'PreferenceKit'
Target 'SwiftExtrasScreenshotTesting' in project 'SwiftExtras'
➜ Explicit dependency on target 'SwiftExtras' in project 'SwiftExtras'
➜ Explicit dependency on target 'OSLogViewer' in project 'OSLogViewer'
➜ Explicit dependency on target 'PreferenceKit' in project 'PreferenceKit'
Target 'SwiftExtras' in project 'SwiftExtras'
➜ Explicit dependency on target 'SwiftExtras' in project 'SwiftExtras'
➜ Explicit dependency on target 'SwiftExtras_SwiftExtras' in project 'SwiftExtras'
➜ Explicit dependency on target 'OSLogViewer' in project 'OSLogViewer'
➜ Explicit dependency on target 'PreferenceKit' in project 'PreferenceKit'
Target 'SwiftExtras' in project 'SwiftExtras'
➜ Explicit dependency on target 'SwiftExtras_SwiftExtras' in project 'SwiftExtras'
➜ Explicit dependency on target 'OSLogViewer' in project 'OSLogViewer'
➜ Explicit dependency on target 'PreferenceKit' in project 'PreferenceKit'
Target 'PreferenceKit' in project 'PreferenceKit'
➜ Explicit dependency on target 'PreferenceKit' in project 'PreferenceKit'
➜ Explicit dependency on target 'PreferenceKit_PreferenceKit' in project 'PreferenceKit'
➜ Explicit dependency on target 'OSLogViewer' in project 'OSLogViewer'
Target 'PreferenceKit' in project 'PreferenceKit'
➜ Explicit dependency on target 'PreferenceKit_PreferenceKit' in project 'PreferenceKit'
➜ Explicit dependency on target 'OSLogViewer' in project 'OSLogViewer'
Target 'PreferenceKit_PreferenceKit' in project 'PreferenceKit' (no dependencies)
Target 'OSLogViewer' in project 'OSLogViewer'
➜ Explicit dependency on target 'OSLogViewer' in project 'OSLogViewer'
➜ Explicit dependency on target 'OSLogViewer_OSLogViewer' in project 'OSLogViewer'
Target 'OSLogViewer' in project 'OSLogViewer'
➜ Explicit dependency on target 'OSLogViewer_OSLogViewer' in project 'OSLogViewer'
Target 'OSLogViewer_OSLogViewer' in project 'OSLogViewer' (no dependencies)
Target 'SwiftExtras_SwiftExtras' in project 'SwiftExtras' (no dependencies)
GatherProvisioningInputs
CreateBuildDescription
ClangStatCache /Applications/Xcode-26.3.0.app/Contents/Developer/Toolchains/XcodeDefault.xctoolchain/usr/bin/clang-stat-cache /Applications/Xcode-26.3.0.app/Contents/Developer/Platforms/MacOSX.platform/Developer/SDKs/MacOSX26.2.sdk /Users/admin/builder/spi-builder-workspace/.derivedData/SDKStatCaches.noindex/macosx26.2-25C58-dc75598d0054f22ec865fa860f139d726b10091eae1b9012e514a50b0de53ce7.sdkstatcache
cd /Users/admin/builder/spi-builder-workspace/.swiftpm/xcode
/Applications/Xcode-26.3.0.app/Contents/Developer/Toolchains/XcodeDefault.xctoolchain/usr/bin/clang-stat-cache /Applications/Xcode-26.3.0.app/Contents/Developer/Platforms/MacOSX.platform/Developer/SDKs/MacOSX26.2.sdk -o /Users/admin/builder/spi-builder-workspace/.derivedData/SDKStatCaches.noindex/macosx26.2-25C58-dc75598d0054f22ec865fa860f139d726b10091eae1b9012e514a50b0de53ce7.sdkstatcache
SwiftDriver SwiftExtrasDemo normal arm64 com.apple.xcode.tools.swift.compiler (in target 'SwiftExtrasDemo' from project 'SwiftExtras')
cd /Users/admin/builder/spi-builder-workspace/.swiftpm/xcode
builtin-SwiftDriver -- /Applications/Xcode-26.3.0.app/Contents/Developer/Toolchains/XcodeDefault.xctoolchain/usr/bin/swiftc -module-name SwiftExtrasDemo -Onone -enforce-exclusivity\=checked @/Users/admin/builder/spi-builder-workspace/.derivedData/Build/Intermediates.noindex/SwiftExtras.build/Debug/SwiftExtrasDemo.build/Objects-normal/arm64/SwiftExtrasDemo.SwiftFileList -DSWIFT_PACKAGE -DDEBUG -DXcode -plugin-path /Applications/Xcode-26.3.0.app/Contents/Developer/Toolchains/XcodeDefault.xctoolchain/usr/lib/swift/host/plugins/testing -enable-experimental-feature DebugDescriptionMacro -sdk /Applications/Xcode-26.3.0.app/Contents/Developer/Platforms/MacOSX.platform/Developer/SDKs/MacOSX26.2.sdk -target arm64-apple-macos12.0 -g -module-cache-path /Users/admin/builder/spi-builder-workspace/.derivedData/ModuleCache.noindex -Xfrontend -serialize-debugging-options -profile-coverage-mapping -profile-generate -enable-testing -index-store-path /Users/admin/builder/spi-builder-workspace/.derivedData/Index.noindex/DataStore -Xcc -D_LIBCPP_HARDENING_MODE\=_LIBCPP_HARDENING_MODE_DEBUG -swift-version 5 -I /Users/admin/builder/spi-builder-workspace/.derivedData/Build/Products/Debug -Isystem /Applications/Xcode-26.3.0.app/Contents/Developer/Platforms/MacOSX.platform/Developer/usr/lib -F /Users/admin/builder/spi-builder-workspace/.derivedData/Build/Products/Debug/PackageFrameworks -F /Users/admin/builder/spi-builder-workspace/.derivedData/Build/Products/Debug/PackageFrameworks -F /Users/admin/builder/spi-builder-workspace/.derivedData/Build/Products/Debug/PackageFrameworks -F /Users/admin/builder/spi-builder-workspace/.derivedData/Build/Products/Debug -F /Applications/Xcode-26.3.0.app/Contents/Developer/Platforms/MacOSX.platform/Developer/Library/Frameworks -emit-localized-strings -emit-localized-strings-path /Users/admin/builder/spi-builder-workspace/.derivedData/Build/Intermediates.noindex/SwiftExtras.build/Debug/SwiftExtrasDemo.build/Objects-normal/arm64 -c -j10 -enable-batch-mode -incremental -Xcc -ivfsstatcache -Xcc /Users/admin/builder/spi-builder-workspace/.derivedData/SDKStatCaches.noindex/macosx26.2-25C58-dc75598d0054f22ec865fa860f139d726b10091eae1b9012e514a50b0de53ce7.sdkstatcache -output-file-map /Users/admin/builder/spi-builder-workspace/.derivedData/Build/Intermediates.noindex/SwiftExtras.build/Debug/SwiftExtrasDemo.build/Objects-normal/arm64/SwiftExtrasDemo-OutputFileMap.json -use-frontend-parseable-output -save-temps -no-color-diagnostics -explicit-module-build -module-cache-path /Users/admin/builder/spi-builder-workspace/.derivedData/Build/Intermediates.noindex/SwiftExplicitPrecompiledModules -clang-scanner-module-cache-path /Users/admin/builder/spi-builder-workspace/.derivedData/ModuleCache.noindex -sdk-module-cache-path /Users/admin/builder/spi-builder-workspace/.derivedData/ModuleCache.noindex -serialize-diagnostics -emit-dependencies -emit-module -emit-module-path /Users/admin/builder/spi-builder-workspace/.derivedData/Build/Intermediates.noindex/SwiftExtras.build/Debug/SwiftExtrasDemo.build/Objects-normal/arm64/SwiftExtrasDemo.swiftmodule -validate-clang-modules-once -clang-build-session-file /Users/admin/builder/spi-builder-workspace/.derivedData/ModuleCache.noindex/Session.modulevalidation -emit-const-values -Xfrontend -const-gather-protocols-file -Xfrontend /Users/admin/builder/spi-builder-workspace/.derivedData/Build/Intermediates.noindex/SwiftExtras.build/Debug/SwiftExtrasDemo.build/Objects-normal/arm64/SwiftExtrasDemo_const_extract_protocols.json -Xcc -I/Users/admin/builder/spi-builder-workspace/.derivedData/Build/Products/Debug/include -Xcc -I/Users/admin/builder/spi-builder-workspace/.derivedData/Build/Intermediates.noindex/SwiftExtras.build/Debug/SwiftExtrasDemo.build/DerivedSources-normal/arm64 -Xcc -I/Users/admin/builder/spi-builder-workspace/.derivedData/Build/Intermediates.noindex/SwiftExtras.build/Debug/SwiftExtrasDemo.build/DerivedSources/arm64 -Xcc -I/Users/admin/builder/spi-builder-workspace/.derivedData/Build/Intermediates.noindex/SwiftExtras.build/Debug/SwiftExtrasDemo.build/DerivedSources -Xcc -DSWIFT_PACKAGE -Xcc -DDEBUG\=1 -working-directory /Users/admin/builder/spi-builder-workspace/.swiftpm/xcode -experimental-emit-module-separately -disable-cmo
ExtractAppIntentsMetadata (in target 'SwiftExtrasScreenshotTesting' from project 'SwiftExtras')
cd /Users/admin/builder/spi-builder-workspace
/Applications/Xcode-26.3.0.app/Contents/Developer/Toolchains/XcodeDefault.xctoolchain/usr/bin/appintentsmetadataprocessor --toolchain-dir /var/run/com.apple.security.cryptexd/mnt/com.apple.MobileAsset.MetalToolchain-v17.3.7003.10.rSYTgE/Metal.xctoolchain --module-name SwiftExtrasScreenshotTesting --sdk-root /Applications/Xcode-26.3.0.app/Contents/Developer/Platforms/MacOSX.platform/Developer/SDKs/MacOSX26.2.sdk --xcode-version 17C529 --platform-family macOS --deployment-target 12.0 --bundle-identifier spi-builder-workspace.SwiftExtrasScreenshotTesting --output /Users/admin/builder/spi-builder-workspace/.derivedData/Build/Products/Debug/SwiftExtrasScreenshotTesting.appintents --target-triple arm64-apple-macos12.0 --binary-file /Users/admin/builder/spi-builder-workspace/.derivedData/Build/Products/Debug/SwiftExtrasScreenshotTesting.o --dependency-file /Users/admin/builder/spi-builder-workspace/.derivedData/Build/Intermediates.noindex/SwiftExtras.build/Debug/SwiftExtrasScreenshotTesting.build/Objects-normal/arm64/SwiftExtrasScreenshotTesting_dependency_info.dat --stringsdata-file /Users/admin/builder/spi-builder-workspace/.derivedData/Build/Intermediates.noindex/SwiftExtras.build/Debug/SwiftExtrasScreenshotTesting.build/Objects-normal/arm64/ExtractedAppShortcutsMetadata.stringsdata --source-file-list /Users/admin/builder/spi-builder-workspace/.derivedData/Build/Intermediates.noindex/SwiftExtras.build/Debug/SwiftExtrasScreenshotTesting.build/Objects-normal/arm64/SwiftExtrasScreenshotTesting.SwiftFileList --metadata-file-list /Users/admin/builder/spi-builder-workspace/.derivedData/Build/Intermediates.noindex/SwiftExtras.build/Debug/SwiftExtrasScreenshotTesting.build/SwiftExtrasScreenshotTesting.DependencyMetadataFileList --static-metadata-file-list /Users/admin/builder/spi-builder-workspace/.derivedData/Build/Intermediates.noindex/SwiftExtras.build/Debug/SwiftExtrasScreenshotTesting.build/SwiftExtrasScreenshotTesting.DependencyStaticMetadataFileList --swift-const-vals-list /Users/admin/builder/spi-builder-workspace/.derivedData/Build/Intermediates.noindex/SwiftExtras.build/Debug/SwiftExtrasScreenshotTesting.build/Objects-normal/arm64/SwiftExtrasScreenshotTesting.SwiftConstValuesFileList --force --compile-time-extraction --deployment-aware-processing --validate-assistant-intents --no-app-shortcuts-localization
2026-10-13 07:41:38.299 appintentsmetadataprocessor[1174:7079] Starting appintentsmetadataprocessor export
2026-10-13 07:41:38.471 appintentsmetadataprocessor[1174:7079] Extracted no relevant App Intents symbols, skipping writing output
Ld /Users/admin/builder/spi-builder-workspace/.derivedData/Build/Products/Debug/SwiftExtrasScreenshots normal (in target 'SwiftExtrasScreenshots' from project 'SwiftExtras')
cd /Users/admin/builder/spi-builder-workspace
/Applications/Xcode-26.3.0.app/Contents/Developer/Toolchains/XcodeDefault.xctoolchain/usr/bin/clang -Xlinker -reproducible -target arm64-apple-macos12.0 -isysroot /Applications/Xcode-26.3.0.app/Contents/Developer/Platforms/MacOSX.platform/Developer/SDKs/MacOSX26.2.sdk -O0 -L/Users/admin/builder/spi-builder-workspace/.derivedData/Build/Intermediates.noindex/EagerLinkingTBDs/Debug -L/Users/admin/builder/spi-builder-workspace/.derivedData/Build/Products/Debug -L/Applications/Xcode-26.3.0.app/Contents/Developer/Platforms/MacOSX.platform/Developer/usr/lib -F/Users/admin/builder/spi-builder-workspace/.derivedData/Build/Intermediates.noindex/EagerLinkingTBDs/Debug -F/Users/admin/builder/spi-builder-workspace/.derivedData/Build/Products/Debug/PackageFrameworks -F/Users/admin/builder/spi-builder-workspace/.derivedData/Build/Products/Debug/PackageFrameworks -F/Users/admin/builder/spi-builder-workspace/.derivedData/Build/Products/Debug/PackageFrameworks -F/Users/admin/builder/spi-builder-workspace/.derivedData/Build/Products/Debug -iframework /Applications/Xcode-26.3.0.app/Contents/Developer/Platforms/MacOSX.platform/Developer/Library/Frameworks -filelist /Users/admin/builder/spi-builder-workspace/.derivedData/Build/Intermediates.noindex/SwiftExtras.build/Debug/SwiftExtrasScreenshots.build/Objects-normal/arm64/SwiftExtrasScreenshots.LinkFileList -Xlinker -rpath -Xlinker /usr/lib/swift -Xlinker -rpath -Xlinker /Users/admin/builder/spi-builder-workspace/.derivedData/Build/Products/Debug/PackageFrameworks -Xlinker -rpath -Xlinker @executable_path/../lib -Xlinker -object_path_lto -Xlinker /Users/admin/builder/spi-builder-workspace/.derivedData/Build/Intermediates.noindex/SwiftExtras.build/Debug/SwiftExtrasScreenshots.build/Objects-normal/arm64/SwiftExtrasScreenshots_lto.o -rdynamic -Xlinker -no_deduplicate -Xlinker -debug_variant -Xlinker -dependency_info -Xlinker /Users/admin/builder/spi-builder-workspace/.derivedData/Build/Intermediates.noindex/SwiftExtras.build/Debug/SwiftExtrasScreenshots.build/Objects-normal/arm64/SwiftExtrasScreenshots_dependency_info.dat -fobjc-link-runtime -fprofile-instr-generate -L/Applications/Xcode-26.3.0.app/Contents/Developer/Toolchains/XcodeDefault.xctoolchain/usr/lib/swift/macosx -L/usr/lib/swift -Xlinker -add_ast_path -Xlinker /Users/admin/builder/spi-builder-workspace/.derivedData/Build/Intermediates.noindex/SwiftExtras.build/Debug/SwiftExtrasScreenshots.build/Objects-normal/arm64/SwiftExtrasScreenshots.swiftmodule @/Users/admin/builder/spi-builder-workspace/.derivedData/Build/Intermediates.noindex/SwiftExtras.build/Debug/SwiftExtrasScreenshots.build/Objects-normal/arm64/SwiftExtrasScreenshots-linker-args.resp -Wl,-no_warn_duplicate_libraries -Wl,-no_warn_duplicate_libraries -Wl,-no_warn_duplicate_libraries -o /Users/admin/builder/spi-builder-workspace/.derivedData/Build/Products/Debug/SwiftExtrasScreenshots -Xlinker -add_ast_path -Xlinker /Users/admin/builder/spi-builder-workspace/.derivedData/Build/Intermediates.noindex/OSLogViewer.build/Debug/OSLogViewer.build/Objects-normal/arm64/OSLogViewer.swiftmodule @/Users/admin/builder/spi-builder-workspace/.derivedData/Build/Intermediates.noindex/OSLogViewer.build/Debug/OSLogViewer.build/Objects-normal/arm64/OSLogViewer-linker-args.resp -Xlinker -add_ast_path -Xlinker /Users/admin/builder/spi-builder-workspace/.derivedData/Build/Intermediates.noindex/PreferenceKit.build/Debug/PreferenceKit.build/Objects-normal/arm64/PreferenceKit.swiftmodule @/Users/admin/builder/spi-builder-workspace/.derivedData/Build/Intermediates.noindex/PreferenceKit.build/Debug/PreferenceKit.build/Objects-normal/arm64/PreferenceKit-linker-args.resp -Xlinker -add_ast_path -Xlinker /Users/admin/builder/spi-builder-workspace/.derivedData/Build/Intermediates.noindex/SwiftExtras.build/Debug/SwiftExtras.build/Objects-normal/arm64/SwiftExtras.swiftmodule @/Users/admin/builder/spi-builder-workspace/.derivedData/Build/Intermediates.noindex/SwiftExtras.build/Debug/SwiftExtras.build/Objects-normal/arm64/SwiftExtras-linker-args.resp
RegisterExecutionPolicyException /Users/admin/builder/spi-builder-workspace/.derivedData/Build/Products/Debug/SwiftExtrasScreenshotTesting.o (in target 'SwiftExtrasScreenshotTesting' from project 'SwiftExtras')
cd /Users/admin/builder/spi-builder-workspace
builtin-RegisterExecutionPolicyException /Users/admin/builder/spi-builder-workspace/.derivedData/Build/Products/Debug/SwiftExtrasScreenshotTesting.o
RegisterExecutionPolicyException /Users/admin/builder/spi-builder-workspace/.derivedData/Build/Products/Debug/SwiftExtrasScreenshots (in target 'SwiftExtrasScreenshots' from project 'SwiftExtras')
cd /Users/admin/builder/spi-builder-workspace
builtin-RegisterExecutionPolicyException /Users/admin/builder/spi-builder-workspace/.derivedData/Build/Products/Debug/SwiftExtrasScreenshots
SwiftCompile normal arm64 Compiling\ ColorsAndImagesDemo.swift /Users/admin/builder/spi-builder-workspace/Tools/SwiftExtrasDemo/ColorsAndImagesDemo.swift (in target 'SwiftExtrasDemo' from project 'SwiftExtras')
SwiftCompile normal arm64 /Users/admin/builder/spi-builder-workspace/Tools/SwiftExtrasDemo/ColorsAndImagesDemo.swift (in target 'SwiftExtrasDemo' from project 'SwiftExtras')
cd /Users/admin/builder/spi-builder-workspace/.swiftpm/xcode
SwiftCompile normal arm64 Compiling\ PlatformDemo.swift /Users/admin/builder/spi-builder-workspace/Tools/SwiftExtrasDemo/PlatformDemo.swift (in target 'SwiftExtrasDemo' from project 'SwiftExtras')
Failed frontend command:
/Applications/Xcode-26.3.0.app/Contents/Developer/Toolchains/XcodeDefault.xctoolchain/usr/bin/swift-frontend -frontend -c /Users/admin/builder/spi-builder-workspace/Tools/SwiftExtrasDemo/ColorsAndImagesDemo.swift /Users/admin/builder/spi-builder-workspace/Tools/SwiftExtrasDemo/ContainersDemo.swift /Users/admin/builder/spi-builder-workspace/Tools/SwiftExtrasDemo/ControlsDemo.swift /Users/admin/builder/spi-builder-workspace/Tools/SwiftExtrasDemo/DemoCatalog.swift /Users/admin/builder/spi-builder-workspace/Tools/SwiftExtrasDemo/DemoComponents.swift /Users/admin/builder/spi-builder-workspace/Tools/SwiftExtrasDemo/LayoutsDemo.swift /Users/admin/builder/spi-builder-workspace/Tools/SwiftExtrasDemo/ModifiersDemo.swift /Users/admin/builder/spi-builder-workspace/Tools/SwiftExtrasDemo/OverviewDemo.swift -primary-file /Users/admin/builder/spi-builder-workspace/Tools/SwiftExtrasDemo/PlatformDemo.swift /Users/admin/builder/spi-builder-workspace/Tools/SwiftExtrasDemo/StylesDemo.swift /Users/admin/builder/spi-builder-workspace/Tools/SwiftExtrasDemo/SwiftExtrasDemo.swift /Users/admin/builder/spi-builder-workspace/Tools/SwiftExtrasDemo/UtilitiesDemo.swift -emit-dependencies-path /Users/admin/builder/spi-builder-workspace/.derivedData/Build/Intermediates.noindex/SwiftExtras.build/Debug/SwiftExtrasDemo.build/Objects-normal/arm64/PlatformDemo.d -emit-const-values-path /Users/admin/builder/spi-builder-workspace/.derivedData/Build/Intermediates.noindex/SwiftExtras.build/Debug/SwiftExtrasDemo.build/Objects-normal/arm64/PlatformDemo.swiftconstvalues -emit-reference-dependencies-path /Users/admin/builder/spi-builder-workspace/.derivedData/Build/Intermediates.noindex/SwiftExtras.build/Debug/SwiftExtrasDemo.build/Objects-normal/arm64/PlatformDemo.swiftdeps -serialize-diagnostics-path /Users/admin/builder/spi-builder-workspace/.derivedData/Build/Intermediates.noindex/SwiftExtras.build/Debug/SwiftExtrasDemo.build/Objects-normal/arm64/PlatformDemo.dia -emit-localized-strings -emit-localized-strings-path /Users/admin/builder/spi-builder-workspace/.derivedData/Build/Intermediates.noindex/SwiftExtras.build/Debug/SwiftExtrasDemo.build/Objects-normal/arm64 -target arm64-apple-macos12.0 -load-resolved-plugin /Applications/Xcode-26.3.0.app/Contents/Developer/Platforms/MacOSX.platform/Developer/usr/lib/swift/host/plugins/libFoundationMacros.dylib\#/Applications/Xcode-26.3.0.app/Contents/Developer/Platforms/MacOSX.platform/Developer/usr/bin/swift-plugin-server\#FoundationMacros -load-resolved-plugin /Applications/Xcode-26.3.0.app/Contents/Developer/Platforms/MacOSX.platform/Developer/usr/lib/swift/host/plugins/libObservationMacros.dylib\#/Applications/Xcode-26.3.0.app/Contents/Developer/Platforms/MacOSX.platform/Developer/usr/bin/swift-plugin-server\#ObservationMacros -load-resolved-plugin /Applications/Xcode-26.3.0.app/Contents/Developer/Platforms/MacOSX.platform/Developer/usr/lib/swift/host/plugins/libPreviewsMacros.dylib\#/Applications/Xcode-26.3.0.app/Contents/Developer/Platforms/MacOSX.platform/Developer/usr/bin/swift-plugin-server\#PreviewsMacros -load-resolved-plugin /Applications/Xcode-26.3.0.app/Contents/Developer/Platforms/MacOSX.platform/Developer/usr/lib/swift/host/plugins/libSwiftMacros.dylib\#/Applications/Xcode-26.3.0.app/Contents/Developer/Platforms/MacOSX.platform/Developer/usr/bin/swift-plugin-server\#SwiftMacros -load-resolved-plugin /Applications/Xcode-26.3.0.app/Contents/Developer/Platforms/MacOSX.platform/Developer/usr/lib/swift/host/plugins/libSwiftUIMacros.dylib\#/Applications/Xcode-26.3.0.app/Contents/Developer/Platforms/MacOSX.platform/Developer/usr/bin/swift-plugin-server\#SwiftUIMacros -disable-implicit-swift-modules -Xcc -fno-implicit-modules -Xcc -fno-implicit-module-maps -explicit-swift-module-map-file /Users/admin/builder/spi-builder-workspace/.derivedData/Build/Intermediates.noindex/SwiftExtras.build/Debug/SwiftExtrasDemo.build/Objects-normal/arm64/SwiftExtrasDemo-dependencies-1.json -Xllvm -aarch64-use-tbi -enable-objc-interop -stack-check -sdk /Applications/Xcode-26.3.0.app/Contents/Developer/Platforms/MacOSX.platform/Developer/SDKs/MacOSX26.2.sdk -I /Users/admin/builder/spi-builder-workspace/.derivedData/Build/Products/Debug -Isystem /Applications/Xcode-26.3.0.app/Contents/Developer/Platforms/MacOSX.platform/Developer/usr/lib -F /Users/admin/builder/spi-builder-workspace/.derivedData/Build/Products/Debug/PackageFrameworks -F /Users/admin/builder/spi-builder-workspace/.derivedData/Build/Products/Debug/PackageFrameworks -F /Users/admin/builder/spi-builder-workspace/.derivedData/Build/Products/Debug/PackageFrameworks -F /Users/admin/builder/spi-builder-workspace/.derivedData/Build/Products/Debug -F /Applications/Xcode-26.3.0.app/Contents/Developer/Platforms/MacOSX.platform/Developer/Library/Frameworks -no-color-diagnostics -Xcc -fno-color-diagnostics -enable-testing -g -debug-info-format\=dwarf -dwarf-version\=4 -module-cache-path /Users/admin/builder/spi-builder-workspace/.derivedData/Build/Intermediates.noindex/SwiftExplicitPrecompiledModules -profile-generate -profile-coverage-mapping -swift-version 5 -enforce-exclusivity\=checked -Onone -D SWIFT_PACKAGE -D DEBUG -D Xcode -serialize-debugging-options -const-gather-protocols-file /Users/admin/builder/spi-builder-workspace/.derivedData/Build/Intermediates.noindex/SwiftExtras.build/Debug/SwiftExtrasDemo.build/Objects-normal/arm64/SwiftExtrasDemo_const_extract_protocols.json -enable-experimental-feature DebugDescriptionMacro -empty-abi-descriptor -validate-clang-modules-once -clang-build-session-file /Users/admin/builder/spi-builder-workspace/.derivedData/ModuleCache.noindex/Session.modulevalidation -Xcc -working-directory -Xcc /Users/admin/builder/spi-builder-workspace/.swiftpm/xcode -enable-anonymous-context-mangled-names -file-compilation-dir /Users/admin/builder/spi-builder-workspace/.swiftpm/xcode -Xcc -D_LIBCPP_HARDENING_MODE\=_LIBCPP_HARDENING_MODE_DEBUG -Xcc -ivfsstatcache -Xcc /Users/admin/builder/spi-builder-workspace/.derivedData/SDKStatCaches.noindex/macosx26.2-25C58-dc75598d0054f22ec865fa860f139d726b10091eae1b9012e514a50b0de53ce7.sdkstatcache -Xcc -I/Users/admin/builder/spi-builder-workspace/.derivedData/Build/Products/Debug/include -Xcc -I/Users/admin/builder/spi-builder-workspace/.derivedData/Build/Intermediates.noindex/SwiftExtras.build/Debug/SwiftExtrasDemo.build/DerivedSources-normal/arm64 -Xcc -I/Users/admin/builder/spi-builder-workspace/.derivedData/Build/Intermediates.noindex/SwiftExtras.build/Debug/SwiftExtrasDemo.build/DerivedSources/arm64 -Xcc -I/Users/admin/builder/spi-builder-workspace/.derivedData/Build/Intermediates.noindex/SwiftExtras.build/Debug/SwiftExtrasDemo.build/DerivedSources -Xcc -DSWIFT_PACKAGE -Xcc -DDEBUG\=1 -no-auto-bridging-header-chaining -module-name SwiftExtrasDemo -frontend-parseable-output -disable-clang-spi -target-sdk-version 26.2 -target-sdk-name macosx26.2 -clang-target arm64-apple-macos26.2 -in-process-plugin-server-path /Applications/Xcode-26.3.0.app/Contents/Developer/Toolchains/XcodeDefault.xctoolchain/usr/lib/swift/host/libSwiftInProcPluginServer.dylib -o /Users/admin/builder/spi-builder-workspace/.derivedData/Build/Intermediates.noindex/SwiftExtras.build/Debug/SwiftExtrasDemo.build/Objects-normal/arm64/PlatformDemo.o -index-unit-output-path /SwiftExtras.build/Debug/SwiftExtrasDemo.build/Objects-normal/arm64/PlatformDemo.o -index-store-path /Users/admin/builder/spi-builder-workspace/.derivedData/Index.noindex/DataStore -index-system-modules
SwiftCompile normal arm64 /Users/admin/builder/spi-builder-workspace/Tools/SwiftExtrasDemo/PlatformDemo.swift (in target 'SwiftExtrasDemo' from project 'SwiftExtras')
cd /Users/admin/builder/spi-builder-workspace/.swiftpm/xcode
/Users/admin/builder/spi-builder-workspace/Tools/SwiftExtrasDemo/PlatformDemo.swift:165:13: error: generic type 'PreferenceKit' specialized with too few type parameters (got 2, but expected 3)
PreferenceKit<EmptyView, EmptyView>(
^ ~~~~~~~~~~~~~~~~~~~~~~
PreferenceKit.PreferenceKit:1:26: note: generic type 'PreferenceKit' declared here
@MainActor public struct PreferenceKit<PrivacyContent, TopContent, BottomContent> : View where PrivacyContent : View, TopContent : View, BottomContent : View {
^
/Users/admin/builder/spi-builder-workspace/Tools/SwiftExtrasDemo/PlatformDemo.swift:168:31: error: 'nil' requires a contextual type
supportEmail: nil,
^
/Users/admin/builder/spi-builder-workspace/Tools/SwiftExtrasDemo/PlatformDemo.swift:169:33: error: 'nil' requires a contextual type
OSLogSubsystem: nil,
^
SwiftCompile normal arm64 Compiling\ UtilitiesDemo.swift /Users/admin/builder/spi-builder-workspace/Tools/SwiftExtrasDemo/UtilitiesDemo.swift (in target 'SwiftExtrasDemo' from project 'SwiftExtras')
SwiftCompile normal arm64 /Users/admin/builder/spi-builder-workspace/Tools/SwiftExtrasDemo/UtilitiesDemo.swift (in target 'SwiftExtrasDemo' from project 'SwiftExtras')
cd /Users/admin/builder/spi-builder-workspace/.swiftpm/xcode
SwiftCompile normal arm64 Compiling\ ModifiersDemo.swift /Users/admin/builder/spi-builder-workspace/Tools/SwiftExtrasDemo/ModifiersDemo.swift (in target 'SwiftExtrasDemo' from project 'SwiftExtras')
SwiftCompile normal arm64 /Users/admin/builder/spi-builder-workspace/Tools/SwiftExtrasDemo/ModifiersDemo.swift (in target 'SwiftExtrasDemo' from project 'SwiftExtras')
cd /Users/admin/builder/spi-builder-workspace/.swiftpm/xcode
SwiftCompile normal arm64 Compiling\ ContainersDemo.swift /Users/admin/builder/spi-builder-workspace/Tools/SwiftExtrasDemo/ContainersDemo.swift (in target 'SwiftExtrasDemo' from project 'SwiftExtras')
SwiftCompile normal arm64 /Users/admin/builder/spi-builder-workspace/Tools/SwiftExtrasDemo/ContainersDemo.swift (in target 'SwiftExtrasDemo' from project 'SwiftExtras')
cd /Users/admin/builder/spi-builder-workspace/.swiftpm/xcode
SwiftEmitModule normal arm64 Emitting\ module\ for\ SwiftExtrasDemo (in target 'SwiftExtrasDemo' from project 'SwiftExtras')
EmitSwiftModule normal arm64 (in target 'SwiftExtrasDemo' from project 'SwiftExtras')
cd /Users/admin/builder/spi-builder-workspace/.swiftpm/xcode
2026-10-13 07:41:37.422 xcodebuild[1170:7029] [MT] IDERunDestination: Supported platforms for the buildables in the current scheme is empty.
--- xcodebuild: WARNING: Using the first of multiple matching destinations:
{ platform:macOS, arch:arm64, id:8f82002ef9550757c4c8a02040cdcdb47f18399c, name:My Mac }
{ platform:macOS, arch:arm64, variant:Mac Catalyst, id:8f82002ef9550757c4c8a02040cdcdb47f18399c, name:My Mac }
{ platform:macOS, arch:arm64, variant:DriverKit, id:8f82002ef9550757c4c8a02040cdcdb47f18399c, name:My Mac }
{ platform:macOS, arch:arm64, variant:Designed for [iPad,iPhone], id:8f82002ef9550757c4c8a02040cdcdb47f18399c, name:My Mac }
** BUILD FAILED **
The following build commands failed:
SwiftCompile normal arm64 Compiling\ PlatformDemo.swift /Users/admin/builder/spi-builder-workspace/Tools/SwiftExtrasDemo/PlatformDemo.swift (in target 'SwiftExtrasDemo' from project 'SwiftExtras')
SwiftCompile normal arm64 /Users/admin/builder/spi-builder-workspace/Tools/SwiftExtrasDemo/PlatformDemo.swift (in target 'SwiftExtrasDemo' from project 'SwiftExtras')
Building workspace spi-builder-workspace with scheme SwiftExtras-Package
(3 failures)
BUILD FAILURE 6.2 macosXcodebuild