Build Information
Failed to build DL4STensorboard, reference master (36880c), with Swift 6.2 for Wasm on 28 Sep 2026 21:10:42 UTC.
Build Command
bash -c docker run --pull=always --rm -v "checkouts-53886770-0":/host -w "$PWD" -e JAVA_HOME="/root/.sdkman/candidates/java/current" -e SPI_BUILD="1" -e SPI_PROCESSING="1" registry.gitlab.com/saguaro1/spi-images:wasm-6.2-latest swift build --swift-sdk swift-6.2-RELEASE_wasm 2>&1Build Log
========================================
RunAll
========================================
Builder version: 5.1.0
Interrupt handler set up.
========================================
Checkout
========================================
Clone URL: https://github.com/palle-k/DL4S-Tensorboard.git
Reference: master
Initialized empty Git repository in /host/spi-builder-workspace/.git/
hint: Using 'master' as the name for the initial branch. This default branch name
hint: is subject to change. To configure the initial branch name to use in all
hint: of your new repositories, which will suppress this warning, call:
hint:
hint: git config --global init.defaultBranch <name>
hint:
hint: Names commonly chosen instead of 'master' are 'main', 'trunk' and
hint: 'development'. The just-created branch can be renamed via this command:
hint:
hint: git branch -m <name>
From https://github.com/palle-k/DL4S-Tensorboard
* branch master -> FETCH_HEAD
* [new branch] master -> origin/master
HEAD is now at 36880c8 feat: revive build
Cloned https://github.com/palle-k/DL4S-Tensorboard.git
Revision (git rev-parse @):
36880c8d0de2715a580ba82a99813a41cbe16485
SUCCESS checkout https://github.com/palle-k/DL4S-Tensorboard.git at master
========================================
Build
========================================
Selected platform: wasm
Swift version: 6.2
Building package at path: $PWD
https://github.com/palle-k/DL4S-Tensorboard.git
Running build ...
bash -c docker run --pull=always --rm -v "checkouts-53886770-0":/host -w "$PWD" -e JAVA_HOME="/root/.sdkman/candidates/java/current" -e SPI_BUILD="1" -e SPI_PROCESSING="1" registry.gitlab.com/saguaro1/spi-images:wasm-6.2-latest swift build --swift-sdk swift-6.2-RELEASE_wasm 2>&1
wasm-6.2-latest: Pulling from saguaro1/spi-images
Digest: sha256:ff44196b45f83e5a0a99a627b185f548850d9bc1242e3dee2178fb1570812fe8
Status: Image is up to date for registry.gitlab.com/saguaro1/spi-images:wasm-6.2-latest
Fetching https://github.com/palle-k/DL4S.git
[1/8316] Fetching dl4s
Fetched https://github.com/palle-k/DL4S.git from cache (1.38s)
Fetching https://github.com/twostraws/SwiftGD
Fetching https://github.com/swiftlang/swift-syntax
Fetching https://github.com/apple/swift-protobuf.git
[1/491] Fetching swiftgd
[492/54787] Fetching swiftgd, swift-protobuf
[3750/134857] Fetching swiftgd, swift-protobuf, swift-syntax
Fetched https://github.com/swiftlang/swift-syntax from cache (3.36s)
Fetched https://github.com/twostraws/SwiftGD from cache (4.35s)
Fetched https://github.com/apple/swift-protobuf.git from cache (4.38s)
Computing version for https://github.com/twostraws/SwiftGD
Computed https://github.com/twostraws/SwiftGD at 2.6.0 (5.25s)
Computing version for https://github.com/apple/swift-protobuf.git
Computed https://github.com/apple/swift-protobuf.git at 1.38.1 (0.18s)
Computing version for https://github.com/swiftlang/swift-syntax
Computed https://github.com/swiftlang/swift-syntax at 604.0.0 (0.25s)
Creating working copy for https://github.com/swiftlang/swift-syntax
Working copy of https://github.com/swiftlang/swift-syntax resolved at 604.0.0
Creating working copy for https://github.com/twostraws/SwiftGD
Working copy of https://github.com/twostraws/SwiftGD resolved at 2.6.0
Creating working copy for https://github.com/palle-k/DL4S.git
Working copy of https://github.com/palle-k/DL4S.git resolved at master (c396aff)
Creating working copy for https://github.com/apple/swift-protobuf.git
Working copy of https://github.com/apple/swift-protobuf.git resolved at 1.38.1
warning: you may be able to install gdlib using your system-packager:
apt-get install libgd-dev
warning: you may be able to install gdlib using your system-packager:
apt-get install libgd-dev
[1/1] Compiling plugin SwiftProtobufPlugin
Building for debugging...
[1/49] Write sources
[25/49] Compiling _SwiftSyntaxCShims PlatformMutex.c
[26/49] Write swift-version-24593BA9C3E375BF.txt
[28/67] Emitting module SwiftSyntax510
[29/147] Compiling SwiftSyntax600 Empty.swift
[30/147] Emitting module SwiftSyntax600
[32/148] Emitting module SwiftSyntax601
[33/148] Compiling SwiftSyntax601 Empty.swift
[34/149] Emitting module SwiftSyntax603
[35/149] Compiling SwiftSyntax603 Empty.swift
[36/150] Compiling SwiftSyntax509 Empty.swift
[37/150] Emitting module SwiftSyntax509
[40/151] Emitting module SwiftProtobuf
[42/167] Compiling SwiftSyntax510 Empty.swift
[42/171] Wrapping AST for SwiftSyntax600 for debugging
[44/171] Wrapping AST for SwiftSyntax509 for debugging
[45/171] Wrapping AST for SwiftSyntax601 for debugging
[46/171] Wrapping AST for SwiftSyntax603 for debugging
[48/171] Compiling SwiftSyntax604 Empty.swift
[49/171] Emitting module SwiftSyntax604
[49/171] Wrapping AST for SwiftSyntax510 for debugging
[52/172] Emitting module SwiftSyntax602
[53/172] Compiling SwiftSyntax602 Empty.swift
[53/173] Wrapping AST for SwiftSyntax604 for debugging
[55/173] Wrapping AST for SwiftSyntax602 for debugging
error: emit-module command failed with exit code 1 (use -v to see invocation)
[57/237] Emitting module SwiftGD
/host/spi-builder-workspace/.build/checkouts/SwiftGD/Sources/SwiftGD/Format.swift:4:12: error: no such module 'Darwin'
2 | import Glibc
3 | #else
4 | import Darwin
| `- error: no such module 'Darwin'
5 | #endif
6 |
<module-includes>:1:10: note: in file included from <module-includes>:1:
1 | #include "swiftgd_gd.h"
| `- note: in file included from <module-includes>:1:
2 |
[58/238] Compiling SwiftGD Point.swift
/host/spi-builder-workspace/.build/checkouts/SwiftGD/Sources/SwiftGD/Format.swift:4:12: error: no such module 'Darwin'
2 | import Glibc
3 | #else
4 | import Darwin
| `- error: no such module 'Darwin'
5 | #endif
6 |
<module-includes>:1:10: note: in file included from <module-includes>:1:
1 | #include "swiftgd_gd.h"
| `- note: in file included from <module-includes>:1:
2 |
[59/238] Compiling SwiftGD Angle.swift
/host/spi-builder-workspace/.build/checkouts/SwiftGD/Sources/SwiftGD/Format.swift:4:12: error: no such module 'Darwin'
2 | import Glibc
3 | #else
4 | import Darwin
| `- error: no such module 'Darwin'
5 | #endif
6 |
<module-includes>:1:10: note: in file included from <module-includes>:1:
1 | #include "swiftgd_gd.h"
| `- note: in file included from <module-includes>:1:
2 |
[60/238] Compiling SwiftGD Color.swift
/host/spi-builder-workspace/.build/checkouts/SwiftGD/Sources/SwiftGD/Format.swift:4:12: error: no such module 'Darwin'
2 | import Glibc
3 | #else
4 | import Darwin
| `- error: no such module 'Darwin'
5 | #endif
6 |
<module-includes>:1:10: note: in file included from <module-includes>:1:
1 | #include "swiftgd_gd.h"
| `- note: in file included from <module-includes>:1:
2 |
[61/238] Compiling SwiftGD Error.swift
/host/spi-builder-workspace/.build/checkouts/SwiftGD/Sources/SwiftGD/Format.swift:4:12: error: no such module 'Darwin'
2 | import Glibc
3 | #else
4 | import Darwin
| `- error: no such module 'Darwin'
5 | #endif
6 |
<module-includes>:1:10: note: in file included from <module-includes>:1:
1 | #include "swiftgd_gd.h"
| `- note: in file included from <module-includes>:1:
2 |
[62/238] Compiling SwiftGD Rectangle.swift
/host/spi-builder-workspace/.build/checkouts/SwiftGD/Sources/SwiftGD/Format.swift:4:12: error: no such module 'Darwin'
2 | import Glibc
3 | #else
4 | import Darwin
| `- error: no such module 'Darwin'
5 | #endif
6 |
<module-includes>:1:10: note: in file included from <module-includes>:1:
1 | #include "swiftgd_gd.h"
| `- note: in file included from <module-includes>:1:
2 |
[63/238] Compiling SwiftGD Size.swift
/host/spi-builder-workspace/.build/checkouts/SwiftGD/Sources/SwiftGD/Format.swift:4:12: error: no such module 'Darwin'
2 | import Glibc
3 | #else
4 | import Darwin
| `- error: no such module 'Darwin'
5 | #endif
6 |
<module-includes>:1:10: note: in file included from <module-includes>:1:
1 | #include "swiftgd_gd.h"
| `- note: in file included from <module-includes>:1:
2 |
[64/238] Compiling SwiftGD Format.swift
/host/spi-builder-workspace/.build/checkouts/SwiftGD/Sources/SwiftGD/Format.swift:4:12: error: no such module 'Darwin'
2 | import Glibc
3 | #else
4 | import Darwin
| `- error: no such module 'Darwin'
5 | #endif
6 |
<module-includes>:1:10: note: in file included from <module-includes>:1:
1 | #include "swiftgd_gd.h"
| `- note: in file included from <module-includes>:1:
2 |
[65/238] Compiling SwiftGD Image.swift
/host/spi-builder-workspace/.build/checkouts/SwiftGD/Sources/SwiftGD/Format.swift:4:12: error: no such module 'Darwin'
2 | import Glibc
3 | #else
4 | import Darwin
| `- error: no such module 'Darwin'
5 | #endif
6 |
<module-includes>:1:10: note: in file included from <module-includes>:1:
1 | #include "swiftgd_gd.h"
| `- note: in file included from <module-includes>:1:
2 |
[66/238] Compiling SwiftSyntax Utils.swift
[67/238] Compiling SwiftSyntax ChildNameForKeyPath.swift
[68/238] Compiling SwiftSyntax Keyword.swift
[69/238] Compiling SwiftSyntax RenamedChildrenCompatibility.swift
[70/238] Compiling SwiftSyntax RenamedNodesCompatibility.swift
[71/238] Compiling SwiftSyntax SyntaxAnyVisitor.swift
[72/238] Compiling SwiftSyntax SyntaxBaseNodes.swift
[73/238] Compiling SwiftSyntax SyntaxCollections.swift
[74/238] Compiling SwiftSyntax SyntaxEnum.swift
[75/238] Compiling SwiftSyntax SourceLength.swift
[76/238] Compiling SwiftSyntax SourceLocation.swift
[77/238] Compiling SwiftSyntax SourcePresence.swift
BUILD FAILURE 6.2 wasm