The Swift Package Index logo.Swift Package Index

Build Information

Failed to build ScanBarcodes, reference 1.0.6 (c023ef), with Swift 6.4 for macOS (SPM) on 19 Sep 2026 05:58:03 UTC.

Build Command

env DEVELOPER_DIR=/Applications/Xcode-27.0.0-Release.Candidate.app xcrun swift build --arch arm64

Build Log

========================================
RunAll
========================================
Builder version: 5.1.0
Interrupt handler set up.
========================================
Checkout
========================================
Clone URL: https://github.com/nasa-jpl/ScanBarcodes.git
Reference: 1.0.6
Initialized empty Git repository in /Users/admin/builder/spi-builder-workspace/.git/
From https://github.com/nasa-jpl/ScanBarcodes
 * tag               1.0.6      -> FETCH_HEAD
HEAD is now at c023ef1 add torch mode supported check to avoid crashing on devices without a flash (torch)
Cloned https://github.com/nasa-jpl/ScanBarcodes.git
Revision (git rev-parse @):
c023ef18b559d2479e36d4e192e7df03db76b203
SUCCESS checkout https://github.com/nasa-jpl/ScanBarcodes.git at 1.0.6
========================================
Build
========================================
Selected platform:         macosSpm
Swift version:             6.4
Building package at path:  $PWD
https://github.com/nasa-jpl/ScanBarcodes.git
Running build ...
env DEVELOPER_DIR=/Applications/Xcode-27.0.0-Release.Candidate.app xcrun swift build --arch arm64
Building for debugging...
[Planning deferred tasks]
[19 / 28]
[20 / 29] ScanBarcodes
[30 / 104]
[33 / 104]
[41 / 104]
[43 / 104]
[44 / 104]
[49 / 104]
[51 / 104]
[53 / 104]
[56 / 104]
[61 / 104]
[64 / 104]
[66 / 104]
[67 / 104]
[78 / 104]
[81 / 104]
[82 / 104]
[86 / 104]
[91 / 104]
[92 / 104]
error: SwiftCompile normal arm64 failed with a nonzero exit code. Command line:     cd /Users/admin/builder

/Users/admin/builder/spi-builder-workspace/Sources/ScanBarcodes/ScanBarcodesView.swift:33:47: error: cannot find type 'Context' in scope
 31 |     }
 32 |
 33 |     public func makeUIViewController(context: Context) -> ScanBarcodesViewController {
    |                                               `- error: cannot find type 'Context' in scope
 34 |         let viewC = ScanBarcodesViewController(flashlightOn, zoomLevel)
 35 |         viewC.delegate = context.coordinator
/Users/admin/builder/spi-builder-workspace/Sources/ScanBarcodes/ScanBarcodesView.swift:39:97: error: cannot find type 'Context' in scope
 37 |     }
 38 |
 39 |     public func updateUIViewController(_ uiViewController: ScanBarcodesViewController, context: Context) {
    |                                                                                                 `- error: cannot find type 'Context' in scope
 40 |         // update flashlight and zoom level
 41 |         guard let _ = AVCaptureDevice.default(for: .video) else {
/Users/admin/builder/spi-builder-workspace/Sources/ScanBarcodes/ScanBarcodesView.swift:63:23: error: 'AVCaptureMetadataOutput' is only available in macOS 13.0 or newer
 51 |
 52 |
 53 |     public class ScanBarcodesCoordinator: NSObject, AVCaptureMetadataOutputObjectsDelegate {
    |                  `- note: add '@available' attribute to enclosing class
 54 |         var parent: ScanBarcodesView
 55 |         private var lastBarcodeScanned: String = ""
    :
 60 |         }
 61 |
 62 |         public func metadataOutput(
    |                     `- note: add '@available' attribute to enclosing instance method
 63 |             _ output: AVCaptureMetadataOutput,
    |                       `- error: 'AVCaptureMetadataOutput' is only available in macOS 13.0 or newer
 64 |             didOutput metadataObjects: [AVMetadataObject],
 65 |             from connection: AVCaptureConnection) {
/Users/admin/builder/spi-builder-workspace/Sources/ScanBarcodes/ScanBarcodesView.swift:90:46: error: cannot find type 'UIViewController' in scope
 88 |     }
 89 |
 90 |     public class ScanBarcodesViewController: UIViewController {
    |                                              `- error: cannot find type 'UIViewController' in scope
 91 |         var delegate: ScanBarcodesCoordinator?
 92 |         var captureSession = AVCaptureSession()
/Users/admin/builder/spi-builder-workspace/Sources/ScanBarcodes/ScanBarcodesView.swift:112:30: error: method does not override any method from its superclass
110 |         }
111 |
112 |         public override func viewDidLoad() {
    |                              `- error: method does not override any method from its superclass
113 |             super.viewDidLoad()
114 |             NotificationCenter.default.addObserver(
/Users/admin/builder/spi-builder-workspace/Sources/ScanBarcodes/ScanBarcodesView.swift:122:30: error: method does not override any method from its superclass
120 |         }
121 |
122 |         override public func viewWillAppear(_ animated: Bool) {
    |                              `- error: method does not override any method from its superclass
123 |             super.viewWillAppear(animated)
124 |
/Users/admin/builder/spi-builder-workspace/Sources/ScanBarcodes/ScanBarcodesView.swift:134:30: error: method does not override any method from its superclass
132 |         }
133 |
134 |         override public func viewWillDisappear(_ animated: Bool) {
    |                              `- error: method does not override any method from its superclass
135 |             stopSessionAndRemoveCameraInputOutput()
136 |             NotificationCenter.default.removeObserver(self)
/Users/admin/builder/spi-builder-workspace/Sources/ScanBarcodes/ScanBarcodesView.swift:140:30: error: method does not override any method from its superclass
138 |         }
139 |
140 |         public override func viewDidAppear(_ animated: Bool) {
    |                              `- error: method does not override any method from its superclass
141 |             super.viewDidAppear(animated)
142 |             updateOrientation()
/Users/admin/builder/spi-builder-workspace/Sources/ScanBarcodes/ScanBarcodesView.swift:145:30: error: method does not override any method from its superclass
143 |         }
144 |
145 |         override public func viewWillLayoutSubviews() {
    |                              `- error: method does not override any method from its superclass
146 |             previewLayer?.frame = view.layer.bounds
147 |         }
/Users/admin/builder/spi-builder-workspace/Sources/ScanBarcodes/ScanBarcodesView.swift:149:84: error: cannot find type 'UIViewControllerTransitionCoordinator' in scope
147 |         }
148 |
149 |         public override func viewWillTransition(to size: CGSize, with coordinator: UIViewControllerTransitionCoordinator) {
    |                                                                                    `- error: cannot find type 'UIViewControllerTransitionCoordinator' in scope
150 |             coordinator.animate(alongsideTransition: { (UIViewControllerTransitionCoordinatorContext) -> Void in
151 |                 self.previewLayer.connection?.videoOrientation = self.videoOrientationFromCurrentDeviceOrientation()
/Users/admin/builder/spi-builder-workspace/Sources/ScanBarcodes/ScanBarcodesView.swift:160:61: error: cannot find type 'UIInterfaceOrientationMask' in scope
158 |         }
159 |
160 |         public override var supportedInterfaceOrientations: UIInterfaceOrientationMask {
    |                                                             `- error: cannot find type 'UIInterfaceOrientationMask' in scope
161 |             return .all
162 |         }
/Users/admin/builder/spi-builder-workspace/Sources/ScanBarcodes/ScanBarcodesView.swift:170:58: error: cannot find type 'UITouch' in scope
168 |         }
169 |
170 |         public override func touchesBegan(_ touches: Set<UITouch>, with event: UIEvent?) {
    |                                                          `- error: cannot find type 'UITouch' in scope
171 |             guard touches.first?.view == view,
172 |                   let touchPoint = touches.first,
/Users/admin/builder/spi-builder-workspace/Sources/ScanBarcodes/ScanBarcodesView.swift:170:80: error: cannot find type 'UIEvent' in scope
168 |         }
169 |
170 |         public override func touchesBegan(_ touches: Set<UITouch>, with event: UIEvent?) {
    |                                                                                `- error: cannot find type 'UIEvent' in scope
171 |             guard touches.first?.view == view,
172 |                   let touchPoint = touches.first,
/Users/admin/builder/spi-builder-workspace/Sources/ScanBarcodes/ScanBarcodesView.swift:8:33: error: cannot find type 'UIViewControllerRepresentable' in scope
  6 | }
  7 |
  8 | public struct ScanBarcodesView: UIViewControllerRepresentable {
    |                                 `- error: cannot find type 'UIViewControllerRepresentable' in scope
  9 |     @Binding var zoomLevel: Int
 10 |     @Binding var flashlightOn: Bool
Failed frontend command:
/Applications/Xcode-27.0.0-Release.Candidate.app/Contents/Developer/Toolchains/XcodeDefault.xctoolchain/usr/bin/swift-frontend -frontend -emit-module -experimental-skip-non-inlinable-function-bodies-without-types /Users/admin/builder/spi-builder-workspace/Sources/ScanBarcodes/ScanBarcodesView.swift -target arm64-apple-macos12.0 -disable-cross-import-overlay-search -load-resolved-plugin /Applications/Xcode-27.0.0-Release.Candidate.app/Contents/Developer/Platforms/MacOSX.platform/Developer/usr/lib/swift/host/plugins/libFoundationMacros.dylib\#/Applications/Xcode-27.0.0-Release.Candidate.app/Contents/Developer/Platforms/MacOSX.platform/Developer/usr/bin/swift-plugin-server\#FoundationMacros -load-resolved-plugin /Applications/Xcode-27.0.0-Release.Candidate.app/Contents/Developer/Platforms/MacOSX.platform/Developer/usr/lib/swift/host/plugins/libObservationMacros.dylib\#/Applications/Xcode-27.0.0-Release.Candidate.app/Contents/Developer/Platforms/MacOSX.platform/Developer/usr/bin/swift-plugin-server\#ObservationMacros -load-resolved-plugin /Applications/Xcode-27.0.0-Release.Candidate.app/Contents/Developer/Platforms/MacOSX.platform/Developer/usr/lib/swift/host/plugins/libPreviewsMacros.dylib\#/Applications/Xcode-27.0.0-Release.Candidate.app/Contents/Developer/Platforms/MacOSX.platform/Developer/usr/bin/swift-plugin-server\#PreviewsMacros -load-resolved-plugin /Applications/Xcode-27.0.0-Release.Candidate.app/Contents/Developer/Platforms/MacOSX.platform/Developer/usr/lib/swift/host/plugins/libSwiftMacros.dylib\#/Applications/Xcode-27.0.0-Release.Candidate.app/Contents/Developer/Platforms/MacOSX.platform/Developer/usr/bin/swift-plugin-server\#SwiftMacros -load-resolved-plugin /Applications/Xcode-27.0.0-Release.Candidate.app/Contents/Developer/Platforms/MacOSX.platform/Developer/usr/lib/swift/host/plugins/libSwiftUIMacros.dylib\#/Applications/Xcode-27.0.0-Release.Candidate.app/Contents/Developer/Platforms/MacOSX.platform/Developer/usr/bin/swift-plugin-server\#SwiftUIMacros -disable-implicit-swift-modules -Xcc -fno-implicit-modules -Xcc -fno-implicit-module-maps -explicit-swift-module-map-file /Users/admin/builder/spi-builder-workspace/.build/out/Intermediates.noindex/ScanBarcodes.build/Debug/ScanBarcodes-t.build/Objects-normal/arm64/ScanBarcodes-dependencies-1.json -Xllvm -aarch64-use-tbi -enable-objc-interop -stack-check -sdk /Applications/Xcode-27.0.0-Release.Candidate.app/Contents/Developer/Platforms/MacOSX.platform/Developer/SDKs/MacOSX27.0.sdk -I /Users/admin/builder/spi-builder-workspace/.build/out/Products/Debug -Isystem /Applications/Xcode-27.0.0-Release.Candidate.app/Contents/Developer/Platforms/MacOSX.platform/Developer/usr/lib -F /Users/admin/builder/spi-builder-workspace/.build/out/Products/Debug -F /Applications/Xcode-27.0.0-Release.Candidate.app/Contents/Developer/Platforms/MacOSX.platform/Developer/Library/Frameworks -module-cache-path /Users/admin/builder/spi-builder-workspace/.build/out/Intermediates.noindex/SwiftExplicitPrecompiledModules -color-diagnostics -Xcc -fcolor-diagnostics -enable-testing -g -debug-info-format\=dwarf -dwarf-version\=4 -swift-version 5 -Onone -D SWIFT_PACKAGE -D DEBUG -D SWIFT_MODULE_RESOURCE_BUNDLE_UNAVAILABLE -D Xcode -serialize-debugging-options -enable-experimental-feature DebugDescriptionMacro -empty-abi-descriptor -validate-clang-modules-once -clang-build-session-file /Users/admin/builder/spi-builder-workspace/.build/out/ModuleCache.noindex/Session.modulevalidation -Xcc -working-directory -Xcc /Users/admin/builder -enable-anonymous-context-mangled-names -file-compilation-dir /Users/admin/builder -Xcc -D_LIBCPP_HARDENING_MODE\=_LIBCPP_HARDENING_MODE_DEBUG -Xcc -ivfsstatcache -Xcc /Users/admin/builder/spi-builder-workspace/.build/out/SDKStatCaches.noindex/macosx27.0-26A425-80c5bbf1d171475443272936d42f90a36a22442a12e9d48fe1a705f55a1adfc4.sdkstatcache -Xcc -fmodules-prune-interval\=86400 -Xcc -fmodules-prune-after\=345600 -Xcc -I/Users/admin/builder/spi-builder-workspace/.build/out/Products/Debug/include -Xcc -I/Users/admin/builder/spi-builder-workspace/.build/out/Intermediates.noindex/ScanBarcodes.build/Debug/ScanBarcodes-t.build/DerivedSources-normal/arm64 -Xcc -I/Users/admin/builder/spi-builder-workspace/.build/out/Intermediates.noindex/ScanBarcodes.build/Debug/ScanBarcodes-t.build/DerivedSources/arm64 -Xcc -I/Users/admin/builder/spi-builder-workspace/.build/out/Intermediates.noindex/ScanBarcodes.build/Debug/ScanBarcodes-t.build/DerivedSources -Xcc -DSWIFT_PACKAGE -Xcc -DDEBUG\=1 -no-auto-bridging-header-chaining -module-name ScanBarcodes -const-gather-protocols-file /Users/admin/builder/spi-builder-workspace/.build/out/Intermediates.noindex/ScanBarcodes.build/Debug/ScanBarcodes-t.build/Objects-normal/arm64/ScanBarcodes_const_extract_protocols.json -disable-clang-spi -clang-target arm64-apple-macos27.0 -target-sdk-version 27.0 -target-sdk-name macosx27.0 -in-process-plugin-server-path /Applications/Xcode-27.0.0-Release.Candidate.app/Contents/Developer/Toolchains/XcodeDefault.xctoolchain/usr/lib/swift/host/libSwiftInProcPluginServer.dylib -emit-module-doc-path /Users/admin/builder/spi-builder-workspace/.build/out/Intermediates.noindex/ScanBarcodes.build/Debug/ScanBarcodes-t.build/Objects-normal/arm64/ScanBarcodes.swiftdoc -emit-module-source-info-path /Users/admin/builder/spi-builder-workspace/.build/out/Intermediates.noindex/ScanBarcodes.build/Debug/ScanBarcodes-t.build/Objects-normal/arm64/ScanBarcodes.swiftsourceinfo -emit-objc-header-path /Users/admin/builder/spi-builder-workspace/.build/out/Intermediates.noindex/ScanBarcodes.build/Debug/ScanBarcodes-t.build/Objects-normal/arm64/ScanBarcodes-Swift.h -serialize-diagnostics-path /Users/admin/builder/spi-builder-workspace/.build/out/Intermediates.noindex/ScanBarcodes.build/Debug/ScanBarcodes-t.build/Objects-normal/arm64/ScanBarcodes-primary-emit-module.dia -emit-dependencies-path /Users/admin/builder/spi-builder-workspace/.build/out/Intermediates.noindex/ScanBarcodes.build/Debug/ScanBarcodes-t.build/Objects-normal/arm64/ScanBarcodes-primary-emit-module.d -parse-as-library -o /Users/admin/builder/spi-builder-workspace/.build/out/Intermediates.noindex/ScanBarcodes.build/Debug/ScanBarcodes-t.build/Objects-normal/arm64/ScanBarcodes.swiftmodule -emit-abi-descriptor-path /Users/admin/builder/spi-builder-workspace/.build/out/Intermediates.noindex/ScanBarcodes.build/Debug/ScanBarcodes-t.build/Objects-normal/arm64/ScanBarcodes.abi.json
error: Build failed
BUILD FAILURE 6.4 macosSpm