The Swift Package Index logo.Swift Package Index

Build Information

Failed to build PHPFramework, reference 0.0.1 (2910d8), with Swift 6.4 for Linux on 21 Sep 2026 17:05:40 UTC.

Build Command

bash -c docker run --pull=always --rm -v "checkouts-53886770-1":/host -w "$PWD" -e JAVA_HOME="/root/.sdkman/candidates/java/current" -e SPI_BUILD="1" -e SPI_PROCESSING="1" registry.gitlab.com/saguaro1/spi-images:basic-6.4-latest swift build --triple x86_64-unknown-linux-gnu 2>&1

Build Log

========================================
RunAll
========================================
Builder version: 5.1.0
Interrupt handler set up.
========================================
Checkout
========================================
Clone URL: https://github.com/0xWDG/PHPFramework.git
Reference: 0.0.1
Initialized empty Git repository in /host/spi-builder-workspace/.git/
hint: Using 'master' as the name for the initial branch. This default branch name
hint: is subject to change. To configure the initial branch name to use in all
hint: of your new repositories, which will suppress this warning, call:
hint:
hint: 	git config --global init.defaultBranch <name>
hint:
hint: Names commonly chosen instead of 'master' are 'main', 'trunk' and
hint: 'development'. The just-created branch can be renamed via this command:
hint:
hint: 	git branch -m <name>
From https://github.com/0xWDG/PHPFramework
 * tag               0.0.1      -> FETCH_HEAD
HEAD is now at 2910d8a Update README
Cloned https://github.com/0xWDG/PHPFramework.git
Revision (git rev-parse @):
2910d8a0291c44c5c80d58875ca0afc0e9a04dbd
SPI manifest file found: $PWD/.spi.yml
SUCCESS checkout https://github.com/0xWDG/PHPFramework.git at 0.0.1
========================================
Build
========================================
Selected platform:         linux
Swift version:             6.4
Building package at path:  $PWD
https://github.com/0xWDG/PHPFramework.git
Running build ...
bash -c docker run --pull=always --rm -v "checkouts-53886770-1":/host -w "$PWD" -e JAVA_HOME="/root/.sdkman/candidates/java/current" -e SPI_BUILD="1" -e SPI_PROCESSING="1" registry.gitlab.com/saguaro1/spi-images:basic-6.4-latest swift build --triple x86_64-unknown-linux-gnu 2>&1
basic-6.4-latest: Pulling from saguaro1/spi-images
Digest: sha256:c77fcce225e223ac0fafed844619173fc6de8d62dd560eeb28db3182af6a282b
Status: Image is up to date for registry.gitlab.com/saguaro1/spi-images:basic-6.4-latest
Building for debugging...
[Planning deferred tasks]
/host/spi-builder-workspace/Sources/PHPFramework/PHPFrameworkSwiftStringExtensions.swift:311:2: warning: 'public' modifier is redundant for property declared in a public extension
309 | 	 get string length
310 | 	 */
311 | 	public var length: Int {
    |  `- warning: 'public' modifier is redundant for property declared in a public extension
312 | 		get {
313 | 			return self.count
/host/spi-builder-workspace/Sources/PHPFramework/PHPFrameworkSwiftStringExtensions.swift:324:2: warning: 'public' modifier is redundant for instance method declared in a public extension
322 | 	 - Returns: true/false
323 | 	 */
324 | 	public func contains(_ s: String) -> Bool {
    |  `- warning: 'public' modifier is redundant for instance method declared in a public extension
325 | 		return self.range(of: s) != nil ? true : false
326 | 	}
/host/spi-builder-workspace/Sources/PHPFramework/PHPFrameworkSwiftStringExtensions.swift:336:2: warning: 'public' modifier is redundant for instance method declared in a public extension
334 | 	 - Returns: Replaced string
335 | 	 */
336 | 	public func replace(_ target: String, withString: String) -> String {
    |  `- warning: 'public' modifier is redundant for instance method declared in a public extension
337 |         return self.replacingOccurrences(of: target, with: withString, options: NSString.CompareOptions.literal, range: nil)
338 | 	}
/host/spi-builder-workspace/Sources/PHPFramework/PHPFrameworkSwiftStringExtensions.swift:348:5: warning: 'public' modifier is redundant for instance method declared in a public extension
346 |      - Returns: Replaced string
347 |      */
348 |     public func ireplace(_ target: String, withString: String) -> String {
    |     `- warning: 'public' modifier is redundant for instance method declared in a public extension
349 |         return self.replacingOccurrences(of: target, with: withString, options: NSString.CompareOptions.caseInsensitive, range: nil)
350 |     }
/host/spi-builder-workspace/Sources/PHPFramework/PHPFrameworkSwiftStringExtensions.swift:388:2: warning: 'public' modifier is redundant for subscript declared in a public extension
386 | 	 - Returns: The ranged string
387 | 	 */
388 | 	public subscript(i: Int) -> Character {
    |  `- warning: 'public' modifier is redundant for subscript declared in a public extension
389 | 		get {
390 | 			let index = self.index(self.startIndex, offsetBy: i)
/host/spi-builder-workspace/Sources/PHPFramework/PHPFrameworkSwiftStringExtensions.swift:402:2: warning: 'public' modifier is redundant for subscript declared in a public extension
400 | 	 - Returns: The ranged string.
401 | 	 */
402 | 	public subscript(r: Range<Int>) -> String {
    |  `- warning: 'public' modifier is redundant for subscript declared in a public extension
403 | 		get {
404 | 			let startIndex = self.index(self.startIndex, offsetBy: r.lowerBound)
/host/spi-builder-workspace/Sources/PHPFramework/PHPFrameworkSwiftStringExtensions.swift:418:5: warning: 'public' modifier is redundant for subscript declared in a public extension
416 |      - Returns: The ranged string.
417 |      */
418 |     public subscript(r: CountableClosedRange<Int>) -> String {
    |     `- warning: 'public' modifier is redundant for subscript declared in a public extension
419 |         get {
420 |             let startIndex = self.index(self.startIndex, offsetBy: r.lowerBound)
/host/spi-builder-workspace/Sources/PHPFramework/PHPFrameworkSwiftStringExtensions.swift:801:2: warning: 'public' modifier is redundant for instance method declared in a public extension
799 | 	 - Returns: the encoded HTML
800 | 	 */
801 | 	public func encodeHTML() -> String {
    |  `- warning: 'public' modifier is redundant for instance method declared in a public extension
802 | 		// Ok, this feels weird.
803 | 		var _tempString = self
/host/spi-builder-workspace/Sources/PHPFramework/PHPFrameworkSwiftStringExtensions.swift:826:2: warning: 'public' modifier is redundant for instance method declared in a public extension
824 | 	 - Returns: the HTMLEntities.
825 | 	 */
826 | 	public func getHTMLEntities() -> [String: Character] {
    |  `- warning: 'public' modifier is redundant for instance method declared in a public extension
827 | 		// PHP, Shame on you. but here you'll go.
828 | 		return HTMLEntities.characterEntities
[28 / 36] PHPFramework
[29 / 36] PHPFramework
/host/spi-builder-workspace/Sources/PHPFramework/tests/PHPFrameworkTestPHPBase.swift:34:7: warning: result of call to 'extension_loaded' is unused [#]8;;https://docs.swift.org/compiler/documentation/diagnostics/no-usage\NoUsage]8;;\]
 32 |
 33 | 		php.cli_set_process_title(E)
 34 | 		php.extension_loaded(E)
    |       `- warning: result of call to 'extension_loaded' is unused [#]8;;https://docs.swift.org/compiler/documentation/diagnostics/no-usage\NoUsage]8;;\]
 35 | 		php.gc_collect_cycles()
 36 | 		php.gc_disable()
/host/spi-builder-workspace/Sources/PHPFramework/tests/PHPFrameworkTestPHPBase.swift:38:7: warning: result of call to 'gc_enabled()' is unused [#]8;;https://docs.swift.org/compiler/documentation/diagnostics/no-usage\NoUsage]8;;\]
 36 | 		php.gc_disable()
 37 | 		php.gc_enable()
 38 | 		php.gc_enabled()
    |       `- warning: result of call to 'gc_enabled()' is unused [#]8;;https://docs.swift.org/compiler/documentation/diagnostics/no-usage\NoUsage]8;;\]
 39 | 		php.gc_mem_caches()
 40 | 		php.get_defined_constants()
/host/spi-builder-workspace/Sources/PHPFramework/tests/PHPFrameworkTestPHPBase.swift:40:7: warning: result of call to 'get_defined_constants' is unused [#]8;;https://docs.swift.org/compiler/documentation/diagnostics/no-usage\NoUsage]8;;\]
 38 | 		php.gc_enabled()
 39 | 		php.gc_mem_caches()
 40 | 		php.get_defined_constants()
    |       `- warning: result of call to 'get_defined_constants' is unused [#]8;;https://docs.swift.org/compiler/documentation/diagnostics/no-usage\NoUsage]8;;\]
 41 | 		php.get_extension_funcs(E)
 42 | 		php.get_included_files()
/host/spi-builder-workspace/Sources/PHPFramework/tests/PHPFrameworkTestPHPBase.swift:41:7: warning: result of call to 'get_extension_funcs' is unused [#]8;;https://docs.swift.org/compiler/documentation/diagnostics/no-usage\NoUsage]8;;\]
 39 | 		php.gc_mem_caches()
 40 | 		php.get_defined_constants()
 41 | 		php.get_extension_funcs(E)
    |       `- warning: result of call to 'get_extension_funcs' is unused [#]8;;https://docs.swift.org/compiler/documentation/diagnostics/no-usage\NoUsage]8;;\]
 42 | 		php.get_included_files()
 43 | 		php.get_loaded_extensions()
/host/spi-builder-workspace/Sources/PHPFramework/tests/PHPFrameworkTestPHPBase.swift:42:7: warning: result of call to 'get_included_files()' is unused [#]8;;https://docs.swift.org/compiler/documentation/diagnostics/no-usage\NoUsage]8;;\]
 40 | 		php.get_defined_constants()
 41 | 		php.get_extension_funcs(E)
 42 | 		php.get_included_files()
    |       `- warning: result of call to 'get_included_files()' is unused [#]8;;https://docs.swift.org/compiler/documentation/diagnostics/no-usage\NoUsage]8;;\]
 43 | 		php.get_loaded_extensions()
 44 | 		php.get_required_files()
/host/spi-builder-workspace/Sources/PHPFramework/tests/PHPFrameworkTestPHPBase.swift:43:7: warning: result of call to 'get_loaded_extensions()' is unused [#]8;;https://docs.swift.org/compiler/documentation/diagnostics/no-usage\NoUsage]8;;\]
 41 | 		php.get_extension_funcs(E)
 42 | 		php.get_included_files()
 43 | 		php.get_loaded_extensions()
    |       `- warning: result of call to 'get_loaded_extensions()' is unused [#]8;;https://docs.swift.org/compiler/documentation/diagnostics/no-usage\NoUsage]8;;\]
 44 | 		php.get_required_files()
 45 | 		php.getenv()
/host/spi-builder-workspace/Sources/PHPFramework/tests/PHPFrameworkTestPHPBase.swift:44:7: warning: result of call to 'get_required_files()' is unused [#]8;;https://docs.swift.org/compiler/documentation/diagnostics/no-usage\NoUsage]8;;\]
 42 | 		php.get_included_files()
 43 | 		php.get_loaded_extensions()
 44 | 		php.get_required_files()
    |       `- warning: result of call to 'get_required_files()' is unused [#]8;;https://docs.swift.org/compiler/documentation/diagnostics/no-usage\NoUsage]8;;\]
 45 | 		php.getenv()
 46 | 		php.getlastmod()
/host/spi-builder-workspace/Sources/PHPFramework/tests/PHPFrameworkTestPHPBase.swift:45:7: warning: result of call to 'getenv()' is unused [#]8;;https://docs.swift.org/compiler/documentation/diagnostics/no-usage\NoUsage]8;;\]
 43 | 		php.get_loaded_extensions()
 44 | 		php.get_required_files()
 45 | 		php.getenv()
    |       `- warning: result of call to 'getenv()' is unused [#]8;;https://docs.swift.org/compiler/documentation/diagnostics/no-usage\NoUsage]8;;\]
 46 | 		php.getlastmod()
 47 | 		php.getopt()
/host/spi-builder-workspace/Sources/PHPFramework/tests/PHPFrameworkTestPHPBase.swift:46:7: warning: result of call to 'getlastmod' is unused [#]8;;https://docs.swift.org/compiler/documentation/diagnostics/no-usage\NoUsage]8;;\]
 44 | 		php.get_required_files()
 45 | 		php.getenv()
 46 | 		php.getlastmod()
    |       `- warning: result of call to 'getlastmod' is unused [#]8;;https://docs.swift.org/compiler/documentation/diagnostics/no-usage\NoUsage]8;;\]
 47 | 		php.getopt()
 48 | 		php.ini_alter()
/host/spi-builder-workspace/Sources/PHPFramework/tests/PHPFrameworkTestPHPBase.swift:47:7: warning: result of call to 'getopt()' is unused [#]8;;https://docs.swift.org/compiler/documentation/diagnostics/no-usage\NoUsage]8;;\]
 45 | 		php.getenv()
 46 | 		php.getlastmod()
 47 | 		php.getopt()
    |       `- warning: result of call to 'getopt()' is unused [#]8;;https://docs.swift.org/compiler/documentation/diagnostics/no-usage\NoUsage]8;;\]
 48 | 		php.ini_alter()
 49 | 		php.ini_get_all()
/host/spi-builder-workspace/Sources/PHPFramework/tests/PHPFrameworkTestPHPBase.swift:50:7: warning: result of call to 'ini_get' is unused [#]8;;https://docs.swift.org/compiler/documentation/diagnostics/no-usage\NoUsage]8;;\]
 48 | 		php.ini_alter()
 49 | 		php.ini_get_all()
 50 | 		php.ini_get()
    |       `- warning: result of call to 'ini_get' is unused [#]8;;https://docs.swift.org/compiler/documentation/diagnostics/no-usage\NoUsage]8;;\]
 51 | 		php.ini_restore()
 52 | 		php.ini_set()
/host/spi-builder-workspace/Sources/PHPFramework/tests/PHPFrameworkTestPHPBase.swift:64:7: warning: immutable value '_version_compare' was never used; consider replacing with '_' or removing it [#]8;;https://docs.swift.org/compiler/documentation/diagnostics/no-usage\NoUsage]8;;\]
 62 | 		php.set_time_limit()
 63 |
 64 | 		let _version_compare: String = php.version_compare("7.0.0", "7.0.0") ? "PASS" : "FAIL"
    |       `- warning: immutable value '_version_compare' was never used; consider replacing with '_' or removing it [#]8;;https://docs.swift.org/compiler/documentation/diagnostics/no-usage\NoUsage]8;;\]
 65 |
 66 | 		let tempDict: [String: Any] = [
[#NoUsage]: <https://docs.swift.org/compiler/documentation/diagnostics/no-usage>
/host/spi-builder-workspace/Sources/PHPFramework/PHPFrameworkSwiftStringExtensions.swift:311:2: warning: 'public' modifier is redundant for property declared in a public extension
309 | 	 get string length
310 | 	 */
311 | 	public var length: Int {
    |  `- warning: 'public' modifier is redundant for property declared in a public extension
312 | 		get {
313 | 			return self.count
/host/spi-builder-workspace/Sources/PHPFramework/PHPFrameworkSwiftStringExtensions.swift:324:2: warning: 'public' modifier is redundant for instance method declared in a public extension
322 | 	 - Returns: true/false
323 | 	 */
324 | 	public func contains(_ s: String) -> Bool {
    |  `- warning: 'public' modifier is redundant for instance method declared in a public extension
325 | 		return self.range(of: s) != nil ? true : false
326 | 	}
/host/spi-builder-workspace/Sources/PHPFramework/PHPFrameworkSwiftStringExtensions.swift:336:2: warning: 'public' modifier is redundant for instance method declared in a public extension
334 | 	 - Returns: Replaced string
335 | 	 */
336 | 	public func replace(_ target: String, withString: String) -> String {
    |  `- warning: 'public' modifier is redundant for instance method declared in a public extension
337 |         return self.replacingOccurrences(of: target, with: withString, options: NSString.CompareOptions.literal, range: nil)
338 | 	}
/host/spi-builder-workspace/Sources/PHPFramework/PHPFrameworkSwiftStringExtensions.swift:348:5: warning: 'public' modifier is redundant for instance method declared in a public extension
346 |      - Returns: Replaced string
347 |      */
348 |     public func ireplace(_ target: String, withString: String) -> String {
    |     `- warning: 'public' modifier is redundant for instance method declared in a public extension
349 |         return self.replacingOccurrences(of: target, with: withString, options: NSString.CompareOptions.caseInsensitive, range: nil)
350 |     }
/host/spi-builder-workspace/Sources/PHPFramework/PHPFrameworkSwiftStringExtensions.swift:388:2: warning: 'public' modifier is redundant for subscript declared in a public extension
386 | 	 - Returns: The ranged string
387 | 	 */
388 | 	public subscript(i: Int) -> Character {
    |  `- warning: 'public' modifier is redundant for subscript declared in a public extension
389 | 		get {
390 | 			let index = self.index(self.startIndex, offsetBy: i)
/host/spi-builder-workspace/Sources/PHPFramework/PHPFrameworkSwiftStringExtensions.swift:402:2: warning: 'public' modifier is redundant for subscript declared in a public extension
400 | 	 - Returns: The ranged string.
401 | 	 */
402 | 	public subscript(r: Range<Int>) -> String {
    |  `- warning: 'public' modifier is redundant for subscript declared in a public extension
403 | 		get {
404 | 			let startIndex = self.index(self.startIndex, offsetBy: r.lowerBound)
/host/spi-builder-workspace/Sources/PHPFramework/PHPFrameworkSwiftStringExtensions.swift:418:5: warning: 'public' modifier is redundant for subscript declared in a public extension
416 |      - Returns: The ranged string.
417 |      */
418 |     public subscript(r: CountableClosedRange<Int>) -> String {
    |     `- warning: 'public' modifier is redundant for subscript declared in a public extension
419 |         get {
420 |             let startIndex = self.index(self.startIndex, offsetBy: r.lowerBound)
/host/spi-builder-workspace/Sources/PHPFramework/PHPFrameworkSwiftStringExtensions.swift:801:2: warning: 'public' modifier is redundant for instance method declared in a public extension
799 | 	 - Returns: the encoded HTML
800 | 	 */
801 | 	public func encodeHTML() -> String {
    |  `- warning: 'public' modifier is redundant for instance method declared in a public extension
802 | 		// Ok, this feels weird.
803 | 		var _tempString = self
/host/spi-builder-workspace/Sources/PHPFramework/PHPFrameworkSwiftStringExtensions.swift:826:2: warning: 'public' modifier is redundant for instance method declared in a public extension
824 | 	 - Returns: the HTMLEntities.
825 | 	 */
826 | 	public func getHTMLEntities() -> [String: Character] {
    |  `- warning: 'public' modifier is redundant for instance method declared in a public extension
827 | 		// PHP, Shame on you. but here you'll go.
828 | 		return HTMLEntities.characterEntities
error: SwiftCompile normal x86_64 /host/spi-builder-workspace/Sources/PHPFramework/Specials/PHPFrameworkSwiftArrayExtensions.swift failed with a nonzero exit code. Command line:     cd /host
    builtin-SwiftPerFileCompile PHPFrameworkSwiftArrayExtensions.swift
/host/spi-builder-workspace/Sources/PHPFramework/Specials/PHPFrameworkSwiftArrayExtensions.swift:45:20: error: cannot find 'arc4random' in scope
43 | 	mutating func shuffle() {
44 | 		for _ in 0..<10 {
45 | 			sort {(_, _) in arc4random() < arc4random()}
   |                    `- error: cannot find 'arc4random' in scope
46 | 		}
47 | 	}
/host/spi-builder-workspace/Sources/PHPFramework/Specials/PHPFrameworkSwiftArrayExtensions.swift:45:35: error: cannot find 'arc4random' in scope
43 | 	mutating func shuffle() {
44 | 		for _ in 0..<10 {
45 | 			sort {(_, _) in arc4random() < arc4random()}
   |                                   `- error: cannot find 'arc4random' in scope
46 | 		}
47 | 	}
Failed frontend command:
/usr/bin/swift-frontend -frontend -c /host/spi-builder-workspace/Sources/PHPFramework/PHPFramework.swift /host/spi-builder-workspace/Sources/PHPFramework/PHPFrameworkArrayFunctions.swift /host/spi-builder-workspace/Sources/PHPFramework/PHPFrameworkCredits.swift /host/spi-builder-workspace/Sources/PHPFramework/PHPFrameworkDateTime.swift /host/spi-builder-workspace/Sources/PHPFramework/PHPFrameworkDirectory.swift /host/spi-builder-workspace/Sources/PHPFramework/PHPFrameworkFileSystem.swift /host/spi-builder-workspace/Sources/PHPFramework/PHPFrameworkPHPBase.swift /host/spi-builder-workspace/Sources/PHPFramework/PHPFrameworkPHPConstants.swift /host/spi-builder-workspace/Sources/PHPFramework/PHPFrameworkPHPConstantsDictionary.swift /host/spi-builder-workspace/Sources/PHPFramework/PHPFrameworkStringFunctions.swift /host/spi-builder-workspace/Sources/PHPFramework/PHPFrameworkStringPHPBase.swift /host/spi-builder-workspace/Sources/PHPFramework/PHPFrameworkSwiftIntExtensions.swift /host/spi-builder-workspace/Sources/PHPFramework/PHPFrameworkSwiftStringExtensions.swift /host/spi-builder-workspace/Sources/PHPFramework/PHPFrameworkTest.swift -primary-file /host/spi-builder-workspace/Sources/PHPFramework/PHPFrameworkVariableFunctions.swift -primary-file /host/spi-builder-workspace/Sources/PHPFramework/Specials/PHPFrameworkSwiftArrayExtensions.swift -primary-file /host/spi-builder-workspace/Sources/PHPFramework/Specials/ROT13.swift /host/spi-builder-workspace/Sources/PHPFramework/Specials/SHA1.swift /host/spi-builder-workspace/Sources/PHPFramework/Specials/SwiftGetHumanType.swift /host/spi-builder-workspace/Sources/PHPFramework/Specials/crc32.swift /host/spi-builder-workspace/Sources/PHPFramework/Specials/levenshtein.swift /host/spi-builder-workspace/Sources/PHPFramework/Specials/md5.swift /host/spi-builder-workspace/Sources/PHPFramework/Specials/uucoding.swift /host/spi-builder-workspace/Sources/PHPFramework/tests/PHPFrameworkTestDirectory.swift /host/spi-builder-workspace/Sources/PHPFramework/tests/PHPFrameworkTestPHPBase.swift /host/spi-builder-workspace/Sources/PHPFramework/tests/PHPFrameworkTestStringFunctions.swift -supplementary-output-file-map /host/spi-builder-workspace/.build/out/Intermediates.noindex/PHPFramework.build/Debug-linux-x86_64/PHPFramework-t.build/Objects-normal/x86_64/supplementaryOutputs-5 -target x86_64-unknown-linux-gnu -disable-objc-interop -I /host/spi-builder-workspace/.build/out/Products/Debug-linux-x86_64 -module-cache-path /host/spi-builder-workspace/.build/out/ModuleCache.noindex -color-diagnostics -Xcc -fcolor-diagnostics -enable-testing -g -debug-info-format\=dwarf -dwarf-version\=4 -swift-version 5 -Onone -D SWIFT_PACKAGE -D DEBUG -D SWIFT_MODULE_RESOURCE_BUNDLE_UNAVAILABLE -D Xcode -serialize-debugging-options -enable-experimental-feature DebugDescriptionMacro -empty-abi-descriptor -external-plugin-path /usr/lib/swift/host/plugins/testing\#/usr/bin/swift-plugin-server -validate-clang-modules-once -clang-build-session-file /host/spi-builder-workspace/.build/out/ModuleCache.noindex/Session.modulevalidation -Xcc -working-directory -Xcc /host -enable-anonymous-context-mangled-names -file-compilation-dir /host -Xcc -fno-omit-frame-pointer -Xcc -D_LIBCPP_HARDENING_MODE\=_LIBCPP_HARDENING_MODE_DEBUG -Xcc -fmodules-prune-interval\=86400 -Xcc -fmodules-prune-after\=345600 -Xcc -I/host/spi-builder-workspace/.build/out/Products/Debug-linux-x86_64/include -Xcc -I/host/spi-builder-workspace/.build/out/Intermediates.noindex/PHPFramework.build/Debug-linux-x86_64/PHPFramework-t.build/DerivedSources-normal/x86_64 -Xcc -I/host/spi-builder-workspace/.build/out/Intermediates.noindex/PHPFramework.build/Debug-linux-x86_64/PHPFramework-t.build/DerivedSources/x86_64 -Xcc -I/host/spi-builder-workspace/.build/out/Intermediates.noindex/PHPFramework.build/Debug-linux-x86_64/PHPFramework-t.build/DerivedSources -Xcc -DSWIFT_PACKAGE -Xcc -DDEBUG\=1 -no-auto-bridging-header-chaining -module-name PHPFramework -package-name spi_builder_workspace -const-gather-protocols-file /host/spi-builder-workspace/.build/out/Intermediates.noindex/PHPFramework.build/Debug-linux-x86_64/PHPFramework-t.build/Objects-normal/x86_64/PHPFramework_const_extract_protocols.json -in-process-plugin-server-path /usr/lib/swift/host/libSwiftInProcPluginServer.so -plugin-path /usr/lib/swift/host/plugins -plugin-path /usr/local/lib/swift/host/plugins -parse-as-library -o /host/spi-builder-workspace/.build/out/Intermediates.noindex/PHPFramework.build/Debug-linux-x86_64/PHPFramework-t.build/Objects-normal/x86_64/PHPFrameworkVariableFunctions.o -o /host/spi-builder-workspace/.build/out/Intermediates.noindex/PHPFramework.build/Debug-linux-x86_64/PHPFramework-t.build/Objects-normal/x86_64/PHPFrameworkSwiftArrayExtensions.o -o /host/spi-builder-workspace/.build/out/Intermediates.noindex/PHPFramework.build/Debug-linux-x86_64/PHPFramework-t.build/Objects-normal/x86_64/ROT13.o -index-unit-output-path /PHPFramework.build/Debug-linux-x86_64/PHPFramework-t.build/Objects-normal/x86_64/PHPFrameworkVariableFunctions.o -index-unit-output-path /PHPFramework.build/Debug-linux-x86_64/PHPFramework-t.build/Objects-normal/x86_64/PHPFrameworkSwiftArrayExtensions.o -index-unit-output-path /PHPFramework.build/Debug-linux-x86_64/PHPFramework-t.build/Objects-normal/x86_64/ROT13.o -index-store-path /host/spi-builder-workspace/.build/out -index-system-modules
error: Build failed
BUILD FAILURE 6.4 linux