Build Information
Failed to build CachedAsyncImage, reference 0.0.4 (ad3fd9), with Swift 6.1 for Android on 5 Jul 2026 22:08:59 UTC.
Build Command
bash -c docker run --pull=always --rm -v "checkouts-53886768-0":/host -w "$PWD" -e JAVA_HOME="/root/.sdkman/candidates/java/current" -e SPI_BUILD="1" -e SPI_PROCESSING="1" registry.gitlab.com/saguaro1/spi-images:android-6.1-latest swift build --swift-sdk aarch64-unknown-linux-android24 2>&1Build Log
========================================
RunAll
========================================
Builder version: 0e64495ecc1688c3b3e031a5ef1348b5c05091ae
Interrupt handler set up.
========================================
Checkout
========================================
Clone URL: https://github.com/0xWDG/CachedAsyncImage.git
Reference: 0.0.4
Initialized empty Git repository in /host/spi-builder-workspace/.git/
hint: Using 'master' as the name for the initial branch. This default branch name
hint: is subject to change. To configure the initial branch name to use in all
hint: of your new repositories, which will suppress this warning, call:
hint:
hint: git config --global init.defaultBranch <name>
hint:
hint: Names commonly chosen instead of 'master' are 'main', 'trunk' and
hint: 'development'. The just-created branch can be renamed via this command:
hint:
hint: git branch -m <name>
From https://github.com/0xWDG/CachedAsyncImage
* tag 0.0.4 -> FETCH_HEAD
HEAD is now at ad3fd91 Add iOS 15+ and macOS 12+ support
Cloned https://github.com/0xWDG/CachedAsyncImage.git
Revision (git rev-parse @):
ad3fd91bb07d08c2236f949f8969c107fa153e66
SPI manifest file found: $PWD/.spi.yml
SUCCESS checkout https://github.com/0xWDG/CachedAsyncImage.git at 0.0.4
========================================
Build
========================================
Selected platform: android
Swift version: 6.1
Building package at path: $PWD
https://github.com/0xWDG/CachedAsyncImage.git
https://github.com/0xWDG/CachedAsyncImage.git
WARNING: environment variable SUPPRESS_SWIFT_6_FLAGS is not set
Running build ...
bash -c docker run --pull=always --rm -v "checkouts-53886768-0":/host -w "$PWD" -e JAVA_HOME="/root/.sdkman/candidates/java/current" -e SPI_BUILD="1" -e SPI_PROCESSING="1" registry.gitlab.com/saguaro1/spi-images:android-6.1-latest swift build --swift-sdk aarch64-unknown-linux-android24 -Xswiftc -Xfrontend -Xswiftc -stats-output-dir -Xswiftc -Xfrontend -Xswiftc .stats -Xswiftc -strict-concurrency=complete -Xswiftc -enable-upcoming-feature -Xswiftc StrictConcurrency -Xswiftc -enable-upcoming-feature -Xswiftc DisableOutwardActorInference -Xswiftc -enable-upcoming-feature -Xswiftc GlobalActorIsolatedTypesUsability -Xswiftc -enable-upcoming-feature -Xswiftc InferSendableFromCaptures 2>&1
android-6.1-latest: Pulling from saguaro1/spi-images
Digest: sha256:365d9b14669f92fea0572234887def10439445c91d7e524c78a6579ad7294f11
Status: Image is up to date for registry.gitlab.com/saguaro1/spi-images:android-6.1-latest
Building for debugging...
[0/3] Write sources
[1/3] Copying PrivacyInfo.xcprivacy
[2/3] Write swift-version-24593BA9C3E375BF.txt
error: emit-module command failed with exit code 1 (use -v to see invocation)
[4/7] Emitting module CachedAsyncImage
/host/spi-builder-workspace/Sources/CachedAsyncImage/CachedAsyncImage.swift:14:8: error: no such module 'SwiftUI'
12 | // Changes: URL instead of URLRequest, non-sendable.
13 |
14 | import SwiftUI
| `- error: no such module 'SwiftUI'
15 |
16 | /// A view that asynchronously loads and displays an image.
[5/7] Compiling CachedAsyncImage CachedAsyncImageLoader.swift
/host/spi-builder-workspace/Sources/CachedAsyncImage/CachedAsyncImage.swift:14:8: error: no such module 'SwiftUI'
12 | // Changes: URL instead of URLRequest, non-sendable.
13 |
14 | import SwiftUI
| `- error: no such module 'SwiftUI'
15 |
16 | /// A view that asynchronously loads and displays an image.
[6/7] Compiling CachedAsyncImage resource_bundle_accessor.swift
/host/spi-builder-workspace/Sources/CachedAsyncImage/CachedAsyncImage.swift:14:8: error: no such module 'SwiftUI'
12 | // Changes: URL instead of URLRequest, non-sendable.
13 |
14 | import SwiftUI
| `- error: no such module 'SwiftUI'
15 |
16 | /// A view that asynchronously loads and displays an image.
[7/7] Compiling CachedAsyncImage CachedAsyncImage.swift
/host/spi-builder-workspace/Sources/CachedAsyncImage/CachedAsyncImage.swift:14:8: error: no such module 'SwiftUI'
12 | // Changes: URL instead of URLRequest, non-sendable.
13 |
14 | import SwiftUI
| `- error: no such module 'SwiftUI'
15 |
16 | /// A view that asynchronously loads and displays an image.
Running build ...
bash -c docker run --pull=always --rm -v "checkouts-53886768-0":/host -w "$PWD" -e JAVA_HOME="/root/.sdkman/candidates/java/current" -e SPI_BUILD="1" -e SPI_PROCESSING="1" registry.gitlab.com/saguaro1/spi-images:android-6.1-latest swift build --swift-sdk aarch64-unknown-linux-android24 2>&1
android-6.1-latest: Pulling from saguaro1/spi-images
Digest: sha256:365d9b14669f92fea0572234887def10439445c91d7e524c78a6579ad7294f11
Status: Image is up to date for registry.gitlab.com/saguaro1/spi-images:android-6.1-latest
[0/1] Planning build
Building for debugging...
[0/1] Write swift-version-24593BA9C3E375BF.txt
[2/5] Compiling CachedAsyncImage resource_bundle_accessor.swift
/host/spi-builder-workspace/Sources/CachedAsyncImage/CachedAsyncImage.swift:14:8: error: no such module 'SwiftUI'
12 | // Changes: URL instead of URLRequest, non-sendable.
13 |
14 | import SwiftUI
| `- error: no such module 'SwiftUI'
15 |
16 | /// A view that asynchronously loads and displays an image.
error: emit-module command failed with exit code 1 (use -v to see invocation)
[3/5] Emitting module CachedAsyncImage
/host/spi-builder-workspace/Sources/CachedAsyncImage/CachedAsyncImage.swift:14:8: error: no such module 'SwiftUI'
12 | // Changes: URL instead of URLRequest, non-sendable.
13 |
14 | import SwiftUI
| `- error: no such module 'SwiftUI'
15 |
16 | /// A view that asynchronously loads and displays an image.
[4/5] Compiling CachedAsyncImage CachedAsyncImageLoader.swift
/host/spi-builder-workspace/Sources/CachedAsyncImage/CachedAsyncImage.swift:14:8: error: no such module 'SwiftUI'
12 | // Changes: URL instead of URLRequest, non-sendable.
13 |
14 | import SwiftUI
| `- error: no such module 'SwiftUI'
15 |
16 | /// A view that asynchronously loads and displays an image.
[5/5] Compiling CachedAsyncImage CachedAsyncImage.swift
/host/spi-builder-workspace/Sources/CachedAsyncImage/CachedAsyncImage.swift:14:8: error: no such module 'SwiftUI'
12 | // Changes: URL instead of URLRequest, non-sendable.
13 |
14 | import SwiftUI
| `- error: no such module 'SwiftUI'
15 |
16 | /// A view that asynchronously loads and displays an image.
BUILD FAILURE 6.1 android