The Swift Package Index logo.Swift Package Index

Build Information

Failed to build Washi, reference 1.24.0 (ca7e3b), with Swift 6.3 for watchOS using Xcode 26.4 on 14 Oct 2026 12:24:40 UTC.

Build Command

env DEVELOPER_DIR=/Applications/Xcode-26.5.0.app xcrun xcodebuild -IDEClonedSourcePackagesDirPathOverride=$PWD/.dependencies -skipMacroValidation -skipPackagePluginValidation -derivedDataPath $PWD/.derivedData build -scheme Washi-Package -destination generic/platform=watchOS

Build Log

SwiftDriver WashiCore normal arm64_32 com.apple.xcode.tools.swift.compiler (in target 'WashiCore' from project 'Washi')
    cd /Users/admin/builder/spi-builder-workspace/.swiftpm/xcode
    builtin-SwiftDriver -- /Applications/Xcode-26.5.0.app/Contents/Developer/Toolchains/XcodeDefault.xctoolchain/usr/bin/swiftc -module-name WashiCore -Onone @/Users/admin/builder/spi-builder-workspace/.derivedData/Build/Intermediates.noindex/Washi.build/Debug-watchos/WashiCore.build/Objects-normal/arm64_32/WashiCore.SwiftFileList -DSWIFT_PACKAGE -DDEBUG -DSWIFT_MODULE_RESOURCE_BUNDLE_UNAVAILABLE -DXcode -plugin-path /Applications/Xcode-26.5.0.app/Contents/Developer/Toolchains/XcodeDefault.xctoolchain/usr/lib/swift/host/plugins/testing -enable-experimental-feature DebugDescriptionMacro -sdk /Applications/Xcode-26.5.0.app/Contents/Developer/Platforms/WatchOS.platform/Developer/SDKs/WatchOS26.5.sdk -target arm64_32-apple-watchos5.0 -g -module-cache-path /Users/admin/builder/spi-builder-workspace/.derivedData/ModuleCache.noindex -Xfrontend -serialize-debugging-options -profile-coverage-mapping -profile-generate -enable-testing -index-store-path /Users/admin/builder/spi-builder-workspace/.derivedData/Index.noindex/DataStore -Xcc -D_LIBCPP_HARDENING_MODE\=_LIBCPP_HARDENING_MODE_DEBUG -swift-version 6 -I /Users/admin/builder/spi-builder-workspace/.derivedData/Build/Products/Debug-watchos -Isystem /Applications/Xcode-26.5.0.app/Contents/Developer/Platforms/WatchOS.platform/Developer/usr/lib -F /Users/admin/builder/spi-builder-workspace/.derivedData/Build/Products/Debug-watchos -F /Applications/Xcode-26.5.0.app/Contents/Developer/Platforms/WatchOS.platform/Developer/Library/Frameworks -F /Applications/Xcode-26.5.0.app/Contents/Developer/Platforms/WatchOS.platform/Developer/SDKs/WatchOS26.5.sdk/Developer/Library/Frameworks -c -j10 -enable-batch-mode -incremental -Xcc -ivfsstatcache -Xcc /Users/admin/builder/spi-builder-workspace/.derivedData/SDKStatCaches.noindex/watchos26.5-23T570-688ef53f1462e2c8f657fdc38a81448f7931b973dfc65d9472806dbbc3af9379.sdkstatcache -output-file-map /Users/admin/builder/spi-builder-workspace/.derivedData/Build/Intermediates.noindex/Washi.build/Debug-watchos/WashiCore.build/Objects-normal/arm64_32/WashiCore-OutputFileMap.json -use-frontend-parseable-output -save-temps -no-color-diagnostics -explicit-module-build -module-cache-path /Users/admin/builder/spi-builder-workspace/.derivedData/Build/Intermediates.noindex/SwiftExplicitPrecompiledModules -clang-scanner-module-cache-path /Users/admin/builder/spi-builder-workspace/.derivedData/ModuleCache.noindex -sdk-module-cache-path /Users/admin/builder/spi-builder-workspace/.derivedData/ModuleCache.noindex -serialize-diagnostics -emit-dependencies -emit-module -emit-module-path /Users/admin/builder/spi-builder-workspace/.derivedData/Build/Intermediates.noindex/Washi.build/Debug-watchos/WashiCore.build/Objects-normal/arm64_32/WashiCore.swiftmodule -validate-clang-modules-once -clang-build-session-file /Users/admin/builder/spi-builder-workspace/.derivedData/ModuleCache.noindex/Session.modulevalidation -package-name spi_builder_workspace -Xcc -I/Users/admin/builder/spi-builder-workspace/.derivedData/Build/Intermediates.noindex/Washi.build/Debug-watchos/WashiCore.build/swift-overrides.hmap -emit-const-values -Xfrontend -const-gather-protocols-file -Xfrontend /Users/admin/builder/spi-builder-workspace/.derivedData/Build/Intermediates.noindex/Washi.build/Debug-watchos/WashiCore.build/Objects-normal/arm64_32/WashiCore_const_extract_protocols.json -Xcc -I/Users/admin/builder/spi-builder-workspace/.derivedData/Build/Products/Debug-watchos/include -Xcc -I/Users/admin/builder/spi-builder-workspace/.derivedData/Build/Intermediates.noindex/Washi.build/Debug-watchos/WashiCore.build/DerivedSources-normal/arm64_32 -Xcc -I/Users/admin/builder/spi-builder-workspace/.derivedData/Build/Intermediates.noindex/Washi.build/Debug-watchos/WashiCore.build/DerivedSources/arm64_32 -Xcc -I/Users/admin/builder/spi-builder-workspace/.derivedData/Build/Intermediates.noindex/Washi.build/Debug-watchos/WashiCore.build/DerivedSources -Xcc -DSWIFT_PACKAGE -Xcc -DDEBUG\=1 -emit-objc-header -emit-objc-header-path /Users/admin/builder/spi-builder-workspace/.derivedData/Build/Intermediates.noindex/Washi.build/Debug-watchos/WashiCore.build/Objects-normal/arm64_32/WashiCore-Swift.h -working-directory /Users/admin/builder/spi-builder-workspace/.swiftpm/xcode -experimental-emit-module-separately -disable-cmo
SwiftDriver WashiCore normal armv7k com.apple.xcode.tools.swift.compiler (in target 'WashiCore' from project 'Washi')
    cd /Users/admin/builder/spi-builder-workspace/.swiftpm/xcode
    builtin-SwiftDriver -- /Applications/Xcode-26.5.0.app/Contents/Developer/Toolchains/XcodeDefault.xctoolchain/usr/bin/swiftc -module-name WashiCore -Onone @/Users/admin/builder/spi-builder-workspace/.derivedData/Build/Intermediates.noindex/Washi.build/Debug-watchos/WashiCore.build/Objects-normal/armv7k/WashiCore.SwiftFileList -DSWIFT_PACKAGE -DDEBUG -DSWIFT_MODULE_RESOURCE_BUNDLE_UNAVAILABLE -DXcode -plugin-path /Applications/Xcode-26.5.0.app/Contents/Developer/Toolchains/XcodeDefault.xctoolchain/usr/lib/swift/host/plugins/testing -enable-experimental-feature DebugDescriptionMacro -sdk /Applications/Xcode-26.5.0.app/Contents/Developer/Platforms/WatchOS.platform/Developer/SDKs/WatchOS26.5.sdk -target armv7k-apple-watchos5.0 -g -module-cache-path /Users/admin/builder/spi-builder-workspace/.derivedData/ModuleCache.noindex -Xfrontend -serialize-debugging-options -profile-coverage-mapping -profile-generate -enable-testing -index-store-path /Users/admin/builder/spi-builder-workspace/.derivedData/Index.noindex/DataStore -Xcc -D_LIBCPP_HARDENING_MODE\=_LIBCPP_HARDENING_MODE_DEBUG -swift-version 6 -I /Users/admin/builder/spi-builder-workspace/.derivedData/Build/Products/Debug-watchos -Isystem /Applications/Xcode-26.5.0.app/Contents/Developer/Platforms/WatchOS.platform/Developer/usr/lib -F /Users/admin/builder/spi-builder-workspace/.derivedData/Build/Products/Debug-watchos -F /Applications/Xcode-26.5.0.app/Contents/Developer/Platforms/WatchOS.platform/Developer/Library/Frameworks -F /Applications/Xcode-26.5.0.app/Contents/Developer/Platforms/WatchOS.platform/Developer/SDKs/WatchOS26.5.sdk/Developer/Library/Frameworks -c -j10 -enable-batch-mode -incremental -Xcc -ivfsstatcache -Xcc /Users/admin/builder/spi-builder-workspace/.derivedData/SDKStatCaches.noindex/watchos26.5-23T570-688ef53f1462e2c8f657fdc38a81448f7931b973dfc65d9472806dbbc3af9379.sdkstatcache -output-file-map /Users/admin/builder/spi-builder-workspace/.derivedData/Build/Intermediates.noindex/Washi.build/Debug-watchos/WashiCore.build/Objects-normal/armv7k/WashiCore-OutputFileMap.json -use-frontend-parseable-output -save-temps -no-color-diagnostics -explicit-module-build -module-cache-path /Users/admin/builder/spi-builder-workspace/.derivedData/Build/Intermediates.noindex/SwiftExplicitPrecompiledModules -clang-scanner-module-cache-path /Users/admin/builder/spi-builder-workspace/.derivedData/ModuleCache.noindex -sdk-module-cache-path /Users/admin/builder/spi-builder-workspace/.derivedData/ModuleCache.noindex -serialize-diagnostics -emit-dependencies -emit-module -emit-module-path /Users/admin/builder/spi-builder-workspace/.derivedData/Build/Intermediates.noindex/Washi.build/Debug-watchos/WashiCore.build/Objects-normal/armv7k/WashiCore.swiftmodule -validate-clang-modules-once -clang-build-session-file /Users/admin/builder/spi-builder-workspace/.derivedData/ModuleCache.noindex/Session.modulevalidation -package-name spi_builder_workspace -Xcc -I/Users/admin/builder/spi-builder-workspace/.derivedData/Build/Intermediates.noindex/Washi.build/Debug-watchos/WashiCore.build/swift-overrides.hmap -emit-const-values -Xfrontend -const-gather-protocols-file -Xfrontend /Users/admin/builder/spi-builder-workspace/.derivedData/Build/Intermediates.noindex/Washi.build/Debug-watchos/WashiCore.build/Objects-normal/armv7k/WashiCore_const_extract_protocols.json -Xcc -I/Users/admin/builder/spi-builder-workspace/.derivedData/Build/Products/Debug-watchos/include -Xcc -I/Users/admin/builder/spi-builder-workspace/.derivedData/Build/Intermediates.noindex/Washi.build/Debug-watchos/WashiCore.build/DerivedSources-normal/armv7k -Xcc -I/Users/admin/builder/spi-builder-workspace/.derivedData/Build/Intermediates.noindex/Washi.build/Debug-watchos/WashiCore.build/DerivedSources/armv7k -Xcc -I/Users/admin/builder/spi-builder-workspace/.derivedData/Build/Intermediates.noindex/Washi.build/Debug-watchos/WashiCore.build/DerivedSources -Xcc -DSWIFT_PACKAGE -Xcc -DDEBUG\=1 -emit-objc-header -emit-objc-header-path /Users/admin/builder/spi-builder-workspace/.derivedData/Build/Intermediates.noindex/Washi.build/Debug-watchos/WashiCore.build/Objects-normal/armv7k/WashiCore-Swift.h -working-directory /Users/admin/builder/spi-builder-workspace/.swiftpm/xcode -experimental-emit-module-separately -disable-cmo
SwiftExplicitDependencyGeneratePcm arm64_32 /Users/admin/builder/spi-builder-workspace/.derivedData/ModuleCache.noindex/_Builtin_stdbool-29VZCTHK280GJHA571SXG9ASG.pcm
SwiftExplicitDependencyGeneratePcm arm64_32 /Users/admin/builder/spi-builder-workspace/.derivedData/ModuleCache.noindex/_Builtin_stddef-44ZBBCAVH9H95PIUL2R06EPNN.pcm
SwiftExplicitDependencyGeneratePcm arm64_32 /Users/admin/builder/spi-builder-workspace/.derivedData/ModuleCache.noindex/SwiftShims-Y9UOIV5KSIS0KDX5BDVVAMKQ.pcm
SwiftExplicitDependencyGeneratePcm arm64_32 /Users/admin/builder/spi-builder-workspace/.derivedData/ModuleCache.noindex/_Builtin_stdarg-2846LW51WR3FJYNEE769BGM54.pcm
SwiftExplicitDependencyGeneratePcm arm64_32 /Users/admin/builder/spi-builder-workspace/.derivedData/ModuleCache.noindex/_AvailabilityInternal-DLHW2QV8S38P9IRN7DKDTHEP9.pcm
SwiftExplicitDependencyGeneratePcm arm64_32 /Users/admin/builder/spi-builder-workspace/.derivedData/ModuleCache.noindex/_SwiftConcurrencyShims-49MSOLZ7F449TZ0TRVKQIVZNP.pcm
SwiftExplicitDependencyGeneratePcm arm64_32 /Users/admin/builder/spi-builder-workspace/.derivedData/ModuleCache.noindex/ptrauth-EIGELRNUEL7SAJU41BKCUDR6K.pcm
SwiftExplicitDependencyGeneratePcm arm64_32 /Users/admin/builder/spi-builder-workspace/.derivedData/ModuleCache.noindex/_Builtin_float-BHCK2B2ROVBMZ91A2DBMECP3P.pcm
SwiftExplicitDependencyGeneratePcm arm64_32 /Users/admin/builder/spi-builder-workspace/.derivedData/ModuleCache.noindex/ptrcheck-AUKOWKLJ5LR59DLJDZ0QMNHKP.pcm
SwiftExplicitDependencyGeneratePcm armv7k /Users/admin/builder/spi-builder-workspace/.derivedData/ModuleCache.noindex/ptrauth-D1KUVP5BW8V6YRBE3MNVCBE2E.pcm
SwiftExplicitDependencyGeneratePcm arm64 /Users/admin/builder/spi-builder-workspace/.derivedData/ModuleCache.noindex/ptrauth-6RRLJFTMP964BUOH3ZA18NCET.pcm
SwiftExplicitDependencyGeneratePcm arm64 /Users/admin/builder/spi-builder-workspace/.derivedData/ModuleCache.noindex/ptrcheck-B3DWAI23K1VSBZ9B4HQFDUGA9.pcm
SwiftExplicitDependencyGeneratePcm armv7k /Users/admin/builder/spi-builder-workspace/.derivedData/ModuleCache.noindex/_SwiftConcurrencyShims-HF1NBH7P9KULYHML9AVKSA4P.pcm
SwiftExplicitDependencyGeneratePcm armv7k /Users/admin/builder/spi-builder-workspace/.derivedData/ModuleCache.noindex/_Builtin_stdbool-3F5M0YH52IF7ISNJDW2IHEQ2A.pcm
SwiftExplicitDependencyGeneratePcm armv7k /Users/admin/builder/spi-builder-workspace/.derivedData/ModuleCache.noindex/_Builtin_stdarg-D4LWD3SLKMEEMR29WTOG26Q5T.pcm
SwiftExplicitDependencyGeneratePcm arm64 /Users/admin/builder/spi-builder-workspace/.derivedData/ModuleCache.noindex/_Builtin_stdbool-3K0NS9706ZZKMB26W34N7NRJO.pcm
SwiftExplicitDependencyGeneratePcm arm64 /Users/admin/builder/spi-builder-workspace/.derivedData/ModuleCache.noindex/_Builtin_stdarg-30UO0JZ3BZL3UJMXZ8NY7BG2N.pcm
SwiftExplicitDependencyGeneratePcm arm64 /Users/admin/builder/spi-builder-workspace/.derivedData/ModuleCache.noindex/_AvailabilityInternal-EOZA7RNZF83GHAFYVNANSPB7K.pcm
SwiftExplicitDependencyGeneratePcm arm64 /Users/admin/builder/spi-builder-workspace/.derivedData/ModuleCache.noindex/_SwiftConcurrencyShims-6JV4TIBCO35VV8QOUUP4HYHU8.pcm
SwiftExplicitDependencyGeneratePcm armv7k /Users/admin/builder/spi-builder-workspace/.derivedData/ModuleCache.noindex/_Builtin_float-9MGM9VU0PEMKSTW8BBVNVP7PQ.pcm
SwiftExplicitDependencyGeneratePcm arm64_32 /Users/admin/builder/spi-builder-workspace/.derivedData/ModuleCache.noindex/_DarwinFoundation1-BH2JKT0EOE6EKNI1RBDKTQWZU.pcm
SwiftExplicitDependencyGeneratePcm arm64 /Users/admin/builder/spi-builder-workspace/.derivedData/ModuleCache.noindex/SwiftShims-BSAA6BK72NLSMMSC85W2FICHH.pcm
SwiftExplicitDependencyGeneratePcm armv7k /Users/admin/builder/spi-builder-workspace/.derivedData/ModuleCache.noindex/ptrcheck-84CJDWDKWYKE887DNNOFBAKE5.pcm
SwiftExplicitDependencyGeneratePcm armv7k /Users/admin/builder/spi-builder-workspace/.derivedData/ModuleCache.noindex/_Builtin_stddef-6IRMF7QDYT5Q8LMH89XUFJQ69.pcm
SwiftExplicitDependencyGeneratePcm arm64 /Users/admin/builder/spi-builder-workspace/.derivedData/ModuleCache.noindex/_Builtin_float-2WT5Y9SB362ACJMEXFZK7ZNN2.pcm
SwiftExplicitDependencyGeneratePcm arm64 /Users/admin/builder/spi-builder-workspace/.derivedData/ModuleCache.noindex/_Builtin_stddef-7O9IMW3SKT9J5KMH1DFSCTUT2.pcm
SwiftExplicitDependencyGeneratePcm armv7k /Users/admin/builder/spi-builder-workspace/.derivedData/ModuleCache.noindex/_AvailabilityInternal-EFXN1W5VCP6ADN05CH69KOJMD.pcm
SwiftExplicitDependencyGeneratePcm armv7k /Users/admin/builder/spi-builder-workspace/.derivedData/ModuleCache.noindex/SwiftShims-54O3XTFTGS0DCHGQXX0VXAKIW.pcm
SwiftExplicitDependencyGeneratePcm arm64 /Users/admin/builder/spi-builder-workspace/.derivedData/ModuleCache.noindex/_DarwinFoundation1-227SNA2OQZAYY2EILOQ4OZWWI.pcm
SwiftExplicitDependencyGeneratePcm armv7k /Users/admin/builder/spi-builder-workspace/.derivedData/ModuleCache.noindex/_DarwinFoundation1-ADE3NB165C6L2JTXOQ8OTD6BF.pcm
SwiftExplicitDependencyGeneratePcm arm64_32 /Users/admin/builder/spi-builder-workspace/.derivedData/ModuleCache.noindex/_Builtin_limits-6HWMASE09GWITZD3QJ535CHWD.pcm
SwiftExplicitDependencyGeneratePcm arm64_32 /Users/admin/builder/spi-builder-workspace/.derivedData/ModuleCache.noindex/_DarwinFoundation2-9GSSHE2BT8BHCO2O1DDAW0NKJ.pcm
SwiftExplicitDependencyGeneratePcm arm64 /Users/admin/builder/spi-builder-workspace/.derivedData/ModuleCache.noindex/_DarwinFoundation2-AWB6S4FOQZ2F9R5HPQGPXLQM1.pcm
SwiftExplicitDependencyGeneratePcm arm64 /Users/admin/builder/spi-builder-workspace/.derivedData/ModuleCache.noindex/_Builtin_limits-BZZBOTGJQZJ01O3UJXM4TUTUN.pcm
SwiftExplicitDependencyGeneratePcm armv7k /Users/admin/builder/spi-builder-workspace/.derivedData/ModuleCache.noindex/_Builtin_limits-1Q4YKVDE3QBNIZPTETVUW17T3.pcm
SwiftExplicitDependencyGeneratePcm armv7k /Users/admin/builder/spi-builder-workspace/.derivedData/ModuleCache.noindex/_DarwinFoundation2-DV4KEW6PHTUWM9UDXVAKG4PHY.pcm
SwiftExplicitDependencyGeneratePcm arm64_32 /Users/admin/builder/spi-builder-workspace/.derivedData/ModuleCache.noindex/sys_types-7PPBQQMP9WOPXZY9PV3O6HWOJ.pcm
SwiftExplicitDependencyGeneratePcm arm64_32 /Users/admin/builder/spi-builder-workspace/.derivedData/ModuleCache.noindex/_Builtin_stdint-A5GOZXANJIP53GSEWN310YNNY.pcm
SwiftExplicitDependencyGeneratePcm arm64 /Users/admin/builder/spi-builder-workspace/.derivedData/ModuleCache.noindex/_Builtin_stdint-ZZ44XETV7JCUHQPW9HSEGAW0.pcm
SwiftExplicitDependencyGeneratePcm arm64 /Users/admin/builder/spi-builder-workspace/.derivedData/ModuleCache.noindex/sys_types-44TDJXBNABH6YIBIB1L6UJG2A.pcm
SwiftExplicitDependencyGeneratePcm arm64_32 /Users/admin/builder/spi-builder-workspace/.derivedData/ModuleCache.noindex/_DarwinFoundation3-86NTIOJMBO32S9WDN64L1LC6L.pcm
SwiftExplicitDependencyGeneratePcm armv7k /Users/admin/builder/spi-builder-workspace/.derivedData/ModuleCache.noindex/sys_types-A40CZMME078D7VG6FJ9GFAUT1.pcm
SwiftExplicitDependencyGeneratePcm armv7k /Users/admin/builder/spi-builder-workspace/.derivedData/ModuleCache.noindex/_Builtin_stdint-4UJPCK27WLNAZ5JG8BDJ95Y7T.pcm
SwiftExplicitDependencyGeneratePcm arm64 /Users/admin/builder/spi-builder-workspace/.derivedData/ModuleCache.noindex/_DarwinFoundation3-DG1LCR8UJOFMAEKZ4QOY33HZX.pcm
SwiftExplicitDependencyGeneratePcm armv7k /Users/admin/builder/spi-builder-workspace/.derivedData/ModuleCache.noindex/_DarwinFoundation3-EBKFW3VQLO7I73Z6JO2EF7K9T.pcm
SwiftExplicitDependencyGeneratePcm arm64_32 /Users/admin/builder/spi-builder-workspace/.derivedData/ModuleCache.noindex/_Builtin_inttypes-IK3B20A93OGK2P0MVMMPHD49.pcm
SwiftExplicitDependencyGeneratePcm arm64 /Users/admin/builder/spi-builder-workspace/.derivedData/ModuleCache.noindex/_Builtin_inttypes-9RH3ZGRF7L0UFIAA3RWNP3416.pcm
SwiftExplicitDependencyGeneratePcm armv7k /Users/admin/builder/spi-builder-workspace/.derivedData/ModuleCache.noindex/_Builtin_inttypes-8B9XQ9DWPY04NISEJWZ2RW2L6.pcm
SwiftExplicitDependencyGeneratePcm arm64_32 /Users/admin/builder/spi-builder-workspace/.derivedData/ModuleCache.noindex/Darwin-7EOY6B0FYD3NKAS35RMGXP5LK.pcm
SwiftExplicitDependencyGeneratePcm arm64 /Users/admin/builder/spi-builder-workspace/.derivedData/ModuleCache.noindex/Darwin-16I5UGYPDATFKFISIN5OQGOVM.pcm
SwiftExplicitDependencyGeneratePcm armv7k /Users/admin/builder/spi-builder-workspace/.derivedData/ModuleCache.noindex/Darwin-9PFSQ7LZ2AK01ELYMABKS3GL8.pcm
SwiftExplicitDependencyGeneratePcm arm64_32 /Users/admin/builder/spi-builder-workspace/.derivedData/ModuleCache.noindex/ObjectiveC-MY1YPPP48ZKLRCFMRI5GO9R.pcm
SwiftExplicitDependencyGeneratePcm arm64_32 /Users/admin/builder/spi-builder-workspace/.derivedData/ModuleCache.noindex/Compression-2IIYJOX8S5W5VC2UNKBQVA29C.pcm
SwiftExplicitDependencyGeneratePcm arm64 /Users/admin/builder/spi-builder-workspace/.derivedData/ModuleCache.noindex/Compression-5WQ8BCUYF169MUOSOID1ETHYA.pcm
SwiftExplicitDependencyGeneratePcm arm64 /Users/admin/builder/spi-builder-workspace/.derivedData/ModuleCache.noindex/ObjectiveC-8UETU9VIN6TLHAJS803FFNIGA.pcm
SwiftExplicitDependencyGeneratePcm armv7k /Users/admin/builder/spi-builder-workspace/.derivedData/ModuleCache.noindex/ObjectiveC-E0ZDS99EDVATS2F85SO1ROOW3.pcm
SwiftExplicitDependencyGeneratePcm armv7k /Users/admin/builder/spi-builder-workspace/.derivedData/ModuleCache.noindex/Compression-EJCB0Q84RL9CLLOGIXMIUSZ3G.pcm
SwiftExplicitDependencyGeneratePcm arm64_32 /Users/admin/builder/spi-builder-workspace/.derivedData/ModuleCache.noindex/os_object-E0CVHB9RT7I5F6HKP5IXA5JJN.pcm
SwiftExplicitDependencyGeneratePcm arm64 /Users/admin/builder/spi-builder-workspace/.derivedData/ModuleCache.noindex/os_object-DJJBVMOS2UUUVOJOUK4V18IDX.pcm
SwiftExplicitDependencyGeneratePcm armv7k /Users/admin/builder/spi-builder-workspace/.derivedData/ModuleCache.noindex/os_object-18PXU9H3WOD68TY6MAL1ZLNP9.pcm
SwiftExplicitDependencyGeneratePcm arm64_32 /Users/admin/builder/spi-builder-workspace/.derivedData/ModuleCache.noindex/os_workgroup-3O8OVEKEFKDEG3VCH3RTEZ94B.pcm
SwiftExplicitDependencyGeneratePcm arm64 /Users/admin/builder/spi-builder-workspace/.derivedData/ModuleCache.noindex/os_workgroup-B77XM89IDYHHAHLL7HI5JSCBX.pcm
SwiftExplicitDependencyGeneratePcm armv7k /Users/admin/builder/spi-builder-workspace/.derivedData/ModuleCache.noindex/os_workgroup-BVJ42AVMIW7DCL8N126TAMQWH.pcm
SwiftExplicitDependencyGeneratePcm arm64_32 /Users/admin/builder/spi-builder-workspace/.derivedData/ModuleCache.noindex/Dispatch-1FJ1MI5CEQAKDW1VL40ZXGEZX.pcm
SwiftExplicitDependencyGeneratePcm arm64 /Users/admin/builder/spi-builder-workspace/.derivedData/ModuleCache.noindex/Dispatch-VJEF7PUQ9LH822JVM5XG6MK1.pcm
SwiftExplicitDependencyGeneratePcm armv7k /Users/admin/builder/spi-builder-workspace/.derivedData/ModuleCache.noindex/Dispatch-E47IY0S0HQME5O93LIR5ULUJ3.pcm
SwiftExplicitDependencyGeneratePcm arm64_32 /Users/admin/builder/spi-builder-workspace/.derivedData/ModuleCache.noindex/XPC-OZIOUFM4EDBR3SQ2IFY2FZJ3.pcm
SwiftExplicitDependencyGeneratePcm arm64_32 /Users/admin/builder/spi-builder-workspace/.derivedData/ModuleCache.noindex/CoreFoundation-2WN2GWDD3XFIB7PUN7AGTCXVV.pcm
SwiftExplicitDependencyGeneratePcm arm64 /Users/admin/builder/spi-builder-workspace/.derivedData/ModuleCache.noindex/CoreFoundation-DJJGOYJ4YNQ64CSPYCZOO8QAP.pcm
SwiftExplicitDependencyGeneratePcm arm64 /Users/admin/builder/spi-builder-workspace/.derivedData/ModuleCache.noindex/XPC-BSDTMJV05ILJA5FSICCCI2OL5.pcm
SwiftExplicitDependencyGeneratePcm armv7k /Users/admin/builder/spi-builder-workspace/.derivedData/ModuleCache.noindex/XPC-9DTZ8AF9XTWF42TLLJ49FJTST.pcm
SwiftExplicitDependencyGeneratePcm armv7k /Users/admin/builder/spi-builder-workspace/.derivedData/ModuleCache.noindex/CoreFoundation-7GHF7X5P6ZD825PTKSHFN9ZI4.pcm
SwiftExplicitDependencyGeneratePcm arm64_32 /Users/admin/builder/spi-builder-workspace/.derivedData/ModuleCache.noindex/Security-7N2K583MEDYU75HOC5BPDGNTH.pcm
SwiftExplicitDependencyGeneratePcm arm64_32 /Users/admin/builder/spi-builder-workspace/.derivedData/ModuleCache.noindex/CoreGraphics-F524NRJVGDPKYF3PEKGNT518N.pcm
SwiftExplicitDependencyGeneratePcm arm64 /Users/admin/builder/spi-builder-workspace/.derivedData/ModuleCache.noindex/CoreGraphics-3MA5R5UK6GBUOC4P4OFE5VS19.pcm
SwiftExplicitDependencyGeneratePcm arm64 /Users/admin/builder/spi-builder-workspace/.derivedData/ModuleCache.noindex/Security-AURWBFXY7JXCFHSY4JJOY36RH.pcm
SwiftExplicitDependencyGeneratePcm armv7k /Users/admin/builder/spi-builder-workspace/.derivedData/ModuleCache.noindex/CoreGraphics-4Q20BONXRDLEUPQMDZAPAEFTA.pcm
SwiftExplicitDependencyGeneratePcm armv7k /Users/admin/builder/spi-builder-workspace/.derivedData/ModuleCache.noindex/Security-7SE760WZ2OEJ7HFR5VXFCZI9G.pcm
SwiftExplicitDependencyGeneratePcm arm64_32 /Users/admin/builder/spi-builder-workspace/.derivedData/ModuleCache.noindex/Foundation-83JWXXASQB5K8FJA2ZIQES3E6.pcm
SwiftExplicitDependencyGeneratePcm arm64 /Users/admin/builder/spi-builder-workspace/.derivedData/ModuleCache.noindex/Foundation-EK2FWRD3ACYA8LSCWDBUAPYS5.pcm
SwiftExplicitDependencyGeneratePcm arm64_32 /Users/admin/builder/spi-builder-workspace/.derivedData/ModuleCache.noindex/ImageIO-EOHGNWEGBWS7QN0LZ85D2WBMA.pcm
SwiftExplicitDependencyGeneratePcm armv7k /Users/admin/builder/spi-builder-workspace/.derivedData/ModuleCache.noindex/Foundation-EPSSWBF5ZPDOEQV0Z1H7HHJ2F.pcm
SwiftExplicitDependencyGeneratePcm arm64 /Users/admin/builder/spi-builder-workspace/.derivedData/ModuleCache.noindex/ImageIO-97I4W57MP9GFFOJD0XF8GOD4J.pcm
SwiftExplicitDependencyGeneratePcm armv7k /Users/admin/builder/spi-builder-workspace/.derivedData/ModuleCache.noindex/ImageIO-9HLRHP37HX1YU90FXSFQSWWZC.pcm
SwiftExplicitDependencyGeneratePcm arm64_32 /Users/admin/builder/spi-builder-workspace/.derivedData/ModuleCache.noindex/LocalAuthentication-3FPRJP4ZMQYACGTVDRQDBODMW.pcm
SwiftExplicitDependencyGeneratePcm arm64 /Users/admin/builder/spi-builder-workspace/.derivedData/ModuleCache.noindex/LocalAuthentication-8T44E8C6AHB4E8Q1PHNW9HZDB.pcm
SwiftExplicitDependencyGeneratePcm armv7k /Users/admin/builder/spi-builder-workspace/.derivedData/ModuleCache.noindex/LocalAuthentication-58E8PCUPP0I9BLO6EB4J2XCYO.pcm
SwiftEmitModule normal armv7k Emitting\ module\ for\ WashiCore (in target 'WashiCore' from project 'Washi')
EmitSwiftModule normal armv7k (in target 'WashiCore' from project 'Washi')
    cd /Users/admin/builder/spi-builder-workspace/.swiftpm/xcode

SwiftCompile normal armv7k Compiling\ EPUBSearch.swift,\ EPUBTextExtraction.swift,\ ExtractedTextCache.swift /Users/admin/builder/spi-builder-workspace/Sources/WashiCore/Publication/EPUBSearch.swift /Users/admin/builder/spi-builder-workspace/Sources/WashiCore/Publication/EPUBTextExtraction.swift /Users/admin/builder/spi-builder-workspace/Sources/WashiCore/Publication/ExtractedTextCache.swift (in target 'WashiCore' from project 'Washi')
SwiftCompile normal armv7k /Users/admin/builder/spi-builder-workspace/Sources/WashiCore/Publication/EPUBSearch.swift (in target 'WashiCore' from project 'Washi')
    cd /Users/admin/builder/spi-builder-workspace/.swiftpm/xcode

/Users/admin/builder/spi-builder-workspace/Sources/WashiCore/Publication/EPUBSearch.swift:161:16: error: 'Task' is only available in watchOS 6.0 or newer
            if Task.isCancelled { break }
               ^
/Users/admin/builder/spi-builder-workspace/Sources/WashiCore/Publication/EPUBSearch.swift:161:16: note: add 'if #available' version check
            if Task.isCancelled { break }
               ^
/Users/admin/builder/spi-builder-workspace/Sources/WashiCore/Publication/EPUBSearch.swift:151:17: note: add '@available' attribute to enclosing instance method
    public func search(_ query: String, options: EPUBSearchOptions,
                ^
/Users/admin/builder/spi-builder-workspace/Sources/WashiCore/Publication/EPUBSearch.swift:88:1: note: add '@available' attribute to enclosing extension
extension EPUBPublication {
^
/Users/admin/builder/spi-builder-workspace/Sources/WashiCore/Publication/EPUBSearch.swift:161:21: error: 'isCancelled' is only available in watchOS 6.0 or newer
            if Task.isCancelled { break }
                    ^
/Users/admin/builder/spi-builder-workspace/Sources/WashiCore/Publication/EPUBSearch.swift:161:21: note: add 'if #available' version check
            if Task.isCancelled { break }
                    ^
/Users/admin/builder/spi-builder-workspace/Sources/WashiCore/Publication/EPUBSearch.swift:151:17: note: add '@available' attribute to enclosing instance method
    public func search(_ query: String, options: EPUBSearchOptions,
                ^
/Users/admin/builder/spi-builder-workspace/Sources/WashiCore/Publication/EPUBSearch.swift:88:1: note: add '@available' attribute to enclosing extension
extension EPUBPublication {
^
/Users/admin/builder/spi-builder-workspace/Sources/WashiCore/Publication/EPUBSearch.swift:192:16: error: 'Task' is only available in watchOS 6.0 or newer
        guard !Task.isCancelled else { return [] }
               ^
/Users/admin/builder/spi-builder-workspace/Sources/WashiCore/Publication/EPUBSearch.swift:192:16: note: add 'if #available' version check
        guard !Task.isCancelled else { return [] }
               ^
/Users/admin/builder/spi-builder-workspace/Sources/WashiCore/Publication/EPUBSearch.swift:188:25: note: add '@available' attribute to enclosing static method
    private static func matches(of needle: String, in text: String,
                        ^
/Users/admin/builder/spi-builder-workspace/Sources/WashiCore/Publication/EPUBSearch.swift:88:1: note: add '@available' attribute to enclosing extension
extension EPUBPublication {
^
/Users/admin/builder/spi-builder-workspace/Sources/WashiCore/Publication/EPUBSearch.swift:192:21: error: 'isCancelled' is only available in watchOS 6.0 or newer
        guard !Task.isCancelled else { return [] }
                    ^
/Users/admin/builder/spi-builder-workspace/Sources/WashiCore/Publication/EPUBSearch.swift:192:21: note: add 'if #available' version check
        guard !Task.isCancelled else { return [] }
                    ^
/Users/admin/builder/spi-builder-workspace/Sources/WashiCore/Publication/EPUBSearch.swift:188:25: note: add '@available' attribute to enclosing static method
    private static func matches(of needle: String, in text: String,
                        ^
/Users/admin/builder/spi-builder-workspace/Sources/WashiCore/Publication/EPUBSearch.swift:88:1: note: add '@available' attribute to enclosing extension
extension EPUBPublication {
^
/Users/admin/builder/spi-builder-workspace/Sources/WashiCore/Publication/EPUBSearch.swift:201:61: error: 'Task' is only available in watchOS 6.0 or newer
                    if processed.isMultiple(of: 1024) { try Task.checkCancellation() }
                                                            ^
/Users/admin/builder/spi-builder-workspace/Sources/WashiCore/Publication/EPUBSearch.swift:201:61: note: add 'if #available' version check
                    if processed.isMultiple(of: 1024) { try Task.checkCancellation() }
                                                            ^
/Users/admin/builder/spi-builder-workspace/Sources/WashiCore/Publication/EPUBSearch.swift:188:25: note: add '@available' attribute to enclosing static method
    private static func matches(of needle: String, in text: String,
                        ^
/Users/admin/builder/spi-builder-workspace/Sources/WashiCore/Publication/EPUBSearch.swift:88:1: note: add '@available' attribute to enclosing extension
extension EPUBPublication {
^
/Users/admin/builder/spi-builder-workspace/Sources/WashiCore/Publication/EPUBSearch.swift:201:66: error: 'checkCancellation()' is only available in watchOS 6.0 or newer
                    if processed.isMultiple(of: 1024) { try Task.checkCancellation() }
                                                                 ^
/Users/admin/builder/spi-builder-workspace/Sources/WashiCore/Publication/EPUBSearch.swift:201:66: note: add 'if #available' version check
                    if processed.isMultiple(of: 1024) { try Task.checkCancellation() }
                                                                 ^
/Users/admin/builder/spi-builder-workspace/Sources/WashiCore/Publication/EPUBSearch.swift:188:25: note: add '@available' attribute to enclosing static method
    private static func matches(of needle: String, in text: String,
                        ^
/Users/admin/builder/spi-builder-workspace/Sources/WashiCore/Publication/EPUBSearch.swift:88:1: note: add '@available' attribute to enclosing extension
extension EPUBPublication {
^
/Users/admin/builder/spi-builder-workspace/Sources/WashiCore/Publication/EPUBSearch.swift:225:16: error: 'Task' is only available in watchOS 6.0 or newer
        guard !Task.isCancelled,
               ^
/Users/admin/builder/spi-builder-workspace/Sources/WashiCore/Publication/EPUBSearch.swift:225:16: note: add 'if #available' version check
        guard !Task.isCancelled,
               ^
/Users/admin/builder/spi-builder-workspace/Sources/WashiCore/Publication/EPUBSearch.swift:188:25: note: add '@available' attribute to enclosing static method
    private static func matches(of needle: String, in text: String,
                        ^
/Users/admin/builder/spi-builder-workspace/Sources/WashiCore/Publication/EPUBSearch.swift:88:1: note: add '@available' attribute to enclosing extension
extension EPUBPublication {
^
/Users/admin/builder/spi-builder-workspace/Sources/WashiCore/Publication/EPUBSearch.swift:225:21: error: 'isCancelled' is only available in watchOS 6.0 or newer
        guard !Task.isCancelled,
                    ^
/Users/admin/builder/spi-builder-workspace/Sources/WashiCore/Publication/EPUBSearch.swift:225:21: note: add 'if #available' version check
        guard !Task.isCancelled,
                    ^
/Users/admin/builder/spi-builder-workspace/Sources/WashiCore/Publication/EPUBSearch.swift:188:25: note: add '@available' attribute to enclosing static method
    private static func matches(of needle: String, in text: String,
                        ^
/Users/admin/builder/spi-builder-workspace/Sources/WashiCore/Publication/EPUBSearch.swift:88:1: note: add '@available' attribute to enclosing extension
extension EPUBPublication {
^
/Users/admin/builder/spi-builder-workspace/Sources/WashiCore/Publication/EPUBSearch.swift:227:16: error: 'Task' is only available in watchOS 6.0 or newer
              !Task.isCancelled
               ^
/Users/admin/builder/spi-builder-workspace/Sources/WashiCore/Publication/EPUBSearch.swift:227:16: note: add 'if #available' version check
              !Task.isCancelled
               ^
/Users/admin/builder/spi-builder-workspace/Sources/WashiCore/Publication/EPUBSearch.swift:188:25: note: add '@available' attribute to enclosing static method
    private static func matches(of needle: String, in text: String,
                        ^
/Users/admin/builder/spi-builder-workspace/Sources/WashiCore/Publication/EPUBSearch.swift:88:1: note: add '@available' attribute to enclosing extension
extension EPUBPublication {
^
/Users/admin/builder/spi-builder-workspace/Sources/WashiCore/Publication/EPUBSearch.swift:227:21: error: 'isCancelled' is only available in watchOS 6.0 or newer
              !Task.isCancelled
                    ^
/Users/admin/builder/spi-builder-workspace/Sources/WashiCore/Publication/EPUBSearch.swift:227:21: note: add 'if #available' version check
              !Task.isCancelled
                    ^
/Users/admin/builder/spi-builder-workspace/Sources/WashiCore/Publication/EPUBSearch.swift:188:25: note: add '@available' attribute to enclosing static method
    private static func matches(of needle: String, in text: String,
                        ^
/Users/admin/builder/spi-builder-workspace/Sources/WashiCore/Publication/EPUBSearch.swift:88:1: note: add '@available' attribute to enclosing extension
extension EPUBPublication {
^
/Users/admin/builder/spi-builder-workspace/Sources/WashiCore/Publication/EPUBSearch.swift:235:57: error: 'Task' is only available in watchOS 6.0 or newer
            if utf16Offsets.count.isMultiple(of: 1024), Task.isCancelled { return [] }
                                                        ^
/Users/admin/builder/spi-builder-workspace/Sources/WashiCore/Publication/EPUBSearch.swift:235:57: note: add 'if #available' version check
            if utf16Offsets.count.isMultiple(of: 1024), Task.isCancelled { return [] }
                                                        ^
/Users/admin/builder/spi-builder-workspace/Sources/WashiCore/Publication/EPUBSearch.swift:188:25: note: add '@available' attribute to enclosing static method
    private static func matches(of needle: String, in text: String,
                        ^
/Users/admin/builder/spi-builder-workspace/Sources/WashiCore/Publication/EPUBSearch.swift:88:1: note: add '@available' attribute to enclosing extension
extension EPUBPublication {
^
/Users/admin/builder/spi-builder-workspace/Sources/WashiCore/Publication/EPUBSearch.swift:235:62: error: 'isCancelled' is only available in watchOS 6.0 or newer
            if utf16Offsets.count.isMultiple(of: 1024), Task.isCancelled { return [] }
                                                             ^
/Users/admin/builder/spi-builder-workspace/Sources/WashiCore/Publication/EPUBSearch.swift:235:62: note: add 'if #available' version check
            if utf16Offsets.count.isMultiple(of: 1024), Task.isCancelled { return [] }
                                                             ^
/Users/admin/builder/spi-builder-workspace/Sources/WashiCore/Publication/EPUBSearch.swift:188:25: note: add '@available' attribute to enclosing static method
    private static func matches(of needle: String, in text: String,
                        ^
/Users/admin/builder/spi-builder-workspace/Sources/WashiCore/Publication/EPUBSearch.swift:88:1: note: add '@available' attribute to enclosing extension
extension EPUBPublication {
^
/Users/admin/builder/spi-builder-workspace/Sources/WashiCore/Publication/EPUBSearch.swift:243:56: error: 'Task' is only available in watchOS 6.0 or newer
                if offsets.count.isMultiple(of: 1024), Task.isCancelled { return [] }
                                                       ^
/Users/admin/builder/spi-builder-workspace/Sources/WashiCore/Publication/EPUBSearch.swift:243:56: note: add 'if #available' version check
                if offsets.count.isMultiple(of: 1024), Task.isCancelled { return [] }
                                                       ^
/Users/admin/builder/spi-builder-workspace/Sources/WashiCore/Publication/EPUBSearch.swift:188:25: note: add '@available' attribute to enclosing static method
    private static func matches(of needle: String, in text: String,
                        ^
/Users/admin/builder/spi-builder-workspace/Sources/WashiCore/Publication/EPUBSearch.swift:88:1: note: add '@available' attribute to enclosing extension
extension EPUBPublication {
^
/Users/admin/builder/spi-builder-workspace/Sources/WashiCore/Publication/EPUBSearch.swift:243:61: error: 'isCancelled' is only available in watchOS 6.0 or newer
                if offsets.count.isMultiple(of: 1024), Task.isCancelled { return [] }
                                                            ^
/Users/admin/builder/spi-builder-workspace/Sources/WashiCore/Publication/EPUBSearch.swift:243:61: note: add 'if #available' version check
                if offsets.count.isMultiple(of: 1024), Task.isCancelled { return [] }
                                                            ^
/Users/admin/builder/spi-builder-workspace/Sources/WashiCore/Publication/EPUBSearch.swift:188:25: note: add '@available' attribute to enclosing static method
    private static func matches(of needle: String, in text: String,
                        ^
/Users/admin/builder/spi-builder-workspace/Sources/WashiCore/Publication/EPUBSearch.swift:88:1: note: add '@available' attribute to enclosing extension
extension EPUBPublication {
^
/Users/admin/builder/spi-builder-workspace/Sources/WashiCore/Publication/EPUBSearch.swift:258:47: error: 'Task' is only available in watchOS 6.0 or newer
            if hits.count.isMultiple(of: 64), Task.isCancelled { break }
                                              ^
/Users/admin/builder/spi-builder-workspace/Sources/WashiCore/Publication/EPUBSearch.swift:258:47: note: add 'if #available' version check
            if hits.count.isMultiple(of: 64), Task.isCancelled { break }
                                              ^
/Users/admin/builder/spi-builder-workspace/Sources/WashiCore/Publication/EPUBSearch.swift:188:25: note: add '@available' attribute to enclosing static method
    private static func matches(of needle: String, in text: String,
                        ^
/Users/admin/builder/spi-builder-workspace/Sources/WashiCore/Publication/EPUBSearch.swift:88:1: note: add '@available' attribute to enclosing extension
extension EPUBPublication {
^
/Users/admin/builder/spi-builder-workspace/Sources/WashiCore/Publication/EPUBSearch.swift:258:52: error: 'isCancelled' is only available in watchOS 6.0 or newer
            if hits.count.isMultiple(of: 64), Task.isCancelled { break }
                                                   ^
/Users/admin/builder/spi-builder-workspace/Sources/WashiCore/Publication/EPUBSearch.swift:258:52: note: add 'if #available' version check
            if hits.count.isMultiple(of: 64), Task.isCancelled { break }
                                                   ^
/Users/admin/builder/spi-builder-workspace/Sources/WashiCore/Publication/EPUBSearch.swift:188:25: note: add '@available' attribute to enclosing static method
    private static func matches(of needle: String, in text: String,
                        ^
/Users/admin/builder/spi-builder-workspace/Sources/WashiCore/Publication/EPUBSearch.swift:88:1: note: add '@available' attribute to enclosing extension
extension EPUBPublication {
^
SwiftCompile normal armv7k /Users/admin/builder/spi-builder-workspace/Sources/WashiCore/Publication/EPUBTextExtraction.swift (in target 'WashiCore' from project 'Washi')
    cd /Users/admin/builder/spi-builder-workspace/.swiftpm/xcode

/Users/admin/builder/spi-builder-workspace/Sources/WashiCore/Publication/EPUBTextExtraction.swift:86:53: error: cannot find type 'XMLElement' in scope
    private static func appendPlainText(of element: XMLElement,
                                                    ^~~~~~~~~~
/Users/admin/builder/spi-builder-workspace/Sources/WashiCore/Util/WashiXML.swift:31:53: error: cannot find type 'XMLDocument' in scope
    static func document(from data: Data) throws -> XMLDocument {
                                                    ^~~~~~~~~~~
/Users/admin/builder/spi-builder-workspace/Sources/WashiCore/Publication/EPUBTextExtraction.swift:93:44: error: cannot find type 'XMLElement' in scope
                guard let child = node as? XMLElement,
                                           ^~~~~~~~~~
/Users/admin/builder/spi-builder-workspace/Sources/WashiCore/Publication/EPUBTextExtraction.swift:95:20: error: cannot find 'XMLElement' in scope
                if XMLElement.shouldSkipReadableTextElement(child) { continue }
                   ^~~~~~~~~~
SwiftCompile normal armv7k /Users/admin/builder/spi-builder-workspace/Sources/WashiCore/Publication/ExtractedTextCache.swift (in target 'WashiCore' from project 'Washi')
    cd /Users/admin/builder/spi-builder-workspace/.swiftpm/xcode

SwiftCompile normal armv7k Compiling\ EPUBPublication.swift,\ EPUBPublicationNavigation.swift,\ EPUBReadingDirection.swift /Users/admin/builder/spi-builder-workspace/Sources/WashiCore/Publication/EPUBPublication.swift /Users/admin/builder/spi-builder-workspace/Sources/WashiCore/Publication/EPUBPublicationNavigation.swift /Users/admin/builder/spi-builder-workspace/Sources/WashiCore/Publication/EPUBReadingDirection.swift (in target 'WashiCore' from project 'Washi')
SwiftCompile normal armv7k /Users/admin/builder/spi-builder-workspace/Sources/WashiCore/Publication/EPUBPublication.swift (in target 'WashiCore' from project 'Washi')
    cd /Users/admin/builder/spi-builder-workspace/.swiftpm/xcode

/Users/admin/builder/spi-builder-workspace/Sources/WashiCore/Publication/EPUBPublication.swift:89:9: error: concurrency is only available in watchOS 6.0.0 or newer
        async throws -> EPUBPublication {
        ^
/Users/admin/builder/spi-builder-workspace/Sources/WashiCore/Publication/EPUBPublication.swift:87:24: note: add '@available' attribute to enclosing static method
    public static func open(url: URL,
                       ^
/Users/admin/builder/spi-builder-workspace/Sources/WashiCore/Publication/EPUBPublication.swift:44:20: note: add '@available' attribute to enclosing class
public final class EPUBPublication: Sendable {
                   ^
/Users/admin/builder/spi-builder-workspace/Sources/WashiCore/Publication/EPUBPublication.swift:271:58: error: cannot find type 'XMLElement' in scope
    private static func optionSaysFixedLayout(_ element: XMLElement) -> Bool {
                                                         ^~~~~~~~~~
/Users/admin/builder/spi-builder-workspace/Sources/WashiCore/Publication/EPUBPublication.swift:90:19: error: 'Task' is only available in watchOS 6.0 or newer
        try await Task.detached(priority: .userInitiated) {
                  ^
/Users/admin/builder/spi-builder-workspace/Sources/WashiCore/Publication/EPUBPublication.swift:90:19: note: add 'if #available' version check
        try await Task.detached(priority: .userInitiated) {
                  ^
/Users/admin/builder/spi-builder-workspace/Sources/WashiCore/Publication/EPUBPublication.swift:87:24: note: add '@available' attribute to enclosing static method
    public static func open(url: URL,
                       ^
/Users/admin/builder/spi-builder-workspace/Sources/WashiCore/Publication/EPUBPublication.swift:44:20: note: add '@available' attribute to enclosing class
public final class EPUBPublication: Sendable {
                   ^
/Users/admin/builder/spi-builder-workspace/Sources/WashiCore/Publication/EPUBPublication.swift:90:24: error: 'detached(name:priority:operation:)' is only available in watchOS 6.0 or newer
        try await Task.detached(priority: .userInitiated) {
                       ^
/Users/admin/builder/spi-builder-workspace/Sources/WashiCore/Publication/EPUBPublication.swift:90:24: note: add 'if #available' version check
        try await Task.detached(priority: .userInitiated) {
                       ^
/Users/admin/builder/spi-builder-workspace/Sources/WashiCore/Publication/EPUBPublication.swift:87:24: note: add '@available' attribute to enclosing static method
    public static func open(url: URL,
                       ^
/Users/admin/builder/spi-builder-workspace/Sources/WashiCore/Publication/EPUBPublication.swift:44:20: note: add '@available' attribute to enclosing class
public final class EPUBPublication: Sendable {
                   ^
/Users/admin/builder/spi-builder-workspace/Sources/WashiCore/Publication/EPUBPublication.swift:92:11: error: 'value' is only available in watchOS 6.0 or newer
        }.value
          ^
/Users/admin/builder/spi-builder-workspace/Sources/WashiCore/Publication/EPUBPublication.swift:92:11: note: add 'if #available' version check
        }.value
          ^
/Users/admin/builder/spi-builder-workspace/Sources/WashiCore/Publication/EPUBPublication.swift:87:24: note: add '@available' attribute to enclosing static method
    public static func open(url: URL,
                       ^
/Users/admin/builder/spi-builder-workspace/Sources/WashiCore/Publication/EPUBPublication.swift:44:20: note: add '@available' attribute to enclosing class
public final class EPUBPublication: Sendable {
                   ^
/Users/admin/builder/spi-builder-workspace/Sources/WashiCore/Util/WashiXML.swift:31:53: error: cannot find type 'XMLDocument' in scope
    static func document(from data: Data) throws -> XMLDocument {
                                                    ^~~~~~~~~~~
/Users/admin/builder/spi-builder-workspace/Sources/WashiCore/Publication/EPUBPublication.swift:279:38: error: cannot find type 'XMLElement' in scope
            if let child = child as? XMLElement, optionSaysFixedLayout(child) {
                                     ^~~~~~~~~~
SwiftCompile normal armv7k /Users/admin/builder/spi-builder-workspace/Sources/WashiCore/Publication/EPUBPublicationNavigation.swift (in target 'WashiCore' from project 'Washi')
    cd /Users/admin/builder/spi-builder-workspace/.swiftpm/xcode

SwiftCompile normal armv7k /Users/admin/builder/spi-builder-workspace/Sources/WashiCore/Publication/EPUBReadingDirection.swift (in target 'WashiCore' from project 'Washi')
    cd /Users/admin/builder/spi-builder-workspace/.swiftpm/xcode

/Users/admin/builder/spi-builder-workspace/Sources/WashiCore/Publication/EPUBReadingDirection.swift:133:29: error: cannot infer key path type from context; consider explicitly specifying a root type
                .compactMap(\.stringValue)
                            ^
                             <#Root#>
/Users/admin/builder/spi-builder-workspace/Sources/WashiCore/Publication/EPUBReadingDirection.swift:147:37: warning: no calls to throwing functions occur within 'try' expression
                      let cssData = try? resource(at: path).data,
                                    ^
SwiftCompile normal armv7k Compiling\ ZipArchive.swift,\ EPUBError.swift,\ EPUBEncryption.swift /Users/admin/builder/spi-builder-workspace/Sources/WashiCore/Container/ZipArchive.swift /Users/admin/builder/spi-builder-workspace/Sources/WashiCore/EPUBError.swift /Users/admin/builder/spi-builder-workspace/Sources/WashiCore/Encryption/EPUBEncryption.swift (in target 'WashiCore' from project 'Washi')
SwiftCompile normal armv7k /Users/admin/builder/spi-builder-workspace/Sources/WashiCore/Container/ZipArchive.swift (in target 'WashiCore' from project 'Washi')
    cd /Users/admin/builder/spi-builder-workspace/.swiftpm/xcode

SwiftCompile normal armv7k /Users/admin/builder/spi-builder-workspace/Sources/WashiCore/EPUBError.swift (in target 'WashiCore' from project 'Washi')
    cd /Users/admin/builder/spi-builder-workspace/.swiftpm/xcode

SwiftCompile normal armv7k /Users/admin/builder/spi-builder-workspace/Sources/WashiCore/Encryption/EPUBEncryption.swift (in target 'WashiCore' from project 'Washi')
    cd /Users/admin/builder/spi-builder-workspace/.swiftpm/xcode

SwiftCompile normal armv7k Compiling\ MediaOverlay.swift,\ SMILParser.swift,\ EPUBNavigation.swift /Users/admin/builder/spi-builder-workspace/Sources/WashiCore/MediaOverlay/MediaOverlay.swift /Users/admin/builder/spi-builder-workspace/Sources/WashiCore/MediaOverlay/SMILParser.swift /Users/admin/builder/spi-builder-workspace/Sources/WashiCore/Navigation/EPUBNavigation.swift (in target 'WashiCore' from project 'Washi')
SwiftCompile normal armv7k /Users/admin/builder/spi-builder-workspace/Sources/WashiCore/MediaOverlay/MediaOverlay.swift (in target 'WashiCore' from project 'Washi')
    cd /Users/admin/builder/spi-builder-workspace/.swiftpm/xcode

SwiftCompile normal armv7k /Users/admin/builder/spi-builder-workspace/Sources/WashiCore/MediaOverlay/SMILParser.swift (in target 'WashiCore' from project 'Washi')
    cd /Users/admin/builder/spi-builder-workspace/.swiftpm/xcode

/Users/admin/builder/spi-builder-workspace/Sources/WashiCore/MediaOverlay/SMILParser.swift:15:21: error: cannot find type 'XMLElement' in scope
        in element: XMLElement, inheritedTypes: [String] = [],
                    ^~~~~~~~~~
/Users/admin/builder/spi-builder-workspace/Sources/WashiCore/Util/WashiXML.swift:31:53: error: cannot find type 'XMLDocument' in scope
    static func document(from data: Data) throws -> XMLDocument {
                                                    ^~~~~~~~~~~
/Users/admin/builder/spi-builder-workspace/Sources/WashiCore/MediaOverlay/SMILParser.swift:22:40: error: cannot find type 'XMLElement' in scope
            guard let child = node as? XMLElement else { continue }
                                       ^~~~~~~~~~
SwiftCompile normal armv7k /Users/admin/builder/spi-builder-workspace/Sources/WashiCore/Navigation/EPUBNavigation.swift (in target 'WashiCore' from project 'Washi')
    cd /Users/admin/builder/spi-builder-workspace/.swiftpm/xcode

/Users/admin/builder/spi-builder-workspace/Sources/WashiCore/Navigation/EPUBNavigation.swift:76:71: error: cannot find type 'XMLElement' in scope
    private static func collectNavElements(_ element: XMLElement) -> [XMLElement] {
                                                                      ^~~~~~~~~~
/Users/admin/builder/spi-builder-workspace/Sources/WashiCore/Navigation/EPUBNavigation.swift:76:55: error: cannot find type 'XMLElement' in scope
    private static func collectNavElements(_ element: XMLElement) -> [XMLElement] {
                                                      ^~~~~~~~~~
/Users/admin/builder/spi-builder-workspace/Sources/WashiCore/Navigation/EPUBNavigation.swift:88:42: error: cannot find type 'XMLElement' in scope
    private static func parseList(_ nav: XMLElement) -> [EPUBNavItem] {
                                         ^~~~~~~~~~
/Users/admin/builder/spi-builder-workspace/Sources/WashiCore/Navigation/EPUBNavigation.swift:93:48: error: cannot find type 'XMLElement' in scope
    private static func parseListItems(_ list: XMLElement) -> [EPUBNavItem] {
                                               ^~~~~~~~~~
/Users/admin/builder/spi-builder-workspace/Sources/WashiCore/Navigation/EPUBNavigation.swift:123:73: error: cannot find type 'XMLElement' in scope
                                             in element: XMLElement) -> XMLElement? {
                                                                        ^~~~~~~~~~
/Users/admin/builder/spi-builder-workspace/Sources/WashiCore/Navigation/EPUBNavigation.swift:123:58: error: cannot find type 'XMLElement' in scope
                                             in element: XMLElement) -> XMLElement? {
                                                         ^~~~~~~~~~
/Users/admin/builder/spi-builder-workspace/Sources/WashiCore/Navigation/EPUBNavigation.swift:157:52: error: cannot find type 'XMLElement' in scope
    private static func parseNavPoints(in element: XMLElement) -> [EPUBNavItem] {
                                                   ^~~~~~~~~~
/Users/admin/builder/spi-builder-workspace/Sources/WashiCore/Navigation/EPUBNavigation.swift:166:45: error: cannot find type 'XMLElement' in scope
    private static func parsePoint(_ point: XMLElement) -> EPUBNavItem? {
                                            ^~~~~~~~~~
/Users/admin/builder/spi-builder-workspace/Sources/WashiCore/Navigation/EPUBNavigation.swift:77:22: error: cannot find type 'XMLElement' in scope
        var result: [XMLElement] = []
                     ^~~~~~~~~~
/Users/admin/builder/spi-builder-workspace/Sources/WashiCore/Navigation/EPUBNavigation.swift:80:37: error: cannot find type 'XMLElement' in scope
            if let child = node as? XMLElement {
                                    ^~~~~~~~~~
/Users/admin/builder/spi-builder-workspace/Sources/WashiCore/Navigation/EPUBNavigation.swift:96:37: error: cannot find type 'XMLElement' in scope
            guard let li = node as? XMLElement, li.localName == "li" else { continue }
                                    ^~~~~~~~~~
/Users/admin/builder/spi-builder-workspace/Sources/WashiCore/Navigation/EPUBNavigation.swift:99:49: error: cannot find type 'XMLElement' in scope
                guard let child = childNode as? XMLElement else { continue }
                                                ^~~~~~~~~~
/Users/admin/builder/spi-builder-workspace/Sources/WashiCore/Navigation/EPUBNavigation.swift:125:40: error: cannot find type 'XMLElement' in scope
            guard let child = node as? XMLElement else { continue }
                                       ^~~~~~~~~~
SwiftCompile normal armv7k Compiling\ EPUBLocator.swift,\ EPUBNoteExtraction.swift,\ EPUBPrefixedCSS.swift /Users/admin/builder/spi-builder-workspace/Sources/WashiCore/Publication/EPUBLocator.swift /Users/admin/builder/spi-builder-workspace/Sources/WashiCore/Publication/EPUBNoteExtraction.swift /Users/admin/builder/spi-builder-workspace/Sources/WashiCore/Publication/EPUBPrefixedCSS.swift (in target 'WashiCore' from project 'Washi')
Failed frontend command:
/Applications/Xcode-26.5.0.app/Contents/Developer/Toolchains/XcodeDefault.xctoolchain/usr/bin/swift-frontend -frontend -c /Users/admin/builder/spi-builder-workspace/Sources/WashiCore/Container/CRC32.swift /Users/admin/builder/spi-builder-workspace/Sources/WashiCore/Container/ContainerReader.swift /Users/admin/builder/spi-builder-workspace/Sources/WashiCore/Container/OCFContainer.swift /Users/admin/builder/spi-builder-workspace/Sources/WashiCore/Container/ZipArchive.swift /Users/admin/builder/spi-builder-workspace/Sources/WashiCore/EPUBError.swift /Users/admin/builder/spi-builder-workspace/Sources/WashiCore/Encryption/EPUBEncryption.swift /Users/admin/builder/spi-builder-workspace/Sources/WashiCore/MediaOverlay/MediaOverlay.swift /Users/admin/builder/spi-builder-workspace/Sources/WashiCore/MediaOverlay/SMILParser.swift /Users/admin/builder/spi-builder-workspace/Sources/WashiCore/Navigation/EPUBNavigation.swift /Users/admin/builder/spi-builder-workspace/Sources/WashiCore/Package/EPUBAccessibility.swift /Users/admin/builder/spi-builder-workspace/Sources/WashiCore/Package/EPUBModels.swift /Users/admin/builder/spi-builder-workspace/Sources/WashiCore/Package/PackageDocumentParser.swift /Users/admin/builder/spi-builder-workspace/Sources/WashiCore/Publication/EPUBCover.swift /Users/admin/builder/spi-builder-workspace/Sources/WashiCore/Publication/EPUBFixedLayout.swift /Users/admin/builder/spi-builder-workspace/Sources/WashiCore/Publication/EPUBHighlight.swift -primary-file /Users/admin/builder/spi-builder-workspace/Sources/WashiCore/Publication/EPUBLocator.swift -primary-file /Users/admin/builder/spi-builder-workspace/Sources/WashiCore/Publication/EPUBNoteExtraction.swift -primary-file /Users/admin/builder/spi-builder-workspace/Sources/WashiCore/Publication/EPUBPrefixedCSS.swift /Users/admin/builder/spi-builder-workspace/Sources/WashiCore/Publication/EPUBPublication.swift /Users/admin/builder/spi-builder-workspace/Sources/WashiCore/Publication/EPUBPublicationNavigation.swift /Users/admin/builder/spi-builder-workspace/Sources/WashiCore/Publication/EPUBReadingDirection.swift /Users/admin/builder/spi-builder-workspace/Sources/WashiCore/Publication/EPUBSearch.swift /Users/admin/builder/spi-builder-workspace/Sources/WashiCore/Publication/EPUBTextExtraction.swift /Users/admin/builder/spi-builder-workspace/Sources/WashiCore/Publication/ExtractedTextCache.swift /Users/admin/builder/spi-builder-workspace/Sources/WashiCore/Util/ContainerPath.swift /Users/admin/builder/spi-builder-workspace/Sources/WashiCore/Util/HTMLEntities.swift /Users/admin/builder/spi-builder-workspace/Sources/WashiCore/Util/MediaType.swift /Users/admin/builder/spi-builder-workspace/Sources/WashiCore/Util/WashiXML.swift /Users/admin/builder/spi-builder-workspace/Sources/WashiCore/Util/XMLCharsetDetector.swift /Users/admin/builder/spi-builder-workspace/Sources/WashiCore/Util/XMLElement+EPUB.swift -supplementary-output-file-map /Users/admin/builder/spi-builder-workspace/.derivedData/Build/Intermediates.noindex/Washi.build/Debug-watchos/WashiCore.build/Objects-normal/armv7k/supplementaryOutputs-18 -target armv7k-apple-watchos5.0 -load-resolved-plugin /Applications/Xcode-26.5.0.app/Contents/Developer/Platforms/WatchOS.platform/Developer/usr/lib/swift/host/plugins/libFoundationMacros.dylib\#/Applications/Xcode-26.5.0.app/Contents/Developer/Platforms/WatchOS.platform/Developer/usr/bin/swift-plugin-server\#FoundationMacros -load-resolved-plugin /Applications/Xcode-26.5.0.app/Contents/Developer/Platforms/WatchOS.platform/Developer/usr/lib/swift/host/plugins/libObservationMacros.dylib\#/Applications/Xcode-26.5.0.app/Contents/Developer/Platforms/WatchOS.platform/Developer/usr/bin/swift-plugin-server\#ObservationMacros -load-resolved-plugin /Applications/Xcode-26.5.0.app/Contents/Developer/Platforms/WatchOS.platform/Developer/usr/lib/swift/host/plugins/libSwiftMacros.dylib\#/Applications/Xcode-26.5.0.app/Contents/Developer/Platforms/WatchOS.platform/Developer/usr/bin/swift-plugin-server\#SwiftMacros -disable-implicit-swift-modules -Xcc -fno-implicit-modules -Xcc -fno-implicit-module-maps -explicit-swift-module-map-file /Users/admin/builder/spi-builder-workspace/.derivedData/Build/Intermediates.noindex/Washi.build/Debug-watchos/WashiCore.build/Objects-normal/armv7k/WashiCore-dependencies-1.json -debug-module-path /Users/admin/builder/spi-builder-workspace/.derivedData/Build/Intermediates.noindex/Washi.build/Debug-watchos/WashiCore.build/Objects-normal/armv7k/WashiCore.swiftmodule -enable-objc-interop -sdk /Applications/Xcode-26.5.0.app/Contents/Developer/Platforms/WatchOS.platform/Developer/SDKs/WatchOS26.5.sdk -I /Users/admin/builder/spi-builder-workspace/.derivedData/Build/Products/Debug-watchos -Isystem /Applications/Xcode-26.5.0.app/Contents/Developer/Platforms/WatchOS.platform/Developer/usr/lib -F /Users/admin/builder/spi-builder-workspace/.derivedData/Build/Products/Debug-watchos -F /Applications/Xcode-26.5.0.app/Contents/Developer/Platforms/WatchOS.platform/Developer/Library/Frameworks -F /Applications/Xcode-26.5.0.app/Contents/Developer/Platforms/WatchOS.platform/Developer/SDKs/WatchOS26.5.sdk/Developer/Library/Frameworks -no-color-diagnostics -Xcc -fno-color-diagnostics -enable-testing -g -debug-info-format\=dwarf -dwarf-version\=4 -module-cache-path /Users/admin/builder/spi-builder-workspace/.derivedData/Build/Intermediates.noindex/SwiftExplicitPrecompiledModules -profile-generate -profile-coverage-mapping -swift-version 6 -Onone -D SWIFT_PACKAGE -D DEBUG -D SWIFT_MODULE_RESOURCE_BUNDLE_UNAVAILABLE -D Xcode -serialize-debugging-options -const-gather-protocols-file /Users/admin/builder/spi-builder-workspace/.derivedData/Build/Intermediates.noindex/Washi.build/Debug-watchos/WashiCore.build/Objects-normal/armv7k/WashiCore_const_extract_protocols.json -enable-experimental-feature DebugDescriptionMacro -empty-abi-descriptor -validate-clang-modules-once -clang-build-session-file /Users/admin/builder/spi-builder-workspace/.derivedData/ModuleCache.noindex/Session.modulevalidation -Xcc -working-directory -Xcc /Users/admin/builder/spi-builder-workspace/.swiftpm/xcode -enable-anonymous-context-mangled-names -file-compilation-dir /Users/admin/builder/spi-builder-workspace/.swiftpm/xcode -Xcc -D_LIBCPP_HARDENING_MODE\=_LIBCPP_HARDENING_MODE_DEBUG -Xcc -ivfsstatcache -Xcc /Users/admin/builder/spi-builder-workspace/.derivedData/SDKStatCaches.noindex/watchos26.5-23T570-688ef53f1462e2c8f657fdc38a81448f7931b973dfc65d9472806dbbc3af9379.sdkstatcache -Xcc -I/Users/admin/builder/spi-builder-workspace/.derivedData/Build/Intermediates.noindex/Washi.build/Debug-watchos/WashiCore.build/swift-overrides.hmap -Xcc -I/Users/admin/builder/spi-builder-workspace/.derivedData/Build/Products/Debug-watchos/include -Xcc -I/Users/admin/builder/spi-builder-workspace/.derivedData/Build/Intermediates.noindex/Washi.build/Debug-watchos/WashiCore.build/DerivedSources-normal/armv7k -Xcc -I/Users/admin/builder/spi-builder-workspace/.derivedData/Build/Intermediates.noindex/Washi.build/Debug-watchos/WashiCore.build/DerivedSources/armv7k -Xcc -I/Users/admin/builder/spi-builder-workspace/.derivedData/Build/Intermediates.noindex/Washi.build/Debug-watchos/WashiCore.build/DerivedSources -Xcc -DSWIFT_PACKAGE -Xcc -DDEBUG\=1 -no-auto-bridging-header-chaining -module-name WashiCore -package-name spi_builder_workspace -frontend-parseable-output -disable-clang-spi -clang-target armv7k-apple-watchos26.5 -target-sdk-version 26.5 -target-sdk-name watchos26.5 -in-process-plugin-server-path /Applications/Xcode-26.5.0.app/Contents/Developer/Toolchains/XcodeDefault.xctoolchain/usr/lib/swift/host/libSwiftInProcPluginServer.dylib -o /Users/admin/builder/spi-builder-workspace/.derivedData/Build/Intermediates.noindex/Washi.build/Debug-watchos/WashiCore.build/Objects-normal/armv7k/EPUBLocator.o -o /Users/admin/builder/spi-builder-workspace/.derivedData/Build/Intermediates.noindex/Washi.build/Debug-watchos/WashiCore.build/Objects-normal/armv7k/EPUBNoteExtraction.o -o /Users/admin/builder/spi-builder-workspace/.derivedData/Build/Intermediates.noindex/Washi.build/Debug-watchos/WashiCore.build/Objects-normal/armv7k/EPUBPrefixedCSS.o -index-unit-output-path /Washi.build/Debug-watchos/WashiCore.build/Objects-normal/armv7k/EPUBLocator.o -index-unit-output-path /Washi.build/Debug-watchos/WashiCore.build/Objects-normal/armv7k/EPUBNoteExtraction.o -index-unit-output-path /Washi.build/Debug-watchos/WashiCore.build/Objects-normal/armv7k/EPUBPrefixedCSS.o -index-store-path /Users/admin/builder/spi-builder-workspace/.derivedData/Index.noindex/DataStore -index-system-modules
SwiftCompile normal armv7k /Users/admin/builder/spi-builder-workspace/Sources/WashiCore/Publication/EPUBLocator.swift (in target 'WashiCore' from project 'Washi')
    cd /Users/admin/builder/spi-builder-workspace/.swiftpm/xcode

SwiftCompile normal armv7k /Users/admin/builder/spi-builder-workspace/Sources/WashiCore/Publication/EPUBNoteExtraction.swift (in target 'WashiCore' from project 'Washi')
    cd /Users/admin/builder/spi-builder-workspace/.swiftpm/xcode

/Users/admin/builder/spi-builder-workspace/Sources/WashiCore/Publication/EPUBNoteExtraction.swift:24:10: error: cannot find type 'XMLElement' in scope
    ) -> XMLElement? {
         ^~~~~~~~~~
/Users/admin/builder/spi-builder-workspace/Sources/WashiCore/Publication/EPUBNoteExtraction.swift:23:40: error: cannot find type 'XMLElement' in scope
        withID id: String, in element: XMLElement
                                       ^~~~~~~~~~
/Users/admin/builder/spi-builder-workspace/Sources/WashiCore/Publication/EPUBNoteExtraction.swift:33:66: error: cannot find type 'XMLElement' in scope
    private static func noteContainer(for target: XMLElement) -> XMLElement? {
                                                                 ^~~~~~~~~~
/Users/admin/builder/spi-builder-workspace/Sources/WashiCore/Publication/EPUBNoteExtraction.swift:33:51: error: cannot find type 'XMLElement' in scope
    private static func noteContainer(for target: XMLElement) -> XMLElement? {
                                                  ^~~~~~~~~~
/Users/admin/builder/spi-builder-workspace/Sources/WashiCore/Publication/EPUBNoteExtraction.swift:56:59: error: cannot find type 'XMLElement' in scope
    private static func removeNoteBacklinks(from element: XMLElement) {
                                                          ^~~~~~~~~~
/Users/admin/builder/spi-builder-workspace/Sources/WashiCore/Util/WashiXML.swift:31:53: error: cannot find type 'XMLDocument' in scope
    static func document(from data: Data) throws -> XMLDocument {
                                                    ^~~~~~~~~~~
/Users/admin/builder/spi-builder-workspace/Sources/WashiCore/Publication/EPUBNoteExtraction.swift:14:46: error: cannot find type 'XMLElement' in scope
        guard let copy = selected.copy() as? XMLElement else {
                                             ^~~~~~~~~~
/Users/admin/builder/spi-builder-workspace/Sources/WashiCore/Publication/EPUBNoteExtraction.swift:27:40: error: cannot find type 'XMLElement' in scope
            guard let child = node as? XMLElement else { continue }
                                       ^~~~~~~~~~
/Users/admin/builder/spi-builder-workspace/Sources/WashiCore/Publication/EPUBNoteExtraction.swift:36:42: error: cannot find type 'XMLElement' in scope
        var ancestor = target.parent as? XMLElement
                                         ^~~~~~~~~~
/Users/admin/builder/spi-builder-workspace/Sources/WashiCore/Publication/EPUBNoteExtraction.swift:51:45: error: cannot find type 'XMLElement' in scope
            ancestor = candidate.parent as? XMLElement
                                            ^~~~~~~~~~
/Users/admin/builder/spi-builder-workspace/Sources/WashiCore/Publication/EPUBNoteExtraction.swift:58:40: error: cannot find type 'XMLElement' in scope
            guard let child = node as? XMLElement else { continue }
                                       ^~~~~~~~~~
/Users/admin/builder/spi-builder-workspace/Sources/WashiCore/Publication/EPUBNoteExtraction.swift:62:45: error: cannot infer contextual base in reference to member 'whitespacesAndNewlines'
               href.trimmingCharacters(in: .whitespacesAndNewlines)
                                           ~^~~~~~~~~~~~~~~~~~~~~~
SwiftCompile normal armv7k /Users/admin/builder/spi-builder-workspace/Sources/WashiCore/Publication/EPUBPrefixedCSS.swift (in target 'WashiCore' from project 'Washi')
    cd /Users/admin/builder/spi-builder-workspace/.swiftpm/xcode

SwiftCompile normal armv7k Compiling\ ContainerPath.swift,\ HTMLEntities.swift,\ MediaType.swift /Users/admin/builder/spi-builder-workspace/Sources/WashiCore/Util/ContainerPath.swift /Users/admin/builder/spi-builder-workspace/Sources/WashiCore/Util/HTMLEntities.swift /Users/admin/builder/spi-builder-workspace/Sources/WashiCore/Util/MediaType.swift (in target 'WashiCore' from project 'Washi')
SwiftCompile normal armv7k /Users/admin/builder/spi-builder-workspace/Sources/WashiCore/Util/ContainerPath.swift (in target 'WashiCore' from project 'Washi')
    cd /Users/admin/builder/spi-builder-workspace/.swiftpm/xcode

SwiftCompile normal armv7k /Users/admin/builder/spi-builder-workspace/Sources/WashiCore/Util/HTMLEntities.swift (in target 'WashiCore' from project 'Washi')
    cd /Users/admin/builder/spi-builder-workspace/.swiftpm/xcode

SwiftCompile normal armv7k /Users/admin/builder/spi-builder-workspace/Sources/WashiCore/Util/MediaType.swift (in target 'WashiCore' from project 'Washi')
    cd /Users/admin/builder/spi-builder-workspace/.swiftpm/xcode

SwiftCompile normal armv7k Compiling\ CRC32.swift,\ ContainerReader.swift,\ OCFContainer.swift /Users/admin/builder/spi-builder-workspace/Sources/WashiCore/Container/CRC32.swift /Users/admin/builder/spi-builder-workspace/Sources/WashiCore/Container/ContainerReader.swift /Users/admin/builder/spi-builder-workspace/Sources/WashiCore/Container/OCFContainer.swift (in target 'WashiCore' from project 'Washi')
SwiftCompile normal armv7k /Users/admin/builder/spi-builder-workspace/Sources/WashiCore/Container/CRC32.swift (in target 'WashiCore' from project 'Washi')
    cd /Users/admin/builder/spi-builder-workspace/.swiftpm/xcode

SwiftCompile normal armv7k /Users/admin/builder/spi-builder-workspace/Sources/WashiCore/Container/ContainerReader.swift (in target 'WashiCore' from project 'Washi')
    cd /Users/admin/builder/spi-builder-workspace/.swiftpm/xcode

SwiftCompile normal armv7k /Users/admin/builder/spi-builder-workspace/Sources/WashiCore/Container/OCFContainer.swift (in target 'WashiCore' from project 'Washi')
    cd /Users/admin/builder/spi-builder-workspace/.swiftpm/xcode

/Users/admin/builder/spi-builder-workspace/Sources/WashiCore/Util/WashiXML.swift:31:53: error: cannot find type 'XMLDocument' in scope
    static func document(from data: Data) throws -> XMLDocument {
                                                    ^~~~~~~~~~~
SwiftCompile normal armv7k Compiling\ WashiXML.swift,\ XMLCharsetDetector.swift,\ XMLElement+EPUB.swift /Users/admin/builder/spi-builder-workspace/Sources/WashiCore/Util/WashiXML.swift /Users/admin/builder/spi-builder-workspace/Sources/WashiCore/Util/XMLCharsetDetector.swift /Users/admin/builder/spi-builder-workspace/Sources/WashiCore/Util/XMLElement+EPUB.swift (in target 'WashiCore' from project 'Washi')
Failed frontend command:
/Applications/Xcode-26.5.0.app/Contents/Developer/Toolchains/XcodeDefault.xctoolchain/usr/bin/swift-frontend -frontend -c /Users/admin/builder/spi-builder-workspace/Sources/WashiCore/Container/CRC32.swift /Users/admin/builder/spi-builder-workspace/Sources/WashiCore/Container/ContainerReader.swift /Users/admin/builder/spi-builder-workspace/Sources/WashiCore/Container/OCFContainer.swift /Users/admin/builder/spi-builder-workspace/Sources/WashiCore/Container/ZipArchive.swift /Users/admin/builder/spi-builder-workspace/Sources/WashiCore/EPUBError.swift /Users/admin/builder/spi-builder-workspace/Sources/WashiCore/Encryption/EPUBEncryption.swift /Users/admin/builder/spi-builder-workspace/Sources/WashiCore/MediaOverlay/MediaOverlay.swift /Users/admin/builder/spi-builder-workspace/Sources/WashiCore/MediaOverlay/SMILParser.swift /Users/admin/builder/spi-builder-workspace/Sources/WashiCore/Navigation/EPUBNavigation.swift /Users/admin/builder/spi-builder-workspace/Sources/WashiCore/Package/EPUBAccessibility.swift /Users/admin/builder/spi-builder-workspace/Sources/WashiCore/Package/EPUBModels.swift /Users/admin/builder/spi-builder-workspace/Sources/WashiCore/Package/PackageDocumentParser.swift /Users/admin/builder/spi-builder-workspace/Sources/WashiCore/Publication/EPUBCover.swift /Users/admin/builder/spi-builder-workspace/Sources/WashiCore/Publication/EPUBFixedLayout.swift /Users/admin/builder/spi-builder-workspace/Sources/WashiCore/Publication/EPUBHighlight.swift /Users/admin/builder/spi-builder-workspace/Sources/WashiCore/Publication/EPUBLocator.swift /Users/admin/builder/spi-builder-workspace/Sources/WashiCore/Publication/EPUBNoteExtraction.swift /Users/admin/builder/spi-builder-workspace/Sources/WashiCore/Publication/EPUBPrefixedCSS.swift /Users/admin/builder/spi-builder-workspace/Sources/WashiCore/Publication/EPUBPublication.swift /Users/admin/builder/spi-builder-workspace/Sources/WashiCore/Publication/EPUBPublicationNavigation.swift /Users/admin/builder/spi-builder-workspace/Sources/WashiCore/Publication/EPUBReadingDirection.swift /Users/admin/builder/spi-builder-workspace/Sources/WashiCore/Publication/EPUBSearch.swift /Users/admin/builder/spi-builder-workspace/Sources/WashiCore/Publication/EPUBTextExtraction.swift /Users/admin/builder/spi-builder-workspace/Sources/WashiCore/Publication/ExtractedTextCache.swift /Users/admin/builder/spi-builder-workspace/Sources/WashiCore/Util/ContainerPath.swift /Users/admin/builder/spi-builder-workspace/Sources/WashiCore/Util/HTMLEntities.swift /Users/admin/builder/spi-builder-workspace/Sources/WashiCore/Util/MediaType.swift -primary-file /Users/admin/builder/spi-builder-workspace/Sources/WashiCore/Util/WashiXML.swift -primary-file /Users/admin/builder/spi-builder-workspace/Sources/WashiCore/Util/XMLCharsetDetector.swift -primary-file /Users/admin/builder/spi-builder-workspace/Sources/WashiCore/Util/XMLElement+EPUB.swift -supplementary-output-file-map /Users/admin/builder/spi-builder-workspace/.derivedData/Build/Intermediates.noindex/Washi.build/Debug-watchos/WashiCore.build/Objects-normal/armv7k/supplementaryOutputs-29 -target armv7k-apple-watchos5.0 -load-resolved-plugin /Applications/Xcode-26.5.0.app/Contents/Developer/Platforms/WatchOS.platform/Developer/usr/lib/swift/host/plugins/libFoundationMacros.dylib\#/Applications/Xcode-26.5.0.app/Contents/Developer/Platforms/WatchOS.platform/Developer/usr/bin/swift-plugin-server\#FoundationMacros -load-resolved-plugin /Applications/Xcode-26.5.0.app/Contents/Developer/Platforms/WatchOS.platform/Developer/usr/lib/swift/host/plugins/libObservationMacros.dylib\#/Applications/Xcode-26.5.0.app/Contents/Developer/Platforms/WatchOS.platform/Developer/usr/bin/swift-plugin-server\#ObservationMacros -load-resolved-plugin /Applications/Xcode-26.5.0.app/Contents/Developer/Platforms/WatchOS.platform/Developer/usr/lib/swift/host/plugins/libSwiftMacros.dylib\#/Applications/Xcode-26.5.0.app/Contents/Developer/Platforms/WatchOS.platform/Developer/usr/bin/swift-plugin-server\#SwiftMacros -disable-implicit-swift-modules -Xcc -fno-implicit-modules -Xcc -fno-implicit-module-maps -explicit-swift-module-map-file /Users/admin/builder/spi-builder-workspace/.derivedData/Build/Intermediates.noindex/Washi.build/Debug-watchos/WashiCore.build/Objects-normal/armv7k/WashiCore-dependencies-1.json -debug-module-path /Users/admin/builder/spi-builder-workspace/.derivedData/Build/Intermediates.noindex/Washi.build/Debug-watchos/WashiCore.build/Objects-normal/armv7k/WashiCore.swiftmodule -enable-objc-interop -sdk /Applications/Xcode-26.5.0.app/Contents/Developer/Platforms/WatchOS.platform/Developer/SDKs/WatchOS26.5.sdk -I /Users/admin/builder/spi-builder-workspace/.derivedData/Build/Products/Debug-watchos -Isystem /Applications/Xcode-26.5.0.app/Contents/Developer/Platforms/WatchOS.platform/Developer/usr/lib -F /Users/admin/builder/spi-builder-workspace/.derivedData/Build/Products/Debug-watchos -F /Applications/Xcode-26.5.0.app/Contents/Developer/Platforms/WatchOS.platform/Developer/Library/Frameworks -F /Applications/Xcode-26.5.0.app/Contents/Developer/Platforms/WatchOS.platform/Developer/SDKs/WatchOS26.5.sdk/Developer/Library/Frameworks -no-color-diagnostics -Xcc -fno-color-diagnostics -enable-testing -g -debug-info-format\=dwarf -dwarf-version\=4 -module-cache-path /Users/admin/builder/spi-builder-workspace/.derivedData/Build/Intermediates.noindex/SwiftExplicitPrecompiledModules -profile-generate -profile-coverage-mapping -swift-version 6 -Onone -D SWIFT_PACKAGE -D DEBUG -D SWIFT_MODULE_RESOURCE_BUNDLE_UNAVAILABLE -D Xcode -serialize-debugging-options -const-gather-protocols-file /Users/admin/builder/spi-builder-workspace/.derivedData/Build/Intermediates.noindex/Washi.build/Debug-watchos/WashiCore.build/Objects-normal/armv7k/WashiCore_const_extract_protocols.json -enable-experimental-feature DebugDescriptionMacro -empty-abi-descriptor -validate-clang-modules-once -clang-build-session-file /Users/admin/builder/spi-builder-workspace/.derivedData/ModuleCache.noindex/Session.modulevalidation -Xcc -working-directory -Xcc /Users/admin/builder/spi-builder-workspace/.swiftpm/xcode -enable-anonymous-context-mangled-names -file-compilation-dir /Users/admin/builder/spi-builder-workspace/.swiftpm/xcode -Xcc -D_LIBCPP_HARDENING_MODE\=_LIBCPP_HARDENING_MODE_DEBUG -Xcc -ivfsstatcache -Xcc /Users/admin/builder/spi-builder-workspace/.derivedData/SDKStatCaches.noindex/watchos26.5-23T570-688ef53f1462e2c8f657fdc38a81448f7931b973dfc65d9472806dbbc3af9379.sdkstatcache -Xcc -I/Users/admin/builder/spi-builder-workspace/.derivedData/Build/Intermediates.noindex/Washi.build/Debug-watchos/WashiCore.build/swift-overrides.hmap -Xcc -I/Users/admin/builder/spi-builder-workspace/.derivedData/Build/Products/Debug-watchos/include -Xcc -I/Users/admin/builder/spi-builder-workspace/.derivedData/Build/Intermediates.noindex/Washi.build/Debug-watchos/WashiCore.build/DerivedSources-normal/armv7k -Xcc -I/Users/admin/builder/spi-builder-workspace/.derivedData/Build/Intermediates.noindex/Washi.build/Debug-watchos/WashiCore.build/DerivedSources/armv7k -Xcc -I/Users/admin/builder/spi-builder-workspace/.derivedData/Build/Intermediates.noindex/Washi.build/Debug-watchos/WashiCore.build/DerivedSources -Xcc -DSWIFT_PACKAGE -Xcc -DDEBUG\=1 -no-auto-bridging-header-chaining -module-name WashiCore -package-name spi_builder_workspace -frontend-parseable-output -disable-clang-spi -clang-target armv7k-apple-watchos26.5 -target-sdk-version 26.5 -target-sdk-name watchos26.5 -in-process-plugin-server-path /Applications/Xcode-26.5.0.app/Contents/Developer/Toolchains/XcodeDefault.xctoolchain/usr/lib/swift/host/libSwiftInProcPluginServer.dylib -o /Users/admin/builder/spi-builder-workspace/.derivedData/Build/Intermediates.noindex/Washi.build/Debug-watchos/WashiCore.build/Objects-normal/armv7k/WashiXML.o -o /Users/admin/builder/spi-builder-workspace/.derivedData/Build/Intermediates.noindex/Washi.build/Debug-watchos/WashiCore.build/Objects-normal/armv7k/XMLCharsetDetector.o -o /Users/admin/builder/spi-builder-workspace/.derivedData/Build/Intermediates.noindex/Washi.build/Debug-watchos/WashiCore.build/Objects-normal/armv7k/XMLElement+EPUB.o -index-unit-output-path /Washi.build/Debug-watchos/WashiCore.build/Objects-normal/armv7k/WashiXML.o -index-unit-output-path /Washi.build/Debug-watchos/WashiCore.build/Objects-normal/armv7k/XMLCharsetDetector.o -index-unit-output-path /Washi.build/Debug-watchos/WashiCore.build/Objects-normal/armv7k/XMLElement+EPUB.o -index-store-path /Users/admin/builder/spi-builder-workspace/.derivedData/Index.noindex/DataStore -index-system-modules
SwiftCompile normal armv7k /Users/admin/builder/spi-builder-workspace/Sources/WashiCore/Util/WashiXML.swift (in target 'WashiCore' from project 'Washi')
    cd /Users/admin/builder/spi-builder-workspace/.swiftpm/xcode

/Users/admin/builder/spi-builder-workspace/Sources/WashiCore/Util/WashiXML.swift:27:33: error: cannot find type 'XMLNode' in scope
    private static let options: XMLNode.Options = [
                                ^~~~~~~
/Users/admin/builder/spi-builder-workspace/Sources/WashiCore/Util/WashiXML.swift:31:53: error: cannot find type 'XMLDocument' in scope
    static func document(from data: Data) throws -> XMLDocument {
                                                    ^~~~~~~~~~~
/Users/admin/builder/spi-builder-workspace/Sources/WashiCore/Util/WashiXML.swift:102:51: error: cannot find type 'XMLDocument' in scope
    private static func validateDepth(_ document: XMLDocument) throws {
                                                  ^~~~~~~~~~~
/Users/admin/builder/spi-builder-workspace/Sources/WashiCore/Util/WashiXML.swift:41:23: error: cannot find type 'XMLDocument' in scope
        let document: XMLDocument
                      ^~~~~~~~~~~
/Users/admin/builder/spi-builder-workspace/Sources/WashiCore/Util/WashiXML.swift:43:28: error: cannot find 'XMLDocument' in scope
            document = try XMLDocument(data: source, options: options)
                           ^~~~~~~~~~~
/Users/admin/builder/spi-builder-workspace/Sources/WashiCore/Util/WashiXML.swift:48:28: error: cannot find 'XMLDocument' in scope
            document = try XMLDocument(data: sanitized, options: options)
                           ^~~~~~~~~~~
/Users/admin/builder/spi-builder-workspace/Sources/WashiCore/Util/WashiXML.swift:104:28: error: cannot find type 'XMLNode' in scope
        var stack: [(node: XMLNode, depth: Int)] = [(root, 1)]
                           ^~~~~~~
/Users/admin/builder/spi-builder-workspace/Sources/WashiCore/Util/WashiXML.swift:156:43: error: 'prefixMatch(of:)' is only available in watchOS 9.0 or newer
            guard let match = declaration.prefixMatch(
                                          ^
/Users/admin/builder/spi-builder-workspace/Sources/WashiCore/Util/WashiXML.swift:156:43: note: add 'if #available' version check
            guard let match = declaration.prefixMatch(
                                          ^
/Users/admin/builder/spi-builder-workspace/Sources/WashiCore/Util/WashiXML.swift:120:25: note: add '@available' attribute to enclosing static method
    private static func validateProlog(_ rawData: Data) throws {
                        ^
/Users/admin/builder/spi-builder-workspace/Sources/WashiCore/Util/WashiXML.swift:25:6: note: add '@available' attribute to enclosing enum
enum WashiXML {
     ^
/Users/admin/builder/spi-builder-workspace/Sources/WashiCore/Util/WashiXML.swift:157:21: error: 'Regex' is only available in watchOS 9.0 or newer
                of: /<!ENTITY\s+([^\s%>]+)\s+(?:"([^"]*)"|'([^']*)')\s*>/),
                    ^
/Users/admin/builder/spi-builder-workspace/Sources/WashiCore/Util/WashiXML.swift:157:21: note: add 'if #available' version check
                of: /<!ENTITY\s+([^\s%>]+)\s+(?:"([^"]*)"|'([^']*)')\s*>/),
                    ^
/Users/admin/builder/spi-builder-workspace/Sources/WashiCore/Util/WashiXML.swift:120:25: note: add '@available' attribute to enclosing static method
    private static func validateProlog(_ rawData: Data) throws {
                        ^
/Users/admin/builder/spi-builder-workspace/Sources/WashiCore/Util/WashiXML.swift:25:6: note: add '@available' attribute to enclosing enum
enum WashiXML {
     ^
/Users/admin/builder/spi-builder-workspace/Sources/WashiCore/Util/WashiXML.swift:158:44: error: 'subscript(dynamicMember:)' is only available in watchOS 9.0 or newer
                  isSafeEntityValue(String(match.2 ?? match.3 ?? "")) else {
                                           ^
/Users/admin/builder/spi-builder-workspace/Sources/WashiCore/Util/WashiXML.swift:158:44: note: add 'if #available' version check
                  isSafeEntityValue(String(match.2 ?? match.3 ?? "")) else {
                                           ^
/Users/admin/builder/spi-builder-workspace/Sources/WashiCore/Util/WashiXML.swift:120:25: note: add '@available' attribute to enclosing static method
    private static func validateProlog(_ rawData: Data) throws {
                        ^
/Users/admin/builder/spi-builder-workspace/Sources/WashiCore/Util/WashiXML.swift:25:6: note: add '@available' attribute to enclosing enum
enum WashiXML {
     ^
/Users/admin/builder/spi-builder-workspace/Sources/WashiCore/Util/WashiXML.swift:158:55: error: 'subscript(dynamicMember:)' is only available in watchOS 9.0 or newer
                  isSafeEntityValue(String(match.2 ?? match.3 ?? "")) else {
                                                      ^
/Users/admin/builder/spi-builder-workspace/Sources/WashiCore/Util/WashiXML.swift:158:55: note: add 'if #available' version check
                  isSafeEntityValue(String(match.2 ?? match.3 ?? "")) else {
                                                      ^
/Users/admin/builder/spi-builder-workspace/Sources/WashiCore/Util/WashiXML.swift:120:25: note: add '@available' attribute to enclosing static method
    private static func validateProlog(_ rawData: Data) throws {
                        ^
/Users/admin/builder/spi-builder-workspace/Sources/WashiCore/Util/WashiXML.swift:25:6: note: add '@available' attribute to enclosing enum
enum WashiXML {
     ^
/Users/admin/builder/spi-builder-workspace/Sources/WashiCore/Util/WashiXML.swift:197:34: error: 'prefixMatch(of:)' is only available in watchOS 9.0 or newer
            if let match = after.prefixMatch(
                                 ^
/Users/admin/builder/spi-builder-workspace/Sources/WashiCore/Util/WashiXML.swift:197:34: note: add 'if #available' version check
            if let match = after.prefixMatch(
                                 ^
/Users/admin/builder/spi-builder-workspace/Sources/WashiCore/Util/WashiXML.swift:191:25: note: add '@available' attribute to enclosing static method
    private static func isSafeEntityValue(_ value: String) -> Bool {
                        ^
/Users/admin/builder/spi-builder-workspace/Sources/WashiCore/Util/WashiXML.swift:25:6: note: add '@available' attribute to enclosing enum
enum WashiXML {
     ^
/Users/admin/builder/spi-builder-workspace/Sources/WashiCore/Util/WashiXML.swift:198:21: error: 'Regex' is only available in watchOS 9.0 or newer
                of: /&#(x[0-9a-fA-F]{1,6}|[0-9]{1,7});/) {
                    ^
/Users/admin/builder/spi-builder-workspace/Sources/WashiCore/Util/WashiXML.swift:198:21: note: add 'if #available' version check
                of: /&#(x[0-9a-fA-F]{1,6}|[0-9]{1,7});/) {
                    ^
/Users/admin/builder/spi-builder-workspace/Sources/WashiCore/Util/WashiXML.swift:191:25: note: add '@available' attribute to enclosing static method
    private static func isSafeEntityValue(_ value: String) -> Bool {
                        ^
/Users/admin/builder/spi-builder-workspace/Sources/WashiCore/Util/WashiXML.swift:25:6: note: add '@available' attribute to enclosing enum
enum WashiXML {
     ^
/Users/admin/builder/spi-builder-workspace/Sources/WashiCore/Util/WashiXML.swift:199:30: error: 'subscript(dynamicMember:)' is only available in watchOS 9.0 or newer
                let number = match.1
                             ^
/Users/admin/builder/spi-builder-workspace/Sources/WashiCore/Util/WashiXML.swift:199:30: note: add 'if #available' version check
                let number = match.1
                             ^
/Users/admin/builder/spi-builder-workspace/Sources/WashiCore/Util/WashiXML.swift:191:25: note: add '@available' attribute to enclosing static method
    private static func isSafeEntityValue(_ value: String) -> Bool {
                        ^
/Users/admin/builder/spi-builder-workspace/Sources/WashiCore/Util/WashiXML.swift:25:6: note: add '@available' attribute to enclosing enum
enum WashiXML {
     ^
/Users/admin/builder/spi-builder-workspace/Sources/WashiCore/Util/WashiXML.swift:204:41: error: 'prefixMatch(of:)' is only available in watchOS 9.0 or newer
            } else if let match = after.prefixMatch(of: /&([a-zA-Z]+);/),
                                        ^
/Users/admin/builder/spi-builder-workspace/Sources/WashiCore/Util/WashiXML.swift:204:41: note: add 'if #available' version check
            } else if let match = after.prefixMatch(of: /&([a-zA-Z]+);/),
                                        ^
/Users/admin/builder/spi-builder-workspace/Sources/WashiCore/Util/WashiXML.swift:191:25: note: add '@available' attribute to enclosing static method
    private static func isSafeEntityValue(_ value: String) -> Bool {
                        ^
/Users/admin/builder/spi-builder-workspace/Sources/WashiCore/Util/WashiXML.swift:25:6: note: add '@available' attribute to enclosing enum
enum WashiXML {
     ^
/Users/admin/builder/spi-builder-workspace/Sources/WashiCore/Util/WashiXML.swift:204:57: error: 'Regex' is only available in watchOS 9.0 or newer
            } else if let match = after.prefixMatch(of: /&([a-zA-Z]+);/),
                                                        ^
/Users/admin/builder/spi-builder-workspace/Sources/WashiCore/Util/WashiXML.swift:204:57: note: add 'if #available' version check
            } else if let match = after.prefixMatch(of: /&([a-zA-Z]+);/),
                                                        ^
/Users/admin/builder/spi-builder-workspace/Sources/WashiCore/Util/WashiXML.swift:191:25: note: add '@available' attribute to enclosing static method
    private static func isSafeEntityValue(_ value: String) -> Bool {
                        ^
/Users/admin/builder/spi-builder-workspace/Sources/WashiCore/Util/WashiXML.swift:25:6: note: add '@available' attribute to enclosing enum
enum WashiXML {
     ^
/Users/admin/builder/spi-builder-workspace/Sources/WashiCore/Util/WashiXML.swift:205:54: error: 'subscript(dynamicMember:)' is only available in watchOS 9.0 or newer
                      predefinedSafe.contains(String(match.1)) {
                                                     ^
/Users/admin/builder/spi-builder-workspace/Sources/WashiCore/Util/WashiXML.swift:205:54: note: add 'if #available' version check
                      predefinedSafe.contains(String(match.1)) {
                                                     ^
/Users/admin/builder/spi-builder-workspace/Sources/WashiCore/Util/WashiXML.swift:191:25: note: add '@available' attribute to enclosing static method
    private static func isSafeEntityValue(_ value: String) -> Bool {
                        ^
/Users/admin/builder/spi-builder-workspace/Sources/WashiCore/Util/WashiXML.swift:25:6: note: add '@available' attribute to enclosing enum
enum WashiXML {
     ^
/Users/admin/builder/spi-builder-workspace/Sources/WashiCore/Util/WashiXML.swift:248:25: error: 'Regex' is only available in watchOS 9.0 or newer
        for pattern in [/<!--[\s\S]*?-->/, /<\?[\s\S]*?\?>/] {
                        ^
/Users/admin/builder/spi-builder-workspace/Sources/WashiCore/Util/WashiXML.swift:248:25: note: add 'if #available' version check
        for pattern in [/<!--[\s\S]*?-->/, /<\?[\s\S]*?\?>/] {
                        ^
/Users/admin/builder/spi-builder-workspace/Sources/WashiCore/Util/WashiXML.swift:246:25: note: add '@available' attribute to enclosing static method
    private static func strippingCommentsAndPIs(_ text: String) -> String {
                        ^
/Users/admin/builder/spi-builder-workspace/Sources/WashiCore/Util/WashiXML.swift:25:6: note: add '@available' attribute to enclosing enum
enum WashiXML {
     ^
/Users/admin/builder/spi-builder-workspace/Sources/WashiCore/Util/WashiXML.swift:248:44: error: 'Regex' is only available in watchOS 9.0 or newer
        for pattern in [/<!--[\s\S]*?-->/, /<\?[\s\S]*?\?>/] {
                                           ^
/Users/admin/builder/spi-builder-workspace/Sources/WashiCore/Util/WashiXML.swift:248:44: note: add 'if #available' version check
        for pattern in [/<!--[\s\S]*?-->/, /<\?[\s\S]*?\?>/] {
                                           ^
/Users/admin/builder/spi-builder-workspace/Sources/WashiCore/Util/WashiXML.swift:246:25: note: add '@available' attribute to enclosing static method
    private static func strippingCommentsAndPIs(_ text: String) -> String {
                        ^
/Users/admin/builder/spi-builder-workspace/Sources/WashiCore/Util/WashiXML.swift:25:6: note: add '@available' attribute to enclosing enum
enum WashiXML {
     ^
/Users/admin/builder/spi-builder-workspace/Sources/WashiCore/Util/WashiXML.swift:249:29: error: 'replacing(_:with:maxReplacements:)' is only available in watchOS 9.0 or newer
            result = result.replacing(pattern, with: "")
                            ^
/Users/admin/builder/spi-builder-workspace/Sources/WashiCore/Util/WashiXML.swift:249:29: note: add 'if #available' version check
            result = result.replacing(pattern, with: "")
                            ^
/Users/admin/builder/spi-builder-workspace/Sources/WashiCore/Util/WashiXML.swift:246:25: note: add '@available' attribute to enclosing static method
    private static func strippingCommentsAndPIs(_ text: String) -> String {
                        ^
/Users/admin/builder/spi-builder-workspace/Sources/WashiCore/Util/WashiXML.swift:25:6: note: add '@available' attribute to enclosing enum
enum WashiXML {
     ^
/Users/admin/builder/spi-builder-workspace/Sources/WashiCore/Util/WashiXML.swift:458:37: error: 'replacing(_:with:maxReplacements:)' is only available in watchOS 9.0 or newer
        let rewritten = declaration.replacing(
                                    ^
/Users/admin/builder/spi-builder-workspace/Sources/WashiCore/Util/WashiXML.swift:458:37: note: add 'if #available' version check
        let rewritten = declaration.replacing(
                                    ^
/Users/admin/builder/spi-builder-workspace/Sources/WashiCore/Util/WashiXML.swift:453:25: note: add '@available' attribute to enclosing static method
    private static func rewriteXMLEncodingToUTF8(_ text: String) -> String {
                        ^
/Users/admin/builder/spi-builder-workspace/Sources/WashiCore/Util/WashiXML.swift:25:6: note: add '@available' attribute to enclosing enum
enum WashiXML {
     ^
/Users/admin/builder/spi-builder-workspace/Sources/WashiCore/Util/WashiXML.swift:459:13: error: 'Regex' is only available in watchOS 9.0 or newer
            /encoding\s*=\s*["'][^"'<>]+["']/, with: "encoding=\"UTF-8\"")
            ^
/Users/admin/builder/spi-builder-workspace/Sources/WashiCore/Util/WashiXML.swift:459:13: note: add 'if #available' version check
            /encoding\s*=\s*["'][^"'<>]+["']/, with: "encoding=\"UTF-8\"")
            ^
/Users/admin/builder/spi-builder-workspace/Sources/WashiCore/Util/WashiXML.swift:453:25: note: add '@available' attribute to enclosing static method
    private static func rewriteXMLEncodingToUTF8(_ text: String) -> String {
                        ^
/Users/admin/builder/spi-builder-workspace/Sources/WashiCore/Util/WashiXML.swift:25:6: note: add '@available' attribute to enclosing enum
enum WashiXML {
     ^
SwiftCompile normal armv7k /Users/admin/builder/spi-builder-workspace/Sources/WashiCore/Util/XMLCharsetDetector.swift (in target 'WashiCore' from project 'Washi')
    cd /Users/admin/builder/spi-builder-workspace/.swiftpm/xcode

SwiftCompile normal armv7k /Users/admin/builder/spi-builder-workspace/Sources/WashiCore/Util/XMLElement+EPUB.swift (in target 'WashiCore' from project 'Washi')
    cd /Users/admin/builder/spi-builder-workspace/.swiftpm/xcode

/Users/admin/builder/spi-builder-workspace/Sources/WashiCore/Util/XMLElement+EPUB.swift:10:11: error: cannot find type 'XMLElement' in scope
extension XMLElement {
          ^~~~~~~~~~
/Users/admin/builder/spi-builder-workspace/Sources/WashiCore/Util/XMLElement+EPUB.swift:39:11: error: cannot find type 'XMLElement' in scope
extension XMLElement {
          ^~~~~~~~~~
/Users/admin/builder/spi-builder-workspace/Sources/WashiCore/Util/XMLElement+EPUB.swift:12:48: error: cannot find type 'XMLElement' in scope
    func firstDescendant(localName: String) -> XMLElement? {
                                               ^~~~~~~~~~
/Users/admin/builder/spi-builder-workspace/Sources/WashiCore/Util/XMLElement+EPUB.swift:22:45: error: cannot find type 'XMLElement' in scope
    func descendants(localName: String) -> [XMLElement] {
                                            ^~~~~~~~~~
/Users/admin/builder/spi-builder-workspace/Sources/WashiCore/Util/XMLElement+EPUB.swift:44:9: error: cannot find 'alwaysSkippedReadableTextElementNames' in scope
        alwaysSkippedReadableTextElementNames
        ^~~~~~~~~~~~~~~~~~~~~~~~~~~~~~~~~~~~~
/Users/admin/builder/spi-builder-workspace/Sources/WashiCore/Util/XMLElement+EPUB.swift:45:20: error: cannot find 'svgSkippedReadableTextElementNames' in scope
            .union(svgSkippedReadableTextElementNames)
                   ^~~~~~~~~~~~~~~~~~~~~~~~~~~~~~~~~~
/Users/admin/builder/spi-builder-workspace/Sources/WashiCore/Util/XMLElement+EPUB.swift:46:20: error: cannot find 'mathMLSkippedReadableTextElementNames' in scope
            .union(mathMLSkippedReadableTextElementNames)
                   ^~~~~~~~~~~~~~~~~~~~~~~~~~~~~~~~~~~~~
/Users/admin/builder/spi-builder-workspace/Sources/WashiCore/Util/XMLElement+EPUB.swift:48:58: error: cannot find type 'XMLElement' in scope
    static func shouldSkipReadableTextElement(_ element: XMLElement) -> Bool {
                                                         ^~~~~~~~~~
/Users/admin/builder/spi-builder-workspace/Sources/WashiCore/Util/XMLElement+EPUB.swift:85:62: error: cannot find type 'XMLElement' in scope
    func wsChildren(_ localName: String, ns uri: String) -> [XMLElement] {
                                                             ^~~~~~~~~~
/Users/admin/builder/spi-builder-workspace/Sources/WashiCore/Util/XMLElement+EPUB.swift:97:58: error: cannot find type 'XMLElement' in scope
    func wsFirst(_ localName: String, ns uri: String) -> XMLElement? {
                                                         ^~~~~~~~~~
/Users/admin/builder/spi-builder-workspace/Sources/WashiCore/Util/XMLElement+EPUB.swift:122:27: error: cannot find type 'XMLElement' in scope
            from element: XMLElement,
                          ^~~~~~~~~~
/Users/admin/builder/spi-builder-workspace/Sources/WashiCore/Util/XMLElement+EPUB.swift:165:73: error: cannot find type 'XMLElement' in scope
    private static func firstDescendantImage(in element: XMLElement) -> XMLElement? {
                                                                        ^~~~~~~~~~
/Users/admin/builder/spi-builder-workspace/Sources/WashiCore/Util/XMLElement+EPUB.swift:165:58: error: cannot find type 'XMLElement' in scope
    private static func firstDescendantImage(in element: XMLElement) -> XMLElement? {
                                                         ^~~~~~~~~~
/Users/admin/builder/spi-builder-workspace/Sources/WashiCore/Util/XMLElement+EPUB.swift:196:31: error: cannot find type 'XMLElement' in scope
        func text(in element: XMLElement, insideSVG: Bool) -> String {
                              ^~~~~~~~~~
SwiftEmitModule normal arm64_32 Emitting\ module\ for\ WashiCore (in target 'WashiCore' from project 'Washi')
EmitSwiftModule normal arm64_32 (in target 'WashiCore' from project 'Washi')
    cd /Users/admin/builder/spi-builder-workspace/.swiftpm/xcode

SwiftEmitModule normal arm64 Emitting\ module\ for\ WashiCore (in target 'WashiCore' from project 'Washi')
2026-10-14 08:24:29.086 xcodebuild[697:4034] [MT] IDERunDestination: Supported platforms for the buildables in the current scheme is empty.
** BUILD FAILED **
The following build commands failed:
	SwiftCompile normal armv7k /Users/admin/builder/spi-builder-workspace/Sources/WashiCore/Publication/EPUBSearch.swift (in target 'WashiCore' from project 'Washi')
	SwiftCompile normal armv7k /Users/admin/builder/spi-builder-workspace/Sources/WashiCore/Publication/EPUBTextExtraction.swift (in target 'WashiCore' from project 'Washi')
	SwiftCompile normal armv7k /Users/admin/builder/spi-builder-workspace/Sources/WashiCore/Publication/EPUBPublication.swift (in target 'WashiCore' from project 'Washi')
	SwiftCompile normal armv7k /Users/admin/builder/spi-builder-workspace/Sources/WashiCore/Publication/EPUBReadingDirection.swift (in target 'WashiCore' from project 'Washi')
	SwiftCompile normal armv7k /Users/admin/builder/spi-builder-workspace/Sources/WashiCore/MediaOverlay/SMILParser.swift (in target 'WashiCore' from project 'Washi')
	SwiftCompile normal armv7k /Users/admin/builder/spi-builder-workspace/Sources/WashiCore/Navigation/EPUBNavigation.swift (in target 'WashiCore' from project 'Washi')
	SwiftCompile normal armv7k Compiling\ EPUBLocator.swift,\ EPUBNoteExtraction.swift,\ EPUBPrefixedCSS.swift /Users/admin/builder/spi-builder-workspace/Sources/WashiCore/Publication/EPUBLocator.swift /Users/admin/builder/spi-builder-workspace/Sources/WashiCore/Publication/EPUBNoteExtraction.swift /Users/admin/builder/spi-builder-workspace/Sources/WashiCore/Publication/EPUBPrefixedCSS.swift (in target 'WashiCore' from project 'Washi')
	SwiftCompile normal armv7k /Users/admin/builder/spi-builder-workspace/Sources/WashiCore/Publication/EPUBNoteExtraction.swift (in target 'WashiCore' from project 'Washi')
	SwiftCompile normal armv7k /Users/admin/builder/spi-builder-workspace/Sources/WashiCore/Container/OCFContainer.swift (in target 'WashiCore' from project 'Washi')
	SwiftCompile normal armv7k Compiling\ WashiXML.swift,\ XMLCharsetDetector.swift,\ XMLElement+EPUB.swift /Users/admin/builder/spi-builder-workspace/Sources/WashiCore/Util/WashiXML.swift /Users/admin/builder/spi-builder-workspace/Sources/WashiCore/Util/XMLCharsetDetector.swift /Users/admin/builder/spi-builder-workspace/Sources/WashiCore/Util/XMLElement+EPUB.swift (in target 'WashiCore' from project 'Washi')
	SwiftCompile normal armv7k /Users/admin/builder/spi-builder-workspace/Sources/WashiCore/Util/WashiXML.swift (in target 'WashiCore' from project 'Washi')
	SwiftCompile normal armv7k /Users/admin/builder/spi-builder-workspace/Sources/WashiCore/Util/XMLElement+EPUB.swift (in target 'WashiCore' from project 'Washi')
	Building workspace spi-builder-workspace with scheme Washi-Package
(13 failures)
Command line invocation:
    /Applications/Xcode-26.5.0.app/Contents/Developer/usr/bin/xcodebuild -IDEClonedSourcePackagesDirPathOverride=/Users/admin/builder/spi-builder-workspace/.dependencies -resolvePackageDependencies
Resolve Package Graph
Resolved source packages:
  Washi: /Users/admin/builder/spi-builder-workspace
resolved source packages: Washi
2026-10-14 08:24:35.944 xcodebuild[811:4494] [MT] IDERunDestination: Supported platforms for the buildables in the current scheme is empty.
{
  "dependencies" : [
  ],
  "manifest_display_name" : "Washi",
  "name" : "Washi",
  "path" : "/Users/admin/builder/spi-builder-workspace",
  "platforms" : [
    {
      "name" : "macos",
      "version" : "14.0"
    }
  ],
  "products" : [
    {
      "name" : "WashiCore",
      "targets" : [
        "WashiCore"
      ],
      "type" : {
        "library" : [
          "automatic"
        ]
      }
    },
    {
      "name" : "Washi",
      "targets" : [
        "Washi"
      ],
      "type" : {
        "library" : [
          "automatic"
        ]
      }
    },
    {
      "name" : "WashiDynamic",
      "targets" : [
        "WashiCore",
        "Washi"
      ],
      "type" : {
        "library" : [
          "dynamic"
        ]
      }
    }
  ],
  "targets" : [
    {
      "c99name" : "WashiTests",
      "module_type" : "SwiftTarget",
      "name" : "WashiTests",
      "path" : "Tests/WashiTests",
      "sources" : [
        "CensusFailureLedgerTests.swift",
        "CensusKeyedStoreTests.swift",
        "CensusPrintPageMarkerSkipTests.swift",
        "CensusRecordTests.swift",
        "CensusResumeCorpusTests.swift",
        "CensusTimingHarnessTests.swift",
        "ChainedMovePageCoverTests.swift",
        "ContainerPathTests.swift",
        "ContainerRescueTests.swift",
        "ContinuousScrollEventCostTests.swift",
        "CorpusSmokeTests.swift",
        "DarkGlyphRenderingTests.swift",
        "DublinCoreMetadataTests.swift",
        "EPUBFixtures+MediaOverlay.swift",
        "EPUBFixtures.swift",
        "EPUBLocatorTests.swift",
        "EPUBOffscreenEnergyPolicyTests.swift",
        "EPUBOffscreenIdleReleaseTimerTests.swift",
        "EPUBOffscreenSnapshotTests.swift",
        "EPUBPageRasterizerIdleReleaseTests.swift",
        "EPUBPageRasterizerTests.swift",
        "EPUBPaginationCensusTests.swift",
        "EPUBReaderInteractionTests.swift",
        "EPUBReaderReentrancyTests.swift",
        "EPUBReaderSettingsTests.swift",
        "EPUBReaderStateRegressionTests.swift",
        "EPUBReaderViewRegressionTests.swift",
        "EPUBSchemeHandlerTests.swift",
        "EPUBScreenAtlasTests.swift",
        "EPUBScreenThumbnailRendererTests.swift",
        "EPUBScrollLayoutTests.swift",
        "EPUBScrollTestSupport.swift",
        "EPUBTextMappingTests.swift",
        "EffectiveReadingDirectionTests.swift",
        "EncryptionDetectionTests.swift",
        "ExtractedTextCacheTests.swift",
        "FixedLayoutInfoTests.swift",
        "FocusRevealSpreadTests.swift",
        "FontDeobfuscationTests.swift",
        "HardeningTests.swift",
        "HighlightModelTests.swift",
        "HighlightRenderingTests.swift",
        "ImageItemInsetsTests.swift",
        "ImagePageLayoutTests.swift",
        "InternalLinkTests.swift",
        "LegacyFixedLayoutTests.swift",
        "MediaOverlayPlaybackTests.swift",
        "MediaOverlaySkippingTests.swift",
        "MediaOverlayUXTests.swift",
        "MetadataDirectionTests.swift",
        "NativeKeyRoutingTests.swift",
        "NavigationHistoryTests.swift",
        "NavigationTests.swift",
        "NavigationWaiterTests.swift",
        "OffscreenIdleReleaseTestSupport.swift",
        "OffscreenWebViewConfigurationTests.swift",
        "PackageDocumentTests.swift",
        "PageComposeTests.swift",
        "PageCoverCaptureCostTests.swift",
        "PageCoverRetakeTests.swift",
        "PageCoverTestSupport.swift",
        "PaginationGeometryTests.swift",
        "PaginationStyleTests.swift",
        "PrefixedCSSDeliveryTests.swift",
        "PrefixedCSSPolyfillTests.swift",
        "PublicationNavigationCacheTests.swift",
        "PublicationTests.swift",
        "ReaderScriptClickDispatchTests.swift",
        "ReaderScriptContractTests.swift",
        "ReaderScriptHarness.swift",
        "ReaderScriptLifecycleSupport.swift",
        "ReaderScriptMessageEndToEndTests.swift",
        "ReaderScriptStyleOwnershipTests.swift",
        "ReaderScriptsRenderingLifecycleTests.swift",
        "ReaderViewCensusTests.swift",
        "ReaderViewEffectiveDirectionTests.swift",
        "ReaderViewKeyForwardingTests.swift",
        "ReaderViewSpreadSetupTests.swift",
        "ReaderViewTestSupport.swift",
        "ReaderViewTextAnchorLandingTests.swift",
        "ReadingSystemTests.swift",
        "SMILParserTests.swift",
        "ScreenMetricsTests.swift",
        "ScrolledFlowWheelTestSupport.swift",
        "ScrolledFlowWheelTests.swift",
        "ShiftJISPublicationTests.swift",
        "SingleImageItemDetectionTests.swift",
        "SpineLoadFailureRecoveryTests.swift",
        "SpineLoadPolicyBookkeepingTests.swift",
        "SpineTransitionVisibilityTests.swift",
        "TextAnchorLandingReportTests.swift",
        "TextAnchorLocatorTests.swift",
        "TextAnchorRoundTripTests.swift",
        "TextExtractionSearchTests.swift",
        "TrailingSpreadPageTests.swift",
        "TurnCoverLifecycleTests.swift",
        "UnsupportedHTMLSpineTests.swift",
        "VerticalSpreadPagingTests.swift",
        "WashiCoreHeadlessTests.swift",
        "WebContentReloadTests.swift",
        "WebKitTestSupport.swift",
        "WheelPageTurnRouteTests.swift",
        "WheelPageTurnTestSupport.swift",
        "WheelPageTurnTests.swift",
        "ZipArchiveTests.swift",
        "ZipBuilder.swift",
        "ZipIntegrityTests.swift"
      ],
      "target_dependencies" : [
        "Washi",
        "WashiCore"
      ],
      "type" : "test"
    },
    {
      "c99name" : "WashiPublicAPITests",
      "module_type" : "SwiftTarget",
      "name" : "WashiPublicAPITests",
      "path" : "Tests/WashiPublicAPITests",
      "sources" : [
        "EPUBKeyEventTests.swift",
        "OffscreenEnergyPolicyPublicAPITests.swift"
      ],
      "target_dependencies" : [
        "Washi"
      ],
      "type" : "test"
    },
    {
      "c99name" : "WashiCore",
      "module_type" : "SwiftTarget",
      "name" : "WashiCore",
      "path" : "Sources/WashiCore",
      "product_memberships" : [
        "WashiCore",
        "Washi",
        "WashiDynamic"
      ],
      "sources" : [
        "Container/CRC32.swift",
        "Container/ContainerReader.swift",
        "Container/OCFContainer.swift",
        "Container/ZipArchive.swift",
        "EPUBError.swift",
        "Encryption/EPUBEncryption.swift",
        "MediaOverlay/MediaOverlay.swift",
        "MediaOverlay/SMILParser.swift",
        "Navigation/EPUBNavigation.swift",
        "Package/EPUBAccessibility.swift",
        "Package/EPUBModels.swift",
        "Package/PackageDocumentParser.swift",
        "Publication/EPUBCover.swift",
        "Publication/EPUBFixedLayout.swift",
        "Publication/EPUBHighlight.swift",
        "Publication/EPUBLocator.swift",
        "Publication/EPUBNoteExtraction.swift",
        "Publication/EPUBPrefixedCSS.swift",
        "Publication/EPUBPublication.swift",
        "Publication/EPUBPublicationNavigation.swift",
        "Publication/EPUBReadingDirection.swift",
        "Publication/EPUBSearch.swift",
        "Publication/EPUBTextExtraction.swift",
        "Publication/ExtractedTextCache.swift",
        "Util/ContainerPath.swift",
        "Util/HTMLEntities.swift",
        "Util/MediaType.swift",
        "Util/WashiXML.swift",
        "Util/XMLCharsetDetector.swift",
        "Util/XMLElement+EPUB.swift"
      ],
      "type" : "library"
    },
    {
      "c99name" : "Washi",
      "module_type" : "SwiftTarget",
      "name" : "Washi",
      "path" : "Sources/Washi",
      "product_memberships" : [
        "Washi",
        "WashiDynamic"
      ],
      "sources" : [
        "MediaOverlay/MediaOverlayController.swift",
        "Offscreen/EPUBOffscreenEnergyPolicy.swift",
        "Offscreen/EPUBOffscreenIdleReleaseTimer.swift",
        "Offscreen/EPUBOffscreenJobQueue.swift",
        "Offscreen/EPUBOffscreenWaiting.swift",
        "Offscreen/EPUBOffscreenWebViewConfiguration.swift",
        "Offscreen/EPUBOffscreenWebViewHost.swift",
        "Offscreen/EPUBPageRasterizer.swift",
        "Offscreen/EPUBPaginationCensus.swift",
        "Offscreen/EPUBScreenAtlas.swift",
        "Offscreen/EPUBScreenThumbnailRenderer.swift",
        "Offscreen/NavigationWaiter.swift",
        "Pagination/CensusFailureLedger.swift",
        "Pagination/CensusKeyedStore.swift",
        "Pagination/EPUBCensusRecord.swift",
        "Pagination/EPUBPublication+RenderingFlow.swift",
        "Pagination/EPUBScreenMetrics.swift",
        "Reader/EPUBContextMenuPolicy.swift",
        "Reader/EPUBReaderEvents.swift",
        "Reader/EPUBReaderSettings+CSS.swift",
        "Reader/EPUBReaderSettings.swift",
        "Reader/EPUBReaderView+Census.swift",
        "Reader/EPUBReaderView+Furniture.swift",
        "Reader/EPUBReaderView+Input.swift",
        "Reader/EPUBReaderView+Layout.swift",
        "Reader/EPUBReaderView+Links.swift",
        "Reader/EPUBReaderView+Loading.swift",
        "Reader/EPUBReaderView+MediaOverlay.swift",
        "Reader/EPUBReaderView+Navigation.swift",
        "Reader/EPUBReaderView+PageCover.swift",
        "Reader/EPUBReaderView+PageTurn.swift",
        "Reader/EPUBReaderView+ScriptBridge.swift",
        "Reader/EPUBReaderView+ScrolledWheel.swift",
        "Reader/EPUBReaderView+Selection.swift",
        "Reader/EPUBReaderView+Snapshot.swift",
        "Reader/EPUBReaderView+TestSeams.swift",
        "Reader/EPUBReaderView+Theme.swift",
        "Reader/EPUBReaderView+Visibility.swift",
        "Reader/EPUBReaderView+WebKitDelegate.swift",
        "Reader/EPUBReaderView.swift",
        "Reader/EPUBReaderViewDelegate.swift",
        "Reader/EPUBReadingSystem.swift",
        "Reader/MessageProxy.swift",
        "Reader/SpineNavigationGate.swift",
        "Reader/WashiWebView.swift",
        "Reader/WebContentReloadLimiter.swift",
        "Reader/WheelInput.swift",
        "Util/CSSColorParser.swift",
        "Util/ContainerPath+Fragment.swift",
        "Util/TimeoutRace.swift",
        "WashiExports.swift",
        "WebContent/EPUBSchemeHandler.swift",
        "WebContent/EPUBScriptMessage.swift",
        "WebContent/EPUBScriptedContentHardening.swift",
        "WebContent/EPUBScrollDocument.swift",
        "WebContent/ReaderScripts+ContinuousScroll.swift",
        "WebContent/ReaderScripts+Offscreen.swift",
        "WebContent/ReaderScripts.swift",
        "WebContent/WashiContentWorld.swift"
      ],
      "target_dependencies" : [
        "WashiCore"
      ],
      "type" : "library"
    }
  ],
  "tools_version" : "6.0"
}
{
  "workspace" : {
    "name" : "spi-builder-workspace",
    "schemes" : [
      "Washi",
      "Washi-Package",
      "WashiCore",
      "WashiDynamic"
    ]
  }
}
2026-10-14 08:24:37.274 xcodebuild[822:4591] [MT] IDERunDestination: Supported platforms for the buildables in the current scheme is empty.
Running build ...
env DEVELOPER_DIR=/Applications/Xcode-26.5.0.app xcrun xcodebuild -IDEClonedSourcePackagesDirPathOverride=$PWD/.dependencies -skipMacroValidation -skipPackagePluginValidation -derivedDataPath $PWD/.derivedData build -scheme Washi-Package -destination generic/platform=watchOS
Command line invocation:
    /Applications/Xcode-26.5.0.app/Contents/Developer/usr/bin/xcodebuild -IDEClonedSourcePackagesDirPathOverride=/Users/admin/builder/spi-builder-workspace/.dependencies -skipMacroValidation -skipPackagePluginValidation -derivedDataPath /Users/admin/builder/spi-builder-workspace/.derivedData build -scheme Washi-Package -destination generic/platform=watchOS
Resolve Package Graph
Resolved source packages:
  Washi: /Users/admin/builder/spi-builder-workspace
ComputePackagePrebuildTargetDependencyGraph
Prepare packages
CreateBuildRequest
SendProjectDescription
CreateBuildOperation
ComputeTargetDependencyGraph
note: Building targets in dependency order
note: Target dependency graph (5 targets)
    Target 'WashiDynamic' in project 'Washi'
        ➜ Explicit dependency on target 'WashiCore' in project 'Washi'
        ➜ Explicit dependency on target 'Washi' in project 'Washi'
    Target 'WashiCore' in project 'Washi'
        ➜ Explicit dependency on target 'WashiCore' in project 'Washi'
    Target 'Washi' in project 'Washi'
        ➜ Explicit dependency on target 'Washi' in project 'Washi'
        ➜ Explicit dependency on target 'WashiCore' in project 'Washi'
    Target 'Washi' in project 'Washi'
        ➜ Explicit dependency on target 'WashiCore' in project 'Washi'
    Target 'WashiCore' in project 'Washi' (no dependencies)
GatherProvisioningInputs
CreateBuildDescription
ClangStatCache /Applications/Xcode-26.5.0.app/Contents/Developer/Toolchains/XcodeDefault.xctoolchain/usr/bin/clang-stat-cache /Applications/Xcode-26.5.0.app/Contents/Developer/Platforms/WatchOS.platform/Developer/SDKs/WatchOS26.5.sdk /Users/admin/builder/spi-builder-workspace/.derivedData/SDKStatCaches.noindex/watchos26.5-23T570-688ef53f1462e2c8f657fdc38a81448f7931b973dfc65d9472806dbbc3af9379.sdkstatcache
    cd /Users/admin/builder/spi-builder-workspace/.swiftpm/xcode
    /Applications/Xcode-26.5.0.app/Contents/Developer/Toolchains/XcodeDefault.xctoolchain/usr/bin/clang-stat-cache /Applications/Xcode-26.5.0.app/Contents/Developer/Platforms/WatchOS.platform/Developer/SDKs/WatchOS26.5.sdk -o /Users/admin/builder/spi-builder-workspace/.derivedData/SDKStatCaches.noindex/watchos26.5-23T570-688ef53f1462e2c8f657fdc38a81448f7931b973dfc65d9472806dbbc3af9379.sdkstatcache
SwiftDriver WashiCore normal arm64_32 com.apple.xcode.tools.swift.compiler (in target 'WashiCore' from project 'Washi')
    cd /Users/admin/builder/spi-builder-workspace/.swiftpm/xcode
    builtin-SwiftDriver -- /Applications/Xcode-26.5.0.app/Contents/Developer/Toolchains/XcodeDefault.xctoolchain/usr/bin/swiftc -module-name WashiCore -Onone @/Users/admin/builder/spi-builder-workspace/.derivedData/Build/Intermediates.noindex/Washi.build/Debug-watchos/WashiCore.build/Objects-normal/arm64_32/WashiCore.SwiftFileList -DSWIFT_PACKAGE -DDEBUG -DSWIFT_MODULE_RESOURCE_BUNDLE_UNAVAILABLE -DXcode -plugin-path /Applications/Xcode-26.5.0.app/Contents/Developer/Toolchains/XcodeDefault.xctoolchain/usr/lib/swift/host/plugins/testing -enable-experimental-feature DebugDescriptionMacro -sdk /Applications/Xcode-26.5.0.app/Contents/Developer/Platforms/WatchOS.platform/Developer/SDKs/WatchOS26.5.sdk -target arm64_32-apple-watchos5.0 -g -module-cache-path /Users/admin/builder/spi-builder-workspace/.derivedData/ModuleCache.noindex -Xfrontend -serialize-debugging-options -profile-coverage-mapping -profile-generate -enable-testing -index-store-path /Users/admin/builder/spi-builder-workspace/.derivedData/Index.noindex/DataStore -Xcc -D_LIBCPP_HARDENING_MODE\=_LIBCPP_HARDENING_MODE_DEBUG -swift-version 6 -I /Users/admin/builder/spi-builder-workspace/.derivedData/Build/Products/Debug-watchos -Isystem /Applications/Xcode-26.5.0.app/Contents/Developer/Platforms/WatchOS.platform/Developer/usr/lib -F /Users/admin/builder/spi-builder-workspace/.derivedData/Build/Products/Debug-watchos -F /Applications/Xcode-26.5.0.app/Contents/Developer/Platforms/WatchOS.platform/Developer/Library/Frameworks -F /Applications/Xcode-26.5.0.app/Contents/Developer/Platforms/WatchOS.platform/Developer/SDKs/WatchOS26.5.sdk/Developer/Library/Frameworks -c -j10 -enable-batch-mode -incremental -Xcc -ivfsstatcache -Xcc /Users/admin/builder/spi-builder-workspace/.derivedData/SDKStatCaches.noindex/watchos26.5-23T570-688ef53f1462e2c8f657fdc38a81448f7931b973dfc65d9472806dbbc3af9379.sdkstatcache -output-file-map /Users/admin/builder/spi-builder-workspace/.derivedData/Build/Intermediates.noindex/Washi.build/Debug-watchos/WashiCore.build/Objects-normal/arm64_32/WashiCore-OutputFileMap.json -use-frontend-parseable-output -save-temps -no-color-diagnostics -explicit-module-build -module-cache-path /Users/admin/builder/spi-builder-workspace/.derivedData/Build/Intermediates.noindex/SwiftExplicitPrecompiledModules -clang-scanner-module-cache-path /Users/admin/builder/spi-builder-workspace/.derivedData/ModuleCache.noindex -sdk-module-cache-path /Users/admin/builder/spi-builder-workspace/.derivedData/ModuleCache.noindex -serialize-diagnostics -emit-dependencies -emit-module -emit-module-path /Users/admin/builder/spi-builder-workspace/.derivedData/Build/Intermediates.noindex/Washi.build/Debug-watchos/WashiCore.build/Objects-normal/arm64_32/WashiCore.swiftmodule -validate-clang-modules-once -clang-build-session-file /Users/admin/builder/spi-builder-workspace/.derivedData/ModuleCache.noindex/Session.modulevalidation -package-name spi_builder_workspace -Xcc -I/Users/admin/builder/spi-builder-workspace/.derivedData/Build/Intermediates.noindex/Washi.build/Debug-watchos/WashiCore.build/swift-overrides.hmap -emit-const-values -Xfrontend -const-gather-protocols-file -Xfrontend /Users/admin/builder/spi-builder-workspace/.derivedData/Build/Intermediates.noindex/Washi.build/Debug-watchos/WashiCore.build/Objects-normal/arm64_32/WashiCore_const_extract_protocols.json -Xcc -I/Users/admin/builder/spi-builder-workspace/.derivedData/Build/Products/Debug-watchos/include -Xcc -I/Users/admin/builder/spi-builder-workspace/.derivedData/Build/Intermediates.noindex/Washi.build/Debug-watchos/WashiCore.build/DerivedSources-normal/arm64_32 -Xcc -I/Users/admin/builder/spi-builder-workspace/.derivedData/Build/Intermediates.noindex/Washi.build/Debug-watchos/WashiCore.build/DerivedSources/arm64_32 -Xcc -I/Users/admin/builder/spi-builder-workspace/.derivedData/Build/Intermediates.noindex/Washi.build/Debug-watchos/WashiCore.build/DerivedSources -Xcc -DSWIFT_PACKAGE -Xcc -DDEBUG\=1 -emit-objc-header -emit-objc-header-path /Users/admin/builder/spi-builder-workspace/.derivedData/Build/Intermediates.noindex/Washi.build/Debug-watchos/WashiCore.build/Objects-normal/arm64_32/WashiCore-Swift.h -working-directory /Users/admin/builder/spi-builder-workspace/.swiftpm/xcode -experimental-emit-module-separately -disable-cmo
SwiftDriver WashiCore normal arm64 com.apple.xcode.tools.swift.compiler (in target 'WashiCore' from project 'Washi')
    cd /Users/admin/builder/spi-builder-workspace/.swiftpm/xcode
    builtin-SwiftDriver -- /Applications/Xcode-26.5.0.app/Contents/Developer/Toolchains/XcodeDefault.xctoolchain/usr/bin/swiftc -module-name WashiCore -Onone @/Users/admin/builder/spi-builder-workspace/.derivedData/Build/Intermediates.noindex/Washi.build/Debug-watchos/WashiCore.build/Objects-normal/arm64/WashiCore.SwiftFileList -DSWIFT_PACKAGE -DDEBUG -DSWIFT_MODULE_RESOURCE_BUNDLE_UNAVAILABLE -DXcode -plugin-path /Applications/Xcode-26.5.0.app/Contents/Developer/Toolchains/XcodeDefault.xctoolchain/usr/lib/swift/host/plugins/testing -enable-experimental-feature DebugDescriptionMacro -sdk /Applications/Xcode-26.5.0.app/Contents/Developer/Platforms/WatchOS.platform/Developer/SDKs/WatchOS26.5.sdk -target arm64-apple-watchos5.0 -g -module-cache-path /Users/admin/builder/spi-builder-workspace/.derivedData/ModuleCache.noindex -Xfrontend -serialize-debugging-options -profile-coverage-mapping -profile-generate -enable-testing -index-store-path /Users/admin/builder/spi-builder-workspace/.derivedData/Index.noindex/DataStore -Xcc -D_LIBCPP_HARDENING_MODE\=_LIBCPP_HARDENING_MODE_DEBUG -swift-version 6 -I /Users/admin/builder/spi-builder-workspace/.derivedData/Build/Products/Debug-watchos -Isystem /Applications/Xcode-26.5.0.app/Contents/Developer/Platforms/WatchOS.platform/Developer/usr/lib -F /Users/admin/builder/spi-builder-workspace/.derivedData/Build/Products/Debug-watchos -F /Applications/Xcode-26.5.0.app/Contents/Developer/Platforms/WatchOS.platform/Developer/Library/Frameworks -F /Applications/Xcode-26.5.0.app/Contents/Developer/Platforms/WatchOS.platform/Developer/SDKs/WatchOS26.5.sdk/Developer/Library/Frameworks -c -j10 -enable-batch-mode -incremental -Xcc -ivfsstatcache -Xcc /Users/admin/builder/spi-builder-workspace/.derivedData/SDKStatCaches.noindex/watchos26.5-23T570-688ef53f1462e2c8f657fdc38a81448f7931b973dfc65d9472806dbbc3af9379.sdkstatcache -output-file-map /Users/admin/builder/spi-builder-workspace/.derivedData/Build/Intermediates.noindex/Washi.build/Debug-watchos/WashiCore.build/Objects-normal/arm64/WashiCore-OutputFileMap.json -use-frontend-parseable-output -save-temps -no-color-diagnostics -explicit-module-build -module-cache-path /Users/admin/builder/spi-builder-workspace/.derivedData/Build/Intermediates.noindex/SwiftExplicitPrecompiledModules -clang-scanner-module-cache-path /Users/admin/builder/spi-builder-workspace/.derivedData/ModuleCache.noindex -sdk-module-cache-path /Users/admin/builder/spi-builder-workspace/.derivedData/ModuleCache.noindex -serialize-diagnostics -emit-dependencies -emit-module -emit-module-path /Users/admin/builder/spi-builder-workspace/.derivedData/Build/Intermediates.noindex/Washi.build/Debug-watchos/WashiCore.build/Objects-normal/arm64/WashiCore.swiftmodule -validate-clang-modules-once -clang-build-session-file /Users/admin/builder/spi-builder-workspace/.derivedData/ModuleCache.noindex/Session.modulevalidation -package-name spi_builder_workspace -Xcc -I/Users/admin/builder/spi-builder-workspace/.derivedData/Build/Intermediates.noindex/Washi.build/Debug-watchos/WashiCore.build/swift-overrides.hmap -emit-const-values -Xfrontend -const-gather-protocols-file -Xfrontend /Users/admin/builder/spi-builder-workspace/.derivedData/Build/Intermediates.noindex/Washi.build/Debug-watchos/WashiCore.build/Objects-normal/arm64/WashiCore_const_extract_protocols.json -Xcc -I/Users/admin/builder/spi-builder-workspace/.derivedData/Build/Products/Debug-watchos/include -Xcc -I/Users/admin/builder/spi-builder-workspace/.derivedData/Build/Intermediates.noindex/Washi.build/Debug-watchos/WashiCore.build/DerivedSources-normal/arm64 -Xcc -I/Users/admin/builder/spi-builder-workspace/.derivedData/Build/Intermediates.noindex/Washi.build/Debug-watchos/WashiCore.build/DerivedSources/arm64 -Xcc -I/Users/admin/builder/spi-builder-workspace/.derivedData/Build/Intermediates.noindex/Washi.build/Debug-watchos/WashiCore.build/DerivedSources -Xcc -DSWIFT_PACKAGE -Xcc -DDEBUG\=1 -emit-objc-header -emit-objc-header-path /Users/admin/builder/spi-builder-workspace/.derivedData/Build/Intermediates.noindex/Washi.build/Debug-watchos/WashiCore.build/Objects-normal/arm64/WashiCore-Swift.h -working-directory /Users/admin/builder/spi-builder-workspace/.swiftpm/xcode -experimental-emit-module-separately -disable-cmo
SwiftDriver WashiCore normal armv7k com.apple.xcode.tools.swift.compiler (in target 'WashiCore' from project 'Washi')
    cd /Users/admin/builder/spi-builder-workspace/.swiftpm/xcode
    builtin-SwiftDriver -- /Applications/Xcode-26.5.0.app/Contents/Developer/Toolchains/XcodeDefault.xctoolchain/usr/bin/swiftc -module-name WashiCore -Onone @/Users/admin/builder/spi-builder-workspace/.derivedData/Build/Intermediates.noindex/Washi.build/Debug-watchos/WashiCore.build/Objects-normal/armv7k/WashiCore.SwiftFileList -DSWIFT_PACKAGE -DDEBUG -DSWIFT_MODULE_RESOURCE_BUNDLE_UNAVAILABLE -DXcode -plugin-path /Applications/Xcode-26.5.0.app/Contents/Developer/Toolchains/XcodeDefault.xctoolchain/usr/lib/swift/host/plugins/testing -enable-experimental-feature DebugDescriptionMacro -sdk /Applications/Xcode-26.5.0.app/Contents/Developer/Platforms/WatchOS.platform/Developer/SDKs/WatchOS26.5.sdk -target armv7k-apple-watchos5.0 -g -module-cache-path /Users/admin/builder/spi-builder-workspace/.derivedData/ModuleCache.noindex -Xfrontend -serialize-debugging-options -profile-coverage-mapping -profile-generate -enable-testing -index-store-path /Users/admin/builder/spi-builder-workspace/.derivedData/Index.noindex/DataStore -Xcc -D_LIBCPP_HARDENING_MODE\=_LIBCPP_HARDENING_MODE_DEBUG -swift-version 6 -I /Users/admin/builder/spi-builder-workspace/.derivedData/Build/Products/Debug-watchos -Isystem /Applications/Xcode-26.5.0.app/Contents/Developer/Platforms/WatchOS.platform/Developer/usr/lib -F /Users/admin/builder/spi-builder-workspace/.derivedData/Build/Products/Debug-watchos -F /Applications/Xcode-26.5.0.app/Contents/Developer/Platforms/WatchOS.platform/Developer/Library/Frameworks -F /Applications/Xcode-26.5.0.app/Contents/Developer/Platforms/WatchOS.platform/Developer/SDKs/WatchOS26.5.sdk/Developer/Library/Frameworks -c -j10 -enable-batch-mode -incremental -Xcc -ivfsstatcache -Xcc /Users/admin/builder/spi-builder-workspace/.derivedData/SDKStatCaches.noindex/watchos26.5-23T570-688ef53f1462e2c8f657fdc38a81448f7931b973dfc65d9472806dbbc3af9379.sdkstatcache -output-file-map /Users/admin/builder/spi-builder-workspace/.derivedData/Build/Intermediates.noindex/Washi.build/Debug-watchos/WashiCore.build/Objects-normal/armv7k/WashiCore-OutputFileMap.json -use-frontend-parseable-output -save-temps -no-color-diagnostics -explicit-module-build -module-cache-path /Users/admin/builder/spi-builder-workspace/.derivedData/Build/Intermediates.noindex/SwiftExplicitPrecompiledModules -clang-scanner-module-cache-path /Users/admin/builder/spi-builder-workspace/.derivedData/ModuleCache.noindex -sdk-module-cache-path /Users/admin/builder/spi-builder-workspace/.derivedData/ModuleCache.noindex -serialize-diagnostics -emit-dependencies -emit-module -emit-module-path /Users/admin/builder/spi-builder-workspace/.derivedData/Build/Intermediates.noindex/Washi.build/Debug-watchos/WashiCore.build/Objects-normal/armv7k/WashiCore.swiftmodule -validate-clang-modules-once -clang-build-session-file /Users/admin/builder/spi-builder-workspace/.derivedData/ModuleCache.noindex/Session.modulevalidation -package-name spi_builder_workspace -Xcc -I/Users/admin/builder/spi-builder-workspace/.derivedData/Build/Intermediates.noindex/Washi.build/Debug-watchos/WashiCore.build/swift-overrides.hmap -emit-const-values -Xfrontend -const-gather-protocols-file -Xfrontend /Users/admin/builder/spi-builder-workspace/.derivedData/Build/Intermediates.noindex/Washi.build/Debug-watchos/WashiCore.build/Objects-normal/armv7k/WashiCore_const_extract_protocols.json -Xcc -I/Users/admin/builder/spi-builder-workspace/.derivedData/Build/Products/Debug-watchos/include -Xcc -I/Users/admin/builder/spi-builder-workspace/.derivedData/Build/Intermediates.noindex/Washi.build/Debug-watchos/WashiCore.build/DerivedSources-normal/armv7k -Xcc -I/Users/admin/builder/spi-builder-workspace/.derivedData/Build/Intermediates.noindex/Washi.build/Debug-watchos/WashiCore.build/DerivedSources/armv7k -Xcc -I/Users/admin/builder/spi-builder-workspace/.derivedData/Build/Intermediates.noindex/Washi.build/Debug-watchos/WashiCore.build/DerivedSources -Xcc -DSWIFT_PACKAGE -Xcc -DDEBUG\=1 -emit-objc-header -emit-objc-header-path /Users/admin/builder/spi-builder-workspace/.derivedData/Build/Intermediates.noindex/Washi.build/Debug-watchos/WashiCore.build/Objects-normal/armv7k/WashiCore-Swift.h -working-directory /Users/admin/builder/spi-builder-workspace/.swiftpm/xcode -experimental-emit-module-separately -disable-cmo
SwiftEmitModule normal arm64_32 Emitting\ module\ for\ WashiCore (in target 'WashiCore' from project 'Washi')
EmitSwiftModule normal arm64_32 (in target 'WashiCore' from project 'Washi')
    cd /Users/admin/builder/spi-builder-workspace/.swiftpm/xcode

SwiftCompile normal arm64_32 Compiling\ EPUBAccessibility.swift,\ EPUBModels.swift,\ PackageDocumentParser.swift /Users/admin/builder/spi-builder-workspace/Sources/WashiCore/Package/EPUBAccessibility.swift /Users/admin/builder/spi-builder-workspace/Sources/WashiCore/Package/EPUBModels.swift /Users/admin/builder/spi-builder-workspace/Sources/WashiCore/Package/PackageDocumentParser.swift (in target 'WashiCore' from project 'Washi')
SwiftCompile normal arm64_32 /Users/admin/builder/spi-builder-workspace/Sources/WashiCore/Package/EPUBAccessibility.swift (in target 'WashiCore' from project 'Washi')
    cd /Users/admin/builder/spi-builder-workspace/.swiftpm/xcode

SwiftCompile normal arm64_32 /Users/admin/builder/spi-builder-workspace/Sources/WashiCore/Package/EPUBModels.swift (in target 'WashiCore' from project 'Washi')
    cd /Users/admin/builder/spi-builder-workspace/.swiftpm/xcode

SwiftCompile normal arm64_32 /Users/admin/builder/spi-builder-workspace/Sources/WashiCore/Package/PackageDocumentParser.swift (in target 'WashiCore' from project 'Washi')
    cd /Users/admin/builder/spi-builder-workspace/.swiftpm/xcode

/Users/admin/builder/spi-builder-workspace/Sources/WashiCore/Package/PackageDocumentParser.swift:166:70: error: cannot find type 'XMLElement' in scope
    private static func flattenedChildren(_ element: XMLElement) -> [XMLElement] {
                                                                     ^~~~~~~~~~
/Users/admin/builder/spi-builder-workspace/Sources/WashiCore/Package/PackageDocumentParser.swift:166:54: error: cannot find type 'XMLElement' in scope
    private static func flattenedChildren(_ element: XMLElement) -> [XMLElement] {
                                                     ^~~~~~~~~~
/Users/admin/builder/spi-builder-workspace/Sources/WashiCore/Package/PackageDocumentParser.swift:181:20: error: cannot find type 'XMLElement' in scope
        _ element: XMLElement,
                   ^~~~~~~~~~
/Users/admin/builder/spi-builder-workspace/Sources/WashiCore/Package/PackageDocumentParser.swift:386:48: error: cannot find type 'XMLElement' in scope
    private static func xmlLanguage(_ element: XMLElement) -> String? {
                                               ^~~~~~~~~~
/Users/admin/builder/spi-builder-workspace/Sources/WashiCore/Package/PackageDocumentParser.swift:396:20: error: cannot find type 'XMLElement' in scope
        _ element: XMLElement, resolver: PropertyResolver,
                   ^~~~~~~~~~
/Users/admin/builder/spi-builder-workspace/Sources/WashiCore/Util/WashiXML.swift:31:53: error: cannot find type 'XMLDocument' in scope
    static func document(from data: Data) throws -> XMLDocument {
                                                    ^~~~~~~~~~~
/Users/admin/builder/spi-builder-workspace/Sources/WashiCore/Package/PackageDocumentParser.swift:167:22: error: cannot find type 'XMLElement' in scope
        var result: [XMLElement] = []
                     ^~~~~~~~~~
/Users/admin/builder/spi-builder-workspace/Sources/WashiCore/Package/PackageDocumentParser.swift:169:40: error: cannot find type 'XMLElement' in scope
            guard let child = node as? XMLElement else { continue }
                                       ^~~~~~~~~~
/Users/admin/builder/spi-builder-workspace/Sources/WashiCore/Package/PackageDocumentParser.swift:172:42: error: cannot find type 'XMLElement' in scope
                    .compactMap { $0 as? XMLElement })
                                         ^~~~~~~~~~
/Users/admin/builder/spi-builder-workspace/Sources/WashiCore/Package/PackageDocumentParser.swift:226:56: error: cannot infer contextual base in reference to member 'whitespacesAndNewlines'
            let href = rawHref.trimmingCharacters(in: .whitespacesAndNewlines)
                                                      ~^~~~~~~~~~~~~~~~~~~~~~
/Users/admin/builder/spi-builder-workspace/Sources/WashiCore/Package/PackageDocumentParser.swift:366:42: error: cannot infer contextual base in reference to member 'prePaginated'
            metadata.rendition.layout = .prePaginated
                                        ~^~~~~~~~~~~~
SwiftCompile normal arm64_32 Compiling\ ZipArchive.swift,\ EPUBError.swift,\ EPUBEncryption.swift /Users/admin/builder/spi-builder-workspace/Sources/WashiCore/Container/ZipArchive.swift /Users/admin/builder/spi-builder-workspace/Sources/WashiCore/EPUBError.swift /Users/admin/builder/spi-builder-workspace/Sources/WashiCore/Encryption/EPUBEncryption.swift (in target 'WashiCore' from project 'Washi')
SwiftCompile normal arm64_32 /Users/admin/builder/spi-builder-workspace/Sources/WashiCore/Container/ZipArchive.swift (in target 'WashiCore' from project 'Washi')
    cd /Users/admin/builder/spi-builder-workspace/.swiftpm/xcode

SwiftCompile normal arm64_32 /Users/admin/builder/spi-builder-workspace/Sources/WashiCore/EPUBError.swift (in target 'WashiCore' from project 'Washi')
    cd /Users/admin/builder/spi-builder-workspace/.swiftpm/xcode

SwiftCompile normal arm64_32 /Users/admin/builder/spi-builder-workspace/Sources/WashiCore/Encryption/EPUBEncryption.swift (in target 'WashiCore' from project 'Washi')
    cd /Users/admin/builder/spi-builder-workspace/.swiftpm/xcode

SwiftCompile normal arm64_32 Compiling\ CRC32.swift,\ ContainerReader.swift,\ OCFContainer.swift /Users/admin/builder/spi-builder-workspace/Sources/WashiCore/Container/CRC32.swift /Users/admin/builder/spi-builder-workspace/Sources/WashiCore/Container/ContainerReader.swift /Users/admin/builder/spi-builder-workspace/Sources/WashiCore/Container/OCFContainer.swift (in target 'WashiCore' from project 'Washi')
Failed frontend command:
/Applications/Xcode-26.5.0.app/Contents/Developer/Toolchains/XcodeDefault.xctoolchain/usr/bin/swift-frontend -frontend -c -primary-file /Users/admin/builder/spi-builder-workspace/Sources/WashiCore/Container/CRC32.swift -primary-file /Users/admin/builder/spi-builder-workspace/Sources/WashiCore/Container/ContainerReader.swift -primary-file /Users/admin/builder/spi-builder-workspace/Sources/WashiCore/Container/OCFContainer.swift /Users/admin/builder/spi-builder-workspace/Sources/WashiCore/Container/ZipArchive.swift /Users/admin/builder/spi-builder-workspace/Sources/WashiCore/EPUBError.swift /Users/admin/builder/spi-builder-workspace/Sources/WashiCore/Encryption/EPUBEncryption.swift /Users/admin/builder/spi-builder-workspace/Sources/WashiCore/MediaOverlay/MediaOverlay.swift /Users/admin/builder/spi-builder-workspace/Sources/WashiCore/MediaOverlay/SMILParser.swift /Users/admin/builder/spi-builder-workspace/Sources/WashiCore/Navigation/EPUBNavigation.swift /Users/admin/builder/spi-builder-workspace/Sources/WashiCore/Package/EPUBAccessibility.swift /Users/admin/builder/spi-builder-workspace/Sources/WashiCore/Package/EPUBModels.swift /Users/admin/builder/spi-builder-workspace/Sources/WashiCore/Package/PackageDocumentParser.swift /Users/admin/builder/spi-builder-workspace/Sources/WashiCore/Publication/EPUBCover.swift /Users/admin/builder/spi-builder-workspace/Sources/WashiCore/Publication/EPUBFixedLayout.swift /Users/admin/builder/spi-builder-workspace/Sources/WashiCore/Publication/EPUBHighlight.swift /Users/admin/builder/spi-builder-workspace/Sources/WashiCore/Publication/EPUBLocator.swift /Users/admin/builder/spi-builder-workspace/Sources/WashiCore/Publication/EPUBNoteExtraction.swift /Users/admin/builder/spi-builder-workspace/Sources/WashiCore/Publication/EPUBPrefixedCSS.swift /Users/admin/builder/spi-builder-workspace/Sources/WashiCore/Publication/EPUBPublication.swift /Users/admin/builder/spi-builder-workspace/Sources/WashiCore/Publication/EPUBPublicationNavigation.swift /Users/admin/builder/spi-builder-workspace/Sources/WashiCore/Publication/EPUBReadingDirection.swift /Users/admin/builder/spi-builder-workspace/Sources/WashiCore/Publication/EPUBSearch.swift /Users/admin/builder/spi-builder-workspace/Sources/WashiCore/Publication/EPUBTextExtraction.swift /Users/admin/builder/spi-builder-workspace/Sources/WashiCore/Publication/ExtractedTextCache.swift /Users/admin/builder/spi-builder-workspace/Sources/WashiCore/Util/ContainerPath.swift /Users/admin/builder/spi-builder-workspace/Sources/WashiCore/Util/HTMLEntities.swift /Users/admin/builder/spi-builder-workspace/Sources/WashiCore/Util/MediaType.swift /Users/admin/builder/spi-builder-workspace/Sources/WashiCore/Util/WashiXML.swift /Users/admin/builder/spi-builder-workspace/Sources/WashiCore/Util/XMLCharsetDetector.swift /Users/admin/builder/spi-builder-workspace/Sources/WashiCore/Util/XMLElement+EPUB.swift -supplementary-output-file-map /Users/admin/builder/spi-builder-workspace/.derivedData/Build/Intermediates.noindex/Washi.build/Debug-watchos/WashiCore.build/Objects-normal/arm64_32/supplementaryOutputs-1 -target arm64_32-apple-watchos5.0 -load-resolved-plugin /Applications/Xcode-26.5.0.app/Contents/Developer/Platforms/WatchOS.platform/Developer/usr/lib/swift/host/plugins/libFoundationMacros.dylib\#/Applications/Xcode-26.5.0.app/Contents/Developer/Platforms/WatchOS.platform/Developer/usr/bin/swift-plugin-server\#FoundationMacros -load-resolved-plugin /Applications/Xcode-26.5.0.app/Contents/Developer/Platforms/WatchOS.platform/Developer/usr/lib/swift/host/plugins/libObservationMacros.dylib\#/Applications/Xcode-26.5.0.app/Contents/Developer/Platforms/WatchOS.platform/Developer/usr/bin/swift-plugin-server\#ObservationMacros -load-resolved-plugin /Applications/Xcode-26.5.0.app/Contents/Developer/Platforms/WatchOS.platform/Developer/usr/lib/swift/host/plugins/libSwiftMacros.dylib\#/Applications/Xcode-26.5.0.app/Contents/Developer/Platforms/WatchOS.platform/Developer/usr/bin/swift-plugin-server\#SwiftMacros -disable-implicit-swift-modules -Xcc -fno-implicit-modules -Xcc -fno-implicit-module-maps -explicit-swift-module-map-file /Users/admin/builder/spi-builder-workspace/.derivedData/Build/Intermediates.noindex/Washi.build/Debug-watchos/WashiCore.build/Objects-normal/arm64_32/WashiCore-dependencies-3.json -debug-module-path /Users/admin/builder/spi-builder-workspace/.derivedData/Build/Intermediates.noindex/Washi.build/Debug-watchos/WashiCore.build/Objects-normal/arm64_32/WashiCore.swiftmodule -enable-objc-interop -sdk /Applications/Xcode-26.5.0.app/Contents/Developer/Platforms/WatchOS.platform/Developer/SDKs/WatchOS26.5.sdk -I /Users/admin/builder/spi-builder-workspace/.derivedData/Build/Products/Debug-watchos -Isystem /Applications/Xcode-26.5.0.app/Contents/Developer/Platforms/WatchOS.platform/Developer/usr/lib -F /Users/admin/builder/spi-builder-workspace/.derivedData/Build/Products/Debug-watchos -F /Applications/Xcode-26.5.0.app/Contents/Developer/Platforms/WatchOS.platform/Developer/Library/Frameworks -F /Applications/Xcode-26.5.0.app/Contents/Developer/Platforms/WatchOS.platform/Developer/SDKs/WatchOS26.5.sdk/Developer/Library/Frameworks -no-color-diagnostics -Xcc -fno-color-diagnostics -enable-testing -g -debug-info-format\=dwarf -dwarf-version\=4 -module-cache-path /Users/admin/builder/spi-builder-workspace/.derivedData/Build/Intermediates.noindex/SwiftExplicitPrecompiledModules -profile-generate -profile-coverage-mapping -swift-version 6 -Onone -D SWIFT_PACKAGE -D DEBUG -D SWIFT_MODULE_RESOURCE_BUNDLE_UNAVAILABLE -D Xcode -serialize-debugging-options -const-gather-protocols-file /Users/admin/builder/spi-builder-workspace/.derivedData/Build/Intermediates.noindex/Washi.build/Debug-watchos/WashiCore.build/Objects-normal/arm64_32/WashiCore_const_extract_protocols.json -enable-experimental-feature DebugDescriptionMacro -empty-abi-descriptor -validate-clang-modules-once -clang-build-session-file /Users/admin/builder/spi-builder-workspace/.derivedData/ModuleCache.noindex/Session.modulevalidation -Xcc -working-directory -Xcc /Users/admin/builder/spi-builder-workspace/.swiftpm/xcode -enable-anonymous-context-mangled-names -file-compilation-dir /Users/admin/builder/spi-builder-workspace/.swiftpm/xcode -Xcc -D_LIBCPP_HARDENING_MODE\=_LIBCPP_HARDENING_MODE_DEBUG -Xcc -ivfsstatcache -Xcc /Users/admin/builder/spi-builder-workspace/.derivedData/SDKStatCaches.noindex/watchos26.5-23T570-688ef53f1462e2c8f657fdc38a81448f7931b973dfc65d9472806dbbc3af9379.sdkstatcache -Xcc -I/Users/admin/builder/spi-builder-workspace/.derivedData/Build/Intermediates.noindex/Washi.build/Debug-watchos/WashiCore.build/swift-overrides.hmap -Xcc -I/Users/admin/builder/spi-builder-workspace/.derivedData/Build/Products/Debug-watchos/include -Xcc -I/Users/admin/builder/spi-builder-workspace/.derivedData/Build/Intermediates.noindex/Washi.build/Debug-watchos/WashiCore.build/DerivedSources-normal/arm64_32 -Xcc -I/Users/admin/builder/spi-builder-workspace/.derivedData/Build/Intermediates.noindex/Washi.build/Debug-watchos/WashiCore.build/DerivedSources/arm64_32 -Xcc -I/Users/admin/builder/spi-builder-workspace/.derivedData/Build/Intermediates.noindex/Washi.build/Debug-watchos/WashiCore.build/DerivedSources -Xcc -DSWIFT_PACKAGE -Xcc -DDEBUG\=1 -no-auto-bridging-header-chaining -module-name WashiCore -package-name spi_builder_workspace -frontend-parseable-output -disable-clang-spi -clang-target arm64_32-apple-watchos26.5 -target-sdk-version 26.5 -target-sdk-name watchos26.5 -in-process-plugin-server-path /Applications/Xcode-26.5.0.app/Contents/Developer/Toolchains/XcodeDefault.xctoolchain/usr/lib/swift/host/libSwiftInProcPluginServer.dylib -o /Users/admin/builder/spi-builder-workspace/.derivedData/Build/Intermediates.noindex/Washi.build/Debug-watchos/WashiCore.build/Objects-normal/arm64_32/CRC32.o -o /Users/admin/builder/spi-builder-workspace/.derivedData/Build/Intermediates.noindex/Washi.build/Debug-watchos/WashiCore.build/Objects-normal/arm64_32/ContainerReader.o -o /Users/admin/builder/spi-builder-workspace/.derivedData/Build/Intermediates.noindex/Washi.build/Debug-watchos/WashiCore.build/Objects-normal/arm64_32/OCFContainer.o -index-unit-output-path /Washi.build/Debug-watchos/WashiCore.build/Objects-normal/arm64_32/CRC32.o -index-unit-output-path /Washi.build/Debug-watchos/WashiCore.build/Objects-normal/arm64_32/ContainerReader.o -index-unit-output-path /Washi.build/Debug-watchos/WashiCore.build/Objects-normal/arm64_32/OCFContainer.o -index-store-path /Users/admin/builder/spi-builder-workspace/.derivedData/Index.noindex/DataStore -index-system-modules
SwiftCompile normal arm64_32 /Users/admin/builder/spi-builder-workspace/Sources/WashiCore/Container/CRC32.swift (in target 'WashiCore' from project 'Washi')
    cd /Users/admin/builder/spi-builder-workspace/.swiftpm/xcode

SwiftCompile normal arm64_32 /Users/admin/builder/spi-builder-workspace/Sources/WashiCore/Container/ContainerReader.swift (in target 'WashiCore' from project 'Washi')
    cd /Users/admin/builder/spi-builder-workspace/.swiftpm/xcode

SwiftCompile normal arm64_32 /Users/admin/builder/spi-builder-workspace/Sources/WashiCore/Container/OCFContainer.swift (in target 'WashiCore' from project 'Washi')
    cd /Users/admin/builder/spi-builder-workspace/.swiftpm/xcode

/Users/admin/builder/spi-builder-workspace/Sources/WashiCore/Util/WashiXML.swift:31:53: error: cannot find type 'XMLDocument' in scope
    static func document(from data: Data) throws -> XMLDocument {
                                                    ^~~~~~~~~~~
SwiftCompile normal arm64_32 Compiling\ EPUBCover.swift,\ EPUBFixedLayout.swift,\ EPUBHighlight.swift /Users/admin/builder/spi-builder-workspace/Sources/WashiCore/Publication/EPUBCover.swift /Users/admin/builder/spi-builder-workspace/Sources/WashiCore/Publication/EPUBFixedLayout.swift /Users/admin/builder/spi-builder-workspace/Sources/WashiCore/Publication/EPUBHighlight.swift (in target 'WashiCore' from project 'Washi')
SwiftCompile normal arm64_32 /Users/admin/builder/spi-builder-workspace/Sources/WashiCore/Publication/EPUBCover.swift (in target 'WashiCore' from project 'Washi')
    cd /Users/admin/builder/spi-builder-workspace/.swiftpm/xcode

SwiftCompile normal arm64_32 /Users/admin/builder/spi-builder-workspace/Sources/WashiCore/Publication/EPUBFixedLayout.swift (in target 'WashiCore' from project 'Washi')
    cd /Users/admin/builder/spi-builder-workspace/.swiftpm/xcode

SwiftCompile normal arm64_32 /Users/admin/builder/spi-builder-workspace/Sources/WashiCore/Publication/EPUBHighlight.swift (in target 'WashiCore' from project 'Washi')
    cd /Users/admin/builder/spi-builder-workspace/.swiftpm/xcode

SwiftCompile normal arm64_32 Compiling\ MediaOverlay.swift,\ SMILParser.swift,\ EPUBNavigation.swift /Users/admin/builder/spi-builder-workspace/Sources/WashiCore/MediaOverlay/MediaOverlay.swift /Users/admin/builder/spi-builder-workspace/Sources/WashiCore/MediaOverlay/SMILParser.swift /Users/admin/builder/spi-builder-workspace/Sources/WashiCore/Navigation/EPUBNavigation.swift (in target 'WashiCore' from project 'Washi')
Failed frontend command:
/Applications/Xcode-26.5.0.app/Contents/Developer/Toolchains/XcodeDefault.xctoolchain/usr/bin/swift-frontend -frontend -c /Users/admin/builder/spi-builder-workspace/Sources/WashiCore/Container/CRC32.swift /Users/admin/builder/spi-builder-workspace/Sources/WashiCore/Container/ContainerReader.swift /Users/admin/builder/spi-builder-workspace/Sources/WashiCore/Container/OCFContainer.swift /Users/admin/builder/spi-builder-workspace/Sources/WashiCore/Container/ZipArchive.swift /Users/admin/builder/spi-builder-workspace/Sources/WashiCore/EPUBError.swift /Users/admin/builder/spi-builder-workspace/Sources/WashiCore/Encryption/EPUBEncryption.swift -primary-file /Users/admin/builder/spi-builder-workspace/Sources/WashiCore/MediaOverlay/MediaOverlay.swift -primary-file /Users/admin/builder/spi-builder-workspace/Sources/WashiCore/MediaOverlay/SMILParser.swift -primary-file /Users/admin/builder/spi-builder-workspace/Sources/WashiCore/Navigation/EPUBNavigation.swift /Users/admin/builder/spi-builder-workspace/Sources/WashiCore/Package/EPUBAccessibility.swift /Users/admin/builder/spi-builder-workspace/Sources/WashiCore/Package/EPUBModels.swift /Users/admin/builder/spi-builder-workspace/Sources/WashiCore/Package/PackageDocumentParser.swift /Users/admin/builder/spi-builder-workspace/Sources/WashiCore/Publication/EPUBCover.swift /Users/admin/builder/spi-builder-workspace/Sources/WashiCore/Publication/EPUBFixedLayout.swift /Users/admin/builder/spi-builder-workspace/Sources/WashiCore/Publication/EPUBHighlight.swift /Users/admin/builder/spi-builder-workspace/Sources/WashiCore/Publication/EPUBLocator.swift /Users/admin/builder/spi-builder-workspace/Sources/WashiCore/Publication/EPUBNoteExtraction.swift /Users/admin/builder/spi-builder-workspace/Sources/WashiCore/Publication/EPUBPrefixedCSS.swift /Users/admin/builder/spi-builder-workspace/Sources/WashiCore/Publication/EPUBPublication.swift /Users/admin/builder/spi-builder-workspace/Sources/WashiCore/Publication/EPUBPublicationNavigation.swift /Users/admin/builder/spi-builder-workspace/Sources/WashiCore/Publication/EPUBReadingDirection.swift /Users/admin/builder/spi-builder-workspace/Sources/WashiCore/Publication/EPUBSearch.swift /Users/admin/builder/spi-builder-workspace/Sources/WashiCore/Publication/EPUBTextExtraction.swift /Users/admin/builder/spi-builder-workspace/Sources/WashiCore/Publication/ExtractedTextCache.swift /Users/admin/builder/spi-builder-workspace/Sources/WashiCore/Util/ContainerPath.swift /Users/admin/builder/spi-builder-workspace/Sources/WashiCore/Util/HTMLEntities.swift /Users/admin/builder/spi-builder-workspace/Sources/WashiCore/Util/MediaType.swift /Users/admin/builder/spi-builder-workspace/Sources/WashiCore/Util/WashiXML.swift /Users/admin/builder/spi-builder-workspace/Sources/WashiCore/Util/XMLCharsetDetector.swift /Users/admin/builder/spi-builder-workspace/Sources/WashiCore/Util/XMLElement+EPUB.swift -supplementary-output-file-map /Users/admin/builder/spi-builder-workspace/.derivedData/Build/Intermediates.noindex/Washi.build/Debug-watchos/WashiCore.build/Objects-normal/arm64_32/supplementaryOutputs-4 -target arm64_32-apple-watchos5.0 -load-resolved-plugin /Applications/Xcode-26.5.0.app/Contents/Developer/Platforms/WatchOS.platform/Developer/usr/lib/swift/host/plugins/libFoundationMacros.dylib\#/Applications/Xcode-26.5.0.app/Contents/Developer/Platforms/WatchOS.platform/Developer/usr/bin/swift-plugin-server\#FoundationMacros -load-resolved-plugin /Applications/Xcode-26.5.0.app/Contents/Developer/Platforms/WatchOS.platform/Developer/usr/lib/swift/host/plugins/libObservationMacros.dylib\#/Applications/Xcode-26.5.0.app/Contents/Developer/Platforms/WatchOS.platform/Developer/usr/bin/swift-plugin-server\#ObservationMacros -load-resolved-plugin /Applications/Xcode-26.5.0.app/Contents/Developer/Platforms/WatchOS.platform/Developer/usr/lib/swift/host/plugins/libSwiftMacros.dylib\#/Applications/Xcode-26.5.0.app/Contents/Developer/Platforms/WatchOS.platform/Developer/usr/bin/swift-plugin-server\#SwiftMacros -disable-implicit-swift-modules -Xcc -fno-implicit-modules -Xcc -fno-implicit-module-maps -explicit-swift-module-map-file /Users/admin/builder/spi-builder-workspace/.derivedData/Build/Intermediates.noindex/Washi.build/Debug-watchos/WashiCore.build/Objects-normal/arm64_32/WashiCore-dependencies-3.json -debug-module-path /Users/admin/builder/spi-builder-workspace/.derivedData/Build/Intermediates.noindex/Washi.build/Debug-watchos/WashiCore.build/Objects-normal/arm64_32/WashiCore.swiftmodule -enable-objc-interop -sdk /Applications/Xcode-26.5.0.app/Contents/Developer/Platforms/WatchOS.platform/Developer/SDKs/WatchOS26.5.sdk -I /Users/admin/builder/spi-builder-workspace/.derivedData/Build/Products/Debug-watchos -Isystem /Applications/Xcode-26.5.0.app/Contents/Developer/Platforms/WatchOS.platform/Developer/usr/lib -F /Users/admin/builder/spi-builder-workspace/.derivedData/Build/Products/Debug-watchos -F /Applications/Xcode-26.5.0.app/Contents/Developer/Platforms/WatchOS.platform/Developer/Library/Frameworks -F /Applications/Xcode-26.5.0.app/Contents/Developer/Platforms/WatchOS.platform/Developer/SDKs/WatchOS26.5.sdk/Developer/Library/Frameworks -no-color-diagnostics -Xcc -fno-color-diagnostics -enable-testing -g -debug-info-format\=dwarf -dwarf-version\=4 -module-cache-path /Users/admin/builder/spi-builder-workspace/.derivedData/Build/Intermediates.noindex/SwiftExplicitPrecompiledModules -profile-generate -profile-coverage-mapping -swift-version 6 -Onone -D SWIFT_PACKAGE -D DEBUG -D SWIFT_MODULE_RESOURCE_BUNDLE_UNAVAILABLE -D Xcode -serialize-debugging-options -const-gather-protocols-file /Users/admin/builder/spi-builder-workspace/.derivedData/Build/Intermediates.noindex/Washi.build/Debug-watchos/WashiCore.build/Objects-normal/arm64_32/WashiCore_const_extract_protocols.json -enable-experimental-feature DebugDescriptionMacro -empty-abi-descriptor -validate-clang-modules-once -clang-build-session-file /Users/admin/builder/spi-builder-workspace/.derivedData/ModuleCache.noindex/Session.modulevalidation -Xcc -working-directory -Xcc /Users/admin/builder/spi-builder-workspace/.swiftpm/xcode -enable-anonymous-context-mangled-names -file-compilation-dir /Users/admin/builder/spi-builder-workspace/.swiftpm/xcode -Xcc -D_LIBCPP_HARDENING_MODE\=_LIBCPP_HARDENING_MODE_DEBUG -Xcc -ivfsstatcache -Xcc /Users/admin/builder/spi-builder-workspace/.derivedData/SDKStatCaches.noindex/watchos26.5-23T570-688ef53f1462e2c8f657fdc38a81448f7931b973dfc65d9472806dbbc3af9379.sdkstatcache -Xcc -I/Users/admin/builder/spi-builder-workspace/.derivedData/Build/Intermediates.noindex/Washi.build/Debug-watchos/WashiCore.build/swift-overrides.hmap -Xcc -I/Users/admin/builder/spi-builder-workspace/.derivedData/Build/Products/Debug-watchos/include -Xcc -I/Users/admin/builder/spi-builder-workspace/.derivedData/Build/Intermediates.noindex/Washi.build/Debug-watchos/WashiCore.build/DerivedSources-normal/arm64_32 -Xcc -I/Users/admin/builder/spi-builder-workspace/.derivedData/Build/Intermediates.noindex/Washi.build/Debug-watchos/WashiCore.build/DerivedSources/arm64_32 -Xcc -I/Users/admin/builder/spi-builder-workspace/.derivedData/Build/Intermediates.noindex/Washi.build/Debug-watchos/WashiCore.build/DerivedSources -Xcc -DSWIFT_PACKAGE -Xcc -DDEBUG\=1 -no-auto-bridging-header-chaining -module-name WashiCore -package-name spi_builder_workspace -frontend-parseable-output -disable-clang-spi -clang-target arm64_32-apple-watchos26.5 -target-sdk-version 26.5 -target-sdk-name watchos26.5 -in-process-plugin-server-path /Applications/Xcode-26.5.0.app/Contents/Developer/Toolchains/XcodeDefault.xctoolchain/usr/lib/swift/host/libSwiftInProcPluginServer.dylib -o /Users/admin/builder/spi-builder-workspace/.derivedData/Build/Intermediates.noindex/Washi.build/Debug-watchos/WashiCore.build/Objects-normal/arm64_32/MediaOverlay.o -o /Users/admin/builder/spi-builder-workspace/.derivedData/Build/Intermediates.noindex/Washi.build/Debug-watchos/WashiCore.build/Objects-normal/arm64_32/SMILParser.o -o /Users/admin/builder/spi-builder-workspace/.derivedData/Build/Intermediates.noindex/Washi.build/Debug-watchos/WashiCore.build/Objects-normal/arm64_32/EPUBNavigation.o -index-unit-output-path /Washi.build/Debug-watchos/WashiCore.build/Objects-normal/arm64_32/MediaOverlay.o -index-unit-output-path /Washi.build/Debug-watchos/WashiCore.build/Objects-normal/arm64_32/SMILParser.o -index-unit-output-path /Washi.build/Debug-watchos/WashiCore.build/Objects-normal/arm64_32/EPUBNavigation.o -index-store-path /Users/admin/builder/spi-builder-workspace/.derivedData/Index.noindex/DataStore -index-system-modules
SwiftCompile normal arm64_32 /Users/admin/builder/spi-builder-workspace/Sources/WashiCore/MediaOverlay/MediaOverlay.swift (in target 'WashiCore' from project 'Washi')
    cd /Users/admin/builder/spi-builder-workspace/.swiftpm/xcode

SwiftCompile normal arm64_32 /Users/admin/builder/spi-builder-workspace/Sources/WashiCore/MediaOverlay/SMILParser.swift (in target 'WashiCore' from project 'Washi')
    cd /Users/admin/builder/spi-builder-workspace/.swiftpm/xcode

/Users/admin/builder/spi-builder-workspace/Sources/WashiCore/MediaOverlay/SMILParser.swift:15:21: error: cannot find type 'XMLElement' in scope
        in element: XMLElement, inheritedTypes: [String] = [],
                    ^~~~~~~~~~
/Users/admin/builder/spi-builder-workspace/Sources/WashiCore/Util/WashiXML.swift:31:53: error: cannot find type 'XMLDocument' in scope
    static func document(from data: Data) throws -> XMLDocument {
                                                    ^~~~~~~~~~~
/Users/admin/builder/spi-builder-workspace/Sources/WashiCore/MediaOverlay/SMILParser.swift:22:40: error: cannot find type 'XMLElement' in scope
            guard let child = node as? XMLElement else { continue }
                                       ^~~~~~~~~~
SwiftCompile normal arm64_32 /Users/admin/builder/spi-builder-workspace/Sources/WashiCore/Navigation/EPUBNavigation.swift (in target 'WashiCore' from project 'Washi')
    cd /Users/admin/builder/spi-builder-workspace/.swiftpm/xcode

/Users/admin/builder/spi-builder-workspace/Sources/WashiCore/Navigation/EPUBNavigation.swift:76:71: error: cannot find type 'XMLElement' in scope
    private static func collectNavElements(_ element: XMLElement) -> [XMLElement] {
                                                                      ^~~~~~~~~~
/Users/admin/builder/spi-builder-workspace/Sources/WashiCore/Navigation/EPUBNavigation.swift:76:55: error: cannot find type 'XMLElement' in scope
    private static func collectNavElements(_ element: XMLElement) -> [XMLElement] {
                                                      ^~~~~~~~~~
/Users/admin/builder/spi-builder-workspace/Sources/WashiCore/Navigation/EPUBNavigation.swift:88:42: error: cannot find type 'XMLElement' in scope
    private static func parseList(_ nav: XMLElement) -> [EPUBNavItem] {
                                         ^~~~~~~~~~
/Users/admin/builder/spi-builder-workspace/Sources/WashiCore/Navigation/EPUBNavigation.swift:93:48: error: cannot find type 'XMLElement' in scope
    private static func parseListItems(_ list: XMLElement) -> [EPUBNavItem] {
                                               ^~~~~~~~~~
/Users/admin/builder/spi-builder-workspace/Sources/WashiCore/Navigation/EPUBNavigation.swift:123:73: error: cannot find type 'XMLElement' in scope
                                             in element: XMLElement) -> XMLElement? {
                                                                        ^~~~~~~~~~
/Users/admin/builder/spi-builder-workspace/Sources/WashiCore/Navigation/EPUBNavigation.swift:123:58: error: cannot find type 'XMLElement' in scope
                                             in element: XMLElement) -> XMLElement? {
                                                         ^~~~~~~~~~
/Users/admin/builder/spi-builder-workspace/Sources/WashiCore/Navigation/EPUBNavigation.swift:157:52: error: cannot find type 'XMLElement' in scope
    private static func parseNavPoints(in element: XMLElement) -> [EPUBNavItem] {
                                                   ^~~~~~~~~~
/Users/admin/builder/spi-builder-workspace/Sources/WashiCore/Navigation/EPUBNavigation.swift:166:45: error: cannot find type 'XMLElement' in scope
    private static func parsePoint(_ point: XMLElement) -> EPUBNavItem? {
                                            ^~~~~~~~~~
/Users/admin/builder/spi-builder-workspace/Sources/WashiCore/Navigation/EPUBNavigation.swift:77:22: error: cannot find type 'XMLElement' in scope
        var result: [XMLElement] = []
                     ^~~~~~~~~~
/Users/admin/builder/spi-builder-workspace/Sources/WashiCore/Navigation/EPUBNavigation.swift:80:37: error: cannot find type 'XMLElement' in scope
            if let child = node as? XMLElement {
                                    ^~~~~~~~~~
/Users/admin/builder/spi-builder-workspace/Sources/WashiCore/Navigation/EPUBNavigation.swift:96:37: error: cannot find type 'XMLElement' in scope
            guard let li = node as? XMLElement, li.localName == "li" else { continue }
                                    ^~~~~~~~~~
/Users/admin/builder/spi-builder-workspace/Sources/WashiCore/Navigation/EPUBNavigation.swift:99:49: error: cannot find type 'XMLElement' in scope
                guard let child = childNode as? XMLElement else { continue }
                                                ^~~~~~~~~~
/Users/admin/builder/spi-builder-workspace/Sources/WashiCore/Navigation/EPUBNavigation.swift:125:40: error: cannot find type 'XMLElement' in scope
            guard let child = node as? XMLElement else { continue }
                                       ^~~~~~~~~~
SwiftCompile normal arm64_32 Compiling\ ContainerPath.swift,\ HTMLEntities.swift,\ MediaType.swift /Users/admin/builder/spi-builder-workspace/Sources/WashiCore/Util/ContainerPath.swift /Users/admin/builder/spi-builder-workspace/Sources/WashiCore/Util/HTMLEntities.swift /Users/admin/builder/spi-builder-workspace/Sources/WashiCore/Util/MediaType.swift (in target 'WashiCore' from project 'Washi')
SwiftCompile normal arm64_32 /Users/admin/builder/spi-builder-workspace/Sources/WashiCore/Util/ContainerPath.swift (in target 'WashiCore' from project 'Washi')
    cd /Users/admin/builder/spi-builder-workspace/.swiftpm/xcode

SwiftCompile normal arm64_32 /Users/admin/builder/spi-builder-workspace/Sources/WashiCore/Util/HTMLEntities.swift (in target 'WashiCore' from project 'Washi')
    cd /Users/admin/builder/spi-builder-workspace/.swiftpm/xcode

SwiftCompile normal arm64_32 /Users/admin/builder/spi-builder-workspace/Sources/WashiCore/Util/MediaType.swift (in target 'WashiCore' from project 'Washi')
    cd /Users/admin/builder/spi-builder-workspace/.swiftpm/xcode

SwiftCompile normal arm64_32 Compiling\ EPUBLocator.swift,\ EPUBNoteExtraction.swift,\ EPUBPrefixedCSS.swift /Users/admin/builder/spi-builder-workspace/Sources/WashiCore/Publication/EPUBLocator.swift /Users/admin/builder/spi-builder-workspace/Sources/WashiCore/Publication/EPUBNoteExtraction.swift /Users/admin/builder/spi-builder-workspace/Sources/WashiCore/Publication/EPUBPrefixedCSS.swift (in target 'WashiCore' from project 'Washi')
Failed frontend command:
/Applications/Xcode-26.5.0.app/Contents/Developer/Toolchains/XcodeDefault.xctoolchain/usr/bin/swift-frontend -frontend -c /Users/admin/builder/spi-builder-workspace/Sources/WashiCore/Container/CRC32.swift /Users/admin/builder/spi-builder-workspace/Sources/WashiCore/Container/ContainerReader.swift /Users/admin/builder/spi-builder-workspace/Sources/WashiCore/Container/OCFContainer.swift /Users/admin/builder/spi-builder-workspace/Sources/WashiCore/Container/ZipArchive.swift /Users/admin/builder/spi-builder-workspace/Sources/WashiCore/EPUBError.swift /Users/admin/builder/spi-builder-workspace/Sources/WashiCore/Encryption/EPUBEncryption.swift /Users/admin/builder/spi-builder-workspace/Sources/WashiCore/MediaOverlay/MediaOverlay.swift /Users/admin/builder/spi-builder-workspace/Sources/WashiCore/MediaOverlay/SMILParser.swift /Users/admin/builder/spi-builder-workspace/Sources/WashiCore/Navigation/EPUBNavigation.swift /Users/admin/builder/spi-builder-workspace/Sources/WashiCore/Package/EPUBAccessibility.swift /Users/admin/builder/spi-builder-workspace/Sources/WashiCore/Package/EPUBModels.swift /Users/admin/builder/spi-builder-workspace/Sources/WashiCore/Package/PackageDocumentParser.swift /Users/admin/builder/spi-builder-workspace/Sources/WashiCore/Publication/EPUBCover.swift /Users/admin/builder/spi-builder-workspace/Sources/WashiCore/Publication/EPUBFixedLayout.swift /Users/admin/builder/spi-builder-workspace/Sources/WashiCore/Publication/EPUBHighlight.swift -primary-file /Users/admin/builder/spi-builder-workspace/Sources/WashiCore/Publication/EPUBLocator.swift -primary-file /Users/admin/builder/spi-builder-workspace/Sources/WashiCore/Publication/EPUBNoteExtraction.swift -primary-file /Users/admin/builder/spi-builder-workspace/Sources/WashiCore/Publication/EPUBPrefixedCSS.swift /Users/admin/builder/spi-builder-workspace/Sources/WashiCore/Publication/EPUBPublication.swift /Users/admin/builder/spi-builder-workspace/Sources/WashiCore/Publication/EPUBPublicationNavigation.swift /Users/admin/builder/spi-builder-workspace/Sources/WashiCore/Publication/EPUBReadingDirection.swift /Users/admin/builder/spi-builder-workspace/Sources/WashiCore/Publication/EPUBSearch.swift /Users/admin/builder/spi-builder-workspace/Sources/WashiCore/Publication/EPUBTextExtraction.swift /Users/admin/builder/spi-builder-workspace/Sources/WashiCore/Publication/ExtractedTextCache.swift /Users/admin/builder/spi-builder-workspace/Sources/WashiCore/Util/ContainerPath.swift /Users/admin/builder/spi-builder-workspace/Sources/WashiCore/Util/HTMLEntities.swift /Users/admin/builder/spi-builder-workspace/Sources/WashiCore/Util/MediaType.swift /Users/admin/builder/spi-builder-workspace/Sources/WashiCore/Util/WashiXML.swift /Users/admin/builder/spi-builder-workspace/Sources/WashiCore/Util/XMLCharsetDetector.swift /Users/admin/builder/spi-builder-workspace/Sources/WashiCore/Util/XMLElement+EPUB.swift -supplementary-output-file-map /Users/admin/builder/spi-builder-workspace/.derivedData/Build/Intermediates.noindex/Washi.build/Debug-watchos/WashiCore.build/Objects-normal/arm64_32/supplementaryOutputs-12 -target arm64_32-apple-watchos5.0 -load-resolved-plugin /Applications/Xcode-26.5.0.app/Contents/Developer/Platforms/WatchOS.platform/Developer/usr/lib/swift/host/plugins/libFoundationMacros.dylib\#/Applications/Xcode-26.5.0.app/Contents/Developer/Platforms/WatchOS.platform/Developer/usr/bin/swift-plugin-server\#FoundationMacros -load-resolved-plugin /Applications/Xcode-26.5.0.app/Contents/Developer/Platforms/WatchOS.platform/Developer/usr/lib/swift/host/plugins/libObservationMacros.dylib\#/Applications/Xcode-26.5.0.app/Contents/Developer/Platforms/WatchOS.platform/Developer/usr/bin/swift-plugin-server\#ObservationMacros -load-resolved-plugin /Applications/Xcode-26.5.0.app/Contents/Developer/Platforms/WatchOS.platform/Developer/usr/lib/swift/host/plugins/libSwiftMacros.dylib\#/Applications/Xcode-26.5.0.app/Contents/Developer/Platforms/WatchOS.platform/Developer/usr/bin/swift-plugin-server\#SwiftMacros -disable-implicit-swift-modules -Xcc -fno-implicit-modules -Xcc -fno-implicit-module-maps -explicit-swift-module-map-file /Users/admin/builder/spi-builder-workspace/.derivedData/Build/Intermediates.noindex/Washi.build/Debug-watchos/WashiCore.build/Objects-normal/arm64_32/WashiCore-dependencies-3.json -debug-module-path /Users/admin/builder/spi-builder-workspace/.derivedData/Build/Intermediates.noindex/Washi.build/Debug-watchos/WashiCore.build/Objects-normal/arm64_32/WashiCore.swiftmodule -enable-objc-interop -sdk /Applications/Xcode-26.5.0.app/Contents/Developer/Platforms/WatchOS.platform/Developer/SDKs/WatchOS26.5.sdk -I /Users/admin/builder/spi-builder-workspace/.derivedData/Build/Products/Debug-watchos -Isystem /Applications/Xcode-26.5.0.app/Contents/Developer/Platforms/WatchOS.platform/Developer/usr/lib -F /Users/admin/builder/spi-builder-workspace/.derivedData/Build/Products/Debug-watchos -F /Applications/Xcode-26.5.0.app/Contents/Developer/Platforms/WatchOS.platform/Developer/Library/Frameworks -F /Applications/Xcode-26.5.0.app/Contents/Developer/Platforms/WatchOS.platform/Developer/SDKs/WatchOS26.5.sdk/Developer/Library/Frameworks -no-color-diagnostics -Xcc -fno-color-diagnostics -enable-testing -g -debug-info-format\=dwarf -dwarf-version\=4 -module-cache-path /Users/admin/builder/spi-builder-workspace/.derivedData/Build/Intermediates.noindex/SwiftExplicitPrecompiledModules -profile-generate -profile-coverage-mapping -swift-version 6 -Onone -D SWIFT_PACKAGE -D DEBUG -D SWIFT_MODULE_RESOURCE_BUNDLE_UNAVAILABLE -D Xcode -serialize-debugging-options -const-gather-protocols-file /Users/admin/builder/spi-builder-workspace/.derivedData/Build/Intermediates.noindex/Washi.build/Debug-watchos/WashiCore.build/Objects-normal/arm64_32/WashiCore_const_extract_protocols.json -enable-experimental-feature DebugDescriptionMacro -empty-abi-descriptor -validate-clang-modules-once -clang-build-session-file /Users/admin/builder/spi-builder-workspace/.derivedData/ModuleCache.noindex/Session.modulevalidation -Xcc -working-directory -Xcc /Users/admin/builder/spi-builder-workspace/.swiftpm/xcode -enable-anonymous-context-mangled-names -file-compilation-dir /Users/admin/builder/spi-builder-workspace/.swiftpm/xcode -Xcc -D_LIBCPP_HARDENING_MODE\=_LIBCPP_HARDENING_MODE_DEBUG -Xcc -ivfsstatcache -Xcc /Users/admin/builder/spi-builder-workspace/.derivedData/SDKStatCaches.noindex/watchos26.5-23T570-688ef53f1462e2c8f657fdc38a81448f7931b973dfc65d9472806dbbc3af9379.sdkstatcache -Xcc -I/Users/admin/builder/spi-builder-workspace/.derivedData/Build/Intermediates.noindex/Washi.build/Debug-watchos/WashiCore.build/swift-overrides.hmap -Xcc -I/Users/admin/builder/spi-builder-workspace/.derivedData/Build/Products/Debug-watchos/include -Xcc -I/Users/admin/builder/spi-builder-workspace/.derivedData/Build/Intermediates.noindex/Washi.build/Debug-watchos/WashiCore.build/DerivedSources-normal/arm64_32 -Xcc -I/Users/admin/builder/spi-builder-workspace/.derivedData/Build/Intermediates.noindex/Washi.build/Debug-watchos/WashiCore.build/DerivedSources/arm64_32 -Xcc -I/Users/admin/builder/spi-builder-workspace/.derivedData/Build/Intermediates.noindex/Washi.build/Debug-watchos/WashiCore.build/DerivedSources -Xcc -DSWIFT_PACKAGE -Xcc -DDEBUG\=1 -no-auto-bridging-header-chaining -module-name WashiCore -package-name spi_builder_workspace -frontend-parseable-output -disable-clang-spi -clang-target arm64_32-apple-watchos26.5 -target-sdk-version 26.5 -target-sdk-name watchos26.5 -in-process-plugin-server-path /Applications/Xcode-26.5.0.app/Contents/Developer/Toolchains/XcodeDefault.xctoolchain/usr/lib/swift/host/libSwiftInProcPluginServer.dylib -o /Users/admin/builder/spi-builder-workspace/.derivedData/Build/Intermediates.noindex/Washi.build/Debug-watchos/WashiCore.build/Objects-normal/arm64_32/EPUBLocator.o -o /Users/admin/builder/spi-builder-workspace/.derivedData/Build/Intermediates.noindex/Washi.build/Debug-watchos/WashiCore.build/Objects-normal/arm64_32/EPUBNoteExtraction.o -o /Users/admin/builder/spi-builder-workspace/.derivedData/Build/Intermediates.noindex/Washi.build/Debug-watchos/WashiCore.build/Objects-normal/arm64_32/EPUBPrefixedCSS.o -index-unit-output-path /Washi.build/Debug-watchos/WashiCore.build/Objects-normal/arm64_32/EPUBLocator.o -index-unit-output-path /Washi.build/Debug-watchos/WashiCore.build/Objects-normal/arm64_32/EPUBNoteExtraction.o -index-unit-output-path /Washi.build/Debug-watchos/WashiCore.build/Objects-normal/arm64_32/EPUBPrefixedCSS.o -index-store-path /Users/admin/builder/spi-builder-workspace/.derivedData/Index.noindex/DataStore -index-system-modules
SwiftCompile normal arm64_32 /Users/admin/builder/spi-builder-workspace/Sources/WashiCore/Publication/EPUBLocator.swift (in target 'WashiCore' from project 'Washi')
    cd /Users/admin/builder/spi-builder-workspace/.swiftpm/xcode

SwiftCompile normal arm64_32 /Users/admin/builder/spi-builder-workspace/Sources/WashiCore/Publication/EPUBNoteExtraction.swift (in target 'WashiCore' from project 'Washi')
    cd /Users/admin/builder/spi-builder-workspace/.swiftpm/xcode

/Users/admin/builder/spi-builder-workspace/Sources/WashiCore/Publication/EPUBNoteExtraction.swift:24:10: error: cannot find type 'XMLElement' in scope
    ) -> XMLElement? {
         ^~~~~~~~~~
/Users/admin/builder/spi-builder-workspace/Sources/WashiCore/Publication/EPUBNoteExtraction.swift:23:40: error: cannot find type 'XMLElement' in scope
        withID id: String, in element: XMLElement
                                       ^~~~~~~~~~
/Users/admin/builder/spi-builder-workspace/Sources/WashiCore/Publication/EPUBNoteExtraction.swift:33:66: error: cannot find type 'XMLElement' in scope
    private static func noteContainer(for target: XMLElement) -> XMLElement? {
                                                                 ^~~~~~~~~~
/Users/admin/builder/spi-builder-workspace/Sources/WashiCore/Publication/EPUBNoteExtraction.swift:33:51: error: cannot find type 'XMLElement' in scope
    private static func noteContainer(for target: XMLElement) -> XMLElement? {
                                                  ^~~~~~~~~~
/Users/admin/builder/spi-builder-workspace/Sources/WashiCore/Publication/EPUBNoteExtraction.swift:56:59: error: cannot find type 'XMLElement' in scope
    private static func removeNoteBacklinks(from element: XMLElement) {
                                                          ^~~~~~~~~~
/Users/admin/builder/spi-builder-workspace/Sources/WashiCore/Util/WashiXML.swift:31:53: error: cannot find type 'XMLDocument' in scope
    static func document(from data: Data) throws -> XMLDocument {
                                                    ^~~~~~~~~~~
/Users/admin/builder/spi-builder-workspace/Sources/WashiCore/Publication/EPUBNoteExtraction.swift:14:46: error: cannot find type 'XMLElement' in scope
        guard let copy = selected.copy() as? XMLElement else {
                                             ^~~~~~~~~~
/Users/admin/builder/spi-builder-workspace/Sources/WashiCore/Publication/EPUBNoteExtraction.swift:27:40: error: cannot find type 'XMLElement' in scope
            guard let child = node as? XMLElement else { continue }
                                       ^~~~~~~~~~
/Users/admin/builder/spi-builder-workspace/Sources/WashiCore/Publication/EPUBNoteExtraction.swift:36:42: error: cannot find type 'XMLElement' in scope
        var ancestor = target.parent as? XMLElement
                                         ^~~~~~~~~~
/Users/admin/builder/spi-builder-workspace/Sources/WashiCore/Publication/EPUBNoteExtraction.swift:51:45: error: cannot find type 'XMLElement' in scope
            ancestor = candidate.parent as? XMLElement
                                            ^~~~~~~~~~
/Users/admin/builder/spi-builder-workspace/Sources/WashiCore/Publication/EPUBNoteExtraction.swift:58:40: error: cannot find type 'XMLElement' in scope
            guard let child = node as? XMLElement else { continue }
                                       ^~~~~~~~~~
/Users/admin/builder/spi-builder-workspace/Sources/WashiCore/Publication/EPUBNoteExtraction.swift:62:45: error: cannot infer contextual base in reference to member 'whitespacesAndNewlines'
               href.trimmingCharacters(in: .whitespacesAndNewlines)
                                           ~^~~~~~~~~~~~~~~~~~~~~~
SwiftCompile normal arm64_32 /Users/admin/builder/spi-builder-workspace/Sources/WashiCore/Publication/EPUBPrefixedCSS.swift (in target 'WashiCore' from project 'Washi')
    cd /Users/admin/builder/spi-builder-workspace/.swiftpm/xcode

SwiftCompile normal arm64_32 Compiling\ EPUBSearch.swift,\ EPUBTextExtraction.swift,\ ExtractedTextCache.swift /Users/admin/builder/spi-builder-workspace/Sources/WashiCore/Publication/EPUBSearch.swift /Users/admin/builder/spi-builder-workspace/Sources/WashiCore/Publication/EPUBTextExtraction.swift /Users/admin/builder/spi-builder-workspace/Sources/WashiCore/Publication/ExtractedTextCache.swift (in target 'WashiCore' from project 'Washi')
SwiftCompile normal arm64_32 /Users/admin/builder/spi-builder-workspace/Sources/WashiCore/Publication/EPUBSearch.swift (in target 'WashiCore' from project 'Washi')
    cd /Users/admin/builder/spi-builder-workspace/.swiftpm/xcode

/Users/admin/builder/spi-builder-workspace/Sources/WashiCore/Publication/EPUBSearch.swift:161:16: error: 'Task' is only available in watchOS 6.0 or newer
            if Task.isCancelled { break }
               ^
/Users/admin/builder/spi-builder-workspace/Sources/WashiCore/Publication/EPUBSearch.swift:161:16: note: add 'if #available' version check
            if Task.isCancelled { break }
               ^
/Users/admin/builder/spi-builder-workspace/Sources/WashiCore/Publication/EPUBSearch.swift:151:17: note: add '@available' attribute to enclosing instance method
    public func search(_ query: String, options: EPUBSearchOptions,
                ^
/Users/admin/builder/spi-builder-workspace/Sources/WashiCore/Publication/EPUBSearch.swift:88:1: note: add '@available' attribute to enclosing extension
extension EPUBPublication {
^
/Users/admin/builder/spi-builder-workspace/Sources/WashiCore/Publication/EPUBSearch.swift:161:21: error: 'isCancelled' is only available in watchOS 6.0 or newer
            if Task.isCancelled { break }
                    ^
/Users/admin/builder/spi-builder-workspace/Sources/WashiCore/Publication/EPUBSearch.swift:161:21: note: add 'if #available' version check
            if Task.isCancelled { break }
                    ^
/Users/admin/builder/spi-builder-workspace/Sources/WashiCore/Publication/EPUBSearch.swift:151:17: note: add '@available' attribute to enclosing instance method
    public func search(_ query: String, options: EPUBSearchOptions,
                ^
/Users/admin/builder/spi-builder-workspace/Sources/WashiCore/Publication/EPUBSearch.swift:88:1: note: add '@available' attribute to enclosing extension
extension EPUBPublication {
^
/Users/admin/builder/spi-builder-workspace/Sources/WashiCore/Publication/EPUBSearch.swift:192:16: error: 'Task' is only available in watchOS 6.0 or newer
        guard !Task.isCancelled else { return [] }
               ^
/Users/admin/builder/spi-builder-workspace/Sources/WashiCore/Publication/EPUBSearch.swift:192:16: note: add 'if #available' version check
        guard !Task.isCancelled else { return [] }
               ^
/Users/admin/builder/spi-builder-workspace/Sources/WashiCore/Publication/EPUBSearch.swift:188:25: note: add '@available' attribute to enclosing static method
    private static func matches(of needle: String, in text: String,
                        ^
/Users/admin/builder/spi-builder-workspace/Sources/WashiCore/Publication/EPUBSearch.swift:88:1: note: add '@available' attribute to enclosing extension
extension EPUBPublication {
^
/Users/admin/builder/spi-builder-workspace/Sources/WashiCore/Publication/EPUBSearch.swift:192:21: error: 'isCancelled' is only available in watchOS 6.0 or newer
        guard !Task.isCancelled else { return [] }
                    ^
/Users/admin/builder/spi-builder-workspace/Sources/WashiCore/Publication/EPUBSearch.swift:192:21: note: add 'if #available' version check
        guard !Task.isCancelled else { return [] }
                    ^
/Users/admin/builder/spi-builder-workspace/Sources/WashiCore/Publication/EPUBSearch.swift:188:25: note: add '@available' attribute to enclosing static method
    private static func matches(of needle: String, in text: String,
                        ^
/Users/admin/builder/spi-builder-workspace/Sources/WashiCore/Publication/EPUBSearch.swift:88:1: note: add '@available' attribute to enclosing extension
extension EPUBPublication {
^
/Users/admin/builder/spi-builder-workspace/Sources/WashiCore/Publication/EPUBSearch.swift:201:61: error: 'Task' is only available in watchOS 6.0 or newer
                    if processed.isMultiple(of: 1024) { try Task.checkCancellation() }
                                                            ^
/Users/admin/builder/spi-builder-workspace/Sources/WashiCore/Publication/EPUBSearch.swift:201:61: note: add 'if #available' version check
                    if processed.isMultiple(of: 1024) { try Task.checkCancellation() }
                                                            ^
/Users/admin/builder/spi-builder-workspace/Sources/WashiCore/Publication/EPUBSearch.swift:188:25: note: add '@available' attribute to enclosing static method
    private static func matches(of needle: String, in text: String,
                        ^
/Users/admin/builder/spi-builder-workspace/Sources/WashiCore/Publication/EPUBSearch.swift:88:1: note: add '@available' attribute to enclosing extension
extension EPUBPublication {
^
/Users/admin/builder/spi-builder-workspace/Sources/WashiCore/Publication/EPUBSearch.swift:201:66: error: 'checkCancellation()' is only available in watchOS 6.0 or newer
                    if processed.isMultiple(of: 1024) { try Task.checkCancellation() }
                                                                 ^
/Users/admin/builder/spi-builder-workspace/Sources/WashiCore/Publication/EPUBSearch.swift:201:66: note: add 'if #available' version check
                    if processed.isMultiple(of: 1024) { try Task.checkCancellation() }
                                                                 ^
/Users/admin/builder/spi-builder-workspace/Sources/WashiCore/Publication/EPUBSearch.swift:188:25: note: add '@available' attribute to enclosing static method
    private static func matches(of needle: String, in text: String,
                        ^
/Users/admin/builder/spi-builder-workspace/Sources/WashiCore/Publication/EPUBSearch.swift:88:1: note: add '@available' attribute to enclosing extension
extension EPUBPublication {
^
/Users/admin/builder/spi-builder-workspace/Sources/WashiCore/Publication/EPUBSearch.swift:225:16: error: 'Task' is only available in watchOS 6.0 or newer
        guard !Task.isCancelled,
               ^
/Users/admin/builder/spi-builder-workspace/Sources/WashiCore/Publication/EPUBSearch.swift:225:16: note: add 'if #available' version check
        guard !Task.isCancelled,
               ^
/Users/admin/builder/spi-builder-workspace/Sources/WashiCore/Publication/EPUBSearch.swift:188:25: note: add '@available' attribute to enclosing static method
    private static func matches(of needle: String, in text: String,
                        ^
/Users/admin/builder/spi-builder-workspace/Sources/WashiCore/Publication/EPUBSearch.swift:88:1: note: add '@available' attribute to enclosing extension
extension EPUBPublication {
^
/Users/admin/builder/spi-builder-workspace/Sources/WashiCore/Publication/EPUBSearch.swift:225:21: error: 'isCancelled' is only available in watchOS 6.0 or newer
        guard !Task.isCancelled,
                    ^
/Users/admin/builder/spi-builder-workspace/Sources/WashiCore/Publication/EPUBSearch.swift:225:21: note: add 'if #available' version check
        guard !Task.isCancelled,
                    ^
/Users/admin/builder/spi-builder-workspace/Sources/WashiCore/Publication/EPUBSearch.swift:188:25: note: add '@available' attribute to enclosing static method
    private static func matches(of needle: String, in text: String,
                        ^
/Users/admin/builder/spi-builder-workspace/Sources/WashiCore/Publication/EPUBSearch.swift:88:1: note: add '@available' attribute to enclosing extension
extension EPUBPublication {
^
/Users/admin/builder/spi-builder-workspace/Sources/WashiCore/Publication/EPUBSearch.swift:227:16: error: 'Task' is only available in watchOS 6.0 or newer
              !Task.isCancelled
               ^
/Users/admin/builder/spi-builder-workspace/Sources/WashiCore/Publication/EPUBSearch.swift:227:16: note: add 'if #available' version check
              !Task.isCancelled
               ^
/Users/admin/builder/spi-builder-workspace/Sources/WashiCore/Publication/EPUBSearch.swift:188:25: note: add '@available' attribute to enclosing static method
    private static func matches(of needle: String, in text: String,
                        ^
/Users/admin/builder/spi-builder-workspace/Sources/WashiCore/Publication/EPUBSearch.swift:88:1: note: add '@available' attribute to enclosing extension
extension EPUBPublication {
^
/Users/admin/builder/spi-builder-workspace/Sources/WashiCore/Publication/EPUBSearch.swift:227:21: error: 'isCancelled' is only available in watchOS 6.0 or newer
              !Task.isCancelled
                    ^
/Users/admin/builder/spi-builder-workspace/Sources/WashiCore/Publication/EPUBSearch.swift:227:21: note: add 'if #available' version check
              !Task.isCancelled
                    ^
/Users/admin/builder/spi-builder-workspace/Sources/WashiCore/Publication/EPUBSearch.swift:188:25: note: add '@available' attribute to enclosing static method
    private static func matches(of needle: String, in text: String,
                        ^
/Users/admin/builder/spi-builder-workspace/Sources/WashiCore/Publication/EPUBSearch.swift:88:1: note: add '@available' attribute to enclosing extension
extension EPUBPublication {
^
/Users/admin/builder/spi-builder-workspace/Sources/WashiCore/Publication/EPUBSearch.swift:235:57: error: 'Task' is only available in watchOS 6.0 or newer
            if utf16Offsets.count.isMultiple(of: 1024), Task.isCancelled { return [] }
                                                        ^
/Users/admin/builder/spi-builder-workspace/Sources/WashiCore/Publication/EPUBSearch.swift:235:57: note: add 'if #available' version check
            if utf16Offsets.count.isMultiple(of: 1024), Task.isCancelled { return [] }
                                                        ^
/Users/admin/builder/spi-builder-workspace/Sources/WashiCore/Publication/EPUBSearch.swift:188:25: note: add '@available' attribute to enclosing static method
    private static func matches(of needle: String, in text: String,
                        ^
/Users/admin/builder/spi-builder-workspace/Sources/WashiCore/Publication/EPUBSearch.swift:88:1: note: add '@available' attribute to enclosing extension
extension EPUBPublication {
^
/Users/admin/builder/spi-builder-workspace/Sources/WashiCore/Publication/EPUBSearch.swift:235:62: error: 'isCancelled' is only available in watchOS 6.0 or newer
            if utf16Offsets.count.isMultiple(of: 1024), Task.isCancelled { return [] }
                                                             ^
/Users/admin/builder/spi-builder-workspace/Sources/WashiCore/Publication/EPUBSearch.swift:235:62: note: add 'if #available' version check
            if utf16Offsets.count.isMultiple(of: 1024), Task.isCancelled { return [] }
                                                             ^
/Users/admin/builder/spi-builder-workspace/Sources/WashiCore/Publication/EPUBSearch.swift:188:25: note: add '@available' attribute to enclosing static method
    private static func matches(of needle: String, in text: String,
                        ^
/Users/admin/builder/spi-builder-workspace/Sources/WashiCore/Publication/EPUBSearch.swift:88:1: note: add '@available' attribute to enclosing extension
extension EPUBPublication {
^
/Users/admin/builder/spi-builder-workspace/Sources/WashiCore/Publication/EPUBSearch.swift:243:56: error: 'Task' is only available in watchOS 6.0 or newer
                if offsets.count.isMultiple(of: 1024), Task.isCancelled { return [] }
                                                       ^
/Users/admin/builder/spi-builder-workspace/Sources/WashiCore/Publication/EPUBSearch.swift:243:56: note: add 'if #available' version check
                if offsets.count.isMultiple(of: 1024), Task.isCancelled { return [] }
                                                       ^
/Users/admin/builder/spi-builder-workspace/Sources/WashiCore/Publication/EPUBSearch.swift:188:25: note: add '@available' attribute to enclosing static method
    private static func matches(of needle: String, in text: String,
                        ^
/Users/admin/builder/spi-builder-workspace/Sources/WashiCore/Publication/EPUBSearch.swift:88:1: note: add '@available' attribute to enclosing extension
extension EPUBPublication {
^
/Users/admin/builder/spi-builder-workspace/Sources/WashiCore/Publication/EPUBSearch.swift:243:61: error: 'isCancelled' is only available in watchOS 6.0 or newer
                if offsets.count.isMultiple(of: 1024), Task.isCancelled { return [] }
                                                            ^
/Users/admin/builder/spi-builder-workspace/Sources/WashiCore/Publication/EPUBSearch.swift:243:61: note: add 'if #available' version check
                if offsets.count.isMultiple(of: 1024), Task.isCancelled { return [] }
                                                            ^
/Users/admin/builder/spi-builder-workspace/Sources/WashiCore/Publication/EPUBSearch.swift:188:25: note: add '@available' attribute to enclosing static method
    private static func matches(of needle: String, in text: String,
                        ^
/Users/admin/builder/spi-builder-workspace/Sources/WashiCore/Publication/EPUBSearch.swift:88:1: note: add '@available' attribute to enclosing extension
extension EPUBPublication {
^
/Users/admin/builder/spi-builder-workspace/Sources/WashiCore/Publication/EPUBSearch.swift:258:47: error: 'Task' is only available in watchOS 6.0 or newer
            if hits.count.isMultiple(of: 64), Task.isCancelled { break }
                                              ^
/Users/admin/builder/spi-builder-workspace/Sources/WashiCore/Publication/EPUBSearch.swift:258:47: note: add 'if #available' version check
            if hits.count.isMultiple(of: 64), Task.isCancelled { break }
                                              ^
/Users/admin/builder/spi-builder-workspace/Sources/WashiCore/Publication/EPUBSearch.swift:188:25: note: add '@available' attribute to enclosing static method
    private static func matches(of needle: String, in text: String,
                        ^
/Users/admin/builder/spi-builder-workspace/Sources/WashiCore/Publication/EPUBSearch.swift:88:1: note: add '@available' attribute to enclosing extension
extension EPUBPublication {
^
/Users/admin/builder/spi-builder-workspace/Sources/WashiCore/Publication/EPUBSearch.swift:258:52: error: 'isCancelled' is only available in watchOS 6.0 or newer
            if hits.count.isMultiple(of: 64), Task.isCancelled { break }
                                                   ^
/Users/admin/builder/spi-builder-workspace/Sources/WashiCore/Publication/EPUBSearch.swift:258:52: note: add 'if #available' version check
            if hits.count.isMultiple(of: 64), Task.isCancelled { break }
                                                   ^
/Users/admin/builder/spi-builder-workspace/Sources/WashiCore/Publication/EPUBSearch.swift:188:25: note: add '@available' attribute to enclosing static method
    private static func matches(of needle: String, in text: String,
                        ^
/Users/admin/builder/spi-builder-workspace/Sources/WashiCore/Publication/EPUBSearch.swift:88:1: note: add '@available' attribute to enclosing extension
extension EPUBPublication {
^
SwiftCompile normal arm64_32 /Users/admin/builder/spi-builder-workspace/Sources/WashiCore/Publication/EPUBTextExtraction.swift (in target 'WashiCore' from project 'Washi')
    cd /Users/admin/builder/spi-builder-workspace/.swiftpm/xcode

/Users/admin/builder/spi-builder-workspace/Sources/WashiCore/Publication/EPUBTextExtraction.swift:86:53: error: cannot find type 'XMLElement' in scope
    private static func appendPlainText(of element: XMLElement,
                                                    ^~~~~~~~~~
/Users/admin/builder/spi-builder-workspace/Sources/WashiCore/Util/WashiXML.swift:31:53: error: cannot find type 'XMLDocument' in scope
    static func document(from data: Data) throws -> XMLDocument {
                                                    ^~~~~~~~~~~
/Users/admin/builder/spi-builder-workspace/Sources/WashiCore/Publication/EPUBTextExtraction.swift:93:44: error: cannot find type 'XMLElement' in scope
                guard let child = node as? XMLElement,
                                           ^~~~~~~~~~
/Users/admin/builder/spi-builder-workspace/Sources/WashiCore/Publication/EPUBTextExtraction.swift:95:20: error: cannot find 'XMLElement' in scope
                if XMLElement.shouldSkipReadableTextElement(child) { continue }
                   ^~~~~~~~~~
SwiftCompile normal arm64_32 /Users/admin/builder/spi-builder-workspace/Sources/WashiCore/Publication/ExtractedTextCache.swift (in target 'WashiCore' from project 'Washi')
    cd /Users/admin/builder/spi-builder-workspace/.swiftpm/xcode

SwiftCompile normal arm64_32 Compiling\ EPUBPublication.swift,\ EPUBPublicationNavigation.swift,\ EPUBReadingDirection.swift /Users/admin/builder/spi-builder-workspace/Sources/WashiCore/Publication/EPUBPublication.swift /Users/admin/builder/spi-builder-workspace/Sources/WashiCore/Publication/EPUBPublicationNavigation.swift /Users/admin/builder/spi-builder-workspace/Sources/WashiCore/Publication/EPUBReadingDirection.swift (in target 'WashiCore' from project 'Washi')
SwiftCompile normal arm64_32 /Users/admin/builder/spi-builder-workspace/Sources/WashiCore/Publication/EPUBPublication.swift (in target 'WashiCore' from project 'Washi')
    cd /Users/admin/builder/spi-builder-workspace/.swiftpm/xcode

/Users/admin/builder/spi-builder-workspace/Sources/WashiCore/Publication/EPUBPublication.swift:89:9: error: concurrency is only available in watchOS 6.0.0 or newer
        async throws -> EPUBPublication {
        ^
/Users/admin/builder/spi-builder-workspace/Sources/WashiCore/Publication/EPUBPublication.swift:87:24: note: add '@available' attribute to enclosing static method
    public static func open(url: URL,
                       ^
/Users/admin/builder/spi-builder-workspace/Sources/WashiCore/Publication/EPUBPublication.swift:44:20: note: add '@available' attribute to enclosing class
public final class EPUBPublication: Sendable {
                   ^
/Users/admin/builder/spi-builder-workspace/Sources/WashiCore/Publication/EPUBPublication.swift:271:58: error: cannot find type 'XMLElement' in scope
    private static func optionSaysFixedLayout(_ element: XMLElement) -> Bool {
                                                         ^~~~~~~~~~
/Users/admin/builder/spi-builder-workspace/Sources/WashiCore/Publication/EPUBPublication.swift:90:19: error: 'Task' is only available in watchOS 6.0 or newer
        try await Task.detached(priority: .userInitiated) {
                  ^
/Users/admin/builder/spi-builder-workspace/Sources/WashiCore/Publication/EPUBPublication.swift:90:19: note: add 'if #available' version check
        try await Task.detached(priority: .userInitiated) {
                  ^
/Users/admin/builder/spi-builder-workspace/Sources/WashiCore/Publication/EPUBPublication.swift:87:24: note: add '@available' attribute to enclosing static method
    public static func open(url: URL,
                       ^
/Users/admin/builder/spi-builder-workspace/Sources/WashiCore/Publication/EPUBPublication.swift:44:20: note: add '@available' attribute to enclosing class
public final class EPUBPublication: Sendable {
                   ^
/Users/admin/builder/spi-builder-workspace/Sources/WashiCore/Publication/EPUBPublication.swift:90:24: error: 'detached(name:priority:operation:)' is only available in watchOS 6.0 or newer
        try await Task.detached(priority: .userInitiated) {
                       ^
/Users/admin/builder/spi-builder-workspace/Sources/WashiCore/Publication/EPUBPublication.swift:90:24: note: add 'if #available' version check
        try await Task.detached(priority: .userInitiated) {
                       ^
/Users/admin/builder/spi-builder-workspace/Sources/WashiCore/Publication/EPUBPublication.swift:87:24: note: add '@available' attribute to enclosing static method
    public static func open(url: URL,
                       ^
/Users/admin/builder/spi-builder-workspace/Sources/WashiCore/Publication/EPUBPublication.swift:44:20: note: add '@available' attribute to enclosing class
public final class EPUBPublication: Sendable {
                   ^
/Users/admin/builder/spi-builder-workspace/Sources/WashiCore/Publication/EPUBPublication.swift:92:11: error: 'value' is only available in watchOS 6.0 or newer
        }.value
          ^
/Users/admin/builder/spi-builder-workspace/Sources/WashiCore/Publication/EPUBPublication.swift:92:11: note: add 'if #available' version check
        }.value
          ^
/Users/admin/builder/spi-builder-workspace/Sources/WashiCore/Publication/EPUBPublication.swift:87:24: note: add '@available' attribute to enclosing static method
    public static func open(url: URL,
                       ^
/Users/admin/builder/spi-builder-workspace/Sources/WashiCore/Publication/EPUBPublication.swift:44:20: note: add '@available' attribute to enclosing class
public final class EPUBPublication: Sendable {
                   ^
/Users/admin/builder/spi-builder-workspace/Sources/WashiCore/Util/WashiXML.swift:31:53: error: cannot find type 'XMLDocument' in scope
    static func document(from data: Data) throws -> XMLDocument {
                                                    ^~~~~~~~~~~
/Users/admin/builder/spi-builder-workspace/Sources/WashiCore/Publication/EPUBPublication.swift:279:38: error: cannot find type 'XMLElement' in scope
            if let child = child as? XMLElement, optionSaysFixedLayout(child) {
                                     ^~~~~~~~~~
SwiftCompile normal arm64_32 /Users/admin/builder/spi-builder-workspace/Sources/WashiCore/Publication/EPUBPublicationNavigation.swift (in target 'WashiCore' from project 'Washi')
    cd /Users/admin/builder/spi-builder-workspace/.swiftpm/xcode

SwiftCompile normal arm64_32 /Users/admin/builder/spi-builder-workspace/Sources/WashiCore/Publication/EPUBReadingDirection.swift (in target 'WashiCore' from project 'Washi')
    cd /Users/admin/builder/spi-builder-workspace/.swiftpm/xcode

/Users/admin/builder/spi-builder-workspace/Sources/WashiCore/Publication/EPUBReadingDirection.swift:133:29: error: cannot infer key path type from context; consider explicitly specifying a root type
                .compactMap(\.stringValue)
                            ^
                             <#Root#>
/Users/admin/builder/spi-builder-workspace/Sources/WashiCore/Publication/EPUBReadingDirection.swift:147:37: warning: no calls to throwing functions occur within 'try' expression
                      let cssData = try? resource(at: path).data,
                                    ^
SwiftEmitModule normal arm64 Emitting\ module\ for\ WashiCore (in target 'WashiCore' from project 'Washi')
2026-10-14 08:24:38.218 xcodebuild[845:4786] [MT] IDERunDestination: Supported platforms for the buildables in the current scheme is empty.
** BUILD FAILED **
The following build commands failed:
	SwiftCompile normal arm64_32 /Users/admin/builder/spi-builder-workspace/Sources/WashiCore/Package/PackageDocumentParser.swift (in target 'WashiCore' from project 'Washi')
	SwiftCompile normal arm64_32 Compiling\ CRC32.swift,\ ContainerReader.swift,\ OCFContainer.swift /Users/admin/builder/spi-builder-workspace/Sources/WashiCore/Container/CRC32.swift /Users/admin/builder/spi-builder-workspace/Sources/WashiCore/Container/ContainerReader.swift /Users/admin/builder/spi-builder-workspace/Sources/WashiCore/Container/OCFContainer.swift (in target 'WashiCore' from project 'Washi')
	SwiftCompile normal arm64_32 /Users/admin/builder/spi-builder-workspace/Sources/WashiCore/Container/OCFContainer.swift (in target 'WashiCore' from project 'Washi')
	SwiftCompile normal arm64_32 Compiling\ MediaOverlay.swift,\ SMILParser.swift,\ EPUBNavigation.swift /Users/admin/builder/spi-builder-workspace/Sources/WashiCore/MediaOverlay/MediaOverlay.swift /Users/admin/builder/spi-builder-workspace/Sources/WashiCore/MediaOverlay/SMILParser.swift /Users/admin/builder/spi-builder-workspace/Sources/WashiCore/Navigation/EPUBNavigation.swift (in target 'WashiCore' from project 'Washi')
	SwiftCompile normal arm64_32 /Users/admin/builder/spi-builder-workspace/Sources/WashiCore/MediaOverlay/SMILParser.swift (in target 'WashiCore' from project 'Washi')
	SwiftCompile normal arm64_32 /Users/admin/builder/spi-builder-workspace/Sources/WashiCore/Navigation/EPUBNavigation.swift (in target 'WashiCore' from project 'Washi')
	SwiftCompile normal arm64_32 Compiling\ EPUBLocator.swift,\ EPUBNoteExtraction.swift,\ EPUBPrefixedCSS.swift /Users/admin/builder/spi-builder-workspace/Sources/WashiCore/Publication/EPUBLocator.swift /Users/admin/builder/spi-builder-workspace/Sources/WashiCore/Publication/EPUBNoteExtraction.swift /Users/admin/builder/spi-builder-workspace/Sources/WashiCore/Publication/EPUBPrefixedCSS.swift (in target 'WashiCore' from project 'Washi')
	SwiftCompile normal arm64_32 /Users/admin/builder/spi-builder-workspace/Sources/WashiCore/Publication/EPUBNoteExtraction.swift (in target 'WashiCore' from project 'Washi')
	SwiftCompile normal arm64_32 /Users/admin/builder/spi-builder-workspace/Sources/WashiCore/Publication/EPUBSearch.swift (in target 'WashiCore' from project 'Washi')
	SwiftCompile normal arm64_32 /Users/admin/builder/spi-builder-workspace/Sources/WashiCore/Publication/EPUBTextExtraction.swift (in target 'WashiCore' from project 'Washi')
	SwiftCompile normal arm64_32 /Users/admin/builder/spi-builder-workspace/Sources/WashiCore/Publication/EPUBPublication.swift (in target 'WashiCore' from project 'Washi')
	SwiftCompile normal arm64_32 /Users/admin/builder/spi-builder-workspace/Sources/WashiCore/Publication/EPUBReadingDirection.swift (in target 'WashiCore' from project 'Washi')
	Building workspace spi-builder-workspace with scheme Washi-Package
(13 failures)
BUILD FAILURE 6.3 watchOS