The Swift Package Index logo.Swift Package Index

Build Information

Failed to build GTMAppAuth, reference 6.0.0 (57094c), with Swift 6.2 for Wasm on 28 Aug 2026 07:07:54 UTC.

Build Command

bash -c docker run --pull=always --rm -v "checkouts-54344847-0":/host -w "$PWD" -e JAVA_HOME="/root/.sdkman/candidates/java/current" -e SPI_BUILD="1" -e SPI_PROCESSING="1" registry.gitlab.com/saguaro1/spi-images:wasm-6.2-latest swift build --swift-sdk swift-6.2-RELEASE_wasm 2>&1

Build Log

========================================
RunAll
========================================
Builder version: 5.0.2
Interrupt handler set up.
========================================
Checkout
========================================
Clone URL: https://github.com/google/GTMAppAuth.git
Reference: 6.0.0
Initialized empty Git repository in /host/spi-builder-workspace/.git/
hint: Using 'master' as the name for the initial branch. This default branch name
hint: is subject to change. To configure the initial branch name to use in all
hint: of your new repositories, which will suppress this warning, call:
hint:
hint: 	git config --global init.defaultBranch <name>
hint:
hint: Names commonly chosen instead of 'master' are 'main', 'trunk' and
hint: 'development'. The just-created branch can be renamed via this command:
hint:
hint: 	git branch -m <name>
From https://github.com/google/GTMAppAuth
 * tag               6.0.0      -> FETCH_HEAD
HEAD is now at 57094cd Release/6.0.0 (#286)
Cloned https://github.com/google/GTMAppAuth.git
Revision (git rev-parse @):
57094cd46bc8700d3a887e2a429f42b6e8ea3f0b
SUCCESS checkout https://github.com/google/GTMAppAuth.git at 6.0.0
========================================
Build
========================================
Selected platform:         wasm
Swift version:             6.2
Building package at path:  $PWD
https://github.com/google/GTMAppAuth.git
Running build ...
bash -c docker run --pull=always --rm -v "checkouts-54344847-0":/host -w "$PWD" -e JAVA_HOME="/root/.sdkman/candidates/java/current" -e SPI_BUILD="1" -e SPI_PROCESSING="1" registry.gitlab.com/saguaro1/spi-images:wasm-6.2-latest swift build --swift-sdk swift-6.2-RELEASE_wasm 2>&1
wasm-6.2-latest: Pulling from saguaro1/spi-images
Digest: sha256:70428a4f4110aef5b17a27427e965f31cf3855e8cf1dfdc416ed61c780337965
Status: Image is up to date for registry.gitlab.com/saguaro1/spi-images:wasm-6.2-latest
Fetching https://github.com/google/gtm-session-fetcher.git
Fetching https://github.com/openid/AppAuth-iOS.git
[1/4934] Fetching gtm-session-fetcher
[4935/14972] Fetching gtm-session-fetcher, appauth-ios
Fetched https://github.com/google/gtm-session-fetcher.git from cache (0.79s)
Fetched https://github.com/openid/AppAuth-iOS.git from cache (0.79s)
Computing version for https://github.com/openid/AppAuth-iOS.git
Computed https://github.com/openid/AppAuth-iOS.git at 3.0.0 (0.99s)
Computing version for https://github.com/google/gtm-session-fetcher.git
Computed https://github.com/google/gtm-session-fetcher.git at 5.3.1 (0.15s)
Creating working copy for https://github.com/openid/AppAuth-iOS.git
Working copy of https://github.com/openid/AppAuth-iOS.git resolved at 3.0.0
Creating working copy for https://github.com/google/gtm-session-fetcher.git
Working copy of https://github.com/google/gtm-session-fetcher.git resolved at 5.3.1
warning: 'spi-builder-workspace': ignoring target 'swift-objc-interop-tests' in package 'spi-builder-workspace'; C language in tests is not yet supported
Building for debugging...
[0/36] Write sources
[0/36] Copying PrivacyInfo.xcprivacy
In file included from <built-in>:1:
/host/spi-builder-workspace/.build/wasm32-unknown-wasip1/debug/AppAuthCore.build/DerivedSources/resource_bundle_accessor.h:2:9: fatal error: 'Foundation/Foundation.h' file not found
    2 | #import <Foundation/Foundation.h>
      |         ^~~~~~~~~~~~~~~~~~~~~~~~~
1 error generated.
[5/36] Compiling AppAuthCore OIDURLSessionProvider.m
In file included from <built-in>:1:
/host/spi-builder-workspace/.build/wasm32-unknown-wasip1/debug/AppAuthCore.build/DerivedSources/resource_bundle_accessor.h:2:9: fatal error: 'Foundation/Foundation.h' file not found
    2 | #import <Foundation/Foundation.h>
      |         ^~~~~~~~~~~~~~~~~~~~~~~~~
1 error generated.
[5/36] Compiling AppAuthCore OIDTokenRequest.m
In file included from <built-in>:1:
/host/spi-builder-workspace/.build/wasm32-unknown-wasip1/debug/AppAuthCore.build/DerivedSources/resource_bundle_accessor.h:2:9: fatal error: 'Foundation/Foundation.h' file not found
    2 | #import <Foundation/Foundation.h>
      |         ^~~~~~~~~~~~~~~~~~~~~~~~~
1 error generated.
[5/36] Compiling AppAuthCore OIDServiceDiscovery.m
In file included from <built-in>:1:
/host/spi-builder-workspace/.build/wasm32-unknown-wasip1/debug/AppAuthCore.build/DerivedSources/resource_bundle_accessor.h:2:9: fatal error: 'Foundation/Foundation.h' file not found
    2 | #import <Foundation/Foundation.h>
      |         ^~~~~~~~~~~~~~~~~~~~~~~~~
1 error generated.
In file included from <built-in>:1:
/host/spi-builder-workspace/.build/wasm32-unknown-wasip1/debug/AppAuthCore.build/DerivedSources/resource_bundle_accessor.h:2:9: fatal error: 'Foundation/Foundation.h' file not found
    2 | #import <Foundation/Foundation.h>
      |         ^~~~~~~~~~~~~~~~~~~~~~~~~
1 error generated.
[5/36] Compiling AppAuthCore OIDTokenResponse.m
[5/36] Compiling AppAuthCore OIDURLQueryComponent.m
[5/36] Compiling AppAuthCore OIDTokenUtilities.m
[5/36] Compiling AppAuthCore OIDServiceConfiguration.m
[5/36] Write swift-version-24593BA9C3E375BF.txt
BUILD FAILURE 6.2 wasm