The Swift Package Index logo.Swift Package Index

Build Information

Failed to build IdylleClient, reference master (92dc33), with Swift 6.4 for macOS (SPM) on 16 Sep 2026 01:23:20 UTC.

Build Command

env DEVELOPER_DIR=/Applications/Xcode-27.0.0-Release.Candidate.app xcrun swift build --arch arm64

Build Log

========================================
RunAll
========================================
Builder version: 5.1.0
Interrupt handler set up.
========================================
Checkout
========================================
Clone URL: https://github.com/Digipolitan/idylle-client-swift.git
Reference: master
Initialized empty Git repository in /Users/admin/builder/spi-builder-workspace/.git/
From https://github.com/Digipolitan/idylle-client-swift
 * branch            master     -> FETCH_HEAD
 * [new branch]      master     -> origin/master
HEAD is now at 92dc330 Merge branch 'release/1.0.5'
Cloned https://github.com/Digipolitan/idylle-client-swift.git
Revision (git rev-parse @):
92dc3302b7ce6fd4a5e391f5fb9da1914be39a2d
SUCCESS checkout https://github.com/Digipolitan/idylle-client-swift.git at master
========================================
Build
========================================
Selected platform:         macosSpm
Swift version:             6.4
Building package at path:  $PWD
https://github.com/Digipolitan/idylle-client-swift.git
Running build ...
env DEVELOPER_DIR=/Applications/Xcode-27.0.0-Release.Candidate.app xcrun swift build --arch arm64
Building for debugging...
[Planning deferred tasks]
[19 / 28]
[22 / 31] IdylleClient
[28 / 31] IdylleClient
error: SwiftCompile normal arm64 /Users/admin/builder/spi-builder-workspace/Sources/IdylleClient/CriteriaBuilder.swift failed with a nonzero exit code. Command line:     cd /Users/admin/builder
    builtin-SwiftPerFileCompile CriteriaBuilder.swift
/Users/admin/builder/spi-builder-workspace/Sources/IdylleClient/CriteriaBuilder.swift:53:37: error: cannot find 'JSONSerialization' in scope
 51 |         }
 52 |         guard criteriaClause.count > 0,
 53 |             let criteriaData = try? JSONSerialization.data(withJSONObject: criteriaClause),
    |                                     `- error: cannot find 'JSONSerialization' in scope
 54 |             let criteria = String(data: criteriaData, encoding: .utf8) else {
 55 |                 return nil
/Users/admin/builder/spi-builder-workspace/Sources/IdylleClient/CriteriaBuilder.swift:54:66: error: extra argument 'encoding' in call
 52 |         guard criteriaClause.count > 0,
 53 |             let criteriaData = try? JSONSerialization.data(withJSONObject: criteriaClause),
 54 |             let criteria = String(data: criteriaData, encoding: .utf8) else {
    |                                                                  `- error: extra argument 'encoding' in call
 55 |                 return nil
 56 |         }
/Users/admin/builder/spi-builder-workspace/Sources/IdylleClient/CriteriaBuilder.swift:54:66: error: cannot infer contextual base in reference to member 'utf8'
 52 |         guard criteriaClause.count > 0,
 53 |             let criteriaData = try? JSONSerialization.data(withJSONObject: criteriaClause),
 54 |             let criteria = String(data: criteriaData, encoding: .utf8) else {
    |                                                                  `- error: cannot infer contextual base in reference to member 'utf8'
 55 |                 return nil
 56 |         }
Failed frontend command:
/Applications/Xcode-27.0.0-Release.Candidate.app/Contents/Developer/Toolchains/XcodeDefault.xctoolchain/usr/bin/swift-frontend -frontend -c -primary-file /Users/admin/builder/spi-builder-workspace/Sources/IdylleClient/CriteriaBuilder.swift -emit-dependencies-path /Users/admin/builder/spi-builder-workspace/.build/out/Intermediates.noindex/IdylleClient.build/Debug/IdylleClient-t.build/Objects-normal/arm64/CriteriaBuilder.d -emit-const-values-path /Users/admin/builder/spi-builder-workspace/.build/out/Intermediates.noindex/IdylleClient.build/Debug/IdylleClient-t.build/Objects-normal/arm64/CriteriaBuilder.swiftconstvalues -emit-reference-dependencies-path /Users/admin/builder/spi-builder-workspace/.build/out/Intermediates.noindex/IdylleClient.build/Debug/IdylleClient-t.build/Objects-normal/arm64/CriteriaBuilder.swiftdeps -serialize-diagnostics-path /Users/admin/builder/spi-builder-workspace/.build/out/Intermediates.noindex/IdylleClient.build/Debug/IdylleClient-t.build/Objects-normal/arm64/CriteriaBuilder.dia -target arm64-apple-macos12.0 -Xllvm -aarch64-use-tbi -enable-objc-interop -stack-check -sdk /Applications/Xcode-27.0.0-Release.Candidate.app/Contents/Developer/Platforms/MacOSX.platform/Developer/SDKs/MacOSX27.0.sdk -I /Users/admin/builder/spi-builder-workspace/.build/out/Products/Debug -Isystem /Applications/Xcode-27.0.0-Release.Candidate.app/Contents/Developer/Platforms/MacOSX.platform/Developer/usr/lib -F /Users/admin/builder/spi-builder-workspace/.build/out/Products/Debug -F /Applications/Xcode-27.0.0-Release.Candidate.app/Contents/Developer/Platforms/MacOSX.platform/Developer/Library/Frameworks -module-cache-path /Users/admin/builder/spi-builder-workspace/.build/out/ModuleCache.noindex -color-diagnostics -Xcc -fcolor-diagnostics -enable-testing -g -debug-info-format\=dwarf -dwarf-version\=4 -swift-version 4 -Onone -D SWIFT_PACKAGE -D DEBUG -D SWIFT_MODULE_RESOURCE_BUNDLE_UNAVAILABLE -D Xcode -serialize-debugging-options -enable-experimental-feature DebugDescriptionMacro -empty-abi-descriptor -plugin-path /Applications/Xcode-27.0.0-Release.Candidate.app/Contents/Developer/Toolchains/XcodeDefault.xctoolchain/usr/lib/swift/host/plugins/testing -validate-clang-modules-once -clang-build-session-file /Users/admin/builder/spi-builder-workspace/.build/out/ModuleCache.noindex/Session.modulevalidation -Xcc -working-directory -Xcc /Users/admin/builder -enable-anonymous-context-mangled-names -file-compilation-dir /Users/admin/builder -Xcc -D_LIBCPP_HARDENING_MODE\=_LIBCPP_HARDENING_MODE_DEBUG -Xcc -ivfsstatcache -Xcc /Users/admin/builder/spi-builder-workspace/.build/out/SDKStatCaches.noindex/macosx27.0-26A425-80c5bbf1d171475443272936d42f90a36a22442a12e9d48fe1a705f55a1adfc4.sdkstatcache -Xcc -fmodules-prune-interval\=86400 -Xcc -fmodules-prune-after\=345600 -Xcc -I/Users/admin/builder/spi-builder-workspace/.build/out/Products/Debug/include -Xcc -I/Users/admin/builder/spi-builder-workspace/.build/out/Intermediates.noindex/IdylleClient.build/Debug/IdylleClient-t.build/DerivedSources-normal/arm64 -Xcc -I/Users/admin/builder/spi-builder-workspace/.build/out/Intermediates.noindex/IdylleClient.build/Debug/IdylleClient-t.build/DerivedSources/arm64 -Xcc -I/Users/admin/builder/spi-builder-workspace/.build/out/Intermediates.noindex/IdylleClient.build/Debug/IdylleClient-t.build/DerivedSources -Xcc -DSWIFT_PACKAGE -Xcc -DDEBUG\=1 -no-auto-bridging-header-chaining -module-name IdylleClient -const-gather-protocols-file /Users/admin/builder/spi-builder-workspace/.build/out/Intermediates.noindex/IdylleClient.build/Debug/IdylleClient-t.build/Objects-normal/arm64/IdylleClient_const_extract_protocols.json -disable-clang-spi -target-sdk-version 27.0 -target-sdk-name macosx27.0 -external-plugin-path /Applications/Xcode-27.0.0-Release.Candidate.app/Contents/Developer/Platforms/MacOSX.platform/Developer/usr/lib/swift/host/plugins\#/Applications/Xcode-27.0.0-Release.Candidate.app/Contents/Developer/Platforms/MacOSX.platform/Developer/usr/bin/swift-plugin-server -external-plugin-path /Applications/Xcode-27.0.0-Release.Candidate.app/Contents/Developer/Platforms/MacOSX.platform/Developer/usr/local/lib/swift/host/plugins\#/Applications/Xcode-27.0.0-Release.Candidate.app/Contents/Developer/Platforms/MacOSX.platform/Developer/usr/bin/swift-plugin-server -in-process-plugin-server-path /Applications/Xcode-27.0.0-Release.Candidate.app/Contents/Developer/Toolchains/XcodeDefault.xctoolchain/usr/lib/swift/host/libSwiftInProcPluginServer.dylib -plugin-path /Applications/Xcode-27.0.0-Release.Candidate.app/Contents/Developer/Toolchains/XcodeDefault.xctoolchain/usr/lib/swift/host/plugins -plugin-path /Applications/Xcode-27.0.0-Release.Candidate.app/Contents/Developer/Toolchains/XcodeDefault.xctoolchain/usr/local/lib/swift/host/plugins -parse-as-library -o /Users/admin/builder/spi-builder-workspace/.build/out/Intermediates.noindex/IdylleClient.build/Debug/IdylleClient-t.build/Objects-normal/arm64/CriteriaBuilder.o -index-unit-output-path /IdylleClient.build/Debug/IdylleClient-t.build/Objects-normal/arm64/CriteriaBuilder.o -index-store-path /Users/admin/builder/spi-builder-workspace/.build/out -index-system-modules
error: Build failed
BUILD FAILURE 6.4 macosSpm