The Swift Package Index logo.Swift Package Index

Build Information

Failed to build RiveRuntime, reference 6.28.1 (e04bb3), with Swift 6.4 for watchOS using Xcode 27.0 on 11 Oct 2026 03:21:25 UTC.

Build Command

env DEVELOPER_DIR=/Applications/Xcode-27.0.0-Release.Candidate.app xcrun xcodebuild -IDEClonedSourcePackagesDirPathOverride=$PWD/.dependencies -skipMacroValidation -skipPackagePluginValidation -derivedDataPath $PWD/.derivedData build -scheme RiveRuntime -destination generic/platform=watchOS

Build Log

========================================
RunAll
========================================
Builder version: 5.1.1
Interrupt handler set up.
========================================
Checkout
========================================
Clone URL: https://github.com/rive-app/rive-ios.git
Reference: 6.28.1
Initialized empty Git repository in /Users/admin/builder/spi-builder-workspace/.git/
From https://github.com/rive-app/rive-ios
 * tag               6.28.1     -> FETCH_HEAD
HEAD is now at e04bb30 chore: release v6.28.1
Submodule path 'submodules/rive-runtime': checked out 'dce52972ec2c8c9e4a03b0f49a59b4e5e0f43c97'
Submodule 'submodules/rive-runtime' (https://github.com/rive-app/rive-runtime.git) registered for path 'submodules/rive-runtime'
Cloning into '/Users/admin/builder/spi-builder-workspace/submodules/rive-runtime'...
Cloned https://github.com/rive-app/rive-ios.git
Revision (git rev-parse @):
e04bb30881261a94643c9fede9be32ac620359d7
SUCCESS checkout https://github.com/rive-app/rive-ios.git at 6.28.1
========================================
Build
========================================
Selected platform:         watchOS
Swift version:             6.4
Building package at path:  $PWD
https://github.com/rive-app/rive-ios.git
Command line invocation:
    /Applications/Xcode-27.0.0.app/Contents/Developer/usr/bin/xcodebuild -IDEClonedSourcePackagesDirPathOverride=/Users/admin/builder/spi-builder-workspace/.dependencies -resolvePackageDependencies
resolved source packages:
{
  "dependencies" : [
  ],
  "manifest_display_name" : "RiveRuntime",
  "name" : "RiveRuntime",
  "path" : "/Users/admin/builder/spi-builder-workspace",
  "platforms" : [
    {
      "name" : "ios",
      "version" : "14.0"
    },
    {
      "name" : "visionos",
      "version" : "1.0"
    },
    {
      "name" : "tvos",
      "version" : "16.0"
    },
    {
      "name" : "macos",
      "version" : "13.1"
    },
    {
      "name" : "maccatalyst",
      "version" : "14.0"
    }
  ],
  "products" : [
    {
      "name" : "RiveRuntime",
      "targets" : [
        "RiveRuntime"
      ],
      "type" : {
        "library" : [
          "automatic"
        ]
      }
    }
  ],
  "targets" : [
    {
      "c99name" : "RiveRuntime",
      "module_type" : "BinaryTarget",
      "name" : "RiveRuntime",
      "path" : "remote/archive/RiveRuntime.xcframework.zip",
      "product_memberships" : [
        "RiveRuntime"
      ],
      "sources" : [
      ],
      "type" : "binary"
    }
  ],
  "tools_version" : "5.10"
}
{
  "project" : {
    "configurations" : [
      "Debug",
      "Testing",
      "Debug (Catalyst)",
      "Release",
      "Release (Catalyst)"
    ],
    "name" : "RiveRuntime",
    "schemes" : [
      "RiveRuntime",
      "RiveRuntime (Catalyst)"
    ],
    "targets" : [
      "RiveRuntime",
      "RiveRuntimeTests"
    ]
  }
}
{
  "workspace" : {
    "name" : "RiveRuntime",
    "schemes" : [
      "RiveRuntime"
    ]
  }
}
2026-10-10 23:21:18.518 xcodebuild[823:4940] [MT] IDERunDestination: Supported platforms for the buildables in the current scheme is empty.
Running build ...
env DEVELOPER_DIR=/Applications/Xcode-27.0.0-Release.Candidate.app xcrun xcodebuild -IDEClonedSourcePackagesDirPathOverride=$PWD/.dependencies -skipMacroValidation -skipPackagePluginValidation -derivedDataPath $PWD/.derivedData build -scheme RiveRuntime -destination generic/platform=watchOS
Command line invocation:
    /Applications/Xcode-27.0.0.app/Contents/Developer/usr/bin/xcodebuild -IDEClonedSourcePackagesDirPathOverride=/Users/admin/builder/spi-builder-workspace/.dependencies -skipMacroValidation -skipPackagePluginValidation -derivedDataPath /Users/admin/builder/spi-builder-workspace/.derivedData build -scheme RiveRuntime -destination generic/platform=watchOS
Resolve Package Graph
Resolved source packages:
  RiveRuntime: /Users/admin/builder/spi-builder-workspace
ComputePackagePrebuildTargetDependencyGraph
Prepare packages
CreateBuildRequest
SendProjectDescription
CreateBuildOperation
ComputeTargetDependencyGraph
note: Building targets in dependency order
note: Target dependency graph (1 target)
    Target 'RiveRuntime-product' in project 'RiveRuntime' (no dependencies)
GatherProvisioningInputs
CreateBuildDescription
ExecuteExternalTool /Applications/Xcode-27.0.0.app/Contents/Developer/Toolchains/XcodeDefault.xctoolchain/usr/bin/clang -v -E -dM -isysroot /Applications/Xcode-27.0.0.app/Contents/Developer/Platforms/WatchOS.platform/Developer/SDKs/WatchOS27.0.sdk -x c -c /dev/null
Build description signature: b2652ca6d61a6b716fb6a2546583e7bd
Build description path: /Users/admin/builder/spi-builder-workspace/.derivedData/Build/Intermediates.noindex/XCBuildData/b2652ca6d61a6b716fb6a2546583e7bd.xcbuilddata
/Users/admin/builder/spi-builder-workspace/.dependencies/artifacts/spi-builder-workspace/RiveRuntime/RiveRuntime.xcframework:1:1: error: While building for watchOS, no library for this platform was found in '/Users/admin/builder/spi-builder-workspace/.dependencies/artifacts/spi-builder-workspace/RiveRuntime/RiveRuntime.xcframework'. (in target 'RiveRuntime-product' from project 'RiveRuntime')
2026-10-10 23:21:20.514 xcodebuild[845:5154] [MT] IDERunDestination: Supported platforms for the buildables in the current scheme is empty.
** BUILD FAILED **
The following build commands failed:
	Building workspace RiveRuntime with scheme RiveRuntime
(1 failure)
Command line invocation:
    /Applications/Xcode-27.0.0.app/Contents/Developer/usr/bin/xcodebuild -IDEClonedSourcePackagesDirPathOverride=/Users/admin/builder/spi-builder-workspace/.dependencies -resolvePackageDependencies
Resolve Package Graph
Resolved source packages:
  RiveRuntime: /Users/admin/builder/spi-builder-workspace
resolved source packages: RiveRuntime
2026-10-10 23:21:22.486 xcodebuild[858:5273] [MT] IDERunDestination: Supported platforms for the buildables in the current scheme is empty.
{
  "dependencies" : [
  ],
  "manifest_display_name" : "RiveRuntime",
  "name" : "RiveRuntime",
  "path" : "/Users/admin/builder/spi-builder-workspace",
  "platforms" : [
    {
      "name" : "ios",
      "version" : "14.0"
    },
    {
      "name" : "visionos",
      "version" : "1.0"
    },
    {
      "name" : "tvos",
      "version" : "16.0"
    },
    {
      "name" : "macos",
      "version" : "13.1"
    },
    {
      "name" : "maccatalyst",
      "version" : "14.0"
    }
  ],
  "products" : [
    {
      "name" : "RiveRuntime",
      "targets" : [
        "RiveRuntime"
      ],
      "type" : {
        "library" : [
          "automatic"
        ]
      }
    }
  ],
  "targets" : [
    {
      "c99name" : "RiveRuntime",
      "module_type" : "BinaryTarget",
      "name" : "RiveRuntime",
      "path" : "remote/archive/RiveRuntime.xcframework.zip",
      "product_memberships" : [
        "RiveRuntime"
      ],
      "sources" : [
      ],
      "type" : "binary"
    }
  ],
  "tools_version" : "5.10"
}
{
  "workspace" : {
    "name" : "RiveRuntime",
    "schemes" : [
      "RiveRuntime"
    ]
  }
}
2026-10-10 23:21:24.069 xcodebuild[866:5331] [MT] IDERunDestination: Supported platforms for the buildables in the current scheme is empty.
Running build ...
env DEVELOPER_DIR=/Applications/Xcode-27.0.0-Release.Candidate.app xcrun xcodebuild -IDEClonedSourcePackagesDirPathOverride=$PWD/.dependencies -skipMacroValidation -skipPackagePluginValidation -derivedDataPath $PWD/.derivedData build -scheme RiveRuntime -destination generic/platform=watchOS
Command line invocation:
    /Applications/Xcode-27.0.0.app/Contents/Developer/usr/bin/xcodebuild -IDEClonedSourcePackagesDirPathOverride=/Users/admin/builder/spi-builder-workspace/.dependencies -skipMacroValidation -skipPackagePluginValidation -derivedDataPath /Users/admin/builder/spi-builder-workspace/.derivedData build -scheme RiveRuntime -destination generic/platform=watchOS
Resolve Package Graph
Resolved source packages:
  RiveRuntime: /Users/admin/builder/spi-builder-workspace
ComputePackagePrebuildTargetDependencyGraph
Prepare packages
CreateBuildRequest
SendProjectDescription
CreateBuildOperation
ComputeTargetDependencyGraph
note: Building targets in dependency order
note: Target dependency graph (1 target)
    Target 'RiveRuntime-product' in project 'RiveRuntime' (no dependencies)
GatherProvisioningInputs
CreateBuildDescription
/Users/admin/builder/spi-builder-workspace/.dependencies/artifacts/spi-builder-workspace/RiveRuntime/RiveRuntime.xcframework:1:1: error: While building for watchOS, no library for this platform was found in '/Users/admin/builder/spi-builder-workspace/.dependencies/artifacts/spi-builder-workspace/RiveRuntime/RiveRuntime.xcframework'. (in target 'RiveRuntime-product' from project 'RiveRuntime')
2026-10-10 23:21:25.378 xcodebuild[867:5358] [MT] IDERunDestination: Supported platforms for the buildables in the current scheme is empty.
** BUILD FAILED **
The following build commands failed:
	Building workspace RiveRuntime with scheme RiveRuntime
(1 failure)
BUILD FAILURE 6.4 watchOS