Build Information
Failed to build XCUITestHelper, reference main (aa1fe5), with Swift 6.1 for Wasm on 4 Jul 2026 12:57:42 UTC.
Build Command
bash -c docker run --pull=always --rm -v "checkouts-53886769-0":/host -w "$PWD" -e JAVA_HOME="/root/.sdkman/candidates/java/current" -e SPI_BUILD="1" -e SPI_PROCESSING="1" registry.gitlab.com/saguaro1/spi-images:wasm-6.1-latest swift build --swift-sdk wasm32-unknown-wasi 2>&1Build Log
========================================
RunAll
========================================
Builder version: 0e64495ecc1688c3b3e031a5ef1348b5c05091ae
Interrupt handler set up.
========================================
Checkout
========================================
Clone URL: https://github.com/0xWDG/XCUITestHelper.git
Reference: main
Initialized empty Git repository in /host/spi-builder-workspace/.git/
hint: Using 'master' as the name for the initial branch. This default branch name
hint: is subject to change. To configure the initial branch name to use in all
hint: of your new repositories, which will suppress this warning, call:
hint:
hint: git config --global init.defaultBranch <name>
hint:
hint: Names commonly chosen instead of 'master' are 'main', 'trunk' and
hint: 'development'. The just-created branch can be renamed via this command:
hint:
hint: git branch -m <name>
From https://github.com/0xWDG/XCUITestHelper
* branch main -> FETCH_HEAD
* [new branch] main -> origin/main
HEAD is now at aa1fe56 Fix typo
Cloned https://github.com/0xWDG/XCUITestHelper.git
Revision (git rev-parse @):
aa1fe5699d78e064e1c3531b7ec4b3e44a83238e
SPI manifest file found: $PWD/.spi.yml
SUCCESS checkout https://github.com/0xWDG/XCUITestHelper.git at main
========================================
Build
========================================
Selected platform: wasm
Swift version: 6.1
Building package at path: $PWD
https://github.com/0xWDG/XCUITestHelper.git
https://github.com/0xWDG/XCUITestHelper.git
WARNING: environment variable SUPPRESS_SWIFT_6_FLAGS is not set
Running build ...
bash -c docker run --pull=always --rm -v "checkouts-53886769-0":/host -w "$PWD" -e JAVA_HOME="/root/.sdkman/candidates/java/current" -e SPI_BUILD="1" -e SPI_PROCESSING="1" registry.gitlab.com/saguaro1/spi-images:wasm-6.1-latest swift build --swift-sdk wasm32-unknown-wasi -Xswiftc -Xfrontend -Xswiftc -stats-output-dir -Xswiftc -Xfrontend -Xswiftc .stats -Xswiftc -strict-concurrency=complete -Xswiftc -enable-upcoming-feature -Xswiftc StrictConcurrency -Xswiftc -enable-upcoming-feature -Xswiftc DisableOutwardActorInference -Xswiftc -enable-upcoming-feature -Xswiftc GlobalActorIsolatedTypesUsability -Xswiftc -enable-upcoming-feature -Xswiftc InferSendableFromCaptures 2>&1
wasm-6.1-latest: Pulling from saguaro1/spi-images
Digest: sha256:1ad245dad3d2ae0004e1afbc92334bd39884ed9ca587cf04d0a8d5f640fb02e9
Status: Image is up to date for registry.gitlab.com/saguaro1/spi-images:wasm-6.1-latest
Building for debugging...
[0/2] Write sources
[1/2] Write swift-version-24593BA9C3E375BF.txt
[3/7] Compiling XCUITestHelper XCUITestHelper.swift
[4/7] Compiling XCUITestHelper XCUIElementQuery.swift
/host/spi-builder-workspace/Sources/XCUITestHelper/XCUIElementQuery.swift:16:11: error: cannot find type 'XCUIElementQuery' in scope
14 | import Foundation
15 |
16 | extension XCUIElementQuery {
| `- error: cannot find type 'XCUIElementQuery' in scope
17 | /// The last element that matches the query.
18 | ///
/host/spi-builder-workspace/Sources/XCUITestHelper/XCUIElementQuery.swift:20:27: error: cannot find type 'XCUIElement' in scope
18 | ///
19 | /// This is the last element that matches the query.
20 | public var lastMatch: XCUIElement {
| `- error: cannot find type 'XCUIElement' in scope
21 | return element(boundBy: count - 1)
22 | }
/host/spi-builder-workspace/Sources/XCUITestHelper/XCUIElementQuery.swift:27:24: error: cannot find type 'XCUIElement' in scope
25 | ///
26 | /// This is an random element that matches the query.
27 | public var random: XCUIElement {
| `- error: cannot find type 'XCUIElement' in scope
28 | return element(boundBy: Int.random(in: 0 ..< count))
29 | }
/host/spi-builder-workspace/Sources/XCUITestHelper/XCUIElementQuery.swift:36:39: error: cannot find type 'XCUIElement' in scope
34 | ///
35 | /// - Parameter index: The index of element to access.
36 | public subscript(_ index: Int) -> XCUIElement {
| `- error: cannot find type 'XCUIElement' in scope
37 | return element(boundBy: index)
38 | }
error: emit-module command failed with exit code 1 (use -v to see invocation)
[5/7] Emitting module XCUITestHelper
/host/spi-builder-workspace/Sources/XCUITestHelper/XCUIApplication.swift:16:11: error: cannot find type 'XCUIApplication' in scope
14 | import Foundation
15 |
16 | extension XCUIApplication {
| `- error: cannot find type 'XCUIApplication' in scope
17 | /// Navigate back
18 | ///
/host/spi-builder-workspace/Sources/XCUITestHelper/XCUIElement.swift:35:11: error: cannot find type 'XCUIElement' in scope
33 | }
34 |
35 | extension XCUIElement {
| `- error: cannot find type 'XCUIElement' in scope
36 | /// Does the element has keyboard focus?
37 | ///
/host/spi-builder-workspace/Sources/XCUITestHelper/XCUIElementQuery.swift:16:11: error: cannot find type 'XCUIElementQuery' in scope
14 | import Foundation
15 |
16 | extension XCUIElementQuery {
| `- error: cannot find type 'XCUIElementQuery' in scope
17 | /// The last element that matches the query.
18 | ///
[6/7] Compiling XCUITestHelper XCUIElement.swift
/host/spi-builder-workspace/Sources/XCUITestHelper/XCUIElement.swift:35:11: error: cannot find type 'XCUIElement' in scope
33 | }
34 |
35 | extension XCUIElement {
| `- error: cannot find type 'XCUIElement' in scope
36 | /// Does the element has keyboard focus?
37 | ///
/host/spi-builder-workspace/Sources/XCUITestHelper/XCUIElement.swift:50:36: error: cannot find type 'XCUIElement' in scope
48 | /// - Parameter text: Text to type.
49 | /// - Parameter action: Action to perform after typing.
50 | public func type(in textField: XCUIElement, text: String, action: XCUIElementAction = .send) {
| `- error: cannot find type 'XCUIElement' in scope
51 | if textField.elementType == .textField ||
52 | textField.elementType == .secureTextField ||
[7/7] Compiling XCUITestHelper XCUIApplication.swift
/host/spi-builder-workspace/Sources/XCUITestHelper/XCUIApplication.swift:16:11: error: cannot find type 'XCUIApplication' in scope
14 | import Foundation
15 |
16 | extension XCUIApplication {
| `- error: cannot find type 'XCUIApplication' in scope
17 | /// Navigate back
18 | ///
Running build ...
bash -c docker run --pull=always --rm -v "checkouts-53886769-0":/host -w "$PWD" -e JAVA_HOME="/root/.sdkman/candidates/java/current" -e SPI_BUILD="1" -e SPI_PROCESSING="1" registry.gitlab.com/saguaro1/spi-images:wasm-6.1-latest swift build --swift-sdk wasm32-unknown-wasi 2>&1
wasm-6.1-latest: Pulling from saguaro1/spi-images
Digest: sha256:1ad245dad3d2ae0004e1afbc92334bd39884ed9ca587cf04d0a8d5f640fb02e9
Status: Image is up to date for registry.gitlab.com/saguaro1/spi-images:wasm-6.1-latest
[0/1] Planning build
Building for debugging...
[0/1] Write swift-version-24593BA9C3E375BF.txt
error: emit-module command failed with exit code 1 (use -v to see invocation)
[2/6] Emitting module XCUITestHelper
/host/spi-builder-workspace/Sources/XCUITestHelper/XCUIApplication.swift:16:11: error: cannot find type 'XCUIApplication' in scope
14 | import Foundation
15 |
16 | extension XCUIApplication {
| `- error: cannot find type 'XCUIApplication' in scope
17 | /// Navigate back
18 | ///
/host/spi-builder-workspace/Sources/XCUITestHelper/XCUIElement.swift:35:11: error: cannot find type 'XCUIElement' in scope
33 | }
34 |
35 | extension XCUIElement {
| `- error: cannot find type 'XCUIElement' in scope
36 | /// Does the element has keyboard focus?
37 | ///
/host/spi-builder-workspace/Sources/XCUITestHelper/XCUIElementQuery.swift:16:11: error: cannot find type 'XCUIElementQuery' in scope
14 | import Foundation
15 |
16 | extension XCUIElementQuery {
| `- error: cannot find type 'XCUIElementQuery' in scope
17 | /// The last element that matches the query.
18 | ///
[3/6] Compiling XCUITestHelper XCUITestHelper.swift
[4/6] Compiling XCUITestHelper XCUIApplication.swift
/host/spi-builder-workspace/Sources/XCUITestHelper/XCUIApplication.swift:16:11: error: cannot find type 'XCUIApplication' in scope
14 | import Foundation
15 |
16 | extension XCUIApplication {
| `- error: cannot find type 'XCUIApplication' in scope
17 | /// Navigate back
18 | ///
[5/6] Compiling XCUITestHelper XCUIElement.swift
/host/spi-builder-workspace/Sources/XCUITestHelper/XCUIElement.swift:35:11: error: cannot find type 'XCUIElement' in scope
33 | }
34 |
35 | extension XCUIElement {
| `- error: cannot find type 'XCUIElement' in scope
36 | /// Does the element has keyboard focus?
37 | ///
/host/spi-builder-workspace/Sources/XCUITestHelper/XCUIElement.swift:50:36: error: cannot find type 'XCUIElement' in scope
48 | /// - Parameter text: Text to type.
49 | /// - Parameter action: Action to perform after typing.
50 | public func type(in textField: XCUIElement, text: String, action: XCUIElementAction = .send) {
| `- error: cannot find type 'XCUIElement' in scope
51 | if textField.elementType == .textField ||
52 | textField.elementType == .secureTextField ||
[6/6] Compiling XCUITestHelper XCUIElementQuery.swift
/host/spi-builder-workspace/Sources/XCUITestHelper/XCUIElementQuery.swift:16:11: error: cannot find type 'XCUIElementQuery' in scope
14 | import Foundation
15 |
16 | extension XCUIElementQuery {
| `- error: cannot find type 'XCUIElementQuery' in scope
17 | /// The last element that matches the query.
18 | ///
/host/spi-builder-workspace/Sources/XCUITestHelper/XCUIElementQuery.swift:20:27: error: cannot find type 'XCUIElement' in scope
18 | ///
19 | /// This is the last element that matches the query.
20 | public var lastMatch: XCUIElement {
| `- error: cannot find type 'XCUIElement' in scope
21 | return element(boundBy: count - 1)
22 | }
/host/spi-builder-workspace/Sources/XCUITestHelper/XCUIElementQuery.swift:27:24: error: cannot find type 'XCUIElement' in scope
25 | ///
26 | /// This is an random element that matches the query.
27 | public var random: XCUIElement {
| `- error: cannot find type 'XCUIElement' in scope
28 | return element(boundBy: Int.random(in: 0 ..< count))
29 | }
/host/spi-builder-workspace/Sources/XCUITestHelper/XCUIElementQuery.swift:36:39: error: cannot find type 'XCUIElement' in scope
34 | ///
35 | /// - Parameter index: The index of element to access.
36 | public subscript(_ index: Int) -> XCUIElement {
| `- error: cannot find type 'XCUIElement' in scope
37 | return element(boundBy: index)
38 | }
BUILD FAILURE 6.1 wasm