Build Information
Failed to build Base32, reference master (c4bc0a), with Swift 6.4 for tvOS using Xcode 27.0 on 17 Sep 2026 08:24:35 UTC.
Build Command
env DEVELOPER_DIR=/Applications/Xcode-27.0.0-Release.Candidate.app xcrun xcodebuild -IDEClonedSourcePackagesDirPathOverride=$PWD/.dependencies -skipMacroValidation -skipPackagePluginValidation -derivedDataPath $PWD/.derivedData build -scheme Base32 -destination generic/platform=tvOSBuild Log
========================================
RunAll
========================================
Builder version: 5.1.0
Interrupt handler set up.
========================================
Checkout
========================================
Clone URL: https://github.com/norio-nomura/Base32.git
Reference: master
Initialized empty Git repository in /Users/admin/builder/spi-builder-workspace/.git/
From https://github.com/norio-nomura/Base32
* branch master -> FETCH_HEAD
* [new branch] master -> origin/master
HEAD is now at c4bc0a4 Release 0.9.0
Cloned https://github.com/norio-nomura/Base32.git
Revision (git rev-parse @):
c4bc0a49689999ae2c7c778f3830a6a6e694efb8
SUCCESS checkout https://github.com/norio-nomura/Base32.git at master
========================================
Build
========================================
Selected platform: tvOS
Swift version: 6.4
Building package at path: $PWD
https://github.com/norio-nomura/Base32.git
Command line invocation:
/Applications/Xcode-27.0.0-Release.Candidate.app/Contents/Developer/usr/bin/xcodebuild -IDEClonedSourcePackagesDirPathOverride=/Users/admin/builder/spi-builder-workspace/.dependencies -resolvePackageDependencies
resolved source packages:
{
"dependencies" : [
],
"manifest_display_name" : "Base32",
"name" : "Base32",
"path" : "/Users/admin/builder/spi-builder-workspace",
"platforms" : [
],
"products" : [
{
"name" : "Base32",
"targets" : [
"Base32"
],
"type" : {
"library" : [
"automatic"
]
}
}
],
"swift_languages_versions" : [
"4",
"4.2",
"5"
],
"targets" : [
{
"c99name" : "SecEncodeTransformTests",
"module_type" : "SwiftTarget",
"name" : "SecEncodeTransformTests",
"path" : "Tests/SecEncodeTransformTests",
"sources" : [
"SecEncodeTransformTests.swift",
"TTTDataTransformer.swift"
],
"target_dependencies" : [
"Base32"
],
"type" : "test"
},
{
"c99name" : "Base32Tests",
"module_type" : "SwiftTarget",
"name" : "Base32Tests",
"path" : "Tests/Base32Tests",
"sources" : [
"Base16Tests.swift",
"Base32Tests.swift",
"StringExtensionTests.swift"
],
"target_dependencies" : [
"Base32"
],
"type" : "test"
},
{
"c99name" : "Base32",
"module_type" : "SwiftTarget",
"name" : "Base32",
"path" : "Sources/Base32",
"product_memberships" : [
"Base32"
],
"sources" : [
"Base16.swift",
"Base32.swift",
"StringExtension.swift",
"shim.swift"
],
"type" : "library"
}
],
"tools_version" : "4.2"
}
{
"project" : {
"configurations" : [
"Debug",
"Release"
],
"name" : "Base32",
"schemes" : [
"Base32"
],
"targets" : [
"Base32",
"Base32Tests",
"SecEncodeTransformTests"
]
}
}
Running build ...
env DEVELOPER_DIR=/Applications/Xcode-27.0.0-Release.Candidate.app xcrun xcodebuild -IDEClonedSourcePackagesDirPathOverride=$PWD/.dependencies -skipMacroValidation -skipPackagePluginValidation -derivedDataPath $PWD/.derivedData build -scheme Base32 -destination generic/platform=tvOS
Command line invocation:
/Applications/Xcode-27.0.0-Release.Candidate.app/Contents/Developer/usr/bin/xcodebuild -IDEClonedSourcePackagesDirPathOverride=/Users/admin/builder/spi-builder-workspace/.dependencies -skipMacroValidation -skipPackagePluginValidation -derivedDataPath /Users/admin/builder/spi-builder-workspace/.derivedData build -scheme Base32 -destination generic/platform=tvOS
ComputePackagePrebuildTargetDependencyGraph
Prepare packages
CreateBuildRequest
SendProjectDescription
CreateBuildOperation
ComputeTargetDependencyGraph
note: Building targets in dependency order
note: Target dependency graph (1 target)
Target 'Base32' in project 'Base32' (no dependencies)
GatherProvisioningInputs
CreateBuildDescription
ExecuteExternalTool /Applications/Xcode-27.0.0-Release.Candidate.app/Contents/Developer/Toolchains/XcodeDefault.xctoolchain/usr/bin/clang -v -E -dM -isysroot /Applications/Xcode-27.0.0-Release.Candidate.app/Contents/Developer/Platforms/AppleTVOS.platform/Developer/SDKs/AppleTVOS27.0.sdk -x c -c /dev/null
ExecuteExternalTool /Applications/Xcode-27.0.0-Release.Candidate.app/Contents/Developer/Toolchains/XcodeDefault.xctoolchain/usr/bin/swiftc --version
ExecuteExternalTool /Applications/Xcode-27.0.0-Release.Candidate.app/Contents/Developer/Toolchains/XcodeDefault.xctoolchain/usr/bin/ld -version_details
Build description signature: 3e0e173f057224d65f067646a035c5f1
Build description path: /Users/admin/builder/spi-builder-workspace/.derivedData/Build/Intermediates.noindex/XCBuildData/3e0e173f057224d65f067646a035c5f1.xcbuilddata
/Users/admin/builder/spi-builder-workspace/Base32.xcodeproj: error: The tvOS deployment target 'TVOS_DEPLOYMENT_TARGET' is set to 9.0, but the range of supported deployment target versions is 15.0 to 27.0.x. (in target 'Base32' from project 'Base32')
** BUILD FAILED **
The following build commands failed:
Building project Base32 with scheme Base32
(1 failure)
Command line invocation:
/Applications/Xcode-27.0.0-Release.Candidate.app/Contents/Developer/usr/bin/xcodebuild -IDEClonedSourcePackagesDirPathOverride=/Users/admin/builder/spi-builder-workspace/.dependencies -resolvePackageDependencies
resolved source packages:
{
"dependencies" : [
],
"manifest_display_name" : "Base32",
"name" : "Base32",
"path" : "/Users/admin/builder/spi-builder-workspace",
"platforms" : [
],
"products" : [
{
"name" : "Base32",
"targets" : [
"Base32"
],
"type" : {
"library" : [
"automatic"
]
}
}
],
"swift_languages_versions" : [
"4",
"4.2",
"5"
],
"targets" : [
{
"c99name" : "SecEncodeTransformTests",
"module_type" : "SwiftTarget",
"name" : "SecEncodeTransformTests",
"path" : "Tests/SecEncodeTransformTests",
"sources" : [
"SecEncodeTransformTests.swift",
"TTTDataTransformer.swift"
],
"target_dependencies" : [
"Base32"
],
"type" : "test"
},
{
"c99name" : "Base32Tests",
"module_type" : "SwiftTarget",
"name" : "Base32Tests",
"path" : "Tests/Base32Tests",
"sources" : [
"Base16Tests.swift",
"Base32Tests.swift",
"StringExtensionTests.swift"
],
"target_dependencies" : [
"Base32"
],
"type" : "test"
},
{
"c99name" : "Base32",
"module_type" : "SwiftTarget",
"name" : "Base32",
"path" : "Sources/Base32",
"product_memberships" : [
"Base32"
],
"sources" : [
"Base16.swift",
"Base32.swift",
"StringExtension.swift",
"shim.swift"
],
"type" : "library"
}
],
"tools_version" : "4.2"
}
{
"project" : {
"configurations" : [
"Debug",
"Release"
],
"name" : "Base32",
"schemes" : [
"Base32"
],
"targets" : [
"Base32",
"Base32Tests",
"SecEncodeTransformTests"
]
}
}
Running build ...
env DEVELOPER_DIR=/Applications/Xcode-27.0.0-Release.Candidate.app xcrun xcodebuild -IDEClonedSourcePackagesDirPathOverride=$PWD/.dependencies -skipMacroValidation -skipPackagePluginValidation -derivedDataPath $PWD/.derivedData build -scheme Base32 -destination generic/platform=tvOS
Command line invocation:
/Applications/Xcode-27.0.0-Release.Candidate.app/Contents/Developer/usr/bin/xcodebuild -IDEClonedSourcePackagesDirPathOverride=/Users/admin/builder/spi-builder-workspace/.dependencies -skipMacroValidation -skipPackagePluginValidation -derivedDataPath /Users/admin/builder/spi-builder-workspace/.derivedData build -scheme Base32 -destination generic/platform=tvOS
ComputePackagePrebuildTargetDependencyGraph
Prepare packages
CreateBuildRequest
SendProjectDescription
CreateBuildOperation
ComputeTargetDependencyGraph
note: Building targets in dependency order
note: Target dependency graph (1 target)
Target 'Base32' in project 'Base32' (no dependencies)
GatherProvisioningInputs
CreateBuildDescription
/Users/admin/builder/spi-builder-workspace/Base32.xcodeproj: error: The tvOS deployment target 'TVOS_DEPLOYMENT_TARGET' is set to 9.0, but the range of supported deployment target versions is 15.0 to 27.0.x. (in target 'Base32' from project 'Base32')
** BUILD FAILED **
The following build commands failed:
Building project Base32 with scheme Base32
(1 failure)
BUILD FAILURE 6.4 tvOS